217.113.194.7 - - [04/Apr/2025:13:08:33 -0400] "GET /product/?page_id=4002&add_to_wishlist=12385&add-to-cart=5260&remove_item=8074856808ebec0c49403ce3589b28de&_wpnonce=242d7cd617 HTTP/1.1" 200 18962 "-" "Mozilla/5.0 (compatible; Barkrowler/0.9; +https://babbar.tech/crawler)"
83.99.151.65 - - [04/Apr/2025:13:08:43 -0400] "GET /product/?product=coil-master-b4-battery-carrier HTTP/1.1" 200 18456 "-" "Mozilla/5.0 (X11; Linux x86_64) AppleWebKit/537.36 (KHTML, like Gecko; GeedoProductSearch; +https://geedo.com/product-search.html) Chrome/134.0.0.0 Safari/537.36"
154.54.249.193 - - [04/Apr/2025:13:08:51 -0400] "GET /product/?page_id=4002&add_to_wishlist=12385&add-to-cart=5402&remove_item=956058422500de80654a14d89ca9a010&_wpnonce=6146cf2412 HTTP/1.1" 200 19209 "-" "Mozilla/5.0 (compatible; Barkrowler/0.9; +https://babbar.tech/crawler)"
83.99.151.65 - - [04/Apr/2025:13:08:54 -0400] "GET /product/?product=aqua-marina-vape-flow HTTP/1.1" 200 17036 "-" "Mozilla/5.0 (X11; Linux x86_64) AppleWebKit/537.36 (KHTML, like Gecko; GeedoProductSearch; +https://geedo.com/product-search.html) Chrome/134.0.0.0 Safari/537.36"
83.99.151.65 - - [04/Apr/2025:13:09:03 -0400] "GET /product/?product=freemax-galex-replacement-pod&lost-password HTTP/1.1" 200 17389 "-" "Mozilla/5.0 (X11; Linux x86_64) AppleWebKit/537.36 (KHTML, like Gecko; GeedoProductSearch; +https://geedo.com/product-search.html) Chrome/134.0.0.0 Safari/537.36"
154.54.249.193 - - [04/Apr/2025:13:09:07 -0400] "GET /product/?page_id=4002&add_to_wishlist=12385&add-to-cart=6224&remove_item=69783ee76a92567d446143b811519068&_wpnonce=275cf34863 HTTP/1.1" 200 19055 "-" "Mozilla/5.0 (compatible; Barkrowler/0.9; +https://babbar.tech/crawler)"
83.99.151.65 - - [04/Apr/2025:13:09:13 -0400] "GET /product/?product_cat=vaporesso HTTP/1.1" 200 16107 "-" "Mozilla/5.0 (X11; Linux x86_64) AppleWebKit/537.36 (KHTML, like Gecko; GeedoProductSearch; +https://geedo.com/product-search.html) Chrome/134.0.0.0 Safari/537.36"
217.113.194.7 - - [04/Apr/2025:13:09:23 -0400] "GET /product/?page_id=4002&add_to_wishlist=12385&add-to-cart=6224&remove_item=69783ee76a92567d446143b811519068&_wpnonce=117d5f5142 HTTP/1.1" 200 18992 "-" "Mozilla/5.0 (compatible; Barkrowler/0.9; +https://babbar.tech/crawler)"
83.99.151.69 - - [04/Apr/2025:13:09:34 -0400] "GET /product/?product_cat=skwezed-salts HTTP/1.1" 200 20975 "-" "Mozilla/5.0 (X11; Linux x86_64) AppleWebKit/537.36 (KHTML, like Gecko; GeedoProductSearch; +https://geedo.com/product-search.html) Chrome/134.0.0.0 Safari/537.36"
217.113.194.9 - - [04/Apr/2025:13:09:39 -0400] "GET /product/?page_id=4002&add_to_wishlist=12385&add-to-cart=6224&remove_item=69783ee76a92567d446143b811519068&_wpnonce=437371e111 HTTP/1.1" 200 19200 "-" "Mozilla/5.0 (compatible; Barkrowler/0.9; +https://babbar.tech/crawler)"
83.99.151.69 - - [04/Apr/2025:13:09:45 -0400] "GET /product/?product_cat=20700-batteries HTTP/1.1" 200 17567 "-" "Mozilla/5.0 (X11; Linux x86_64) AppleWebKit/537.36 (KHTML, like Gecko; GeedoProductSearch; +https://geedo.com/product-search.html) Chrome/134.0.0.0 Safari/537.36"
83.99.151.69 - - [04/Apr/2025:13:09:55 -0400] "GET /product/?product=vaporesso-gti-0-2-ohm-mesh-coils&lost-password HTTP/1.1" 200 17123 "-" "Mozilla/5.0 (X11; Linux x86_64) AppleWebKit/537.36 (KHTML, like Gecko; GeedoProductSearch; +https://geedo.com/product-search.html) Chrome/134.0.0.0 Safari/537.36"
217.113.194.242 - - [04/Apr/2025:13:09:55 -0400] "GET /product/?page_id=4002&add_to_wishlist=12385&add-to-cart=6224&remove_item=69783ee76a92567d446143b811519068&_wpnonce=4a02020417 HTTP/1.1" 200 19283 "-" "Mozilla/5.0 (compatible; Barkrowler/0.9; +https://babbar.tech/crawler)"
83.99.151.66 - - [04/Apr/2025:13:10:04 -0400] "GET /product/?product=geekvape-mini-tool-kit HTTP/1.1" 200 18481 "-" "Mozilla/5.0 (X11; Linux x86_64) AppleWebKit/537.36 (KHTML, like Gecko; GeedoProductSearch; +https://geedo.com/product-search.html) Chrome/134.0.0.0 Safari/537.36"
217.113.194.2 - - [04/Apr/2025:13:10:12 -0400] "GET /product/?page_id=4002&add_to_wishlist=12385&add-to-cart=6224&remove_item=69783ee76a92567d446143b811519068&_wpnonce=52420611ea HTTP/1.1" 200 19277 "-" "Mozilla/5.0 (compatible; Barkrowler/0.9; +https://babbar.tech/crawler)"
83.99.151.69 - - [04/Apr/2025:13:10:14 -0400] "GET /product/?product=atomic-nic-salts-vanilla-custard HTTP/1.1" 200 17278 "-" "Mozilla/5.0 (X11; Linux x86_64) AppleWebKit/537.36 (KHTML, like Gecko; GeedoProductSearch; +https://geedo.com/product-search.html) Chrome/134.0.0.0 Safari/537.36"
83.99.151.68 - - [04/Apr/2025:13:10:25 -0400] "GET /product/?product=aqua-marina-vape-flow&lost-password HTTP/1.1" 200 17041 "-" "Mozilla/5.0 (X11; Linux x86_64) AppleWebKit/537.36 (KHTML, like Gecko; GeedoProductSearch; +https://geedo.com/product-search.html) Chrome/134.0.0.0 Safari/537.36"
217.113.194.242 - - [04/Apr/2025:13:10:28 -0400] "GET /product/?page_id=4002&add_to_wishlist=12385&add-to-cart=6224&remove_item=84f2798f05d595273de40e3046329309&_wpnonce=657d745317 HTTP/1.1" 200 19050 "-" "Mozilla/5.0 (compatible; Barkrowler/0.9; +https://babbar.tech/crawler)"
154.54.249.193 - - [04/Apr/2025:13:10:44 -0400] "GET /product/?page_id=4002&add_to_wishlist=12385&add-to-cart=6224&remove_item=8074856808ebec0c49403ce3589b28de&_wpnonce=7977323894 HTTP/1.1" 200 18949 "-" "Mozilla/5.0 (compatible; Barkrowler/0.9; +https://babbar.tech/crawler)"
83.99.151.71 - - [04/Apr/2025:13:10:45 -0400] "GET /product/?product_cat=nic-salt-liquids-by-brands&paged=1 HTTP/1.1" 200 21575 "-" "Mozilla/5.0 (X11; Linux x86_64) AppleWebKit/537.36 (KHTML, like Gecko; GeedoProductSearch; +https://geedo.com/product-search.html) Chrome/134.0.0.0 Safari/537.36"
83.99.151.71 - - [04/Apr/2025:13:10:56 -0400] "GET /product/?product=voopoo-pnp-vm1-mesh-0-3-ohm-replacement-coils&lost-password HTTP/1.1" 200 17971 "-" "Mozilla/5.0 (X11; Linux x86_64) AppleWebKit/537.36 (KHTML, like Gecko; GeedoProductSearch; +https://geedo.com/product-search.html) Chrome/134.0.0.0 Safari/537.36"
217.113.194.5 - - [04/Apr/2025:13:11:00 -0400] "GET /product/?page_id=4002&add_to_wishlist=12385&add-to-cart=5638&remove_item=956058422500de80654a14d89ca9a010&_wpnonce=619f916367 HTTP/1.1" 200 19184 "-" "Mozilla/5.0 (compatible; Barkrowler/0.9; +https://babbar.tech/crawler)"
83.99.151.65 - - [04/Apr/2025:13:11:05 -0400] "GET /product/?product=voopoo-drag-h40-pod-mod-kit HTTP/1.1" 200 18472 "-" "Mozilla/5.0 (X11; Linux x86_64) AppleWebKit/537.36 (KHTML, like Gecko; GeedoProductSearch; +https://geedo.com/product-search.html) Chrome/134.0.0.0 Safari/537.36"
83.99.151.64 - - [04/Apr/2025:13:11:15 -0400] "GET /product/?s=C&post_type=product&producta2z=1 HTTP/1.1" 200 20895 "-" "Mozilla/5.0 (X11; Linux x86_64) AppleWebKit/537.36 (KHTML, like Gecko; GeedoProductSearch; +https://geedo.com/product-search.html) Chrome/134.0.0.0 Safari/537.36"
217.113.194.10 - - [04/Apr/2025:13:11:16 -0400] "GET /product/?page_id=4002&add_to_wishlist=12385&add-to-cart=8694&remove_item=69783ee76a92567d446143b811519068&_wpnonce=7217fe4610 HTTP/1.1" 200 19113 "-" "Mozilla/5.0 (compatible; Barkrowler/0.9; +https://babbar.tech/crawler)"
83.99.151.71 - - [04/Apr/2025:13:11:26 -0400] "GET /product/?product=eleaf-icare-ic-replacement-coil HTTP/1.1" 200 17229 "-" "Mozilla/5.0 (X11; Linux x86_64) AppleWebKit/537.36 (KHTML, like Gecko; GeedoProductSearch; +https://geedo.com/product-search.html) Chrome/134.0.0.0 Safari/537.36"
217.113.194.10 - - [04/Apr/2025:13:11:32 -0400] "GET /product/?page_id=4002&add_to_wishlist=12385&add-to-cart=6035&remove_item=956058422500de80654a14d89ca9a010&_wpnonce=619f916367 HTTP/1.1" 200 19089 "-" "Mozilla/5.0 (compatible; Barkrowler/0.9; +https://babbar.tech/crawler)"
217.113.194.6 - - [04/Apr/2025:13:11:49 -0400] "GET /product/?page_id=4002&add_to_wishlist=12385&add-to-cart=4638&remove_item=9914464f0e6bdfa960015601578bcf2c&_wpnonce=6118783996 HTTP/1.1" 200 19065 "-" "Mozilla/5.0 (compatible; Barkrowler/0.9; +https://babbar.tech/crawler)"
83.99.151.66 - - [04/Apr/2025:13:11:57 -0400] "GET /product/?product=the-plume-room-salts-banana-pudding HTTP/1.1" 200 17394 "-" "Mozilla/5.0 (X11; Linux x86_64) AppleWebKit/537.36 (KHTML, like Gecko; GeedoProductSearch; +https://geedo.com/product-search.html) Chrome/134.0.0.0 Safari/537.36"
217.113.194.11 - - [04/Apr/2025:13:12:05 -0400] "GET /product/?page_id=4002&add_to_wishlist=12385&add-to-cart=4638&remove_item=956058422500de80654a14d89ca9a010&_wpnonce=619f916367 HTTP/1.1" 200 19008 "-" "Mozilla/5.0 (compatible; Barkrowler/0.9; +https://babbar.tech/crawler)"
83.99.151.66 - - [04/Apr/2025:13:12:07 -0400] "GET /product/?product=tfv4-mini-tf-rca-rba-coil&lost-password HTTP/1.1" 200 17802 "-" "Mozilla/5.0 (X11; Linux x86_64) AppleWebKit/537.36 (KHTML, like Gecko; GeedoProductSearch; +https://geedo.com/product-search.html) Chrome/134.0.0.0 Safari/537.36"
83.99.151.66 - - [04/Apr/2025:13:12:18 -0400] "GET /product/?product_cat=wismec-mods HTTP/1.1" 404 61695 "-" "Mozilla/5.0 (X11; Linux x86_64) AppleWebKit/537.36 (KHTML, like Gecko; GeedoProductSearch; +https://geedo.com/product-search.html) Chrome/134.0.0.0 Safari/537.36"
217.113.194.242 - - [04/Apr/2025:13:12:21 -0400] "GET /product/?page_id=4002&add_to_wishlist=12385&add-to-cart=5673&remove_item=69783ee76a92567d446143b811519068&_wpnonce=41254726a3 HTTP/1.1" 200 18974 "-" "Mozilla/5.0 (compatible; Barkrowler/0.9; +https://babbar.tech/crawler)"
216.244.66.234 - - [04/Apr/2025:13:12:25 -0400] "GET /product/?feed=rss2&p=11096 HTTP/1.1" 301 - "-" "Mozilla/5.0 (compatible; DotBot/1.2; +https://opensiteexplorer.org/dotbot; help@moz.com)"
83.99.151.66 - - [04/Apr/2025:13:12:27 -0400] "GET /product/?product=atlantis-evo-0-5-ohm-coils HTTP/1.1" 200 17330 "-" "Mozilla/5.0 (X11; Linux x86_64) AppleWebKit/537.36 (KHTML, like Gecko; GeedoProductSearch; +https://geedo.com/product-search.html) Chrome/134.0.0.0 Safari/537.36"
217.113.194.3 - - [04/Apr/2025:13:12:37 -0400] "GET /product/?page_id=4002&add_to_wishlist=12385&add-to-cart=5673&remove_item=8074856808ebec0c49403ce3589b28de&_wpnonce=7977323894 HTTP/1.1" 200 19033 "-" "Mozilla/5.0 (compatible; Barkrowler/0.9; +https://babbar.tech/crawler)"
83.99.151.64 - - [04/Apr/2025:13:12:38 -0400] "GET /product/?product=vandyvape-kylin-m-coil-replacement-pod HTTP/1.1" 200 18216 "-" "Mozilla/5.0 (X11; Linux x86_64) AppleWebKit/537.36 (KHTML, like Gecko; GeedoProductSearch; +https://geedo.com/product-search.html) Chrome/134.0.0.0 Safari/537.36"
217.113.194.7 - - [04/Apr/2025:13:12:54 -0400] "GET /product/?page_id=4002&add_to_wishlist=12385&add-to-cart=5673&remove_item=84f2798f05d595273de40e3046329309&_wpnonce=657d745317 HTTP/1.1" 200 19140 "-" "Mozilla/5.0 (compatible; Barkrowler/0.9; +https://babbar.tech/crawler)"
83.99.151.71 - - [04/Apr/2025:13:13:08 -0400] "GET /product/?product=510-to-ego-adapter&lost-password HTTP/1.1" 200 14053 "-" "Mozilla/5.0 (X11; Linux x86_64) AppleWebKit/537.36 (KHTML, like Gecko; GeedoProductSearch; +https://geedo.com/product-search.html) Chrome/134.0.0.0 Safari/537.36"
217.113.194.242 - - [04/Apr/2025:13:13:10 -0400] "GET /product/?page_id=4002&add_to_wishlist=12385&add-to-cart=5641&remove_item=84f2798f05d595273de40e3046329309&_wpnonce=85e20e8904 HTTP/1.1" 200 19180 "-" "Mozilla/5.0 (compatible; Barkrowler/0.9; +https://babbar.tech/crawler)"
103.176.237.30 - - [04/Apr/2025:13:13:13 -0400] "GET /product/?product_cat=us-premium-e-liquids HTTP/1.1" 200 21272 "https://www.google.com/" "Mozilla/5.0 (iPhone; CPU iPhone OS 18_1_1 like Mac OS X) AppleWebKit/605.1.15 (KHTML, like Gecko) CriOS/134.0.6998.99 Mobile/15E148 Safari/604.1"
103.176.237.30 - - [04/Apr/2025:13:13:16 -0400] "GET /product/wp-includes/js/wp-emoji-release.min.js?ver=5.6.14 HTTP/1.1" 200 4662 "http://vapecompany.com.bd/product/?product_cat=us-premium-e-liquids" "Mozilla/5.0 (iPhone; CPU iPhone OS 18_1_1 like Mac OS X) AppleWebKit/605.1.15 (KHTML, like Gecko) CriOS/134.0.6998.99 Mobile/15E148 Safari/604.1"
103.176.237.30 - - [04/Apr/2025:13:13:16 -0400] "GET /product/wp-includes/css/dist/block-library/style.min.css?ver=5.6.14 HTTP/1.1" 200 7849 "http://vapecompany.com.bd/product/?product_cat=us-premium-e-liquids" "Mozilla/5.0 (iPhone; CPU iPhone OS 18_1_1 like Mac OS X) AppleWebKit/605.1.15 (KHTML, like Gecko) CriOS/134.0.6998.99 Mobile/15E148 Safari/604.1"
103.176.237.30 - - [04/Apr/2025:13:13:16 -0400] "GET /product/wp-content/plugins/revslider/public/assets/css/rs6.css?ver=6.2.9 HTTP/1.1" 200 12614 "http://vapecompany.com.bd/product/?product_cat=us-premium-e-liquids" "Mozilla/5.0 (iPhone; CPU iPhone OS 18_1_1 like Mac OS X) AppleWebKit/605.1.15 (KHTML, like Gecko) CriOS/134.0.6998.99 Mobile/15E148 Safari/604.1"
103.176.237.30 - - [04/Apr/2025:13:13:16 -0400] "GET /product/wp-content/plugins/contact-form-7/includes/css/styles.css?ver=4.1.2 HTTP/1.1" 200 469 "http://vapecompany.com.bd/product/?product_cat=us-premium-e-liquids" "Mozilla/5.0 (iPhone; CPU iPhone OS 18_1_1 like Mac OS X) AppleWebKit/605.1.15 (KHTML, like Gecko) CriOS/134.0.6998.99 Mobile/15E148 Safari/604.1"
103.176.237.30 - - [04/Apr/2025:13:13:16 -0400] "GET /product/wp-content/plugins/wd_shortcode/css/shortcode.css?ver=5.6.14 HTTP/1.1" 200 20236 "http://vapecompany.com.bd/product/?product_cat=us-premium-e-liquids" "Mozilla/5.0 (iPhone; CPU iPhone OS 18_1_1 like Mac OS X) AppleWebKit/605.1.15 (KHTML, like Gecko) CriOS/134.0.6998.99 Mobile/15E148 Safari/604.1"
103.176.237.30 - - [04/Apr/2025:13:13:16 -0400] "GET /product/wp-content/plugins/wd_shortcode/css/bootstrap-theme.css?ver=5.6.14 HTTP/1.1" 200 1790 "http://vapecompany.com.bd/product/?product_cat=us-premium-e-liquids" "Mozilla/5.0 (iPhone; CPU iPhone OS 18_1_1 like Mac OS X) AppleWebKit/605.1.15 (KHTML, like Gecko) CriOS/134.0.6998.99 Mobile/15E148 Safari/604.1"
103.176.237.30 - - [04/Apr/2025:13:13:16 -0400] "GET /product/wp-content/plugins/js_composer/assets/lib/bower/font-awesome/css/font-awesome.min.css?ver=4.11.2.1 HTTP/1.1" 200 6265 "http://vapecompany.com.bd/product/?product_cat=us-premium-e-liquids" "Mozilla/5.0 (iPhone; CPU iPhone OS 18_1_1 like Mac OS X) AppleWebKit/605.1.15 (KHTML, like Gecko) CriOS/134.0.6998.99 Mobile/15E148 Safari/604.1"
103.176.237.30 - - [04/Apr/2025:13:13:16 -0400] "GET /product/wp-content/plugins/wd_shortcode/css/bootstrap.css?ver=5.6.14 HTTP/1.1" 200 19955 "http://vapecompany.com.bd/product/?product_cat=us-premium-e-liquids" "Mozilla/5.0 (iPhone; CPU iPhone OS 18_1_1 like Mac OS X) AppleWebKit/605.1.15 (KHTML, like Gecko) CriOS/134.0.6998.99 Mobile/15E148 Safari/604.1"
103.176.237.30 - - [04/Apr/2025:13:13:17 -0400] "GET /product/wp-content/plugins/wd_shortcode/css/owl.carousel.css?ver=5.6.14 HTTP/1.1" 200 613 "http://vapecompany.com.bd/product/?product_cat=us-premium-e-liquids" "Mozilla/5.0 (iPhone; CPU iPhone OS 18_1_1 like Mac OS X) AppleWebKit/605.1.15 (KHTML, like Gecko) CriOS/134.0.6998.99 Mobile/15E148 Safari/604.1"
103.176.237.30 - - [04/Apr/2025:13:13:17 -0400] "GET /product/wp-content/plugins/woocommerce/assets/css/woocommerce-smallscreen.css?ver=2.3.10 HTTP/1.1" 200 957 "http://vapecompany.com.bd/product/?product_cat=us-premium-e-liquids" "Mozilla/5.0 (iPhone; CPU iPhone OS 18_1_1 like Mac OS X) AppleWebKit/605.1.15 (KHTML, like Gecko) CriOS/134.0.6998.99 Mobile/15E148 Safari/604.1"
103.176.237.30 - - [04/Apr/2025:13:13:17 -0400] "GET /product/wp-content/plugins/woocommerce/assets/css/woocommerce-layout.css?ver=2.3.10 HTTP/1.1" 200 1874 "http://vapecompany.com.bd/product/?product_cat=us-premium-e-liquids" "Mozilla/5.0 (iPhone; CPU iPhone OS 18_1_1 like Mac OS X) AppleWebKit/605.1.15 (KHTML, like Gecko) CriOS/134.0.6998.99 Mobile/15E148 Safari/604.1"
103.176.237.30 - - [04/Apr/2025:13:13:17 -0400] "GET /product/wp-content/plugins/woocommerce/assets/css/woocommerce.css?ver=2.3.10 HTTP/1.1" 200 6469 "http://vapecompany.com.bd/product/?product_cat=us-premium-e-liquids" "Mozilla/5.0 (iPhone; CPU iPhone OS 18_1_1 like Mac OS X) AppleWebKit/605.1.15 (KHTML, like Gecko) CriOS/134.0.6998.99 Mobile/15E148 Safari/604.1"
103.176.237.30 - - [04/Apr/2025:13:13:17 -0400] "GET /product/wp-content/plugins/wp-live-chat-support/css/font-awesome.min.css?ver=5.6.14 HTTP/1.1" 200 6669 "http://vapecompany.com.bd/product/?product_cat=us-premium-e-liquids" "Mozilla/5.0 (iPhone; CPU iPhone OS 18_1_1 like Mac OS X) AppleWebKit/605.1.15 (KHTML, like Gecko) CriOS/134.0.6998.99 Mobile/15E148 Safari/604.1"
103.176.237.30 - - [04/Apr/2025:13:13:17 -0400] "GET /product/wp-content/plugins/wp-live-chat-support/css/themes/theme-2.css?ver=5.6.14 HTTP/1.1" 200 199 "http://vapecompany.com.bd/product/?product_cat=us-premium-e-liquids" "Mozilla/5.0 (iPhone; CPU iPhone OS 18_1_1 like Mac OS X) AppleWebKit/605.1.15 (KHTML, like Gecko) CriOS/134.0.6998.99 Mobile/15E148 Safari/604.1"
103.176.237.30 - - [04/Apr/2025:13:13:17 -0400] "GET /product/wp-content/plugins/wp-live-chat-support/css/wplcstyle.css?ver=5.6.14 HTTP/1.1" 200 4 "http://vapecompany.com.bd/product/?product_cat=us-premium-e-liquids" "Mozilla/5.0 (iPhone; CPU iPhone OS 18_1_1 like Mac OS X) AppleWebKit/605.1.15 (KHTML, like Gecko) CriOS/134.0.6998.99 Mobile/15E148 Safari/604.1"
103.176.237.30 - - [04/Apr/2025:13:13:17 -0400] "GET /product/wp-content/plugins/wp-live-chat-support/css/themes/classic.css?ver=5.6.14 HTTP/1.1" 200 2346 "http://vapecompany.com.bd/product/?product_cat=us-premium-e-liquids" "Mozilla/5.0 (iPhone; CPU iPhone OS 18_1_1 like Mac OS X) AppleWebKit/605.1.15 (KHTML, like Gecko) CriOS/134.0.6998.99 Mobile/15E148 Safari/604.1"
103.176.237.30 - - [04/Apr/2025:13:13:17 -0400] "GET /product/wp-content/plugins/wp-live-chat-support/css/themes/position-bottom-right.css?ver=5.6.14 HTTP/1.1" 200 44 "http://vapecompany.com.bd/product/?product_cat=us-premium-e-liquids" "Mozilla/5.0 (iPhone; CPU iPhone OS 18_1_1 like Mac OS X) AppleWebKit/605.1.15 (KHTML, like Gecko) CriOS/134.0.6998.99 Mobile/15E148 Safari/604.1"
103.176.237.30 - - [04/Apr/2025:13:13:17 -0400] "GET /product/wp-content/plugins/yith-woocommerce-compare/assets/css/colorbox.css?ver=5.6.14 HTTP/1.1" 200 1230 "http://vapecompany.com.bd/product/?product_cat=us-premium-e-liquids" "Mozilla/5.0 (iPhone; CPU iPhone OS 18_1_1 like Mac OS X) AppleWebKit/605.1.15 (KHTML, like Gecko) CriOS/134.0.6998.99 Mobile/15E148 Safari/604.1"
103.176.237.30 - - [04/Apr/2025:13:13:17 -0400] "GET /product/wp-content/plugins/woocommerce/assets/css/prettyPhoto.css?ver=5.6.14 HTTP/1.1" 200 1936 "http://vapecompany.com.bd/product/?product_cat=us-premium-e-liquids" "Mozilla/5.0 (iPhone; CPU iPhone OS 18_1_1 like Mac OS X) AppleWebKit/605.1.15 (KHTML, like Gecko) CriOS/134.0.6998.99 Mobile/15E148 Safari/604.1"
103.176.237.30 - - [04/Apr/2025:13:13:17 -0400] "GET /product/wp-content/plugins/yith-woocommerce-wishlist/assets/css/style.css?ver=5.6.14 HTTP/1.1" 200 2796 "http://vapecompany.com.bd/product/?product_cat=us-premium-e-liquids" "Mozilla/5.0 (iPhone; CPU iPhone OS 18_1_1 like Mac OS X) AppleWebKit/605.1.15 (KHTML, like Gecko) CriOS/134.0.6998.99 Mobile/15E148 Safari/604.1"
103.176.237.30 - - [04/Apr/2025:13:13:17 -0400] "GET /product/wp-content/plugins/yith-woocommerce-wishlist/assets/css/jquery.selectBox.css?ver=5.6.14 HTTP/1.1" 200 1027 "http://vapecompany.com.bd/product/?product_cat=us-premium-e-liquids" "Mozilla/5.0 (iPhone; CPU iPhone OS 18_1_1 like Mac OS X) AppleWebKit/605.1.15 (KHTML, like Gecko) CriOS/134.0.6998.99 Mobile/15E148 Safari/604.1"
103.176.237.30 - - [04/Apr/2025:13:13:17 -0400] "GET /product/wp-content/plugins/yith-woocommerce-wishlist/assets/css/font-awesome.min.css?ver=5.6.14 HTTP/1.1" 200 5443 "http://vapecompany.com.bd/product/?product_cat=us-premium-e-liquids" "Mozilla/5.0 (iPhone; CPU iPhone OS 18_1_1 like Mac OS X) AppleWebKit/605.1.15 (KHTML, like Gecko) CriOS/134.0.6998.99 Mobile/15E148 Safari/604.1"
103.176.237.30 - - [04/Apr/2025:13:13:17 -0400] "GET /product/wp-content/themes/wp_oswad_market/wp_oswad_market/style.css?ver=5.6.14 HTTP/1.1" 200 36662 "http://vapecompany.com.bd/product/?product_cat=us-premium-e-liquids" "Mozilla/5.0 (iPhone; CPU iPhone OS 18_1_1 like Mac OS X) AppleWebKit/605.1.15 (KHTML, like Gecko) CriOS/134.0.6998.99 Mobile/15E148 Safari/604.1"
103.176.237.30 - - [04/Apr/2025:13:13:17 -0400] "GET /product/wp-content/themes/wp_oswad_market/wp_oswad_market/css/base.css?ver=5.6.14 HTTP/1.1" 200 43549 "http://vapecompany.com.bd/product/?product_cat=us-premium-e-liquids" "Mozilla/5.0 (iPhone; CPU iPhone OS 18_1_1 like Mac OS X) AppleWebKit/605.1.15 (KHTML, like Gecko) CriOS/134.0.6998.99 Mobile/15E148 Safari/604.1"
103.176.237.30 - - [04/Apr/2025:13:13:17 -0400] "GET /product/wp-content/plugins/js_composer/assets/css/js_composer.min.css?ver=4.11.2.1 HTTP/1.1" 200 58357 "http://vapecompany.com.bd/product/?product_cat=us-premium-e-liquids" "Mozilla/5.0 (iPhone; CPU iPhone OS 18_1_1 like Mac OS X) AppleWebKit/605.1.15 (KHTML, like Gecko) CriOS/134.0.6998.99 Mobile/15E148 Safari/604.1"
103.176.237.30 - - [04/Apr/2025:13:13:17 -0400] "GET /product/wp-content/themes/wp_oswad_market/wp_oswad_market/css/wd_menu_front.css?ver=5.6.14 HTTP/1.1" 200 7269 "http://vapecompany.com.bd/product/?product_cat=us-premium-e-liquids" "Mozilla/5.0 (iPhone; CPU iPhone OS 18_1_1 like Mac OS X) AppleWebKit/605.1.15 (KHTML, like Gecko) CriOS/134.0.6998.99 Mobile/15E148 Safari/604.1"
103.176.237.30 - - [04/Apr/2025:13:13:17 -0400] "GET /product/wp-content/themes/wp_oswad_market/wp_oswad_market/css/responsive.css?ver=5.6.14 HTTP/1.1" 200 22947 "http://vapecompany.com.bd/product/?product_cat=us-premium-e-liquids" "Mozilla/5.0 (iPhone; CPU iPhone OS 18_1_1 like Mac OS X) AppleWebKit/605.1.15 (KHTML, like Gecko) CriOS/134.0.6998.99 Mobile/15E148 Safari/604.1"
103.176.237.30 - - [04/Apr/2025:13:13:18 -0400] "GET /product/wp-content/plugins/woocommerce-grid-list-toggle/assets/css/style.css?ver=5.6.14 HTTP/1.1" 200 374 "http://vapecompany.com.bd/product/?product_cat=us-premium-e-liquids" "Mozilla/5.0 (iPhone; CPU iPhone OS 18_1_1 like Mac OS X) AppleWebKit/605.1.15 (KHTML, like Gecko) CriOS/134.0.6998.99 Mobile/15E148 Safari/604.1"
103.176.237.30 - - [04/Apr/2025:13:13:18 -0400] "GET /product/wp-content/plugins/woocommerce-grid-list-toggle/assets/css/button.css?ver=5.6.14 HTTP/1.1" 200 398 "http://vapecompany.com.bd/product/?product_cat=us-premium-e-liquids" "Mozilla/5.0 (iPhone; CPU iPhone OS 18_1_1 like Mac OS X) AppleWebKit/605.1.15 (KHTML, like Gecko) CriOS/134.0.6998.99 Mobile/15E148 Safari/604.1"
103.176.237.30 - - [04/Apr/2025:13:13:18 -0400] "GET /product/wp-includes/css/dashicons.min.css?ver=5.6.14 HTTP/1.1" 200 35730 "http://vapecompany.com.bd/product/?product_cat=us-premium-e-liquids" "Mozilla/5.0 (iPhone; CPU iPhone OS 18_1_1 like Mac OS X) AppleWebKit/605.1.15 (KHTML, like Gecko) CriOS/134.0.6998.99 Mobile/15E148 Safari/604.1"
103.176.237.30 - - [04/Apr/2025:13:13:18 -0400] "GET /product/wp-content/plugins/wd_quickshop/css/prettyPhoto.css?ver=5.6.14 HTTP/1.1" 200 1780 "http://vapecompany.com.bd/product/?product_cat=us-premium-e-liquids" "Mozilla/5.0 (iPhone; CPU iPhone OS 18_1_1 like Mac OS X) AppleWebKit/605.1.15 (KHTML, like Gecko) CriOS/134.0.6998.99 Mobile/15E148 Safari/604.1"
103.176.237.30 - - [04/Apr/2025:13:13:18 -0400] "GET /product/wp-content/plugins/wd_quickshop/css/cloud-zoom.css?ver=5.6.14 HTTP/1.1" 200 401 "http://vapecompany.com.bd/product/?product_cat=us-premium-e-liquids" "Mozilla/5.0 (iPhone; CPU iPhone OS 18_1_1 like Mac OS X) AppleWebKit/605.1.15 (KHTML, like Gecko) CriOS/134.0.6998.99 Mobile/15E148 Safari/604.1"
103.176.237.30 - - [04/Apr/2025:13:13:18 -0400] "GET /product/wp-includes/js/jquery/jquery.min.js?ver=3.5.1 HTTP/1.1" 200 30916 "http://vapecompany.com.bd/product/?product_cat=us-premium-e-liquids" "Mozilla/5.0 (iPhone; CPU iPhone OS 18_1_1 like Mac OS X) AppleWebKit/605.1.15 (KHTML, like Gecko) CriOS/134.0.6998.99 Mobile/15E148 Safari/604.1"
103.176.237.30 - - [04/Apr/2025:13:13:18 -0400] "GET /product/wp-content/plugins/wp-live-chat-support/js/themes/classic.js?ver=6.2.10 HTTP/1.1" 200 883 "http://vapecompany.com.bd/product/?product_cat=us-premium-e-liquids" "Mozilla/5.0 (iPhone; CPU iPhone OS 18_1_1 like Mac OS X) AppleWebKit/605.1.15 (KHTML, like Gecko) CriOS/134.0.6998.99 Mobile/15E148 Safari/604.1"
103.176.237.30 - - [04/Apr/2025:13:13:18 -0400] "GET /product/wp-includes/js/jquery/jquery-migrate.min.js?ver=3.3.2 HTTP/1.1" 200 4169 "http://vapecompany.com.bd/product/?product_cat=us-premium-e-liquids" "Mozilla/5.0 (iPhone; CPU iPhone OS 18_1_1 like Mac OS X) AppleWebKit/605.1.15 (KHTML, like Gecko) CriOS/134.0.6998.99 Mobile/15E148 Safari/604.1"
103.176.237.30 - - [04/Apr/2025:13:13:18 -0400] "GET /product/wp-content/plugins/wp-live-chat-support/js/wplc_u.js?ver=6.2.10 HTTP/1.1" 200 6105 "http://vapecompany.com.bd/product/?product_cat=us-premium-e-liquids" "Mozilla/5.0 (iPhone; CPU iPhone OS 18_1_1 like Mac OS X) AppleWebKit/605.1.15 (KHTML, like Gecko) CriOS/134.0.6998.99 Mobile/15E148 Safari/604.1"
103.176.237.30 - - [04/Apr/2025:13:13:18 -0400] "GET /product/wp-content/plugins/wp-live-chat-support/js/md5.js?ver=6.2.10 HTTP/1.1" 200 2193 "http://vapecompany.com.bd/product/?product_cat=us-premium-e-liquids" "Mozilla/5.0 (iPhone; CPU iPhone OS 18_1_1 like Mac OS X) AppleWebKit/605.1.15 (KHTML, like Gecko) CriOS/134.0.6998.99 Mobile/15E148 Safari/604.1"
103.176.237.30 - - [04/Apr/2025:13:13:18 -0400] "GET /product/wp-content/plugins/wp-live-chat-support/js/jquery-cookie.js?ver=5.6.14 HTTP/1.1" 200 1401 "http://vapecompany.com.bd/product/?product_cat=us-premium-e-liquids" "Mozilla/5.0 (iPhone; CPU iPhone OS 18_1_1 like Mac OS X) AppleWebKit/605.1.15 (KHTML, like Gecko) CriOS/134.0.6998.99 Mobile/15E148 Safari/604.1"
103.176.237.30 - - [04/Apr/2025:13:13:18 -0400] "GET /product/wp-content/plugins/revslider/public/assets/js/rbtools.min.js?ver=6.0.5 HTTP/1.1" 200 45119 "http://vapecompany.com.bd/product/?product_cat=us-premium-e-liquids" "Mozilla/5.0 (iPhone; CPU iPhone OS 18_1_1 like Mac OS X) AppleWebKit/605.1.15 (KHTML, like Gecko) CriOS/134.0.6998.99 Mobile/15E148 Safari/604.1"
103.176.237.30 - - [04/Apr/2025:13:13:18 -0400] "GET /product/wp-content/plugins/revslider/public/assets/js/rs6.min.js?ver=6.2.9 HTTP/1.1" 200 81865 "http://vapecompany.com.bd/product/?product_cat=us-premium-e-liquids" "Mozilla/5.0 (iPhone; CPU iPhone OS 18_1_1 like Mac OS X) AppleWebKit/605.1.15 (KHTML, like Gecko) CriOS/134.0.6998.99 Mobile/15E148 Safari/604.1"
103.176.237.30 - - [04/Apr/2025:13:13:18 -0400] "GET /product/wp-content/themes/wp_oswad_market/wp_oswad_market/js/wd_menu_front.js?ver=5.6.14 HTTP/1.1" 200 4274 "http://vapecompany.com.bd/product/?product_cat=us-premium-e-liquids" "Mozilla/5.0 (iPhone; CPU iPhone OS 18_1_1 like Mac OS X) AppleWebKit/605.1.15 (KHTML, like Gecko) CriOS/134.0.6998.99 Mobile/15E148 Safari/604.1"
103.176.237.30 - - [04/Apr/2025:13:13:18 -0400] "GET /product/wp-content/themes/wp_oswad_market/wp_oswad_market/js/jquery.hoverIntent.js?ver=5.6.14 HTTP/1.1" 200 1629 "http://vapecompany.com.bd/product/?product_cat=us-premium-e-liquids" "Mozilla/5.0 (iPhone; CPU iPhone OS 18_1_1 like Mac OS X) AppleWebKit/605.1.15 (KHTML, like Gecko) CriOS/134.0.6998.99 Mobile/15E148 Safari/604.1"
103.176.237.30 - - [04/Apr/2025:13:13:18 -0400] "GET /product/wp-content/plugins/woocommerce-grid-list-toggle/assets/js/jquery.cookie.min.js?ver=5.6.14 HTTP/1.1" 200 649 "http://vapecompany.com.bd/product/?product_cat=us-premium-e-liquids" "Mozilla/5.0 (iPhone; CPU iPhone OS 18_1_1 like Mac OS X) AppleWebKit/605.1.15 (KHTML, like Gecko) CriOS/134.0.6998.99 Mobile/15E148 Safari/604.1"
103.176.237.30 - - [04/Apr/2025:13:13:18 -0400] "GET /product/wp-content/plugins/woocommerce-grid-list-toggle/assets/js/jquery.gridlistview.min.js?ver=5.6.14 HTTP/1.1" 200 312 "http://vapecompany.com.bd/product/?product_cat=us-premium-e-liquids" "Mozilla/5.0 (iPhone; CPU iPhone OS 18_1_1 like Mac OS X) AppleWebKit/605.1.15 (KHTML, like Gecko) CriOS/134.0.6998.99 Mobile/15E148 Safari/604.1"
83.99.151.67 - - [04/Apr/2025:13:13:18 -0400] "GET /product/?product=cream-team-nic-salt-buttercream HTTP/1.1" 200 17185 "-" "Mozilla/5.0 (X11; Linux x86_64) AppleWebKit/537.36 (KHTML, like Gecko; GeedoProductSearch; +https://geedo.com/product-search.html) Chrome/134.0.0.0 Safari/537.36"
103.176.237.30 - - [04/Apr/2025:13:13:19 -0400] "GET /product/wp-includes/js/jquery/ui/mouse.min.js?ver=1.12.1 HTTP/1.1" 200 1070 "http://vapecompany.com.bd/product/?product_cat=us-premium-e-liquids" "Mozilla/5.0 (iPhone; CPU iPhone OS 18_1_1 like Mac OS X) AppleWebKit/605.1.15 (KHTML, like Gecko) CriOS/134.0.6998.99 Mobile/15E148 Safari/604.1"
103.176.237.30 - - [04/Apr/2025:13:13:19 -0400] "GET /product/wp-includes/js/jquery/ui/core.min.js?ver=1.12.1 HTTP/1.1" 200 6865 "http://vapecompany.com.bd/product/?product_cat=us-premium-e-liquids" "Mozilla/5.0 (iPhone; CPU iPhone OS 18_1_1 like Mac OS X) AppleWebKit/605.1.15 (KHTML, like Gecko) CriOS/134.0.6998.99 Mobile/15E148 Safari/604.1"
103.176.237.30 - - [04/Apr/2025:13:13:19 -0400] "GET /product/wp-includes/js/jquery/ui/draggable.min.js?ver=1.12.1 HTTP/1.1" 200 4826 "http://vapecompany.com.bd/product/?product_cat=us-premium-e-liquids" "Mozilla/5.0 (iPhone; CPU iPhone OS 18_1_1 like Mac OS X) AppleWebKit/605.1.15 (KHTML, like Gecko) CriOS/134.0.6998.99 Mobile/15E148 Safari/604.1"
103.176.237.30 - - [04/Apr/2025:13:13:19 -0400] "GET /product/wp-content/plugins/contact-form-7/includes/js/jquery.form.min.js?ver=3.51.0-2014.06.20 HTTP/1.1" 200 5860 "http://vapecompany.com.bd/product/?product_cat=us-premium-e-liquids" "Mozilla/5.0 (iPhone; CPU iPhone OS 18_1_1 like Mac OS X) AppleWebKit/605.1.15 (KHTML, like Gecko) CriOS/134.0.6998.99 Mobile/15E148 Safari/604.1"
103.176.237.30 - - [04/Apr/2025:13:13:19 -0400] "GET /product/wp-content/plugins/contact-form-7/includes/js/scripts.js?ver=4.1.2 HTTP/1.1" 200 3117 "http://vapecompany.com.bd/product/?product_cat=us-premium-e-liquids" "Mozilla/5.0 (iPhone; CPU iPhone OS 18_1_1 like Mac OS X) AppleWebKit/605.1.15 (KHTML, like Gecko) CriOS/134.0.6998.99 Mobile/15E148 Safari/604.1"
103.176.237.30 - - [04/Apr/2025:13:13:19 -0400] "GET /product/wp-content/plugins/wd_shortcode/js/wd_shortcode.js?ver=5.6.14 HTTP/1.1" 200 1606 "http://vapecompany.com.bd/product/?product_cat=us-premium-e-liquids" "Mozilla/5.0 (iPhone; CPU iPhone OS 18_1_1 like Mac OS X) AppleWebKit/605.1.15 (KHTML, like Gecko) CriOS/134.0.6998.99 Mobile/15E148 Safari/604.1"
103.176.237.30 - - [04/Apr/2025:13:13:19 -0400] "GET /product/wp-content/plugins/wd_shortcode/js/bootstrap.js?ver=5.6.14 HTTP/1.1" 200 11112 "http://vapecompany.com.bd/product/?product_cat=us-premium-e-liquids" "Mozilla/5.0 (iPhone; CPU iPhone OS 18_1_1 like Mac OS X) AppleWebKit/605.1.15 (KHTML, like Gecko) CriOS/134.0.6998.99 Mobile/15E148 Safari/604.1"
103.176.237.30 - - [04/Apr/2025:13:13:19 -0400] "GET /product/wp-content/plugins/wd_shortcode/js/owl.carousel.min.js?ver=5.6.14 HTTP/1.1" 200 10522 "http://vapecompany.com.bd/product/?product_cat=us-premium-e-liquids" "Mozilla/5.0 (iPhone; CPU iPhone OS 18_1_1 like Mac OS X) AppleWebKit/605.1.15 (KHTML, like Gecko) CriOS/134.0.6998.99 Mobile/15E148 Safari/604.1"
103.176.237.30 - - [04/Apr/2025:13:13:19 -0400] "GET /product/wp-content/plugins/wd_shortcode/js/jquery.imagesloaded.min.js?ver=5.6.14 HTTP/1.1" 200 2202 "http://vapecompany.com.bd/product/?product_cat=us-premium-e-liquids" "Mozilla/5.0 (iPhone; CPU iPhone OS 18_1_1 like Mac OS X) AppleWebKit/605.1.15 (KHTML, like Gecko) CriOS/134.0.6998.99 Mobile/15E148 Safari/604.1"
103.176.237.30 - - [04/Apr/2025:13:13:19 -0400] "GET /product/wp-content/plugins/woocommerce/assets/js/jquery-blockui/jquery.blockUI.min.js?ver=2.60 HTTP/1.1" 200 3548 "http://vapecompany.com.bd/product/?product_cat=us-premium-e-liquids" "Mozilla/5.0 (iPhone; CPU iPhone OS 18_1_1 like Mac OS X) AppleWebKit/605.1.15 (KHTML, like Gecko) CriOS/134.0.6998.99 Mobile/15E148 Safari/604.1"
103.176.237.30 - - [04/Apr/2025:13:13:19 -0400] "GET /product/wp-content/plugins/woocommerce/assets/js/frontend/woocommerce.min.js?ver=2.3.10 HTTP/1.1" 200 202 "http://vapecompany.com.bd/product/?product_cat=us-premium-e-liquids" "Mozilla/5.0 (iPhone; CPU iPhone OS 18_1_1 like Mac OS X) AppleWebKit/605.1.15 (KHTML, like Gecko) CriOS/134.0.6998.99 Mobile/15E148 Safari/604.1"
103.176.237.30 - - [04/Apr/2025:13:13:19 -0400] "GET /product/wp-content/plugins/woocommerce/assets/js/jquery-cookie/jquery.cookie.min.js?ver=1.4.1 HTTP/1.1" 200 775 "http://vapecompany.com.bd/product/?product_cat=us-premium-e-liquids" "Mozilla/5.0 (iPhone; CPU iPhone OS 18_1_1 like Mac OS X) AppleWebKit/605.1.15 (KHTML, like Gecko) CriOS/134.0.6998.99 Mobile/15E148 Safari/604.1"
103.176.237.30 - - [04/Apr/2025:13:13:19 -0400] "GET /product/wp-content/plugins/woocommerce/assets/js/frontend/cart-fragments.min.js?ver=2.3.10 HTTP/1.1" 200 609 "http://vapecompany.com.bd/product/?product_cat=us-premium-e-liquids" "Mozilla/5.0 (iPhone; CPU iPhone OS 18_1_1 like Mac OS X) AppleWebKit/605.1.15 (KHTML, like Gecko) CriOS/134.0.6998.99 Mobile/15E148 Safari/604.1"
103.176.237.30 - - [04/Apr/2025:13:13:19 -0400] "GET /product/wp-content/plugins/yith-woocommerce-compare/assets/js/jquery.colorbox-min.js?ver=1.4.21 HTTP/1.1" 200 4711 "http://vapecompany.com.bd/product/?product_cat=us-premium-e-liquids" "Mozilla/5.0 (iPhone; CPU iPhone OS 18_1_1 like Mac OS X) AppleWebKit/605.1.15 (KHTML, like Gecko) CriOS/134.0.6998.99 Mobile/15E148 Safari/604.1"
103.176.237.30 - - [04/Apr/2025:13:13:19 -0400] "GET /product/wp-content/plugins/yith-woocommerce-compare/assets/js/woocompare.min.js?ver=2.4.4 HTTP/1.1" 200 1322 "http://vapecompany.com.bd/product/?product_cat=us-premium-e-liquids" "Mozilla/5.0 (iPhone; CPU iPhone OS 18_1_1 like Mac OS X) AppleWebKit/605.1.15 (KHTML, like Gecko) CriOS/134.0.6998.99 Mobile/15E148 Safari/604.1"
103.176.237.30 - - [04/Apr/2025:13:13:19 -0400] "GET /product/wp-content/plugins/woocommerce/assets/js/prettyPhoto/jquery.prettyPhoto.min.js?ver=3.1.5 HTTP/1.1" 200 5941 "http://vapecompany.com.bd/product/?product_cat=us-premium-e-liquids" "Mozilla/5.0 (iPhone; CPU iPhone OS 18_1_1 like Mac OS X) AppleWebKit/605.1.15 (KHTML, like Gecko) CriOS/134.0.6998.99 Mobile/15E148 Safari/604.1"
103.176.237.30 - - [04/Apr/2025:13:13:19 -0400] "GET /product/wp-content/plugins/woocommerce/assets/js/prettyPhoto/jquery.prettyPhoto.init.min.js?ver=2.3.10 HTTP/1.1" 200 177 "http://vapecompany.com.bd/product/?product_cat=us-premium-e-liquids" "Mozilla/5.0 (iPhone; CPU iPhone OS 18_1_1 like Mac OS X) AppleWebKit/605.1.15 (KHTML, like Gecko) CriOS/134.0.6998.99 Mobile/15E148 Safari/604.1"
103.176.237.30 - - [04/Apr/2025:13:13:19 -0400] "GET /product/wp-content/plugins/yith-woocommerce-wishlist/assets/js/jquery.selectBox.min.js?ver=5.6.14 HTTP/1.1" 200 4006 "http://vapecompany.com.bd/product/?product_cat=us-premium-e-liquids" "Mozilla/5.0 (iPhone; CPU iPhone OS 18_1_1 like Mac OS X) AppleWebKit/605.1.15 (KHTML, like Gecko) CriOS/134.0.6998.99 Mobile/15E148 Safari/604.1"
103.176.237.30 - - [04/Apr/2025:13:13:19 -0400] "GET /product/wp-content/plugins/yith-woocommerce-wishlist/assets/js/jquery.yith-wcwl.js?ver=2.0 HTTP/1.1" 200 2568 "http://vapecompany.com.bd/product/?product_cat=us-premium-e-liquids" "Mozilla/5.0 (iPhone; CPU iPhone OS 18_1_1 like Mac OS X) AppleWebKit/605.1.15 (KHTML, like Gecko) CriOS/134.0.6998.99 Mobile/15E148 Safari/604.1"
103.176.237.30 - - [04/Apr/2025:13:13:20 -0400] "GET /product/wp-content/themes/wp_oswad_market/wp_oswad_market/framework/js/TweenMax.js?ver=5.6.14 HTTP/1.1" 200 30802 "http://vapecompany.com.bd/product/?product_cat=us-premium-e-liquids" "Mozilla/5.0 (iPhone; CPU iPhone OS 18_1_1 like Mac OS X) AppleWebKit/605.1.15 (KHTML, like Gecko) CriOS/134.0.6998.99 Mobile/15E148 Safari/604.1"
103.176.237.30 - - [04/Apr/2025:13:13:20 -0400] "GET /product/wp-includes/js/jquery/ui/tabs.min.js?ver=1.12.1 HTTP/1.1" 200 3909 "http://vapecompany.com.bd/product/?product_cat=us-premium-e-liquids" "Mozilla/5.0 (iPhone; CPU iPhone OS 18_1_1 like Mac OS X) AppleWebKit/605.1.15 (KHTML, like Gecko) CriOS/134.0.6998.99 Mobile/15E148 Safari/604.1"
103.176.237.30 - - [04/Apr/2025:13:13:20 -0400] "GET /product/wp-includes/js/jquery/ui/accordion.min.js?ver=1.12.1 HTTP/1.1" 200 2717 "http://vapecompany.com.bd/product/?product_cat=us-premium-e-liquids" "Mozilla/5.0 (iPhone; CPU iPhone OS 18_1_1 like Mac OS X) AppleWebKit/605.1.15 (KHTML, like Gecko) CriOS/134.0.6998.99 Mobile/15E148 Safari/604.1"
103.176.237.30 - - [04/Apr/2025:13:13:20 -0400] "GET /product/wp-includes/js/jquery/ui/effect.min.js?ver=1.12.1 HTTP/1.1" 200 6384 "http://vapecompany.com.bd/product/?product_cat=us-premium-e-liquids" "Mozilla/5.0 (iPhone; CPU iPhone OS 18_1_1 like Mac OS X) AppleWebKit/605.1.15 (KHTML, like Gecko) CriOS/134.0.6998.99 Mobile/15E148 Safari/604.1"
103.176.237.30 - - [04/Apr/2025:13:13:20 -0400] "GET /product/wp-content/themes/wp_oswad_market/wp_oswad_market/framework/js/jquery.touchSwipe.js?ver=5.6.14 HTTP/1.1" 200 15562 "http://vapecompany.com.bd/product/?product_cat=us-premium-e-liquids" "Mozilla/5.0 (iPhone; CPU iPhone OS 18_1_1 like Mac OS X) AppleWebKit/605.1.15 (KHTML, like Gecko) CriOS/134.0.6998.99 Mobile/15E148 Safari/604.1"
103.176.237.30 - - [04/Apr/2025:13:13:20 -0400] "GET /product/wp-content/themes/wp_oswad_market/wp_oswad_market/framework/js/include-script.js?ver=5.6.14 HTTP/1.1" 200 26590 "http://vapecompany.com.bd/product/?product_cat=us-premium-e-liquids" "Mozilla/5.0 (iPhone; CPU iPhone OS 18_1_1 like Mac OS X) AppleWebKit/605.1.15 (KHTML, like Gecko) CriOS/134.0.6998.99 Mobile/15E148 Safari/604.1"
103.176.237.30 - - [04/Apr/2025:13:13:20 -0400] "GET /product/wp-content/themes/wp_oswad_market/wp_oswad_market/js/jquery.prettyPhoto.min.js?ver=5.6.14 HTTP/1.1" 200 5958 "http://vapecompany.com.bd/product/?product_cat=us-premium-e-liquids" "Mozilla/5.0 (iPhone; CPU iPhone OS 18_1_1 like Mac OS X) AppleWebKit/605.1.15 (KHTML, like Gecko) CriOS/134.0.6998.99 Mobile/15E148 Safari/604.1"
103.176.237.30 - - [04/Apr/2025:13:13:20 -0400] "GET /product/wp-content/themes/wp_oswad_market/wp_oswad_market/js/jquery.prettyPhoto.init.min.js?ver=5.6.14 HTTP/1.1" 200 240 "http://vapecompany.com.bd/product/?product_cat=us-premium-e-liquids" "Mozilla/5.0 (iPhone; CPU iPhone OS 18_1_1 like Mac OS X) AppleWebKit/605.1.15 (KHTML, like Gecko) CriOS/134.0.6998.99 Mobile/15E148 Safari/604.1"
103.176.237.30 - - [04/Apr/2025:13:13:20 -0400] "GET /product/wp-content/themes/wp_oswad_market/wp_oswad_market/js/oswadmarket.js?ver=5.6.14 HTTP/1.1" 200 10225 "http://vapecompany.com.bd/product/?product_cat=us-premium-e-liquids" "Mozilla/5.0 (iPhone; CPU iPhone OS 18_1_1 like Mac OS X) AppleWebKit/605.1.15 (KHTML, like Gecko) CriOS/134.0.6998.99 Mobile/15E148 Safari/604.1"
103.176.237.30 - - [04/Apr/2025:13:13:20 -0400] "GET /product/wp-content/plugins/wd_quickshop/js/add-to-cart-variation.min.js?ver=5.6.14 HTTP/1.1" 200 1813 "http://vapecompany.com.bd/product/?product_cat=us-premium-e-liquids" "Mozilla/5.0 (iPhone; CPU iPhone OS 18_1_1 like Mac OS X) AppleWebKit/605.1.15 (KHTML, like Gecko) CriOS/134.0.6998.99 Mobile/15E148 Safari/604.1"
103.176.237.30 - - [04/Apr/2025:13:13:20 -0400] "GET /product/wp-content/plugins/wd_quickshop/js/quickshop.js?ver=5.6.14 HTTP/1.1" 200 1798 "http://vapecompany.com.bd/product/?product_cat=us-premium-e-liquids" "Mozilla/5.0 (iPhone; CPU iPhone OS 18_1_1 like Mac OS X) AppleWebKit/605.1.15 (KHTML, like Gecko) CriOS/134.0.6998.99 Mobile/15E148 Safari/604.1"
103.176.237.30 - - [04/Apr/2025:13:13:20 -0400] "GET /product/wp-content/plugins/wd_quickshop/js/cloud-zoom.1.0.2.js?ver=5.6.14 HTTP/1.1" 200 4532 "http://vapecompany.com.bd/product/?product_cat=us-premium-e-liquids" "Mozilla/5.0 (iPhone; CPU iPhone OS 18_1_1 like Mac OS X) AppleWebKit/605.1.15 (KHTML, like Gecko) CriOS/134.0.6998.99 Mobile/15E148 Safari/604.1"
103.176.237.30 - - [04/Apr/2025:13:13:20 -0400] "GET /product/wp-includes/js/wp-embed.min.js?ver=5.6.14 HTTP/1.1" 200 804 "http://vapecompany.com.bd/product/?product_cat=us-premium-e-liquids" "Mozilla/5.0 (iPhone; CPU iPhone OS 18_1_1 like Mac OS X) AppleWebKit/605.1.15 (KHTML, like Gecko) CriOS/134.0.6998.99 Mobile/15E148 Safari/604.1"
103.176.237.30 - - [04/Apr/2025:13:13:20 -0400] "GET /product/wp-includes/js/jquery/ui/slider.min.js?ver=1.12.1 HTTP/1.1" 200 3111 "http://vapecompany.com.bd/product/?product_cat=us-premium-e-liquids" "Mozilla/5.0 (iPhone; CPU iPhone OS 18_1_1 like Mac OS X) AppleWebKit/605.1.15 (KHTML, like Gecko) CriOS/134.0.6998.99 Mobile/15E148 Safari/604.1"
103.176.237.30 - - [04/Apr/2025:13:13:20 -0400] "GET /product/wp-content/plugins/woocommerce/assets/js/frontend/jquery-ui-touch-punch.min.js?ver=2.3.10 HTTP/1.1" 200 599 "http://vapecompany.com.bd/product/?product_cat=us-premium-e-liquids" "Mozilla/5.0 (iPhone; CPU iPhone OS 18_1_1 like Mac OS X) AppleWebKit/605.1.15 (KHTML, like Gecko) CriOS/134.0.6998.99 Mobile/15E148 Safari/604.1"
103.176.237.30 - - [04/Apr/2025:13:13:20 -0400] "GET /product/wp-content/plugins/woocommerce/assets/js/frontend/price-slider.min.js?ver=2.3.10 HTTP/1.1" 200 522 "http://vapecompany.com.bd/product/?product_cat=us-premium-e-liquids" "Mozilla/5.0 (iPhone; CPU iPhone OS 18_1_1 like Mac OS X) AppleWebKit/605.1.15 (KHTML, like Gecko) CriOS/134.0.6998.99 Mobile/15E148 Safari/604.1"
103.176.237.30 - - [04/Apr/2025:13:13:20 -0400] "GET /product/wp-content/plugins/yith-woocommerce-wishlist/assets/fontawesome/fontawesome-webfont.woff2?v=4.3.0 HTTP/1.1" 200 56780 "http://vapecompany.com.bd/product/?product_cat=us-premium-e-liquids" "Mozilla/5.0 (iPhone; CPU iPhone OS 18_1_1 like Mac OS X) AppleWebKit/605.1.15 (KHTML, like Gecko) CriOS/134.0.6998.99 Mobile/15E148 Safari/604.1"
103.176.237.30 - - [04/Apr/2025:13:13:20 -0400] "GET /product/wp-content/uploads/2014/01/Vape-Company-Logo-1.png HTTP/1.1" 200 34702 "http://vapecompany.com.bd/product/?product_cat=us-premium-e-liquids" "Mozilla/5.0 (iPhone; CPU iPhone OS 18_1_1 like Mac OS X) AppleWebKit/605.1.15 (KHTML, like Gecko) CriOS/134.0.6998.99 Mobile/15E148 Safari/604.1"
103.176.237.30 - - [04/Apr/2025:13:13:21 -0400] "GET /product/wp-content/themes/wp_oswad_market/wp_oswad_market/images/default-background.png HTTP/1.1" 200 898 "http://vapecompany.com.bd/product/?product_cat=us-premium-e-liquids" "Mozilla/5.0 (iPhone; CPU iPhone OS 18_1_1 like Mac OS X) AppleWebKit/605.1.15 (KHTML, like Gecko) CriOS/134.0.6998.99 Mobile/15E148 Safari/604.1"
103.176.237.30 - - [04/Apr/2025:13:13:21 -0400] "GET /product/wp-content/themes/wp_oswad_market/wp_oswad_market/images/media/bg-breadcrumb.jpg HTTP/1.1" 200 34868 "http://vapecompany.com.bd/product/?product_cat=us-premium-e-liquids" "Mozilla/5.0 (iPhone; CPU iPhone OS 18_1_1 like Mac OS X) AppleWebKit/605.1.15 (KHTML, like Gecko) CriOS/134.0.6998.99 Mobile/15E148 Safari/604.1"
103.176.237.30 - - [04/Apr/2025:13:13:21 -0400] "GET /product/wp-content/plugins/wp-live-chat-support/fonts/fontawesome-webfont.woff2?v=4.6.3 HTTP/1.1" 200 71896 "http://vapecompany.com.bd/product/?product_cat=us-premium-e-liquids" "Mozilla/5.0 (iPhone; CPU iPhone OS 18_1_1 like Mac OS X) AppleWebKit/605.1.15 (KHTML, like Gecko) CriOS/134.0.6998.99 Mobile/15E148 Safari/604.1"
103.176.237.30 - - [04/Apr/2025:13:13:21 -0400] "GET /product/wp-content/uploads/2014/01/Vape-Company-Logo-1.png HTTP/1.1" 200 34702 "-" "Mozilla/5.0 (iPhone; CPU iPhone OS 18_1_1 like Mac OS X) AppleWebKit/605.1.15 (KHTML, like Gecko) CriOS/134.0.6998.99 Mobile/15E148 Safari/604.1"
103.176.237.30 - - [04/Apr/2025:13:13:21 -0400] "GET /product/wp-content/plugins/js_composer/assets/lib/bower/font-awesome/fonts/fontawesome-webfont.woff2?v=4.5.0 HTTP/1.1" 200 66624 "http://vapecompany.com.bd/product/?product_cat=us-premium-e-liquids" "Mozilla/5.0 (iPhone; CPU iPhone OS 18_1_1 like Mac OS X) AppleWebKit/605.1.15 (KHTML, like Gecko) CriOS/134.0.6998.99 Mobile/15E148 Safari/604.1"
103.176.237.30 - - [04/Apr/2025:13:13:20 -0400] "POST /product/wp-admin/admin-ajax.php HTTP/1.1" 200 968 "http://vapecompany.com.bd/" "Mozilla/5.0 (iPhone; CPU iPhone OS 18_1_1 like Mac OS X) AppleWebKit/605.1.15 (KHTML, like Gecko) CriOS/134.0.6998.99 Mobile/15E148 Safari/604.1"
103.176.237.30 - - [04/Apr/2025:13:13:22 -0400] "GET /product/wp-content/themes/wp_oswad_market/wp_oswad_market/images/quickshop.png HTTP/1.1" 200 1246 "http://vapecompany.com.bd/product/?product_cat=us-premium-e-liquids" "Mozilla/5.0 (iPhone; CPU iPhone OS 18_1_1 like Mac OS X) AppleWebKit/605.1.15 (KHTML, like Gecko) CriOS/134.0.6998.99 Mobile/15E148 Safari/604.1"
103.176.237.30 - - [04/Apr/2025:13:13:23 -0400] "GET /product/wp-content/themes/wp_oswad_market/wp_oswad_market/images/media/icon_payment_paypal.png HTTP/1.1" 200 1347 "http://vapecompany.com.bd/product/?product_cat=us-premium-e-liquids" "Mozilla/5.0 (iPhone; CPU iPhone OS 18_1_1 like Mac OS X) AppleWebKit/605.1.15 (KHTML, like Gecko) CriOS/134.0.6998.99 Mobile/15E148 Safari/604.1"
103.176.237.30 - - [04/Apr/2025:13:13:22 -0400] "POST /product/wp-admin/admin-ajax.php HTTP/1.1" 200 103 "http://vapecompany.com.bd/" "Mozilla/5.0 (iPhone; CPU iPhone OS 18_1_1 like Mac OS X) AppleWebKit/605.1.15 (KHTML, like Gecko) CriOS/134.0.6998.99 Mobile/15E148 Safari/604.1"
103.176.237.30 - - [04/Apr/2025:13:13:23 -0400] "GET /product/wp-content/themes/wp_oswad_market/wp_oswad_market/images/media/icon_american_visa.png HTTP/1.1" 200 1423 "http://vapecompany.com.bd/product/?product_cat=us-premium-e-liquids" "Mozilla/5.0 (iPhone; CPU iPhone OS 18_1_1 like Mac OS X) AppleWebKit/605.1.15 (KHTML, like Gecko) CriOS/134.0.6998.99 Mobile/15E148 Safari/604.1"
103.176.237.30 - - [04/Apr/2025:13:13:23 -0400] "GET /product/wp-content/themes/wp_oswad_market/wp_oswad_market/images/media/icon_dhl_visa.png HTTP/1.1" 200 1480 "http://vapecompany.com.bd/product/?product_cat=us-premium-e-liquids" "Mozilla/5.0 (iPhone; CPU iPhone OS 18_1_1 like Mac OS X) AppleWebKit/605.1.15 (KHTML, like Gecko) CriOS/134.0.6998.99 Mobile/15E148 Safari/604.1"
103.176.237.30 - - [04/Apr/2025:13:13:23 -0400] "GET /product/wp-content/themes/wp_oswad_market/wp_oswad_market/images/media/icon_payment_visa.png HTTP/1.1" 200 1370 "http://vapecompany.com.bd/product/?product_cat=us-premium-e-liquids" "Mozilla/5.0 (iPhone; CPU iPhone OS 18_1_1 like Mac OS X) AppleWebKit/605.1.15 (KHTML, like Gecko) CriOS/134.0.6998.99 Mobile/15E148 Safari/604.1"
103.176.237.30 - - [04/Apr/2025:13:13:23 -0400] "GET /product/wp-content/themes/wp_oswad_market/wp_oswad_market/images/media/icon_payment_master_card.png HTTP/1.1" 200 1680 "http://vapecompany.com.bd/product/?product_cat=us-premium-e-liquids" "Mozilla/5.0 (iPhone; CPU iPhone OS 18_1_1 like Mac OS X) AppleWebKit/605.1.15 (KHTML, like Gecko) CriOS/134.0.6998.99 Mobile/15E148 Safari/604.1"
85.208.96.211 - - [04/Apr/2025:13:13:22 -0400] "GET /product/?lost-password&product=avidartisan-daedalus-coil-diy-tool HTTP/1.1" 404 61684 "-" "Mozilla/5.0 (compatible; SemrushBot/7~bl; +http://www.semrush.com/bot.html)"
103.176.237.30 - - [04/Apr/2025:13:13:23 -0400] "GET /product/wp-content/themes/wp_oswad_market/wp_oswad_market/images/media/icon_fed_visa.png HTTP/1.1" 200 1283 "http://vapecompany.com.bd/product/?product_cat=us-premium-e-liquids" "Mozilla/5.0 (iPhone; CPU iPhone OS 18_1_1 like Mac OS X) AppleWebKit/605.1.15 (KHTML, like Gecko) CriOS/134.0.6998.99 Mobile/15E148 Safari/604.1"
103.176.237.30 - - [04/Apr/2025:13:13:23 -0400] "GET /product/wp-content/themes/wp_oswad_market/wp_oswad_market/images/bg_shadow_menu_phone.png HTTP/1.1" 200 973 "http://vapecompany.com.bd/product/?product_cat=us-premium-e-liquids" "Mozilla/5.0 (iPhone; CPU iPhone OS 18_1_1 like Mac OS X) AppleWebKit/605.1.15 (KHTML, like Gecko) CriOS/134.0.6998.99 Mobile/15E148 Safari/604.1"
103.176.237.30 - - [04/Apr/2025:13:13:23 -0400] "GET /product/wp-content/themes/wp_oswad_market/wp_oswad_market/images/images.png HTTP/1.1" 200 10523 "http://vapecompany.com.bd/product/?product_cat=us-premium-e-liquids" "Mozilla/5.0 (iPhone; CPU iPhone OS 18_1_1 like Mac OS X) AppleWebKit/605.1.15 (KHTML, like Gecko) CriOS/134.0.6998.99 Mobile/15E148 Safari/604.1"
103.176.237.30 - - [04/Apr/2025:13:13:23 -0400] "GET /product/wp-content/themes/wp_oswad_market/wp_oswad_market/images/media/bg-footer.jpg HTTP/1.1" 200 222316 "http://vapecompany.com.bd/product/?product_cat=us-premium-e-liquids" "Mozilla/5.0 (iPhone; CPU iPhone OS 18_1_1 like Mac OS X) AppleWebKit/605.1.15 (KHTML, like Gecko) CriOS/134.0.6998.99 Mobile/15E148 Safari/604.1"
103.176.237.30 - - [04/Apr/2025:13:13:23 -0400] "GET /product/wp-content/plugins/contact-form-7/images/ajax-loader.gif HTTP/1.1" 200 847 "http://vapecompany.com.bd/product/?product_cat=us-premium-e-liquids" "Mozilla/5.0 (iPhone; CPU iPhone OS 18_1_1 like Mac OS X) AppleWebKit/605.1.15 (KHTML, like Gecko) CriOS/134.0.6998.99 Mobile/15E148 Safari/604.1"
103.176.237.30 - - [04/Apr/2025:13:13:23 -0400] "GET /product/wp-content/themes/wp_oswad_market/wp_oswad_market/images/ic-fiter-price.png HTTP/1.1" 200 1650 "http://vapecompany.com.bd/product/?product_cat=us-premium-e-liquids" "Mozilla/5.0 (iPhone; CPU iPhone OS 18_1_1 like Mac OS X) AppleWebKit/605.1.15 (KHTML, like Gecko) CriOS/134.0.6998.99 Mobile/15E148 Safari/604.1"
103.176.237.30 - - [04/Apr/2025:13:13:26 -0400] "GET /product/wp-content/themes/wp_oswad_market/wp_oswad_market/images/bottom-left-shadow.png HTTP/1.1" 200 3302 "http://vapecompany.com.bd/product/?product_cat=us-premium-e-liquids" "Mozilla/5.0 (iPhone; CPU iPhone OS 18_1_1 like Mac OS X) AppleWebKit/605.1.15 (KHTML, like Gecko) CriOS/134.0.6998.99 Mobile/15E148 Safari/604.1"
103.176.237.30 - - [04/Apr/2025:13:13:26 -0400] "GET /product/wp-content/themes/wp_oswad_market/wp_oswad_market/images/top-right-shadow.png HTTP/1.1" 200 1340 "http://vapecompany.com.bd/product/?product_cat=us-premium-e-liquids" "Mozilla/5.0 (iPhone; CPU iPhone OS 18_1_1 like Mac OS X) AppleWebKit/605.1.15 (KHTML, like Gecko) CriOS/134.0.6998.99 Mobile/15E148 Safari/604.1"
