85.208.96.206 - - [04/Apr/2025:09:25:19 -0400] "GET /product/?product_cat=black-box-salts HTTP/1.1" 404 61561 "-" "Mozilla/5.0 (compatible; SemrushBot/7~bl; +http://www.semrush.com/bot.html)"
217.113.194.4 - - [04/Apr/2025:09:25:22 -0400] "GET /product/?page_id=4002&add_to_wishlist=5415&add-to-cart=12359&remove_item=84f2798f05d595273de40e3046329309&_wpnonce=657d745317 HTTP/1.1" 200 19053 "-" "Mozilla/5.0 (compatible; Barkrowler/0.9; +https://babbar.tech/crawler)"
217.113.194.2 - - [04/Apr/2025:09:25:38 -0400] "GET /product/?page_id=4002&add_to_wishlist=5415&add-to-cart=12251&remove_item=956058422500de80654a14d89ca9a010&_wpnonce=3552740808 HTTP/1.1" 200 18926 "-" "Mozilla/5.0 (compatible; Barkrowler/0.9; +https://babbar.tech/crawler)"
217.113.194.10 - - [04/Apr/2025:09:25:54 -0400] "GET /product/?page_id=4002&add_to_wishlist=5415&add-to-cart=12289&remove_item=84f2798f05d595273de40e3046329309&_wpnonce=657d745317 HTTP/1.1" 200 19032 "-" "Mozilla/5.0 (compatible; Barkrowler/0.9; +https://babbar.tech/crawler)"
217.113.194.5 - - [04/Apr/2025:09:26:10 -0400] "GET /product/?page_id=4002&add_to_wishlist=5415&add-to-cart=12329&remove_item=84f2798f05d595273de40e3046329309&_wpnonce=657d745317 HTTP/1.1" 200 19157 "-" "Mozilla/5.0 (compatible; Barkrowler/0.9; +https://babbar.tech/crawler)"
217.113.194.9 - - [04/Apr/2025:09:26:26 -0400] "GET /product/?page_id=4002&add_to_wishlist=5415&add-to-cart=12377&remove_item=84f2798f05d595273de40e3046329309&_wpnonce=657d745317 HTTP/1.1" 200 19025 "-" "Mozilla/5.0 (compatible; Barkrowler/0.9; +https://babbar.tech/crawler)"
217.113.194.242 - - [04/Apr/2025:09:26:43 -0400] "GET /product/?page_id=4002&add_to_wishlist=5415&add-to-cart=12335&remove_item=84f2798f05d595273de40e3046329309&_wpnonce=657d745317 HTTP/1.1" 200 19040 "-" "Mozilla/5.0 (compatible; Barkrowler/0.9; +https://babbar.tech/crawler)"
217.113.194.4 - - [04/Apr/2025:09:26:59 -0400] "GET /product/?page_id=4002&add_to_wishlist=5415&add-to-cart=5070&remove_item=8074856808ebec0c49403ce3589b28de&_wpnonce=7977323894 HTTP/1.1" 200 19110 "-" "Mozilla/5.0 (compatible; Barkrowler/0.9; +https://babbar.tech/crawler)"
217.113.194.10 - - [04/Apr/2025:09:27:15 -0400] "GET /product/?page_id=4002&add_to_wishlist=5415&add-to-cart=5070&remove_item=8074856808ebec0c49403ce3589b28de&_wpnonce=3184299014 HTTP/1.1" 200 19018 "-" "Mozilla/5.0 (compatible; Barkrowler/0.9; +https://babbar.tech/crawler)"
217.113.194.7 - - [04/Apr/2025:09:27:31 -0400] "GET /product/?page_id=4002&add_to_wishlist=5415&add-to-cart=5648&remove_item=84f2798f05d595273de40e3046329309&_wpnonce=657d745317 HTTP/1.1" 200 19107 "-" "Mozilla/5.0 (compatible; Barkrowler/0.9; +https://babbar.tech/crawler)"
217.113.194.3 - - [04/Apr/2025:09:27:47 -0400] "GET /product/?page_id=4002&add_to_wishlist=5415&add-to-cart=5648&remove_item=84f2798f05d595273de40e3046329309&_wpnonce=ae63218667 HTTP/1.1" 200 19031 "-" "Mozilla/5.0 (compatible; Barkrowler/0.9; +https://babbar.tech/crawler)"
217.113.194.3 - - [04/Apr/2025:09:28:03 -0400] "GET /product/?page_id=4002&add_to_wishlist=5415&add-to-cart=5648&remove_item=84f2798f05d595273de40e3046329309&_wpnonce=6231adc253 HTTP/1.1" 200 18911 "-" "Mozilla/5.0 (compatible; Barkrowler/0.9; +https://babbar.tech/crawler)"
185.191.171.5 - - [04/Apr/2025:09:28:20 -0400] "GET /product/?product=primitive-vapor-co-cannoli HTTP/1.1" 404 61577 "-" "Mozilla/5.0 (compatible; SemrushBot/7~bl; +http://www.semrush.com/bot.html)"
51.222.253.6 - - [04/Apr/2025:09:28:36 -0400] "GET /product/?s=V&post_type=product&add_to_wishlist=8857&paged=45 HTTP/1.1" 404 61731 "-" "Mozilla/5.0 (compatible; AhrefsBot/7.0; +http://ahrefs.com/robot/)"
217.113.194.2 - - [04/Apr/2025:09:28:36 -0400] "GET /product/?page_id=4002&add_to_wishlist=6018&add-to-cart=5648&remove_item=84f2798f05d595273de40e3046329309&_wpnonce=657d745317 HTTP/1.1" 200 19012 "-" "Mozilla/5.0 (compatible; Barkrowler/0.9; +https://babbar.tech/crawler)"
217.113.194.10 - - [04/Apr/2025:09:28:52 -0400] "GET /product/?page_id=4002&add_to_wishlist=6018&add-to-cart=5070&remove_item=8074856808ebec0c49403ce3589b28de&_wpnonce=7977323894 HTTP/1.1" 200 19025 "-" "Mozilla/5.0 (compatible; Barkrowler/0.9; +https://babbar.tech/crawler)"
216.244.66.234 - - [04/Apr/2025:09:28:56 -0400] "GET /product/?product=lyche-notch-coil-0-25-ohm-atomizer&lost-password HTTP/1.1" 200 114353 "-" "Mozilla/5.0 (compatible; DotBot/1.2; +https://opensiteexplorer.org/dotbot; help@moz.com)"
217.113.194.3 - - [04/Apr/2025:09:29:08 -0400] "GET /product/?page_id=4002&add_to_wishlist=6018&add-to-cart=5070&remove_item=8074856808ebec0c49403ce3589b28de&_wpnonce=3184299014 HTTP/1.1" 200 19082 "-" "Mozilla/5.0 (compatible; Barkrowler/0.9; +https://babbar.tech/crawler)"
217.113.194.5 - - [04/Apr/2025:09:29:24 -0400] "GET /product/?page_id=4002&add_to_wishlist=6018&add-to-cart=12385&remove_item=84f2798f05d595273de40e3046329309&_wpnonce=657d745317 HTTP/1.1" 200 19017 "-" "Mozilla/5.0 (compatible; Barkrowler/0.9; +https://babbar.tech/crawler)"
217.113.194.242 - - [04/Apr/2025:09:29:41 -0400] "GET /product/?page_id=4002&add_to_wishlist=6016&add-to-cart=4708&remove_item=84f2798f05d595273de40e3046329309&_wpnonce=657d745317 HTTP/1.1" 200 19246 "-" "Mozilla/5.0 (compatible; Barkrowler/0.9; +https://babbar.tech/crawler)"
217.113.194.9 - - [04/Apr/2025:09:29:57 -0400] "GET /product/?page_id=4002&add_to_wishlist=6016&add-to-cart=5070&remove_item=8074856808ebec0c49403ce3589b28de&_wpnonce=7977323894 HTTP/1.1" 200 19015 "-" "Mozilla/5.0 (compatible; Barkrowler/0.9; +https://babbar.tech/crawler)"
217.113.194.4 - - [04/Apr/2025:09:30:13 -0400] "GET /product/?page_id=4002&add_to_wishlist=5049&add-to-cart=12385&remove_item=84f2798f05d595273de40e3046329309&_wpnonce=657d745317 HTTP/1.1" 200 19162 "-" "Mozilla/5.0 (compatible; Barkrowler/0.9; +https://babbar.tech/crawler)"
217.113.194.8 - - [04/Apr/2025:09:30:29 -0400] "GET /product/?page_id=4002&add_to_wishlist=5049&add-to-cart=12264&remove_item=84f2798f05d595273de40e3046329309&_wpnonce=657d745317 HTTP/1.1" 200 18948 "-" "Mozilla/5.0 (compatible; Barkrowler/0.9; +https://babbar.tech/crawler)"
217.113.194.11 - - [04/Apr/2025:09:30:45 -0400] "GET /product/?page_id=4002&add_to_wishlist=5049&add-to-cart=12251&remove_item=956058422500de80654a14d89ca9a010&_wpnonce=3552740808 HTTP/1.1" 200 18754 "-" "Mozilla/5.0 (compatible; Barkrowler/0.9; +https://babbar.tech/crawler)"
217.113.194.3 - - [04/Apr/2025:09:31:02 -0400] "GET /product/?page_id=4002&add_to_wishlist=5049&add-to-cart=12381&remove_item=84f2798f05d595273de40e3046329309&_wpnonce=657d745317 HTTP/1.1" 200 19014 "-" "Mozilla/5.0 (compatible; Barkrowler/0.9; +https://babbar.tech/crawler)"
185.191.171.9 - - [04/Apr/2025:09:31:15 -0400] "GET /product/?product=vandyvape-kylin-m-kanthal-mesh-0-20-ohm-sheet-coil HTTP/1.1" 200 17062 "-" "Mozilla/5.0 (compatible; SemrushBot/7~bl; +http://www.semrush.com/bot.html)"
217.113.194.4 - - [04/Apr/2025:09:31:18 -0400] "GET /product/?page_id=4002&add_to_wishlist=5049&add-to-cart=5892&remove_item=84f2798f05d595273de40e3046329309&_wpnonce=657d745317 HTTP/1.1" 200 19127 "-" "Mozilla/5.0 (compatible; Barkrowler/0.9; +https://babbar.tech/crawler)"
216.244.66.234 - - [04/Apr/2025:09:31:32 -0400] "GET /product/?post_type=product&add_to_wishlist=11425&paged=49 HTTP/1.1" 200 149714 "-" "Mozilla/5.0 (compatible; DotBot/1.2; +https://opensiteexplorer.org/dotbot; help@moz.com)"
217.113.194.2 - - [04/Apr/2025:09:31:34 -0400] "GET /product/?page_id=4002&add_to_wishlist=5049&add-to-cart=5760&remove_item=84f2798f05d595273de40e3046329309&_wpnonce=657d745317 HTTP/1.1" 200 19218 "-" "Mozilla/5.0 (compatible; Barkrowler/0.9; +https://babbar.tech/crawler)"
216.244.66.234 - - [04/Apr/2025:09:31:36 -0400] "GET /product/?post_type=product&paged=18&add_to_wishlist=4779 HTTP/1.1" 200 173566 "-" "Mozilla/5.0 (compatible; DotBot/1.2; +https://opensiteexplorer.org/dotbot; help@moz.com)"
217.113.194.6 - - [04/Apr/2025:09:31:51 -0400] "GET /product/?page_id=4002&add_to_wishlist=5049&add-to-cart=9945&remove_item=69783ee76a92567d446143b811519068&_wpnonce=5030101520 HTTP/1.1" 200 19049 "-" "Mozilla/5.0 (compatible; Barkrowler/0.9; +https://babbar.tech/crawler)"
217.113.194.11 - - [04/Apr/2025:09:32:07 -0400] "GET /product/?page_id=4002&add_to_wishlist=5049&add-to-cart=4834&remove_item=84f2798f05d595273de40e3046329309&_wpnonce=657d745317 HTTP/1.1" 200 19253 "-" "Mozilla/5.0 (compatible; Barkrowler/0.9; +https://babbar.tech/crawler)"
217.113.194.8 - - [04/Apr/2025:09:32:23 -0400] "GET /product/?page_id=4002&add_to_wishlist=5049&add-to-cart=5070&remove_item=8074856808ebec0c49403ce3589b28de&_wpnonce=7977323894 HTTP/1.1" 200 18886 "-" "Mozilla/5.0 (compatible; Barkrowler/0.9; +https://babbar.tech/crawler)"
45.125.222.33 - - [04/Apr/2025:09:32:24 -0400] "GET /product/wp-includes/css/dist/block-library/style.min.css?ver=5.6.14 HTTP/1.1" 200 7849 "-" "Mozilla/5.0 (Linux; Android 10; K) AppleWebKit/537.36 (KHTML, like Gecko) Chrome/135.0.0.0 Mobile Safari/537.36"
45.125.222.33 - - [04/Apr/2025:09:32:24 -0400] "GET /product/wp-content/plugins/contact-form-7/includes/css/styles.css?ver=4.1.2 HTTP/1.1" 200 469 "-" "Mozilla/5.0 (Linux; Android 10; K) AppleWebKit/537.36 (KHTML, like Gecko) Chrome/135.0.0.0 Mobile Safari/537.36"
45.125.222.33 - - [04/Apr/2025:09:32:25 -0400] "GET /product/wp-content/plugins/revslider/public/assets/css/rs6.css?ver=6.2.9 HTTP/1.1" 200 12614 "-" "Mozilla/5.0 (Linux; Android 10; K) AppleWebKit/537.36 (KHTML, like Gecko) Chrome/135.0.0.0 Mobile Safari/537.36"
45.125.222.33 - - [04/Apr/2025:09:32:25 -0400] "GET /product/wp-content/plugins/wd_shortcode/css/shortcode.css?ver=5.6.14 HTTP/1.1" 200 20236 "-" "Mozilla/5.0 (Linux; Android 10; K) AppleWebKit/537.36 (KHTML, like Gecko) Chrome/135.0.0.0 Mobile Safari/537.36"
45.125.222.33 - - [04/Apr/2025:09:32:25 -0400] "GET /product/wp-content/plugins/wd_shortcode/css/bootstrap-theme.css?ver=5.6.14 HTTP/1.1" 200 1790 "-" "Mozilla/5.0 (Linux; Android 10; K) AppleWebKit/537.36 (KHTML, like Gecko) Chrome/135.0.0.0 Mobile Safari/537.36"
45.125.222.33 - - [04/Apr/2025:09:32:25 -0400] "GET /product/wp-content/plugins/wd_shortcode/css/bootstrap.css?ver=5.6.14 HTTP/1.1" 200 19955 "-" "Mozilla/5.0 (Linux; Android 10; K) AppleWebKit/537.36 (KHTML, like Gecko) Chrome/135.0.0.0 Mobile Safari/537.36"
45.125.222.33 - - [04/Apr/2025:09:32:25 -0400] "GET /product/wp-content/plugins/js_composer/assets/lib/bower/font-awesome/css/font-awesome.min.css?ver=4.11.2.1 HTTP/1.1" 200 6265 "-" "Mozilla/5.0 (Linux; Android 10; K) AppleWebKit/537.36 (KHTML, like Gecko) Chrome/135.0.0.0 Mobile Safari/537.36"
45.125.222.33 - - [04/Apr/2025:09:32:25 -0400] "GET /product/wp-content/plugins/wd_shortcode/css/owl.carousel.css?ver=5.6.14 HTTP/1.1" 200 613 "-" "Mozilla/5.0 (Linux; Android 10; K) AppleWebKit/537.36 (KHTML, like Gecko) Chrome/135.0.0.0 Mobile Safari/537.36"
45.125.222.33 - - [04/Apr/2025:09:32:25 -0400] "GET /product/wp-content/plugins/woocommerce/assets/css/woocommerce-layout.css?ver=2.3.10 HTTP/1.1" 200 1874 "-" "Mozilla/5.0 (Linux; Android 10; K) AppleWebKit/537.36 (KHTML, like Gecko) Chrome/135.0.0.0 Mobile Safari/537.36"
45.125.222.33 - - [04/Apr/2025:09:32:26 -0400] "GET /product/wp-content/plugins/woocommerce/assets/css/woocommerce-smallscreen.css?ver=2.3.10 HTTP/1.1" 200 957 "-" "Mozilla/5.0 (Linux; Android 10; K) AppleWebKit/537.36 (KHTML, like Gecko) Chrome/135.0.0.0 Mobile Safari/537.36"
45.125.222.33 - - [04/Apr/2025:09:32:25 -0400] "GET /product/?product_cat=battery-chargers HTTP/1.1" 200 21744 "https://www.google.com/" "Mozilla/5.0 (X11; Linux x86_64) AppleWebKit/537.36 (KHTML, like Gecko) Chrome/135.0.0.0 Safari/537.36"
45.125.222.33 - - [04/Apr/2025:09:32:26 -0400] "GET /product/?product_cat=battery-chargers HTTP/1.1" 200 21753 "https://www.google.com/" "Mozilla/5.0 (X11; Linux x86_64) AppleWebKit/537.36 (KHTML, like Gecko) Chrome/135.0.0.0 Safari/537.36"
45.125.222.33 - - [04/Apr/2025:09:32:27 -0400] "GET /product/wp-content/plugins/woocommerce/assets/css/woocommerce.css?ver=2.3.10 HTTP/1.1" 200 6469 "http://vapecompany.com.bd/product/?product_cat=battery-chargers" "Mozilla/5.0 (X11; Linux x86_64) AppleWebKit/537.36 (KHTML, like Gecko) Chrome/135.0.0.0 Safari/537.36"
45.125.222.33 - - [04/Apr/2025:09:32:27 -0400] "GET /product/wp-content/plugins/wp-live-chat-support/css/font-awesome.min.css?ver=5.6.14 HTTP/1.1" 200 6669 "http://vapecompany.com.bd/product/?product_cat=battery-chargers" "Mozilla/5.0 (X11; Linux x86_64) AppleWebKit/537.36 (KHTML, like Gecko) Chrome/135.0.0.0 Safari/537.36"
45.125.222.33 - - [04/Apr/2025:09:32:27 -0400] "GET /product/wp-content/plugins/wp-live-chat-support/css/wplcstyle.css?ver=5.6.14 HTTP/1.1" 200 4 "http://vapecompany.com.bd/product/?product_cat=battery-chargers" "Mozilla/5.0 (X11; Linux x86_64) AppleWebKit/537.36 (KHTML, like Gecko) Chrome/135.0.0.0 Safari/537.36"
45.125.222.33 - - [04/Apr/2025:09:32:27 -0400] "GET /product/wp-content/plugins/wp-live-chat-support/css/themes/theme-2.css?ver=5.6.14 HTTP/1.1" 200 199 "http://vapecompany.com.bd/product/?product_cat=battery-chargers" "Mozilla/5.0 (X11; Linux x86_64) AppleWebKit/537.36 (KHTML, like Gecko) Chrome/135.0.0.0 Safari/537.36"
45.125.222.33 - - [04/Apr/2025:09:32:27 -0400] "GET /product/wp-content/plugins/wp-live-chat-support/css/themes/classic.css?ver=5.6.14 HTTP/1.1" 200 2346 "http://vapecompany.com.bd/product/?product_cat=battery-chargers" "Mozilla/5.0 (X11; Linux x86_64) AppleWebKit/537.36 (KHTML, like Gecko) Chrome/135.0.0.0 Safari/537.36"
45.125.222.33 - - [04/Apr/2025:09:32:27 -0400] "GET /product/wp-content/plugins/wp-live-chat-support/css/themes/position-bottom-right.css?ver=5.6.14 HTTP/1.1" 200 44 "http://vapecompany.com.bd/product/?product_cat=battery-chargers" "Mozilla/5.0 (X11; Linux x86_64) AppleWebKit/537.36 (KHTML, like Gecko) Chrome/135.0.0.0 Safari/537.36"
45.125.222.33 - - [04/Apr/2025:09:32:28 -0400] "GET /product/wp-content/plugins/yith-woocommerce-compare/assets/css/colorbox.css?ver=5.6.14 HTTP/1.1" 200 1230 "http://vapecompany.com.bd/product/?product_cat=battery-chargers" "Mozilla/5.0 (X11; Linux x86_64) AppleWebKit/537.36 (KHTML, like Gecko) Chrome/135.0.0.0 Safari/537.36"
45.125.222.33 - - [04/Apr/2025:09:32:28 -0400] "GET /product/wp-content/plugins/woocommerce/assets/css/prettyPhoto.css?ver=5.6.14 HTTP/1.1" 200 1936 "http://vapecompany.com.bd/product/?product_cat=battery-chargers" "Mozilla/5.0 (X11; Linux x86_64) AppleWebKit/537.36 (KHTML, like Gecko) Chrome/135.0.0.0 Safari/537.36"
45.125.222.33 - - [04/Apr/2025:09:32:28 -0400] "GET /product/wp-content/plugins/yith-woocommerce-wishlist/assets/css/jquery.selectBox.css?ver=5.6.14 HTTP/1.1" 200 1027 "http://vapecompany.com.bd/product/?product_cat=battery-chargers" "Mozilla/5.0 (X11; Linux x86_64) AppleWebKit/537.36 (KHTML, like Gecko) Chrome/135.0.0.0 Safari/537.36"
45.125.222.33 - - [04/Apr/2025:09:32:28 -0400] "GET /product/wp-content/plugins/yith-woocommerce-wishlist/assets/css/style.css?ver=5.6.14 HTTP/1.1" 200 2796 "http://vapecompany.com.bd/product/?product_cat=battery-chargers" "Mozilla/5.0 (X11; Linux x86_64) AppleWebKit/537.36 (KHTML, like Gecko) Chrome/135.0.0.0 Safari/537.36"
45.125.222.33 - - [04/Apr/2025:09:32:28 -0400] "GET /product/wp-content/plugins/yith-woocommerce-wishlist/assets/css/font-awesome.min.css?ver=5.6.14 HTTP/1.1" 200 5443 "http://vapecompany.com.bd/product/?product_cat=battery-chargers" "Mozilla/5.0 (X11; Linux x86_64) AppleWebKit/537.36 (KHTML, like Gecko) Chrome/135.0.0.0 Safari/537.36"
45.125.222.33 - - [04/Apr/2025:09:32:28 -0400] "GET /product/wp-content/themes/wp_oswad_market/wp_oswad_market/style.css?ver=5.6.14 HTTP/1.1" 200 36662 "http://vapecompany.com.bd/product/?product_cat=battery-chargers" "Mozilla/5.0 (X11; Linux x86_64) AppleWebKit/537.36 (KHTML, like Gecko) Chrome/135.0.0.0 Safari/537.36"
45.125.222.33 - - [04/Apr/2025:09:32:28 -0400] "GET /product/wp-content/plugins/js_composer/assets/css/js_composer.min.css?ver=4.11.2.1 HTTP/1.1" 200 58357 "http://vapecompany.com.bd/product/?product_cat=battery-chargers" "Mozilla/5.0 (X11; Linux x86_64) AppleWebKit/537.36 (KHTML, like Gecko) Chrome/135.0.0.0 Safari/537.36"
45.125.222.33 - - [04/Apr/2025:09:32:28 -0400] "GET /product/wp-content/themes/wp_oswad_market/wp_oswad_market/css/base.css?ver=5.6.14 HTTP/1.1" 200 43549 "http://vapecompany.com.bd/product/?product_cat=battery-chargers" "Mozilla/5.0 (X11; Linux x86_64) AppleWebKit/537.36 (KHTML, like Gecko) Chrome/135.0.0.0 Safari/537.36"
45.125.222.33 - - [04/Apr/2025:09:32:28 -0400] "GET /product/wp-content/themes/wp_oswad_market/wp_oswad_market/css/responsive.css?ver=5.6.14 HTTP/1.1" 200 22947 "http://vapecompany.com.bd/product/?product_cat=battery-chargers" "Mozilla/5.0 (X11; Linux x86_64) AppleWebKit/537.36 (KHTML, like Gecko) Chrome/135.0.0.0 Safari/537.36"
45.125.222.33 - - [04/Apr/2025:09:32:28 -0400] "GET /product/wp-content/themes/wp_oswad_market/wp_oswad_market/css/wd_menu_front.css?ver=5.6.14 HTTP/1.1" 200 7269 "http://vapecompany.com.bd/product/?product_cat=battery-chargers" "Mozilla/5.0 (X11; Linux x86_64) AppleWebKit/537.36 (KHTML, like Gecko) Chrome/135.0.0.0 Safari/537.36"
45.125.222.33 - - [04/Apr/2025:09:32:28 -0400] "GET /product/wp-content/plugins/woocommerce-grid-list-toggle/assets/css/style.css?ver=5.6.14 HTTP/1.1" 200 374 "http://vapecompany.com.bd/product/?product_cat=battery-chargers" "Mozilla/5.0 (X11; Linux x86_64) AppleWebKit/537.36 (KHTML, like Gecko) Chrome/135.0.0.0 Safari/537.36"
45.125.222.33 - - [04/Apr/2025:09:32:28 -0400] "GET /product/wp-content/plugins/woocommerce-grid-list-toggle/assets/css/button.css?ver=5.6.14 HTTP/1.1" 200 398 "http://vapecompany.com.bd/product/?product_cat=battery-chargers" "Mozilla/5.0 (X11; Linux x86_64) AppleWebKit/537.36 (KHTML, like Gecko) Chrome/135.0.0.0 Safari/537.36"
45.125.222.33 - - [04/Apr/2025:09:32:28 -0400] "GET /product/wp-includes/css/dashicons.min.css?ver=5.6.14 HTTP/1.1" 200 35730 "http://vapecompany.com.bd/product/?product_cat=battery-chargers" "Mozilla/5.0 (X11; Linux x86_64) AppleWebKit/537.36 (KHTML, like Gecko) Chrome/135.0.0.0 Safari/537.36"
45.125.222.33 - - [04/Apr/2025:09:32:28 -0400] "GET /product/wp-content/plugins/wd_quickshop/css/prettyPhoto.css?ver=5.6.14 HTTP/1.1" 200 1780 "http://vapecompany.com.bd/product/?product_cat=battery-chargers" "Mozilla/5.0 (X11; Linux x86_64) AppleWebKit/537.36 (KHTML, like Gecko) Chrome/135.0.0.0 Safari/537.36"
45.125.222.33 - - [04/Apr/2025:09:32:28 -0400] "GET /product/wp-content/plugins/wd_quickshop/css/cloud-zoom.css?ver=5.6.14 HTTP/1.1" 200 401 "http://vapecompany.com.bd/product/?product_cat=battery-chargers" "Mozilla/5.0 (X11; Linux x86_64) AppleWebKit/537.36 (KHTML, like Gecko) Chrome/135.0.0.0 Safari/537.36"
45.125.222.33 - - [04/Apr/2025:09:32:28 -0400] "GET /product/wp-includes/js/jquery/jquery.min.js?ver=3.5.1 HTTP/1.1" 200 30916 "http://vapecompany.com.bd/product/?product_cat=battery-chargers" "Mozilla/5.0 (X11; Linux x86_64) AppleWebKit/537.36 (KHTML, like Gecko) Chrome/135.0.0.0 Safari/537.36"
45.125.222.33 - - [04/Apr/2025:09:32:29 -0400] "GET /product/wp-includes/js/jquery/jquery-migrate.min.js?ver=3.3.2 HTTP/1.1" 200 4169 "http://vapecompany.com.bd/product/?product_cat=battery-chargers" "Mozilla/5.0 (X11; Linux x86_64) AppleWebKit/537.36 (KHTML, like Gecko) Chrome/135.0.0.0 Safari/537.36"
45.125.222.33 - - [04/Apr/2025:09:32:29 -0400] "GET /product/wp-content/plugins/wp-live-chat-support/js/wplc_u.js?ver=6.2.10 HTTP/1.1" 200 6105 "http://vapecompany.com.bd/product/?product_cat=battery-chargers" "Mozilla/5.0 (X11; Linux x86_64) AppleWebKit/537.36 (KHTML, like Gecko) Chrome/135.0.0.0 Safari/537.36"
45.125.222.33 - - [04/Apr/2025:09:32:29 -0400] "GET /product/wp-content/plugins/wp-live-chat-support/js/md5.js?ver=6.2.10 HTTP/1.1" 200 2193 "http://vapecompany.com.bd/product/?product_cat=battery-chargers" "Mozilla/5.0 (X11; Linux x86_64) AppleWebKit/537.36 (KHTML, like Gecko) Chrome/135.0.0.0 Safari/537.36"
45.125.222.33 - - [04/Apr/2025:09:32:29 -0400] "GET /product/wp-content/plugins/wp-live-chat-support/js/themes/classic.js?ver=6.2.10 HTTP/1.1" 200 883 "http://vapecompany.com.bd/product/?product_cat=battery-chargers" "Mozilla/5.0 (X11; Linux x86_64) AppleWebKit/537.36 (KHTML, like Gecko) Chrome/135.0.0.0 Safari/537.36"
45.125.222.33 - - [04/Apr/2025:09:32:29 -0400] "GET /product/wp-content/plugins/wp-live-chat-support/js/jquery-cookie.js?ver=5.6.14 HTTP/1.1" 200 1401 "http://vapecompany.com.bd/product/?product_cat=battery-chargers" "Mozilla/5.0 (X11; Linux x86_64) AppleWebKit/537.36 (KHTML, like Gecko) Chrome/135.0.0.0 Safari/537.36"
45.125.222.33 - - [04/Apr/2025:09:32:29 -0400] "GET /product/wp-content/plugins/revslider/public/assets/js/rbtools.min.js?ver=6.0.5 HTTP/1.1" 200 45119 "http://vapecompany.com.bd/product/?product_cat=battery-chargers" "Mozilla/5.0 (X11; Linux x86_64) AppleWebKit/537.36 (KHTML, like Gecko) Chrome/135.0.0.0 Safari/537.36"
45.125.222.33 - - [04/Apr/2025:09:32:29 -0400] "GET /product/wp-content/themes/wp_oswad_market/wp_oswad_market/js/wd_menu_front.js?ver=5.6.14 HTTP/1.1" 200 4274 "http://vapecompany.com.bd/product/?product_cat=battery-chargers" "Mozilla/5.0 (X11; Linux x86_64) AppleWebKit/537.36 (KHTML, like Gecko) Chrome/135.0.0.0 Safari/537.36"
45.125.222.33 - - [04/Apr/2025:09:32:29 -0400] "GET /product/wp-content/plugins/revslider/public/assets/js/rs6.min.js?ver=6.2.9 HTTP/1.1" 200 81865 "http://vapecompany.com.bd/product/?product_cat=battery-chargers" "Mozilla/5.0 (X11; Linux x86_64) AppleWebKit/537.36 (KHTML, like Gecko) Chrome/135.0.0.0 Safari/537.36"
45.125.222.33 - - [04/Apr/2025:09:32:29 -0400] "GET /product/wp-content/themes/wp_oswad_market/wp_oswad_market/js/jquery.hoverIntent.js?ver=5.6.14 HTTP/1.1" 200 1629 "http://vapecompany.com.bd/product/?product_cat=battery-chargers" "Mozilla/5.0 (X11; Linux x86_64) AppleWebKit/537.36 (KHTML, like Gecko) Chrome/135.0.0.0 Safari/537.36"
45.125.222.33 - - [04/Apr/2025:09:32:29 -0400] "GET /product/wp-content/plugins/woocommerce-grid-list-toggle/assets/js/jquery.cookie.min.js?ver=5.6.14 HTTP/1.1" 200 649 "http://vapecompany.com.bd/product/?product_cat=battery-chargers" "Mozilla/5.0 (X11; Linux x86_64) AppleWebKit/537.36 (KHTML, like Gecko) Chrome/135.0.0.0 Safari/537.36"
45.125.222.33 - - [04/Apr/2025:09:32:29 -0400] "GET /product/wp-content/plugins/woocommerce-grid-list-toggle/assets/js/jquery.gridlistview.min.js?ver=5.6.14 HTTP/1.1" 200 312 "http://vapecompany.com.bd/product/?product_cat=battery-chargers" "Mozilla/5.0 (X11; Linux x86_64) AppleWebKit/537.36 (KHTML, like Gecko) Chrome/135.0.0.0 Safari/537.36"
45.125.222.33 - - [04/Apr/2025:09:32:29 -0400] "GET /product/wp-content/uploads/2014/01/Vape-Company-Logo-1.png HTTP/1.1" 200 34702 "http://vapecompany.com.bd/product/?product_cat=battery-chargers" "Mozilla/5.0 (X11; Linux x86_64) AppleWebKit/537.36 (KHTML, like Gecko) Chrome/135.0.0.0 Safari/537.36"
45.125.222.33 - - [04/Apr/2025:09:32:29 -0400] "GET /product/wp-content/themes/wp_oswad_market/wp_oswad_market/images/quickshop.png HTTP/1.1" 200 1246 "http://vapecompany.com.bd/product/?product_cat=battery-chargers" "Mozilla/5.0 (X11; Linux x86_64) AppleWebKit/537.36 (KHTML, like Gecko) Chrome/135.0.0.0 Safari/537.36"
45.125.222.33 - - [04/Apr/2025:09:32:29 -0400] "GET /product/wp-includes/js/jquery/ui/core.min.js?ver=1.12.1 HTTP/1.1" 200 6865 "http://vapecompany.com.bd/product/?product_cat=battery-chargers" "Mozilla/5.0 (X11; Linux x86_64) AppleWebKit/537.36 (KHTML, like Gecko) Chrome/135.0.0.0 Safari/537.36"
45.125.222.33 - - [04/Apr/2025:09:32:29 -0400] "GET /product/wp-includes/js/jquery/ui/mouse.min.js?ver=1.12.1 HTTP/1.1" 200 1070 "http://vapecompany.com.bd/product/?product_cat=battery-chargers" "Mozilla/5.0 (X11; Linux x86_64) AppleWebKit/537.36 (KHTML, like Gecko) Chrome/135.0.0.0 Safari/537.36"
45.125.222.33 - - [04/Apr/2025:09:32:30 -0400] "GET /product/wp-includes/js/jquery/ui/draggable.min.js?ver=1.12.1 HTTP/1.1" 200 4826 "http://vapecompany.com.bd/product/?product_cat=battery-chargers" "Mozilla/5.0 (X11; Linux x86_64) AppleWebKit/537.36 (KHTML, like Gecko) Chrome/135.0.0.0 Safari/537.36"
45.125.222.33 - - [04/Apr/2025:09:32:30 -0400] "GET /product/wp-content/plugins/contact-form-7/includes/js/jquery.form.min.js?ver=3.51.0-2014.06.20 HTTP/1.1" 200 5860 "http://vapecompany.com.bd/product/?product_cat=battery-chargers" "Mozilla/5.0 (X11; Linux x86_64) AppleWebKit/537.36 (KHTML, like Gecko) Chrome/135.0.0.0 Safari/537.36"
45.125.222.33 - - [04/Apr/2025:09:32:30 -0400] "GET /product/wp-content/plugins/wd_shortcode/js/wd_shortcode.js?ver=5.6.14 HTTP/1.1" 200 1606 "http://vapecompany.com.bd/product/?product_cat=battery-chargers" "Mozilla/5.0 (X11; Linux x86_64) AppleWebKit/537.36 (KHTML, like Gecko) Chrome/135.0.0.0 Safari/537.36"
45.125.222.33 - - [04/Apr/2025:09:32:30 -0400] "GET /product/wp-content/plugins/yith-woocommerce-wishlist/assets/fontawesome/fontawesome-webfont.woff2?v=4.3.0 HTTP/1.1" 200 56780 "http://vapecompany.com.bd/product/wp-content/plugins/yith-woocommerce-wishlist/assets/css/font-awesome.min.css?ver=5.6.14" "Mozilla/5.0 (X11; Linux x86_64) AppleWebKit/537.36 (KHTML, like Gecko) Chrome/135.0.0.0 Safari/537.36"
45.125.222.33 - - [04/Apr/2025:09:32:30 -0400] "GET /product/wp-content/uploads/2017/01/LG-HG2-300mAh-Battery.jpg HTTP/1.1" 200 17194 "http://vapecompany.com.bd/" "Mozilla/5.0 (X11; Linux x86_64) AppleWebKit/537.36 (KHTML, like Gecko) Chrome/135.0.0.0 Safari/537.36"
45.125.222.33 - - [04/Apr/2025:09:32:30 -0400] "GET /product/wp-content/uploads/2018/02/Ijoy-20700-Battery-Intro-2_opt.jpg HTTP/1.1" 200 15577 "http://vapecompany.com.bd/" "Mozilla/5.0 (X11; Linux x86_64) AppleWebKit/537.36 (KHTML, like Gecko) Chrome/135.0.0.0 Safari/537.36"
45.125.222.33 - - [04/Apr/2025:09:32:30 -0400] "GET /product/wp-content/uploads/2018/10/Golisi-26650_opt.jpg HTTP/1.1" 200 39724 "http://vapecompany.com.bd/" "Mozilla/5.0 (X11; Linux x86_64) AppleWebKit/537.36 (KHTML, like Gecko) Chrome/135.0.0.0 Safari/537.36"
45.125.222.33 - - [04/Apr/2025:09:32:30 -0400] "GET /product/wp-content/uploads/2017/11/Coil-master-B2-B4-intro_opt.jpg HTTP/1.1" 200 22629 "http://vapecompany.com.bd/" "Mozilla/5.0 (X11; Linux x86_64) AppleWebKit/537.36 (KHTML, like Gecko) Chrome/135.0.0.0 Safari/537.36"
45.125.222.33 - - [04/Apr/2025:09:32:30 -0400] "GET /product/wp-content/themes/wp_oswad_market/wp_oswad_market/images/media/bg-breadcrumb.jpg HTTP/1.1" 200 34868 "http://vapecompany.com.bd/product/?product_cat=battery-chargers" "Mozilla/5.0 (X11; Linux x86_64) AppleWebKit/537.36 (KHTML, like Gecko) Chrome/135.0.0.0 Safari/537.36"
45.125.222.33 - - [04/Apr/2025:09:32:30 -0400] "GET /product/wp-content/themes/wp_oswad_market/wp_oswad_market/images/default-background.png HTTP/1.1" 200 898 "http://vapecompany.com.bd/product/?product_cat=battery-chargers" "Mozilla/5.0 (X11; Linux x86_64) AppleWebKit/537.36 (KHTML, like Gecko) Chrome/135.0.0.0 Safari/537.36"
45.125.222.33 - - [04/Apr/2025:09:32:30 -0400] "GET /product/wp-content/uploads/2025/02/Nitecore-New-i2-Charger-Intro.jpg HTTP/1.1" 200 46349 "http://vapecompany.com.bd/" "Mozilla/5.0 (X11; Linux x86_64) AppleWebKit/537.36 (KHTML, like Gecko) Chrome/135.0.0.0 Safari/537.36"
45.125.222.33 - - [04/Apr/2025:09:32:30 -0400] "GET /product/wp-content/themes/wp_oswad_market/wp_oswad_market/images/images.png HTTP/1.1" 200 10523 "http://vapecompany.com.bd/product/wp-content/themes/wp_oswad_market/wp_oswad_market/css/base.css?ver=5.6.14" "Mozilla/5.0 (X11; Linux x86_64) AppleWebKit/537.36 (KHTML, like Gecko) Chrome/135.0.0.0 Safari/537.36"
45.125.222.33 - - [04/Apr/2025:09:32:30 -0400] "GET /product/wp-content/plugins/wd_shortcode/js/jquery.imagesloaded.min.js?ver=5.6.14 HTTP/1.1" 200 2202 "http://vapecompany.com.bd/product/?product_cat=battery-chargers" "Mozilla/5.0 (X11; Linux x86_64) AppleWebKit/537.36 (KHTML, like Gecko) Chrome/135.0.0.0 Safari/537.36"
45.125.222.33 - - [04/Apr/2025:09:32:30 -0400] "GET /product/wp-content/plugins/wd_shortcode/js/owl.carousel.min.js?ver=5.6.14 HTTP/1.1" 200 10522 "http://vapecompany.com.bd/product/?product_cat=battery-chargers" "Mozilla/5.0 (X11; Linux x86_64) AppleWebKit/537.36 (KHTML, like Gecko) Chrome/135.0.0.0 Safari/537.36"
45.125.222.33 - - [04/Apr/2025:09:32:30 -0400] "GET /product/wp-content/plugins/woocommerce/assets/js/jquery-blockui/jquery.blockUI.min.js?ver=2.60 HTTP/1.1" 200 3548 "http://vapecompany.com.bd/product/?product_cat=battery-chargers" "Mozilla/5.0 (X11; Linux x86_64) AppleWebKit/537.36 (KHTML, like Gecko) Chrome/135.0.0.0 Safari/537.36"
45.125.222.33 - - [04/Apr/2025:09:32:30 -0400] "GET /product/wp-content/plugins/woocommerce/assets/js/frontend/woocommerce.min.js?ver=2.3.10 HTTP/1.1" 200 202 "http://vapecompany.com.bd/product/?product_cat=battery-chargers" "Mozilla/5.0 (X11; Linux x86_64) AppleWebKit/537.36 (KHTML, like Gecko) Chrome/135.0.0.0 Safari/537.36"
45.125.222.33 - - [04/Apr/2025:09:32:30 -0400] "GET /product/wp-content/plugins/woocommerce/assets/js/jquery-cookie/jquery.cookie.min.js?ver=1.4.1 HTTP/1.1" 200 775 "http://vapecompany.com.bd/product/?product_cat=battery-chargers" "Mozilla/5.0 (X11; Linux x86_64) AppleWebKit/537.36 (KHTML, like Gecko) Chrome/135.0.0.0 Safari/537.36"
45.125.222.33 - - [04/Apr/2025:09:32:30 -0400] "GET /product/wp-content/plugins/woocommerce/assets/js/frontend/cart-fragments.min.js?ver=2.3.10 HTTP/1.1" 200 609 "http://vapecompany.com.bd/product/?product_cat=battery-chargers" "Mozilla/5.0 (X11; Linux x86_64) AppleWebKit/537.36 (KHTML, like Gecko) Chrome/135.0.0.0 Safari/537.36"
45.125.222.33 - - [04/Apr/2025:09:32:30 -0400] "GET /product/wp-content/plugins/yith-woocommerce-compare/assets/js/woocompare.min.js?ver=2.4.4 HTTP/1.1" 200 1322 "http://vapecompany.com.bd/product/?product_cat=battery-chargers" "Mozilla/5.0 (X11; Linux x86_64) AppleWebKit/537.36 (KHTML, like Gecko) Chrome/135.0.0.0 Safari/537.36"
45.125.222.33 - - [04/Apr/2025:09:32:30 -0400] "GET /product/wp-content/plugins/yith-woocommerce-compare/assets/js/jquery.colorbox-min.js?ver=1.4.21 HTTP/1.1" 200 4711 "http://vapecompany.com.bd/product/?product_cat=battery-chargers" "Mozilla/5.0 (X11; Linux x86_64) AppleWebKit/537.36 (KHTML, like Gecko) Chrome/135.0.0.0 Safari/537.36"
45.125.222.33 - - [04/Apr/2025:09:32:30 -0400] "GET /product/wp-content/plugins/woocommerce/assets/js/prettyPhoto/jquery.prettyPhoto.min.js?ver=3.1.5 HTTP/1.1" 200 5941 "http://vapecompany.com.bd/product/?product_cat=battery-chargers" "Mozilla/5.0 (X11; Linux x86_64) AppleWebKit/537.36 (KHTML, like Gecko) Chrome/135.0.0.0 Safari/537.36"
45.125.222.33 - - [04/Apr/2025:09:32:30 -0400] "GET /product/wp-content/plugins/woocommerce/assets/js/prettyPhoto/jquery.prettyPhoto.init.min.js?ver=2.3.10 HTTP/1.1" 200 177 "http://vapecompany.com.bd/product/?product_cat=battery-chargers" "Mozilla/5.0 (X11; Linux x86_64) AppleWebKit/537.36 (KHTML, like Gecko) Chrome/135.0.0.0 Safari/537.36"
45.125.222.33 - - [04/Apr/2025:09:32:31 -0400] "GET /product/wp-content/plugins/yith-woocommerce-wishlist/assets/js/jquery.yith-wcwl.js?ver=2.0 HTTP/1.1" 200 2568 "http://vapecompany.com.bd/product/?product_cat=battery-chargers" "Mozilla/5.0 (X11; Linux x86_64) AppleWebKit/537.36 (KHTML, like Gecko) Chrome/135.0.0.0 Safari/537.36"
45.125.222.33 - - [04/Apr/2025:09:32:31 -0400] "GET /product/wp-content/plugins/yith-woocommerce-wishlist/assets/js/jquery.selectBox.min.js?ver=5.6.14 HTTP/1.1" 200 4006 "http://vapecompany.com.bd/product/?product_cat=battery-chargers" "Mozilla/5.0 (X11; Linux x86_64) AppleWebKit/537.36 (KHTML, like Gecko) Chrome/135.0.0.0 Safari/537.36"
45.125.222.33 - - [04/Apr/2025:09:32:31 -0400] "GET /product/wp-content/themes/wp_oswad_market/wp_oswad_market/framework/js/TweenMax.js?ver=5.6.14 HTTP/1.1" 200 30802 "http://vapecompany.com.bd/product/?product_cat=battery-chargers" "Mozilla/5.0 (X11; Linux x86_64) AppleWebKit/537.36 (KHTML, like Gecko) Chrome/135.0.0.0 Safari/537.36"
45.125.222.33 - - [04/Apr/2025:09:32:31 -0400] "GET /product/wp-includes/js/jquery/ui/tabs.min.js?ver=1.12.1 HTTP/1.1" 200 3909 "http://vapecompany.com.bd/product/?product_cat=battery-chargers" "Mozilla/5.0 (X11; Linux x86_64) AppleWebKit/537.36 (KHTML, like Gecko) Chrome/135.0.0.0 Safari/537.36"
45.125.222.33 - - [04/Apr/2025:09:32:31 -0400] "GET /product/wp-includes/js/jquery/ui/accordion.min.js?ver=1.12.1 HTTP/1.1" 200 2717 "http://vapecompany.com.bd/product/?product_cat=battery-chargers" "Mozilla/5.0 (X11; Linux x86_64) AppleWebKit/537.36 (KHTML, like Gecko) Chrome/135.0.0.0 Safari/537.36"
45.125.222.33 - - [04/Apr/2025:09:32:31 -0400] "GET /product/wp-includes/js/jquery/ui/effect.min.js?ver=1.12.1 HTTP/1.1" 200 6384 "http://vapecompany.com.bd/product/?product_cat=battery-chargers" "Mozilla/5.0 (X11; Linux x86_64) AppleWebKit/537.36 (KHTML, like Gecko) Chrome/135.0.0.0 Safari/537.36"
45.125.222.33 - - [04/Apr/2025:09:32:31 -0400] "GET /product/wp-content/themes/wp_oswad_market/wp_oswad_market/framework/js/jquery.touchSwipe.js?ver=5.6.14 HTTP/1.1" 200 15562 "http://vapecompany.com.bd/product/?product_cat=battery-chargers" "Mozilla/5.0 (X11; Linux x86_64) AppleWebKit/537.36 (KHTML, like Gecko) Chrome/135.0.0.0 Safari/537.36"
45.125.222.33 - - [04/Apr/2025:09:32:31 -0400] "GET /product/wp-content/themes/wp_oswad_market/wp_oswad_market/js/jquery.prettyPhoto.min.js?ver=5.6.14 HTTP/1.1" 200 5958 "http://vapecompany.com.bd/product/?product_cat=battery-chargers" "Mozilla/5.0 (X11; Linux x86_64) AppleWebKit/537.36 (KHTML, like Gecko) Chrome/135.0.0.0 Safari/537.36"
45.125.222.33 - - [04/Apr/2025:09:32:31 -0400] "GET /product/wp-content/themes/wp_oswad_market/wp_oswad_market/js/oswadmarket.js?ver=5.6.14 HTTP/1.1" 200 10225 "http://vapecompany.com.bd/product/?product_cat=battery-chargers" "Mozilla/5.0 (X11; Linux x86_64) AppleWebKit/537.36 (KHTML, like Gecko) Chrome/135.0.0.0 Safari/537.36"
45.125.222.33 - - [04/Apr/2025:09:32:31 -0400] "GET /product/wp-content/themes/wp_oswad_market/wp_oswad_market/js/jquery.prettyPhoto.init.min.js?ver=5.6.14 HTTP/1.1" 200 240 "http://vapecompany.com.bd/product/?product_cat=battery-chargers" "Mozilla/5.0 (X11; Linux x86_64) AppleWebKit/537.36 (KHTML, like Gecko) Chrome/135.0.0.0 Safari/537.36"
45.125.222.33 - - [04/Apr/2025:09:32:31 -0400] "GET /product/wp-content/themes/wp_oswad_market/wp_oswad_market/framework/js/include-script.js?ver=5.6.14 HTTP/1.1" 200 26590 "http://vapecompany.com.bd/product/?product_cat=battery-chargers" "Mozilla/5.0 (X11; Linux x86_64) AppleWebKit/537.36 (KHTML, like Gecko) Chrome/135.0.0.0 Safari/537.36"
45.125.222.33 - - [04/Apr/2025:09:32:31 -0400] "GET /product/wp-content/plugins/wd_quickshop/js/add-to-cart-variation.min.js?ver=5.6.14 HTTP/1.1" 200 1813 "http://vapecompany.com.bd/product/?product_cat=battery-chargers" "Mozilla/5.0 (X11; Linux x86_64) AppleWebKit/537.36 (KHTML, like Gecko) Chrome/135.0.0.0 Safari/537.36"
45.125.222.33 - - [04/Apr/2025:09:32:31 -0400] "GET /product/wp-content/plugins/wd_quickshop/js/quickshop.js?ver=5.6.14 HTTP/1.1" 200 1798 "http://vapecompany.com.bd/product/?product_cat=battery-chargers" "Mozilla/5.0 (X11; Linux x86_64) AppleWebKit/537.36 (KHTML, like Gecko) Chrome/135.0.0.0 Safari/537.36"
45.125.222.33 - - [04/Apr/2025:09:32:31 -0400] "GET /product/wp-includes/js/wp-embed.min.js?ver=5.6.14 HTTP/1.1" 200 804 "http://vapecompany.com.bd/product/?product_cat=battery-chargers" "Mozilla/5.0 (X11; Linux x86_64) AppleWebKit/537.36 (KHTML, like Gecko) Chrome/135.0.0.0 Safari/537.36"
45.125.222.33 - - [04/Apr/2025:09:32:31 -0400] "GET /product/wp-content/plugins/wd_quickshop/js/cloud-zoom.1.0.2.js?ver=5.6.14 HTTP/1.1" 200 4532 "http://vapecompany.com.bd/product/?product_cat=battery-chargers" "Mozilla/5.0 (X11; Linux x86_64) AppleWebKit/537.36 (KHTML, like Gecko) Chrome/135.0.0.0 Safari/537.36"
45.125.222.33 - - [04/Apr/2025:09:32:31 -0400] "GET /product/wp-includes/js/jquery/ui/slider.min.js?ver=1.12.1 HTTP/1.1" 200 3111 "http://vapecompany.com.bd/product/?product_cat=battery-chargers" "Mozilla/5.0 (X11; Linux x86_64) AppleWebKit/537.36 (KHTML, like Gecko) Chrome/135.0.0.0 Safari/537.36"
45.125.222.33 - - [04/Apr/2025:09:32:31 -0400] "GET /product/wp-content/plugins/woocommerce/assets/js/frontend/jquery-ui-touch-punch.min.js?ver=2.3.10 HTTP/1.1" 200 599 "http://vapecompany.com.bd/product/?product_cat=battery-chargers" "Mozilla/5.0 (X11; Linux x86_64) AppleWebKit/537.36 (KHTML, like Gecko) Chrome/135.0.0.0 Safari/537.36"
45.125.222.33 - - [04/Apr/2025:09:32:31 -0400] "GET /product/wp-content/plugins/woocommerce/assets/js/frontend/price-slider.min.js?ver=2.3.10 HTTP/1.1" 200 522 "http://vapecompany.com.bd/product/?product_cat=battery-chargers" "Mozilla/5.0 (X11; Linux x86_64) AppleWebKit/537.36 (KHTML, like Gecko) Chrome/135.0.0.0 Safari/537.36"
45.125.222.33 - - [04/Apr/2025:09:32:31 -0400] "GET /product/wp-includes/js/wp-emoji-release.min.js?ver=5.6.14 HTTP/1.1" 200 4662 "http://vapecompany.com.bd/product/?product_cat=battery-chargers" "Mozilla/5.0 (X11; Linux x86_64) AppleWebKit/537.36 (KHTML, like Gecko) Chrome/135.0.0.0 Safari/537.36"
45.125.222.33 - - [04/Apr/2025:09:32:31 -0400] "GET /product/wp-content/themes/wp_oswad_market/wp_oswad_market/images/media/icon_payment_paypal.png HTTP/1.1" 200 1347 "http://vapecompany.com.bd/product/?product_cat=battery-chargers" "Mozilla/5.0 (X11; Linux x86_64) AppleWebKit/537.36 (KHTML, like Gecko) Chrome/135.0.0.0 Safari/537.36"
45.125.222.33 - - [04/Apr/2025:09:32:31 -0400] "GET /product/wp-content/themes/wp_oswad_market/wp_oswad_market/images/media/icon_payment_visa.png HTTP/1.1" 200 1370 "http://vapecompany.com.bd/product/?product_cat=battery-chargers" "Mozilla/5.0 (X11; Linux x86_64) AppleWebKit/537.36 (KHTML, like Gecko) Chrome/135.0.0.0 Safari/537.36"
45.125.222.33 - - [04/Apr/2025:09:32:31 -0400] "GET /product/wp-content/themes/wp_oswad_market/wp_oswad_market/images/media/icon_american_visa.png HTTP/1.1" 200 1423 "http://vapecompany.com.bd/product/?product_cat=battery-chargers" "Mozilla/5.0 (X11; Linux x86_64) AppleWebKit/537.36 (KHTML, like Gecko) Chrome/135.0.0.0 Safari/537.36"
45.125.222.33 - - [04/Apr/2025:09:32:31 -0400] "GET /product/wp-content/themes/wp_oswad_market/wp_oswad_market/images/media/icon_payment_master_card.png HTTP/1.1" 200 1680 "http://vapecompany.com.bd/product/?product_cat=battery-chargers" "Mozilla/5.0 (X11; Linux x86_64) AppleWebKit/537.36 (KHTML, like Gecko) Chrome/135.0.0.0 Safari/537.36"
45.125.222.33 - - [04/Apr/2025:09:32:32 -0400] "GET /product/wp-content/themes/wp_oswad_market/wp_oswad_market/images/media/icon_dhl_visa.png HTTP/1.1" 200 1480 "http://vapecompany.com.bd/product/?product_cat=battery-chargers" "Mozilla/5.0 (X11; Linux x86_64) AppleWebKit/537.36 (KHTML, like Gecko) Chrome/135.0.0.0 Safari/537.36"
45.125.222.33 - - [04/Apr/2025:09:32:32 -0400] "GET /product/wp-content/themes/wp_oswad_market/wp_oswad_market/images/media/icon_fed_visa.png HTTP/1.1" 200 1283 "http://vapecompany.com.bd/product/?product_cat=battery-chargers" "Mozilla/5.0 (X11; Linux x86_64) AppleWebKit/537.36 (KHTML, like Gecko) Chrome/135.0.0.0 Safari/537.36"
45.125.222.33 - - [04/Apr/2025:09:32:32 -0400] "GET /product/wp-content/themes/wp_oswad_market/wp_oswad_market/images/media/bg-footer.jpg HTTP/1.1" 200 222316 "http://vapecompany.com.bd/product/?product_cat=battery-chargers" "Mozilla/5.0 (X11; Linux x86_64) AppleWebKit/537.36 (KHTML, like Gecko) Chrome/135.0.0.0 Safari/537.36"
45.125.222.33 - - [04/Apr/2025:09:32:32 -0400] "GET /product/wp-content/plugins/contact-form-7/images/ajax-loader.gif HTTP/1.1" 200 847 "http://vapecompany.com.bd/product/?product_cat=battery-chargers" "Mozilla/5.0 (X11; Linux x86_64) AppleWebKit/537.36 (KHTML, like Gecko) Chrome/135.0.0.0 Safari/537.36"
45.125.222.33 - - [04/Apr/2025:09:32:32 -0400] "GET /product/wp-content/themes/wp_oswad_market/wp_oswad_market/images/ic-fiter-price.png HTTP/1.1" 200 1650 "http://vapecompany.com.bd/product/wp-content/themes/wp_oswad_market/wp_oswad_market/css/base.css?ver=5.6.14" "Mozilla/5.0 (X11; Linux x86_64) AppleWebKit/537.36 (KHTML, like Gecko) Chrome/135.0.0.0 Safari/537.36"
45.125.222.33 - - [04/Apr/2025:09:32:32 -0400] "POST /product/wp-admin/admin-ajax.php HTTP/1.1" 200 275 "http://vapecompany.com.bd/product/?product_cat=battery-chargers" "Mozilla/5.0 (X11; Linux x86_64) AppleWebKit/537.36 (KHTML, like Gecko) Chrome/135.0.0.0 Safari/537.36"
217.113.194.9 - - [04/Apr/2025:09:32:39 -0400] "GET /product/?page_id=4002&add_to_wishlist=5049&add-to-cart=5070&remove_item=8074856808ebec0c49403ce3589b28de&_wpnonce=3184299014 HTTP/1.1" 200 19247 "-" "Mozilla/5.0 (compatible; Barkrowler/0.9; +https://babbar.tech/crawler)"
45.125.222.33 - - [04/Apr/2025:09:32:42 -0400] "GET /product/wp-content/plugins/wp-live-chat-support/fonts/fontawesome-webfont.woff2?v=4.6.3 HTTP/1.1" 200 71896 "http://vapecompany.com.bd/product/wp-content/plugins/wp-live-chat-support/css/font-awesome.min.css?ver=5.6.14" "Mozilla/5.0 (X11; Linux x86_64) AppleWebKit/537.36 (KHTML, like Gecko) Chrome/135.0.0.0 Safari/537.36"
45.125.222.33 - - [04/Apr/2025:09:32:43 -0400] "GET /product/wp-content/plugins/js_composer/assets/lib/bower/font-awesome/fonts/fontawesome-webfont.woff2?v=4.5.0 HTTP/1.1" 200 66624 "http://vapecompany.com.bd/product/wp-content/plugins/js_composer/assets/lib/bower/font-awesome/css/font-awesome.min.css?ver=4.11.2.1" "Mozilla/5.0 (X11; Linux x86_64) AppleWebKit/537.36 (KHTML, like Gecko) Chrome/135.0.0.0 Safari/537.36"
154.54.249.193 - - [04/Apr/2025:09:32:55 -0400] "GET /product/?page_id=4002&add_to_wishlist=5049&add-to-cart=5648&remove_item=84f2798f05d595273de40e3046329309&_wpnonce=657d745317 HTTP/1.1" 200 19146 "-" "Mozilla/5.0 (compatible; Barkrowler/0.9; +https://babbar.tech/crawler)"
85.208.96.196 - - [04/Apr/2025:09:32:56 -0400] "GET /product/?lost-password&paged=27&post_type=product HTTP/1.1" 200 22336 "-" "Mozilla/5.0 (compatible; SemrushBot/7~bl; +http://www.semrush.com/bot.html)"
18.222.199.33 - - [04/Apr/2025:09:32:53 -0400] "GET /product/?add_to_wishlist=11760&paged=3&product_cat=3mg HTTP/1.1" 200 22143 "-" "Mozilla/5.0 AppleWebKit/537.36 (KHTML, like Gecko; compatible; ClaudeBot/1.0; +claudebot@anthropic.com)"
18.222.199.33 - - [04/Apr/2025:09:32:53 -0400] "GET /product/?add_to_wishlist=11437&paged=4&product_cat=3mg HTTP/1.1" 200 21707 "-" "Mozilla/5.0 AppleWebKit/537.36 (KHTML, like Gecko; compatible; ClaudeBot/1.0; +claudebot@anthropic.com)"
217.113.194.10 - - [04/Apr/2025:09:33:11 -0400] "GET /product/?page_id=4002&add_to_wishlist=5049&add-to-cart=4713&remove_item=84f2798f05d595273de40e3046329309&_wpnonce=657d745317 HTTP/1.1" 200 18928 "-" "Mozilla/5.0 (compatible; Barkrowler/0.9; +https://babbar.tech/crawler)"
217.113.194.7 - - [04/Apr/2025:09:33:28 -0400] "GET /product/?page_id=4002&add_to_wishlist=5178&add-to-cart=5648&remove_item=84f2798f05d595273de40e3046329309&_wpnonce=657d745317 HTTP/1.1" 200 18950 "-" "Mozilla/5.0 (compatible; Barkrowler/0.9; +https://babbar.tech/crawler)"
45.125.222.33 - - [04/Apr/2025:09:33:35 -0400] "GET /product/wp-content/themes/wp_oswad_market/wp_oswad_market/images/top-right-shadow.png HTTP/1.1" 200 1340 "http://vapecompany.com.bd/product/wp-content/themes/wp_oswad_market/wp_oswad_market/css/base.css?ver=5.6.14" "Mozilla/5.0 (X11; Linux x86_64) AppleWebKit/537.36 (KHTML, like Gecko) Chrome/135.0.0.0 Safari/537.36"
45.125.222.33 - - [04/Apr/2025:09:33:35 -0400] "GET /product/wp-content/themes/wp_oswad_market/wp_oswad_market/images/o_line-border-top.png HTTP/1.1" 200 1076 "http://vapecompany.com.bd/product/wp-content/themes/wp_oswad_market/wp_oswad_market/css/base.css?ver=5.6.14" "Mozilla/5.0 (X11; Linux x86_64) AppleWebKit/537.36 (KHTML, like Gecko) Chrome/135.0.0.0 Safari/537.36"
45.125.222.33 - - [04/Apr/2025:09:33:35 -0400] "GET /product/wp-content/themes/wp_oswad_market/wp_oswad_market/images/bottom-left-shadow.png HTTP/1.1" 200 3302 "http://vapecompany.com.bd/product/wp-content/themes/wp_oswad_market/wp_oswad_market/css/base.css?ver=5.6.14" "Mozilla/5.0 (X11; Linux x86_64) AppleWebKit/537.36 (KHTML, like Gecko) Chrome/135.0.0.0 Safari/537.36"
45.125.222.33 - - [04/Apr/2025:09:33:35 -0400] "GET /product/wp-content/themes/wp_oswad_market/wp_oswad_market/images/o_line-border-bottom.png HTTP/1.1" 200 1096 "http://vapecompany.com.bd/product/wp-content/themes/wp_oswad_market/wp_oswad_market/css/base.css?ver=5.6.14" "Mozilla/5.0 (X11; Linux x86_64) AppleWebKit/537.36 (KHTML, like Gecko) Chrome/135.0.0.0 Safari/537.36"
217.113.194.9 - - [04/Apr/2025:09:33:44 -0400] "GET /product/?page_id=4002&add_to_wishlist=5178&add-to-cart=5070&remove_item=8074856808ebec0c49403ce3589b28de&_wpnonce=3184299014 HTTP/1.1" 200 18951 "-" "Mozilla/5.0 (compatible; Barkrowler/0.9; +https://babbar.tech/crawler)"
66.249.66.192 - - [04/Apr/2025:09:33:58 -0400] "GET /product/?product=vandyvape-pulse-aio-vessel-kit&lost-password HTTP/1.1" 200 18219 "-" "Mozilla/5.0 (Linux; Android 6.0.1; Nexus 5X Build/MMB29P) AppleWebKit/537.36 (KHTML, like Gecko) Chrome/134.0.6998.165 Mobile Safari/537.36 (compatible; Googlebot/2.1; +http://www.google.com/bot.html)"
217.113.194.10 - - [04/Apr/2025:09:34:00 -0400] "GET /product/?page_id=4002&add_to_wishlist=5178&add-to-cart=5049&remove_item=84f2798f05d595273de40e3046329309&_wpnonce=657d745317 HTTP/1.1" 200 18957 "-" "Mozilla/5.0 (compatible; Barkrowler/0.9; +https://babbar.tech/crawler)"
217.113.194.4 - - [04/Apr/2025:09:34:16 -0400] "GET /product/?page_id=4002&add_to_wishlist=5178&add-to-cart=12339&remove_item=84f2798f05d595273de40e3046329309&_wpnonce=657d745317 HTTP/1.1" 200 19270 "-" "Mozilla/5.0 (compatible; Barkrowler/0.9; +https://babbar.tech/crawler)"
154.54.249.193 - - [04/Apr/2025:09:34:32 -0400] "GET /product/?page_id=4002&add_to_wishlist=5174&add-to-cart=4723&remove_item=53420bd6e6798761679772a7dd012674&_wpnonce=16913293cb HTTP/1.1" 200 19204 "-" "Mozilla/5.0 (compatible; Barkrowler/0.9; +https://babbar.tech/crawler)"
217.113.194.11 - - [04/Apr/2025:09:34:48 -0400] "GET /product/?page_id=4002&add_to_wishlist=5174&add-to-cart=12333&remove_item=84f2798f05d595273de40e3046329309&_wpnonce=657d745317 HTTP/1.1" 200 19096 "-" "Mozilla/5.0 (compatible; Barkrowler/0.9; +https://babbar.tech/crawler)"
217.113.194.242 - - [04/Apr/2025:09:35:05 -0400] "GET /product/?page_id=4002&add_to_wishlist=5174&add-to-cart=12251&remove_item=956058422500de80654a14d89ca9a010&_wpnonce=619f916367 HTTP/1.1" 200 18741 "-" "Mozilla/5.0 (compatible; Barkrowler/0.9; +https://babbar.tech/crawler)"
217.113.194.9 - - [04/Apr/2025:09:35:21 -0400] "GET /product/?page_id=4002&add_to_wishlist=5174&add-to-cart=12251&remove_item=956058422500de80654a14d89ca9a010&_wpnonce=3552740808 HTTP/1.1" 200 18741 "-" "Mozilla/5.0 (compatible; Barkrowler/0.9; +https://babbar.tech/crawler)"
217.113.194.10 - - [04/Apr/2025:09:35:41 -0400] "GET /product/?page_id=4002&add_to_wishlist=5174&add-to-cart=12329&remove_item=84f2798f05d595273de40e3046329309&_wpnonce=657d745317 HTTP/1.1" 200 19213 "-" "Mozilla/5.0 (compatible; Barkrowler/0.9; +https://babbar.tech/crawler)"
217.113.194.9 - - [04/Apr/2025:09:35:58 -0400] "GET /product/?page_id=4002&add_to_wishlist=5174&add-to-cart=5290&remove_item=69783ee76a92567d446143b811519068&_wpnonce=41254726a3 HTTP/1.1" 200 19000 "-" "Mozilla/5.0 (compatible; Barkrowler/0.9; +https://babbar.tech/crawler)"
13.58.67.133 - - [04/Apr/2025:09:36:13 -0400] "GET /product/?add_to_wishlist=11421&paged=4&product_cat=3mg HTTP/1.1" 200 21710 "-" "Mozilla/5.0 AppleWebKit/537.36 (KHTML, like Gecko; compatible; ClaudeBot/1.0; +claudebot@anthropic.com)"
154.54.249.193 - - [04/Apr/2025:09:36:14 -0400] "GET /product/?page_id=4002&add_to_wishlist=5174&add-to-cart=5070&remove_item=8074856808ebec0c49403ce3589b28de&_wpnonce=7977323894 HTTP/1.1" 200 18950 "-" "Mozilla/5.0 (compatible; Barkrowler/0.9; +https://babbar.tech/crawler)"
13.58.67.133 - - [04/Apr/2025:09:36:13 -0400] "GET /product/?add_to_wishlist=11920&paged=2&product_cat=3mg HTTP/1.1" 200 21878 "-" "Mozilla/5.0 AppleWebKit/537.36 (KHTML, like Gecko; compatible; ClaudeBot/1.0; +claudebot@anthropic.com)"
13.58.67.133 - - [04/Apr/2025:09:36:13 -0400] "GET /product/?add_to_wishlist=12311&paged=4&product_cat=3mg HTTP/1.1" 200 21707 "-" "Mozilla/5.0 AppleWebKit/537.36 (KHTML, like Gecko; compatible; ClaudeBot/1.0; +claudebot@anthropic.com)"
217.113.194.8 - - [04/Apr/2025:09:36:30 -0400] "GET /product/?page_id=4002&add_to_wishlist=5174&add-to-cart=5070&remove_item=8074856808ebec0c49403ce3589b28de&_wpnonce=3184299014 HTTP/1.1" 200 19092 "-" "Mozilla/5.0 (compatible; Barkrowler/0.9; +https://babbar.tech/crawler)"
216.244.66.234 - - [04/Apr/2025:09:36:42 -0400] "GET /product/?product_cat=nic-salt-liquids-by-brands&add_to_wishlist=12293&paged=3 HTTP/1.1" 200 174423 "-" "Mozilla/5.0 (compatible; DotBot/1.2; +https://opensiteexplorer.org/dotbot; help@moz.com)"
217.113.194.4 - - [04/Apr/2025:09:36:47 -0400] "GET /product/?page_id=4002&add_to_wishlist=5174&add-to-cart=5070&remove_item=8074856808ebec0c49403ce3589b28de&_wpnonce=242d7cd617 HTTP/1.1" 200 18996 "-" "Mozilla/5.0 (compatible; Barkrowler/0.9; +https://babbar.tech/crawler)"
217.113.194.5 - - [04/Apr/2025:09:37:03 -0400] "GET /product/?page_id=4002&add_to_wishlist=5174&add-to-cart=5648&remove_item=84f2798f05d595273de40e3046329309&_wpnonce=657d745317 HTTP/1.1" 200 19065 "-" "Mozilla/5.0 (compatible; Barkrowler/0.9; +https://babbar.tech/crawler)"
217.113.194.5 - - [04/Apr/2025:09:37:19 -0400] "GET /product/?page_id=4002&add_to_wishlist=5174&add-to-cart=5648&remove_item=84f2798f05d595273de40e3046329309&_wpnonce=ae63218667 HTTP/1.1" 200 19014 "-" "Mozilla/5.0 (compatible; Barkrowler/0.9; +https://babbar.tech/crawler)"
217.113.194.242 - - [04/Apr/2025:09:37:35 -0400] "GET /product/?page_id=4002&add_to_wishlist=5174&add-to-cart=5648&remove_item=84f2798f05d595273de40e3046329309&_wpnonce=6231adc253 HTTP/1.1" 200 18960 "-" "Mozilla/5.0 (compatible; Barkrowler/0.9; +https://babbar.tech/crawler)"
