217.113.194.5 - - [04/Apr/2025:09:37:51 -0400] "GET /product/?page_id=4002&add_to_wishlist=5317&add-to-cart=12385&remove_item=84f2798f05d595273de40e3046329309&_wpnonce=657d745317 HTTP/1.1" 200 19054 "-" "Mozilla/5.0 (compatible; Barkrowler/0.9; +https://babbar.tech/crawler)"
217.113.194.8 - - [04/Apr/2025:09:38:07 -0400] "GET /product/?page_id=4002&add_to_wishlist=5317&add-to-cart=12251&remove_item=956058422500de80654a14d89ca9a010&_wpnonce=3552740808 HTTP/1.1" 200 18754 "-" "Mozilla/5.0 (compatible; Barkrowler/0.9; +https://babbar.tech/crawler)"
217.113.194.4 - - [04/Apr/2025:09:38:24 -0400] "GET /product/?page_id=4002&add_to_wishlist=5317&add-to-cart=5070&remove_item=8074856808ebec0c49403ce3589b28de&_wpnonce=7977323894 HTTP/1.1" 200 19082 "-" "Mozilla/5.0 (compatible; Barkrowler/0.9; +https://babbar.tech/crawler)"
154.54.249.193 - - [04/Apr/2025:09:38:40 -0400] "GET /product/?page_id=4002&add_to_wishlist=5317&add-to-cart=5070&remove_item=8074856808ebec0c49403ce3589b28de&_wpnonce=3184299014 HTTP/1.1" 200 19298 "-" "Mozilla/5.0 (compatible; Barkrowler/0.9; +https://babbar.tech/crawler)"
217.113.194.11 - - [04/Apr/2025:09:38:56 -0400] "GET /product/?page_id=4002&add_to_wishlist=5317&add-to-cart=5648&remove_item=84f2798f05d595273de40e3046329309&_wpnonce=657d745317 HTTP/1.1" 200 19100 "-" "Mozilla/5.0 (compatible; Barkrowler/0.9; +https://babbar.tech/crawler)"
217.113.194.8 - - [04/Apr/2025:09:39:12 -0400] "GET /product/?page_id=4002&add_to_wishlist=5317&add-to-cart=5648&remove_item=84f2798f05d595273de40e3046329309&_wpnonce=ae63218667 HTTP/1.1" 200 18908 "-" "Mozilla/5.0 (compatible; Barkrowler/0.9; +https://babbar.tech/crawler)"
217.113.194.7 - - [04/Apr/2025:09:39:28 -0400] "GET /product/?page_id=4002&add_to_wishlist=5391&add-to-cart=5379&remove_item=84f2798f05d595273de40e3046329309&_wpnonce=657d745317 HTTP/1.1" 200 19105 "-" "Mozilla/5.0 (compatible; Barkrowler/0.9; +https://babbar.tech/crawler)"
216.244.66.234 - - [04/Apr/2025:09:39:32 -0400] "GET /product/?wd-portfolio-category=categories-porfolio-2 HTTP/1.1" 200 65898 "-" "Mozilla/5.0 (compatible; DotBot/1.2; +https://opensiteexplorer.org/dotbot; help@moz.com)"
217.113.194.11 - - [04/Apr/2025:09:39:44 -0400] "GET /product/?page_id=4002&add_to_wishlist=5391&add-to-cart=5204&remove_item=84f2798f05d595273de40e3046329309&_wpnonce=657d745317 HTTP/1.1" 200 19084 "-" "Mozilla/5.0 (compatible; Barkrowler/0.9; +https://babbar.tech/crawler)"
198.54.115.140 - - [04/Apr/2025:09:40:01 -0400] "POST /product/wp-cron.php?doing_wp_cron=1743774001.2688798904418945312500 HTTP/1.1" 200 - "http://vapecompany.com.bd/product/wp-cron.php?doing_wp_cron=1743774001.2688798904418945312500" "WordPress/5.6.14; https://vapecompany.com.bd/product"
217.113.194.7 - - [04/Apr/2025:09:40:17 -0400] "GET /product/?page_id=4002&add_to_wishlist=5391&add-to-cart=5648&remove_item=84f2798f05d595273de40e3046329309&_wpnonce=657d745317 HTTP/1.1" 200 18913 "-" "Mozilla/5.0 (compatible; Barkrowler/0.9; +https://babbar.tech/crawler)"
217.113.194.242 - - [04/Apr/2025:09:40:33 -0400] "GET /product/?page_id=4002&add_to_wishlist=5391&add-to-cart=5648&remove_item=84f2798f05d595273de40e3046329309&_wpnonce=6231adc253 HTTP/1.1" 200 19141 "-" "Mozilla/5.0 (compatible; Barkrowler/0.9; +https://babbar.tech/crawler)"
217.113.194.9 - - [04/Apr/2025:09:40:50 -0400] "GET /product/?page_id=4002&add_to_wishlist=5395&add-to-cart=12108&remove_item=84f2798f05d595273de40e3046329309&_wpnonce=657d745317 HTTP/1.1" 200 19171 "-" "Mozilla/5.0 (compatible; Barkrowler/0.9; +https://babbar.tech/crawler)"
217.113.194.11 - - [04/Apr/2025:09:41:06 -0400] "GET /product/?page_id=4002&add_to_wishlist=5395&add-to-cart=5070&remove_item=8074856808ebec0c49403ce3589b28de&_wpnonce=7977323894 HTTP/1.1" 200 18887 "-" "Mozilla/5.0 (compatible; Barkrowler/0.9; +https://babbar.tech/crawler)"
185.191.171.17 - - [04/Apr/2025:09:41:13 -0400] "GET /product/?product=nautilus-tank-replacement-glass HTTP/1.1" 200 16852 "-" "Mozilla/5.0 (compatible; SemrushBot/7~bl; +http://www.semrush.com/bot.html)"
217.113.194.8 - - [04/Apr/2025:09:41:22 -0400] "GET /product/?page_id=4002&add_to_wishlist=5395&add-to-cart=5648&remove_item=84f2798f05d595273de40e3046329309&_wpnonce=657d745317 HTTP/1.1" 200 18900 "-" "Mozilla/5.0 (compatible; Barkrowler/0.9; +https://babbar.tech/crawler)"
18.190.25.53 - - [04/Apr/2025:09:41:21 -0400] "GET /product/?add_to_wishlist=11916&paged=2&product_cat=3mg HTTP/1.1" 200 21882 "-" "Mozilla/5.0 AppleWebKit/537.36 (KHTML, like Gecko; compatible; ClaudeBot/1.0; +claudebot@anthropic.com)"
217.113.194.8 - - [04/Apr/2025:09:42:11 -0400] "GET /product/?page_id=4002&add_to_wishlist=5421&add-to-cart=12348&remove_item=84f2798f05d595273de40e3046329309&_wpnonce=657d745317 HTTP/1.1" 200 19248 "-" "Mozilla/5.0 (compatible; Barkrowler/0.9; +https://babbar.tech/crawler)"
154.54.249.193 - - [04/Apr/2025:09:42:27 -0400] "GET /product/?page_id=4002&add_to_wishlist=5421&add-to-cart=5371&remove_item=84f2798f05d595273de40e3046329309&_wpnonce=657d745317 HTTP/1.1" 200 18958 "-" "Mozilla/5.0 (compatible; Barkrowler/0.9; +https://babbar.tech/crawler)"
217.113.194.9 - - [04/Apr/2025:09:42:43 -0400] "GET /product/?page_id=4002&add_to_wishlist=5421&add-to-cart=4813&remove_item=84f2798f05d595273de40e3046329309&_wpnonce=657d745317 HTTP/1.1" 200 19034 "-" "Mozilla/5.0 (compatible; Barkrowler/0.9; +https://babbar.tech/crawler)"
18.117.107.110 - - [04/Apr/2025:09:42:42 -0400] "GET /product/?add_to_wishlist=11915&paged=2&product_cat=3mg HTTP/1.1" 200 21883 "-" "Mozilla/5.0 AppleWebKit/537.36 (KHTML, like Gecko; compatible; ClaudeBot/1.0; +claudebot@anthropic.com)"
18.117.107.110 - - [04/Apr/2025:09:42:42 -0400] "GET /product/?add_to_wishlist=12272&paged=3&product_cat=3mg HTTP/1.1" 200 22144 "-" "Mozilla/5.0 AppleWebKit/537.36 (KHTML, like Gecko; compatible; ClaudeBot/1.0; +claudebot@anthropic.com)"
185.191.171.14 - - [04/Apr/2025:09:42:51 -0400] "GET /product/?lost-password&paged=4&product_cat=replacement-pods HTTP/1.1" 200 21798 "-" "Mozilla/5.0 (compatible; SemrushBot/7~bl; +http://www.semrush.com/bot.html)"
217.113.194.3 - - [04/Apr/2025:09:42:59 -0400] "GET /product/?page_id=4002&add_to_wishlist=5421&add-to-cart=12335&remove_item=84f2798f05d595273de40e3046329309&_wpnonce=657d745317 HTTP/1.1" 200 18978 "-" "Mozilla/5.0 (compatible; Barkrowler/0.9; +https://babbar.tech/crawler)"
217.113.194.3 - - [04/Apr/2025:09:43:15 -0400] "GET /product/?page_id=4002&add_to_wishlist=5421&add-to-cart=12331&remove_item=84f2798f05d595273de40e3046329309&_wpnonce=657d745317 HTTP/1.1" 200 19217 "-" "Mozilla/5.0 (compatible; Barkrowler/0.9; +https://babbar.tech/crawler)"
217.113.194.11 - - [04/Apr/2025:09:43:32 -0400] "GET /product/?page_id=4002&add_to_wishlist=5421&add-to-cart=5648&remove_item=84f2798f05d595273de40e3046329309&_wpnonce=657d745317 HTTP/1.1" 200 18968 "-" "Mozilla/5.0 (compatible; Barkrowler/0.9; +https://babbar.tech/crawler)"
216.244.66.234 - - [04/Apr/2025:09:43:39 -0400] "GET /product/?feed=rss2&p=11051 HTTP/1.1" 301 - "-" "Mozilla/5.0 (compatible; DotBot/1.2; +https://opensiteexplorer.org/dotbot; help@moz.com)"
216.244.66.234 - - [04/Apr/2025:09:43:43 -0400] "GET /product/?post_type=product&add_to_wishlist=7347&paged=23 HTTP/1.1" 200 174169 "-" "Mozilla/5.0 (compatible; DotBot/1.2; +https://opensiteexplorer.org/dotbot; help@moz.com)"
217.113.194.7 - - [04/Apr/2025:09:43:48 -0400] "GET /product/?page_id=4002&add_to_wishlist=5421&add-to-cart=5648&remove_item=84f2798f05d595273de40e3046329309&_wpnonce=6231adc253 HTTP/1.1" 200 19126 "-" "Mozilla/5.0 (compatible; Barkrowler/0.9; +https://babbar.tech/crawler)"
217.113.194.9 - - [04/Apr/2025:09:44:04 -0400] "GET /product/?page_id=4002&add_to_wishlist=5426&add-to-cart=5648&remove_item=84f2798f05d595273de40e3046329309&_wpnonce=657d745317 HTTP/1.1" 200 19122 "-" "Mozilla/5.0 (compatible; Barkrowler/0.9; +https://babbar.tech/crawler)"
217.113.194.3 - - [04/Apr/2025:09:44:37 -0400] "GET /product/?page_id=4002&add_to_wishlist=5198&add-to-cart=5648&remove_item=84f2798f05d595273de40e3046329309&_wpnonce=657d745317 HTTP/1.1" 200 19025 "-" "Mozilla/5.0 (compatible; Barkrowler/0.9; +https://babbar.tech/crawler)"
217.113.194.10 - - [04/Apr/2025:09:44:54 -0400] "GET /product/?page_id=4002&add_to_wishlist=5198&add-to-cart=5648&remove_item=84f2798f05d595273de40e3046329309&_wpnonce=6231adc253 HTTP/1.1" 200 18906 "-" "Mozilla/5.0 (compatible; Barkrowler/0.9; +https://babbar.tech/crawler)"
51.222.253.10 - - [04/Apr/2025:09:45:10 -0400] "GET /product/?post_type=product&add_to_wishlist=9310&paged=47 HTTP/1.1" 200 21226 "-" "Mozilla/5.0 (compatible; AhrefsBot/7.0; +http://ahrefs.com/robot/)"
217.113.194.2 - - [04/Apr/2025:09:45:10 -0400] "GET /product/?page_id=4002&add_to_wishlist=5198&add-to-cart=5070&remove_item=8074856808ebec0c49403ce3589b28de&_wpnonce=7977323894 HTTP/1.1" 200 19075 "-" "Mozilla/5.0 (compatible; Barkrowler/0.9; +https://babbar.tech/crawler)"
217.113.194.8 - - [04/Apr/2025:09:45:26 -0400] "GET /product/?page_id=4002&add_to_wishlist=5198&add-to-cart=5070&remove_item=8074856808ebec0c49403ce3589b28de&_wpnonce=3184299014 HTTP/1.1" 200 19185 "-" "Mozilla/5.0 (compatible; Barkrowler/0.9; +https://babbar.tech/crawler)"
217.113.194.8 - - [04/Apr/2025:09:45:43 -0400] "GET /product/?page_id=4002&add_to_wishlist=5198&add-to-cart=12383&remove_item=84f2798f05d595273de40e3046329309&_wpnonce=657d745317 HTTP/1.1" 200 19178 "-" "Mozilla/5.0 (compatible; Barkrowler/0.9; +https://babbar.tech/crawler)"
217.113.194.8 - - [04/Apr/2025:09:45:59 -0400] "GET /product/?page_id=4002&add_to_wishlist=5198&add-to-cart=12366&remove_item=84f2798f05d595273de40e3046329309&_wpnonce=657d745317 HTTP/1.1" 200 19262 "-" "Mozilla/5.0 (compatible; Barkrowler/0.9; +https://babbar.tech/crawler)"
217.113.194.8 - - [04/Apr/2025:09:46:15 -0400] "GET /product/?page_id=4002&add_to_wishlist=5190&add-to-cart=5783&remove_item=84f2798f05d595273de40e3046329309&_wpnonce=657d745317 HTTP/1.1" 200 19162 "-" "Mozilla/5.0 (compatible; Barkrowler/0.9; +https://babbar.tech/crawler)"
217.113.194.11 - - [04/Apr/2025:09:46:31 -0400] "GET /product/?page_id=4002&add_to_wishlist=5190&add-to-cart=5648&remove_item=84f2798f05d595273de40e3046329309&_wpnonce=6231adc253 HTTP/1.1" 200 19123 "-" "Mozilla/5.0 (compatible; Barkrowler/0.9; +https://babbar.tech/crawler)"
217.113.194.10 - - [04/Apr/2025:09:46:48 -0400] "GET /product/?page_id=4002&add_to_wishlist=5190&add-to-cart=5070&remove_item=8074856808ebec0c49403ce3589b28de&_wpnonce=3184299014 HTTP/1.1" 200 19258 "-" "Mozilla/5.0 (compatible; Barkrowler/0.9; +https://babbar.tech/crawler)"
217.113.194.5 - - [04/Apr/2025:09:47:04 -0400] "GET /product/?page_id=4002&add_to_wishlist=5190&add-to-cart=12331&remove_item=84f2798f05d595273de40e3046329309&_wpnonce=657d745317 HTTP/1.1" 200 19207 "-" "Mozilla/5.0 (compatible; Barkrowler/0.9; +https://babbar.tech/crawler)"
217.113.194.242 - - [04/Apr/2025:09:47:20 -0400] "GET /product/?page_id=4002&add_to_wishlist=5190&add-to-cart=12333&remove_item=84f2798f05d595273de40e3046329309&_wpnonce=657d745317 HTTP/1.1" 200 19163 "-" "Mozilla/5.0 (compatible; Barkrowler/0.9; +https://babbar.tech/crawler)"
217.113.194.242 - - [04/Apr/2025:09:47:36 -0400] "GET /product/?page_id=4002&add_to_wishlist=6109&add-to-cart=12347&remove_item=84f2798f05d595273de40e3046329309&_wpnonce=657d745317 HTTP/1.1" 200 19075 "-" "Mozilla/5.0 (compatible; Barkrowler/0.9; +https://babbar.tech/crawler)"
217.113.194.4 - - [04/Apr/2025:09:47:52 -0400] "GET /product/?page_id=4002&add_to_wishlist=6109&add-to-cart=12366&remove_item=84f2798f05d595273de40e3046329309&_wpnonce=657d745317 HTTP/1.1" 200 19135 "-" "Mozilla/5.0 (compatible; Barkrowler/0.9; +https://babbar.tech/crawler)"
217.113.194.10 - - [04/Apr/2025:09:48:42 -0400] "GET /product/?page_id=4002&add_to_wishlist=6109&add-to-cart=12351&remove_item=84f2798f05d595273de40e3046329309&_wpnonce=657d745317 HTTP/1.1" 200 19082 "-" "Mozilla/5.0 (compatible; Barkrowler/0.9; +https://babbar.tech/crawler)"
217.113.194.10 - - [04/Apr/2025:09:48:58 -0400] "GET /product/?page_id=4002&add_to_wishlist=6109&add-to-cart=12383&remove_item=84f2798f05d595273de40e3046329309&_wpnonce=657d745317 HTTP/1.1" 200 19099 "-" "Mozilla/5.0 (compatible; Barkrowler/0.9; +https://babbar.tech/crawler)"
217.113.194.242 - - [04/Apr/2025:09:49:15 -0400] "GET /product/?page_id=4002&add_to_wishlist=6109&add-to-cart=5371&remove_item=84f2798f05d595273de40e3046329309&_wpnonce=657d745317 HTTP/1.1" 200 19091 "-" "Mozilla/5.0 (compatible; Barkrowler/0.9; +https://babbar.tech/crawler)"
185.191.171.9 - - [04/Apr/2025:09:49:29 -0400] "GET /product/?product=aspire-breeze-charger-dock-2000mah HTTP/1.1" 200 14861 "-" "Mozilla/5.0 (compatible; SemrushBot/7~bl; +http://www.semrush.com/bot.html)"
217.113.194.10 - - [04/Apr/2025:09:49:31 -0400] "GET /product/?page_id=4002&add_to_wishlist=6109&add-to-cart=5070&remove_item=8074856808ebec0c49403ce3589b28de&_wpnonce=7977323894 HTTP/1.1" 200 19091 "-" "Mozilla/5.0 (compatible; Barkrowler/0.9; +https://babbar.tech/crawler)"
217.113.194.5 - - [04/Apr/2025:09:49:48 -0400] "GET /product/?page_id=4002&add_to_wishlist=6109&add-to-cart=5070&remove_item=8074856808ebec0c49403ce3589b28de&_wpnonce=3184299014 HTTP/1.1" 200 19139 "-" "Mozilla/5.0 (compatible; Barkrowler/0.9; +https://babbar.tech/crawler)"
114.119.155.13 - - [04/Apr/2025:09:50:22 -0400] "GET /product?product=demon-killer-type-e-4-5-x-6-mm-notch-coil-box&lost-password HTTP/1.1" 301 314 "http://vapecompany.com.bd/product?product=demon-killer-type-e-4-5-x-6-mm-notch-coil-box" "Mozilla/5.0 (Linux; Android 7.0;) AppleWebKit/537.36 (KHTML, like Gecko) Mobile Safari/537.36 (compatible; PetalBot;+https://webmaster.petalsearch.com/site/petalbot)"
114.119.155.13 - - [04/Apr/2025:09:50:22 -0400] "GET /product/?product=demon-killer-type-e-4-5-x-6-mm-notch-coil-box&lost-password HTTP/1.1" 200 16897 "http://vapecompany.com.bd/product?product=demon-killer-type-e-4-5-x-6-mm-notch-coil-box" "Mozilla/5.0 (Linux; Android 7.0;) AppleWebKit/537.36 (KHTML, like Gecko) Mobile Safari/537.36 (compatible; PetalBot;+https://webmaster.petalsearch.com/site/petalbot)"
217.113.194.6 - - [04/Apr/2025:09:50:23 -0400] "GET /product/?page_id=4002&add_to_wishlist=6109&add-to-cart=4754&remove_item=84f2798f05d595273de40e3046329309&_wpnonce=657d745317 HTTP/1.1" 200 19340 "-" "Mozilla/5.0 (compatible; Barkrowler/0.9; +https://babbar.tech/crawler)"
216.244.66.234 - - [04/Apr/2025:09:50:24 -0400] "GET /product/?post_type=product&add_to_wishlist=10380&paged=50 HTTP/1.1" 404 61642 "-" "Mozilla/5.0 (compatible; DotBot/1.2; +https://opensiteexplorer.org/dotbot; help@moz.com)"
216.244.66.234 - - [04/Apr/2025:09:50:25 -0400] "GET /product/?post_type=product&add_to_wishlist=9211&paged=19 HTTP/1.1" 200 176037 "-" "Mozilla/5.0 (compatible; DotBot/1.2; +https://opensiteexplorer.org/dotbot; help@moz.com)"
216.244.66.234 - - [04/Apr/2025:09:50:27 -0400] "GET /product/?post_type=product&add_to_wishlist=9211&paged=30 HTTP/1.1" 200 171389 "-" "Mozilla/5.0 (compatible; DotBot/1.2; +https://opensiteexplorer.org/dotbot; help@moz.com)"
217.113.194.6 - - [04/Apr/2025:09:50:39 -0400] "GET /product/?page_id=4002&add_to_wishlist=6109&add-to-cart=4772&remove_item=84f2798f05d595273de40e3046329309&_wpnonce=657d745317 HTTP/1.1" 200 19022 "-" "Mozilla/5.0 (compatible; Barkrowler/0.9; +https://babbar.tech/crawler)"
217.113.194.5 - - [04/Apr/2025:09:50:55 -0400] "GET /product/?page_id=4002&add_to_wishlist=5136&add-to-cart=4708&remove_item=84f2798f05d595273de40e3046329309&_wpnonce=657d745317 HTTP/1.1" 200 19148 "-" "Mozilla/5.0 (compatible; Barkrowler/0.9; +https://babbar.tech/crawler)"
3.15.226.5 - - [04/Apr/2025:09:50:55 -0400] "GET /product/?product=voopoo-drag-x2-80w-pod-mod-kit HTTP/1.1" 200 18515 "-" "Mozilla/5.0 AppleWebKit/537.36 (KHTML, like Gecko; compatible; ClaudeBot/1.0; +claudebot@anthropic.com)"
217.113.194.9 - - [04/Apr/2025:09:51:12 -0400] "GET /product/?page_id=4002&add_to_wishlist=5136&add-to-cart=5070&remove_item=8074856808ebec0c49403ce3589b28de&_wpnonce=7977323894 HTTP/1.1" 200 18889 "-" "Mozilla/5.0 (compatible; Barkrowler/0.9; +https://babbar.tech/crawler)"
217.113.194.9 - - [04/Apr/2025:09:51:28 -0400] "GET /product/?page_id=4002&add_to_wishlist=4918&add-to-cart=5178&remove_item=84f2798f05d595273de40e3046329309&_wpnonce=657d745317 HTTP/1.1" 200 19166 "-" "Mozilla/5.0 (compatible; Barkrowler/0.9; +https://babbar.tech/crawler)"
217.113.194.242 - - [04/Apr/2025:09:51:45 -0400] "GET /product/?page_id=4002&add_to_wishlist=4918&add-to-cart=5174&remove_item=84f2798f05d595273de40e3046329309&_wpnonce=657d745317 HTTP/1.1" 200 19056 "-" "Mozilla/5.0 (compatible; Barkrowler/0.9; +https://babbar.tech/crawler)"
217.113.194.8 - - [04/Apr/2025:09:52:01 -0400] "GET /product/?page_id=4002&add_to_wishlist=4918&add-to-cart=5184&remove_item=84f2798f05d595273de40e3046329309&_wpnonce=657d745317 HTTP/1.1" 200 19174 "-" "Mozilla/5.0 (compatible; Barkrowler/0.9; +https://babbar.tech/crawler)"
114.119.136.160 - - [04/Apr/2025:09:52:26 -0400] "GET /product/?product=lost-vape-orion-40w-dna-go-replacement-cartridge HTTP/1.1" 200 18398 "http://vapecompany.com.bd/product?product=lost-vape-orion-40w-dna-go-replacement-cartridge" "Mozilla/5.0 (Linux; Android 7.0;) AppleWebKit/537.36 (KHTML, like Gecko) Mobile Safari/537.36 (compatible; PetalBot;+https://webmaster.petalsearch.com/site/petalbot)"
217.113.194.10 - - [04/Apr/2025:09:52:33 -0400] "GET /product/?page_id=4002&add_to_wishlist=4918&add-to-cart=4747&remove_item=84f2798f05d595273de40e3046329309&_wpnonce=657d745317 HTTP/1.1" 200 18995 "-" "Mozilla/5.0 (compatible; Barkrowler/0.9; +https://babbar.tech/crawler)"
217.113.194.4 - - [04/Apr/2025:09:52:50 -0400] "GET /product/?page_id=4002&add_to_wishlist=4918&add-to-cart=4761&remove_item=84f2798f05d595273de40e3046329309&_wpnonce=657d745317 HTTP/1.1" 200 19373 "-" "Mozilla/5.0 (compatible; Barkrowler/0.9; +https://babbar.tech/crawler)"
217.113.194.8 - - [04/Apr/2025:09:53:06 -0400] "GET /product/?page_id=4002&add_to_wishlist=4918&add-to-cart=4751&remove_item=84f2798f05d595273de40e3046329309&_wpnonce=657d745317 HTTP/1.1" 200 19220 "-" "Mozilla/5.0 (compatible; Barkrowler/0.9; +https://babbar.tech/crawler)"
217.113.194.4 - - [04/Apr/2025:09:53:22 -0400] "GET /product/?page_id=4002&add_to_wishlist=4918&add-to-cart=4772&remove_item=84f2798f05d595273de40e3046329309&_wpnonce=657d745317 HTTP/1.1" 200 19130 "-" "Mozilla/5.0 (compatible; Barkrowler/0.9; +https://babbar.tech/crawler)"
40.77.167.71 - - [04/Apr/2025:09:53:26 -0400] "GET /product/wp-content/uploads/2016/10/Nautilus-Mini-Tank-Replacement-Glass-550x550.png HTTP/1.1" 200 138614 "-" "Mozilla/5.0 (Windows NT 6.1; WOW64) AppleWebKit/534+ (KHTML, like Gecko) BingPreview/1.0b"
18.221.35.244 - - [04/Apr/2025:09:53:25 -0400] "GET /product/?add_to_wishlist=12104&paged=5&product_cat=3mg HTTP/1.1" 200 18609 "-" "Mozilla/5.0 AppleWebKit/537.36 (KHTML, like Gecko; compatible; ClaudeBot/1.0; +claudebot@anthropic.com)"
217.113.194.2 - - [04/Apr/2025:09:53:55 -0400] "GET /product/?page_id=4002&add_to_wishlist=4918&add-to-cart=4776&remove_item=84f2798f05d595273de40e3046329309&_wpnonce=657d745317 HTTP/1.1" 200 18969 "-" "Mozilla/5.0 (compatible; Barkrowler/0.9; +https://babbar.tech/crawler)"
217.113.194.11 - - [04/Apr/2025:09:54:11 -0400] "GET /product/?page_id=4002&add_to_wishlist=4918&add-to-cart=4742&remove_item=84f2798f05d595273de40e3046329309&_wpnonce=657d745317 HTTP/1.1" 200 18912 "-" "Mozilla/5.0 (compatible; Barkrowler/0.9; +https://babbar.tech/crawler)"
217.113.194.2 - - [04/Apr/2025:09:54:27 -0400] "GET /product/?page_id=4002&add_to_wishlist=4918&add-to-cart=4719&remove_item=84f2798f05d595273de40e3046329309&_wpnonce=657d745317 HTTP/1.1" 200 19013 "-" "Mozilla/5.0 (compatible; Barkrowler/0.9; +https://babbar.tech/crawler)"
216.244.66.234 - - [04/Apr/2025:09:54:34 -0400] "GET /product/?post_type=product&add_to_wishlist=9213&paged=28 HTTP/1.1" 200 178244 "-" "Mozilla/5.0 (compatible; DotBot/1.2; +https://opensiteexplorer.org/dotbot; help@moz.com)"
185.191.171.9 - - [04/Apr/2025:09:54:43 -0400] "GET /product/?product=smok-nord-0-6-ohm-mesh-replacement-coils HTTP/1.1" 200 17302 "-" "Mozilla/5.0 (compatible; SemrushBot/7~bl; +http://www.semrush.com/bot.html)"
217.113.194.11 - - [04/Apr/2025:09:54:43 -0400] "GET /product/?page_id=4002&add_to_wishlist=4918&add-to-cart=6366&remove_item=84f2798f05d595273de40e3046329309&_wpnonce=657d745317 HTTP/1.1" 200 19090 "-" "Mozilla/5.0 (compatible; Barkrowler/0.9; +https://babbar.tech/crawler)"
217.113.194.2 - - [04/Apr/2025:09:55:00 -0400] "GET /product/?page_id=4002&add_to_wishlist=4918&add-to-cart=6109&remove_item=84f2798f05d595273de40e3046329309&_wpnonce=657d745317 HTTP/1.1" 200 19030 "-" "Mozilla/5.0 (compatible; Barkrowler/0.9; +https://babbar.tech/crawler)"
217.113.194.10 - - [04/Apr/2025:09:55:32 -0400] "GET /product/?page_id=4002&add_to_wishlist=4918&add-to-cart=5657&remove_item=84f2798f05d595273de40e3046329309&_wpnonce=657d745317 HTTP/1.1" 200 19197 "-" "Mozilla/5.0 (compatible; Barkrowler/0.9; +https://babbar.tech/crawler)"
217.113.194.5 - - [04/Apr/2025:09:55:48 -0400] "GET /product/?page_id=4002&add_to_wishlist=4918&add-to-cart=5648&remove_item=84f2798f05d595273de40e3046329309&_wpnonce=6231adc253 HTTP/1.1" 200 19126 "-" "Mozilla/5.0 (compatible; Barkrowler/0.9; +https://babbar.tech/crawler)"
13.58.172.157 - - [04/Apr/2025:09:56:04 -0400] "GET /product/?add_to_wishlist=12112&paged=2&product_cat=3mg HTTP/1.1" 200 21889 "-" "Mozilla/5.0 AppleWebKit/537.36 (KHTML, like Gecko; compatible; ClaudeBot/1.0; +claudebot@anthropic.com)"
217.113.194.9 - - [04/Apr/2025:09:56:05 -0400] "GET /product/?page_id=4002&add_to_wishlist=4918&add-to-cart=5683&remove_item=84f2798f05d595273de40e3046329309&_wpnonce=657d745317 HTTP/1.1" 200 19115 "-" "Mozilla/5.0 (compatible; Barkrowler/0.9; +https://babbar.tech/crawler)"
217.113.194.2 - - [04/Apr/2025:09:56:21 -0400] "GET /product/?page_id=4002&add_to_wishlist=4918&add-to-cart=12406&remove_item=84f2798f05d595273de40e3046329309&_wpnonce=657d745317 HTTP/1.1" 200 19036 "-" "Mozilla/5.0 (compatible; Barkrowler/0.9; +https://babbar.tech/crawler)"
217.113.194.5 - - [04/Apr/2025:09:56:37 -0400] "GET /product/?page_id=4002&add_to_wishlist=4918&add-to-cart=6683&remove_item=84f2798f05d595273de40e3046329309&_wpnonce=657d745317 HTTP/1.1" 200 19089 "-" "Mozilla/5.0 (compatible; Barkrowler/0.9; +https://babbar.tech/crawler)"
217.113.194.10 - - [04/Apr/2025:09:56:53 -0400] "GET /robots.txt HTTP/1.1" 200 69 "-" "Mozilla/5.0 (compatible; Barkrowler/0.9; +https://babbar.tech/crawler)"
217.113.194.7 - - [04/Apr/2025:09:57:25 -0400] "GET /product/?page_id=4002&add_to_wishlist=4918&add-to-cart=5391&remove_item=84f2798f05d595273de40e3046329309&_wpnonce=657d745317 HTTP/1.1" 200 18970 "-" "Mozilla/5.0 (compatible; Barkrowler/0.9; +https://babbar.tech/crawler)"
217.113.194.9 - - [04/Apr/2025:09:57:41 -0400] "GET /product/?page_id=4002&add_to_wishlist=4918&add-to-cart=5359&remove_item=84f2798f05d595273de40e3046329309&_wpnonce=657d745317 HTTP/1.1" 200 19119 "-" "Mozilla/5.0 (compatible; Barkrowler/0.9; +https://babbar.tech/crawler)"
217.113.194.3 - - [04/Apr/2025:09:57:58 -0400] "GET /product/?page_id=4002&add_to_wishlist=4918&add-to-cart=5355&remove_item=84f2798f05d595273de40e3046329309&_wpnonce=657d745317 HTTP/1.1" 200 19289 "-" "Mozilla/5.0 (compatible; Barkrowler/0.9; +https://babbar.tech/crawler)"
216.244.66.234 - - [04/Apr/2025:09:58:26 -0400] "GET /robots.txt HTTP/1.1" 200 67 "-" "Mozilla/5.0 (compatible; DotBot/1.2; +https://opensiteexplorer.org/dotbot; help@moz.com)"
18.116.42.179 - - [04/Apr/2025:09:58:30 -0400] "GET /product/?add_to_wishlist=12110&paged=3&product_cat=3mg HTTP/1.1" 200 22126 "-" "Mozilla/5.0 AppleWebKit/537.36 (KHTML, like Gecko; compatible; ClaudeBot/1.0; +claudebot@anthropic.com)"
217.113.194.9 - - [04/Apr/2025:09:59:03 -0400] "GET /product/?page_id=4002&add_to_wishlist=4918&add-to-cart=5070&remove_item=8074856808ebec0c49403ce3589b28de&_wpnonce=7977323894 HTTP/1.1" 200 18893 "-" "Mozilla/5.0 (compatible; Barkrowler/0.9; +https://babbar.tech/crawler)"
217.113.194.7 - - [04/Apr/2025:09:59:19 -0400] "GET /product/?page_id=4002&add_to_wishlist=4918&add-to-cart=5070&remove_item=8074856808ebec0c49403ce3589b28de&_wpnonce=3184299014 HTTP/1.1" 200 19026 "-" "Mozilla/5.0 (compatible; Barkrowler/0.9; +https://babbar.tech/crawler)"
217.113.194.9 - - [04/Apr/2025:09:59:35 -0400] "GET /product/?page_id=4002&add_to_wishlist=4918&add-to-cart=5049&remove_item=84f2798f05d595273de40e3046329309&_wpnonce=657d745317 HTTP/1.1" 200 19080 "-" "Mozilla/5.0 (compatible; Barkrowler/0.9; +https://babbar.tech/crawler)"
217.113.194.5 - - [04/Apr/2025:09:59:51 -0400] "GET /product/?page_id=4002&add_to_wishlist=4918&add-to-cart=10976&remove_item=84f2798f05d595273de40e3046329309&_wpnonce=657d745317 HTTP/1.1" 200 19202 "-" "Mozilla/5.0 (compatible; Barkrowler/0.9; +https://babbar.tech/crawler)"
217.113.194.5 - - [04/Apr/2025:10:00:08 -0400] "GET /product/?page_id=4002&add_to_wishlist=4918&add-to-cart=4662&remove_item=84f2798f05d595273de40e3046329309&_wpnonce=657d745317 HTTP/1.1" 200 19137 "-" "Mozilla/5.0 (compatible; Barkrowler/0.9; +https://babbar.tech/crawler)"
154.54.249.193 - - [04/Apr/2025:10:00:24 -0400] "GET /product/?page_id=4002&add_to_wishlist=4918&add-to-cart=4633&remove_item=84f2798f05d595273de40e3046329309&_wpnonce=657d745317 HTTP/1.1" 200 19118 "-" "Mozilla/5.0 (compatible; Barkrowler/0.9; +https://babbar.tech/crawler)"
217.113.194.5 - - [04/Apr/2025:10:00:40 -0400] "GET /product/?page_id=4002&add_to_wishlist=4918&add-to-cart=4696&remove_item=84f2798f05d595273de40e3046329309&_wpnonce=657d745317 HTTP/1.1" 200 19148 "-" "Mozilla/5.0 (compatible; Barkrowler/0.9; +https://babbar.tech/crawler)"
217.113.194.5 - - [04/Apr/2025:10:00:56 -0400] "GET /product/?page_id=4002&add_to_wishlist=4918&add-to-cart=4674&remove_item=84f2798f05d595273de40e3046329309&_wpnonce=657d745317 HTTP/1.1" 200 19021 "-" "Mozilla/5.0 (compatible; Barkrowler/0.9; +https://babbar.tech/crawler)"
217.113.194.3 - - [04/Apr/2025:10:01:12 -0400] "GET /product/?page_id=4002&add_to_wishlist=4918&add-to-cart=4609&remove_item=84f2798f05d595273de40e3046329309&_wpnonce=657d745317 HTTP/1.1" 200 19087 "-" "Mozilla/5.0 (compatible; Barkrowler/0.9; +https://babbar.tech/crawler)"
217.113.194.8 - - [04/Apr/2025:10:01:28 -0400] "GET /product/?page_id=4002&add_to_wishlist=4918&add-to-cart=4666&remove_item=84f2798f05d595273de40e3046329309&_wpnonce=657d745317 HTTP/1.1" 200 19059 "-" "Mozilla/5.0 (compatible; Barkrowler/0.9; +https://babbar.tech/crawler)"
13.58.164.55 - - [04/Apr/2025:10:01:44 -0400] "GET /product/?add_to_wishlist=12108&paged=5&product_cat=6mg HTTP/1.1" 200 19966 "-" "Mozilla/5.0 AppleWebKit/537.36 (KHTML, like Gecko; compatible; ClaudeBot/1.0; +claudebot@anthropic.com)"
217.113.194.4 - - [04/Apr/2025:10:02:01 -0400] "GET /product/?page_id=4002&add_to_wishlist=4918&add-to-cart=5926&remove_item=84f2798f05d595273de40e3046329309&_wpnonce=657d745317 HTTP/1.1" 200 19047 "-" "Mozilla/5.0 (compatible; Barkrowler/0.9; +https://babbar.tech/crawler)"
154.54.249.193 - - [04/Apr/2025:10:02:17 -0400] "GET /product/?page_id=4002&add_to_wishlist=4918&add-to-cart=5260&remove_item=84f2798f05d595273de40e3046329309&_wpnonce=657d745317 HTTP/1.1" 200 19135 "-" "Mozilla/5.0 (compatible; Barkrowler/0.9; +https://babbar.tech/crawler)"
154.54.249.193 - - [04/Apr/2025:10:02:33 -0400] "GET /product/?page_id=4002&add_to_wishlist=4918&add-to-cart=5234&remove_item=84f2798f05d595273de40e3046329309&_wpnonce=657d745317 HTTP/1.1" 200 19097 "-" "Mozilla/5.0 (compatible; Barkrowler/0.9; +https://babbar.tech/crawler)"
18.189.1.87 - - [04/Apr/2025:10:02:49 -0400] "GET /product/?add_to_wishlist=11263&paged=2&product_cat=12mg HTTP/1.1" 200 21034 "-" "Mozilla/5.0 AppleWebKit/537.36 (KHTML, like Gecko; compatible; ClaudeBot/1.0; +claudebot@anthropic.com)"
217.113.194.4 - - [04/Apr/2025:10:02:49 -0400] "GET /product/?page_id=4002&add_to_wishlist=4918&add-to-cart=5294&remove_item=84f2798f05d595273de40e3046329309&_wpnonce=657d745317 HTTP/1.1" 200 19046 "-" "Mozilla/5.0 (compatible; Barkrowler/0.9; +https://babbar.tech/crawler)"
217.113.194.9 - - [04/Apr/2025:10:03:06 -0400] "GET /product/?page_id=4002&add_to_wishlist=4918&add-to-cart=5298&remove_item=84f2798f05d595273de40e3046329309&_wpnonce=657d745317 HTTP/1.1" 200 19211 "-" "Mozilla/5.0 (compatible; Barkrowler/0.9; +https://babbar.tech/crawler)"
217.113.194.10 - - [04/Apr/2025:10:03:22 -0400] "GET /product/?page_id=4002&add_to_wishlist=4918&add-to-cart=12339&remove_item=84f2798f05d595273de40e3046329309&_wpnonce=657d745317 HTTP/1.1" 200 19211 "-" "Mozilla/5.0 (compatible; Barkrowler/0.9; +https://babbar.tech/crawler)"
217.113.194.11 - - [04/Apr/2025:10:03:38 -0400] "GET /product/?page_id=4002&add_to_wishlist=4918&add-to-cart=12389&remove_item=84f2798f05d595273de40e3046329309&_wpnonce=657d745317 HTTP/1.1" 200 19062 "-" "Mozilla/5.0 (compatible; Barkrowler/0.9; +https://babbar.tech/crawler)"
217.113.194.2 - - [04/Apr/2025:10:04:10 -0400] "GET /product/?page_id=4002&add_to_wishlist=4918&add-to-cart=12383&remove_item=84f2798f05d595273de40e3046329309&_wpnonce=657d745317 HTTP/1.1" 200 19060 "-" "Mozilla/5.0 (compatible; Barkrowler/0.9; +https://babbar.tech/crawler)"
217.113.194.7 - - [04/Apr/2025:10:04:27 -0400] "GET /product/?page_id=4002&add_to_wishlist=4918&add-to-cart=12373&remove_item=84f2798f05d595273de40e3046329309&_wpnonce=657d745317 HTTP/1.1" 200 19056 "-" "Mozilla/5.0 (compatible; Barkrowler/0.9; +https://babbar.tech/crawler)"
217.113.194.10 - - [04/Apr/2025:10:04:43 -0400] "GET /product/?page_id=4002&add_to_wishlist=4918&add-to-cart=12385&remove_item=84f2798f05d595273de40e3046329309&_wpnonce=657d745317 HTTP/1.1" 200 19105 "-" "Mozilla/5.0 (compatible; Barkrowler/0.9; +https://babbar.tech/crawler)"
217.113.194.9 - - [04/Apr/2025:10:04:59 -0400] "GET /product/?page_id=4002&add_to_wishlist=4918&add-to-cart=12351&remove_item=84f2798f05d595273de40e3046329309&_wpnonce=657d745317 HTTP/1.1" 200 19017 "-" "Mozilla/5.0 (compatible; Barkrowler/0.9; +https://babbar.tech/crawler)"
217.113.194.5 - - [04/Apr/2025:10:05:15 -0400] "GET /product/?page_id=4002&add_to_wishlist=4918&add-to-cart=12366&remove_item=84f2798f05d595273de40e3046329309&_wpnonce=657d745317 HTTP/1.1" 200 18959 "-" "Mozilla/5.0 (compatible; Barkrowler/0.9; +https://babbar.tech/crawler)"
217.113.194.2 - - [04/Apr/2025:10:05:31 -0400] "GET /product/?page_id=4002&add_to_wishlist=4918&add-to-cart=12381&remove_item=84f2798f05d595273de40e3046329309&_wpnonce=657d745317 HTTP/1.1" 200 19109 "-" "Mozilla/5.0 (compatible; Barkrowler/0.9; +https://babbar.tech/crawler)"
217.113.194.10 - - [04/Apr/2025:10:05:48 -0400] "GET /product/?page_id=4002&add_to_wishlist=4918&add-to-cart=12347&remove_item=84f2798f05d595273de40e3046329309&_wpnonce=657d745317 HTTP/1.1" 200 19307 "-" "Mozilla/5.0 (compatible; Barkrowler/0.9; +https://babbar.tech/crawler)"
217.113.194.8 - - [04/Apr/2025:10:06:04 -0400] "GET /product/?page_id=4002&add_to_wishlist=4918&add-to-cart=9242&remove_item=84f2798f05d595273de40e3046329309&_wpnonce=657d745317 HTTP/1.1" 200 19138 "-" "Mozilla/5.0 (compatible; Barkrowler/0.9; +https://babbar.tech/crawler)"
217.113.194.8 - - [04/Apr/2025:10:06:20 -0400] "GET /product/?page_id=4002&add_to_wishlist=4918&add-to-cart=11270&remove_item=84f2798f05d595273de40e3046329309&_wpnonce=657d745317 HTTP/1.1" 200 18972 "-" "Mozilla/5.0 (compatible; Barkrowler/0.9; +https://babbar.tech/crawler)"
217.113.194.5 - - [04/Apr/2025:10:06:36 -0400] "GET /product/?page_id=4002&add_to_wishlist=4918&add-to-cart=5732&remove_item=84f2798f05d595273de40e3046329309&_wpnonce=657d745317 HTTP/1.1" 200 18897 "-" "Mozilla/5.0 (compatible; Barkrowler/0.9; +https://babbar.tech/crawler)"
40.77.167.54 - - [04/Apr/2025:10:06:37 -0400] "GET /product/?product_cat=battery-chargers HTTP/1.1" 200 21753 "-" "Mozilla/5.0 AppleWebKit/537.36 (KHTML, like Gecko; compatible; bingbot/2.0; +http://www.bing.com/bingbot.htm) Chrome/116.0.1938.76 Safari/537.36"
217.113.194.11 - - [04/Apr/2025:10:06:52 -0400] "GET /product/?page_id=4002&add_to_wishlist=4918&add-to-cart=5892&remove_item=84f2798f05d595273de40e3046329309&_wpnonce=657d745317 HTTP/1.1" 200 19142 "-" "Mozilla/5.0 (compatible; Barkrowler/0.9; +https://babbar.tech/crawler)"
18.224.108.12 - - [04/Apr/2025:10:06:51 -0400] "GET /product/?add_to_wishlist=6981&product=dr-vapes-blue-panther HTTP/1.1" 200 17267 "-" "Mozilla/5.0 AppleWebKit/537.36 (KHTML, like Gecko; compatible; ClaudeBot/1.0; +claudebot@anthropic.com)"
18.224.108.12 - - [04/Apr/2025:10:07:08 -0400] "GET /product/?add_to_wishlist=6978&product=saucy-la-white-grape HTTP/1.1" 200 17048 "-" "Mozilla/5.0 AppleWebKit/537.36 (KHTML, like Gecko; compatible; ClaudeBot/1.0; +claudebot@anthropic.com)"
217.113.194.10 - - [04/Apr/2025:10:07:08 -0400] "GET /product/?page_id=4002&add_to_wishlist=4918&add-to-cart=5844&remove_item=84f2798f05d595273de40e3046329309&_wpnonce=657d745317 HTTP/1.1" 200 18953 "-" "Mozilla/5.0 (compatible; Barkrowler/0.9; +https://babbar.tech/crawler)"
217.113.194.242 - - [04/Apr/2025:10:07:24 -0400] "GET /product/?page_id=4002&add_to_wishlist=4918&add-to-cart=5852&remove_item=84f2798f05d595273de40e3046329309&_wpnonce=657d745317 HTTP/1.1" 200 18851 "-" "Mozilla/5.0 (compatible; Barkrowler/0.9; +https://babbar.tech/crawler)"
217.113.194.11 - - [04/Apr/2025:10:07:41 -0400] "GET /product/?page_id=4002&add_to_wishlist=4918&add-to-cart=4925&remove_item=84f2798f05d595273de40e3046329309&_wpnonce=657d745317 HTTP/1.1" 200 19147 "-" "Mozilla/5.0 (compatible; Barkrowler/0.9; +https://babbar.tech/crawler)"
217.113.194.10 - - [04/Apr/2025:10:07:57 -0400] "GET /product/?page_id=4002&add_to_wishlist=4918&add-to-cart=7299&remove_item=84f2798f05d595273de40e3046329309&_wpnonce=657d745317 HTTP/1.1" 200 19060 "-" "Mozilla/5.0 (compatible; Barkrowler/0.9; +https://babbar.tech/crawler)"
217.113.194.8 - - [04/Apr/2025:10:08:13 -0400] "GET /product/?page_id=4002&add_to_wishlist=4918&add-to-cart=6066&remove_item=84f2798f05d595273de40e3046329309&_wpnonce=657d745317 HTTP/1.1" 200 18930 "-" "Mozilla/5.0 (compatible; Barkrowler/0.9; +https://babbar.tech/crawler)"
217.113.194.3 - - [04/Apr/2025:10:08:29 -0400] "GET /product/?page_id=4002&add_to_wishlist=6143&add-to-cart=5648&remove_item=84f2798f05d595273de40e3046329309&_wpnonce=6231adc253 HTTP/1.1" 200 19270 "-" "Mozilla/5.0 (compatible; Barkrowler/0.9; +https://babbar.tech/crawler)"
217.113.194.11 - - [04/Apr/2025:10:08:46 -0400] "GET /product/?page_id=4002&add_to_wishlist=6143&add-to-cart=5070&remove_item=8074856808ebec0c49403ce3589b28de&_wpnonce=3184299014 HTTP/1.1" 200 19016 "-" "Mozilla/5.0 (compatible; Barkrowler/0.9; +https://babbar.tech/crawler)"
217.113.194.2 - - [04/Apr/2025:10:09:02 -0400] "GET /product/?page_id=4002&add_to_wishlist=6143&add-to-cart=5783&remove_item=84f2798f05d595273de40e3046329309&_wpnonce=657d745317 HTTP/1.1" 200 19369 "-" "Mozilla/5.0 (compatible; Barkrowler/0.9; +https://babbar.tech/crawler)"
217.113.194.5 - - [04/Apr/2025:10:09:34 -0400] "GET /product/?page_id=4002&add_to_wishlist=4834&add-to-cart=12348&remove_item=84f2798f05d595273de40e3046329309&_wpnonce=657d745317 HTTP/1.1" 200 19200 "-" "Mozilla/5.0 (compatible; Barkrowler/0.9; +https://babbar.tech/crawler)"
217.113.194.11 - - [04/Apr/2025:10:09:51 -0400] "GET /product/?page_id=4002&add_to_wishlist=4834&add-to-cart=5070&remove_item=8074856808ebec0c49403ce3589b28de&_wpnonce=3184299014 HTTP/1.1" 200 19127 "-" "Mozilla/5.0 (compatible; Barkrowler/0.9; +https://babbar.tech/crawler)"
217.113.194.3 - - [04/Apr/2025:10:10:07 -0400] "GET /product/?page_id=4002&add_to_wishlist=4834&add-to-cart=5070&remove_item=8074856808ebec0c49403ce3589b28de&_wpnonce=242d7cd617 HTTP/1.1" 200 19015 "-" "Mozilla/5.0 (compatible; Barkrowler/0.9; +https://babbar.tech/crawler)"
217.113.194.4 - - [04/Apr/2025:10:10:23 -0400] "GET /product/?page_id=4002&add_to_wishlist=4834&add-to-cart=5648&remove_item=84f2798f05d595273de40e3046329309&_wpnonce=657d745317 HTTP/1.1" 200 19013 "-" "Mozilla/5.0 (compatible; Barkrowler/0.9; +https://babbar.tech/crawler)"
217.113.194.242 - - [04/Apr/2025:10:10:39 -0400] "GET /product/?page_id=4002&add_to_wishlist=4834&add-to-cart=5648&remove_item=84f2798f05d595273de40e3046329309&_wpnonce=6231adc253 HTTP/1.1" 200 19124 "-" "Mozilla/5.0 (compatible; Barkrowler/0.9; +https://babbar.tech/crawler)"
217.113.194.3 - - [04/Apr/2025:10:10:55 -0400] "GET /product/?page_id=4002&add_to_wishlist=5330&add-to-cart=5204&remove_item=84f2798f05d595273de40e3046329309&_wpnonce=657d745317 HTTP/1.1" 200 19085 "-" "Mozilla/5.0 (compatible; Barkrowler/0.9; +https://babbar.tech/crawler)"
217.113.194.10 - - [04/Apr/2025:10:11:11 -0400] "GET /product/?page_id=4002&add_to_wishlist=5330&add-to-cart=12329&remove_item=84f2798f05d595273de40e3046329309&_wpnonce=657d745317 HTTP/1.1" 200 19077 "-" "Mozilla/5.0 (compatible; Barkrowler/0.9; +https://babbar.tech/crawler)"
217.113.194.7 - - [04/Apr/2025:10:11:44 -0400] "GET /product/?page_id=4002&add_to_wishlist=5330&add-to-cart=5648&remove_item=84f2798f05d595273de40e3046329309&_wpnonce=ae63218667 HTTP/1.1" 200 19285 "-" "Mozilla/5.0 (compatible; Barkrowler/0.9; +https://babbar.tech/crawler)"
217.113.194.8 - - [04/Apr/2025:10:12:01 -0400] "GET /product/?page_id=4002&add_to_wishlist=5330&add-to-cart=5648&remove_item=84f2798f05d595273de40e3046329309&_wpnonce=6231adc253 HTTP/1.1" 200 19137 "-" "Mozilla/5.0 (compatible; Barkrowler/0.9; +https://babbar.tech/crawler)"
217.113.194.11 - - [04/Apr/2025:10:12:17 -0400] "GET /product/?page_id=4002&add_to_wishlist=5330&add-to-cart=4629&remove_item=84f2798f05d595273de40e3046329309&_wpnonce=657d745317 HTTP/1.1" 200 19066 "-" "Mozilla/5.0 (compatible; Barkrowler/0.9; +https://babbar.tech/crawler)"
217.113.194.3 - - [04/Apr/2025:10:12:33 -0400] "GET /product/?page_id=4002&add_to_wishlist=5330&add-to-cart=5070&remove_item=8074856808ebec0c49403ce3589b28de&_wpnonce=7977323894 HTTP/1.1" 200 19120 "-" "Mozilla/5.0 (compatible; Barkrowler/0.9; +https://babbar.tech/crawler)"
217.113.194.242 - - [04/Apr/2025:10:12:49 -0400] "GET /product/?page_id=4002&add_to_wishlist=5330&add-to-cart=5070&remove_item=8074856808ebec0c49403ce3589b28de&_wpnonce=3184299014 HTTP/1.1" 200 18894 "-" "Mozilla/5.0 (compatible; Barkrowler/0.9; +https://babbar.tech/crawler)"
167.71.196.4 - - [04/Apr/2025:10:13:03 -0400] "GET /product/wp-content/uploads/2017/11/Joyetech-EX-MTL-Coil-1_opt-1-210x210.jpg HTTP/1.1" 200 9565 "-" "Mozilla/5.0 (Windows NT 10.0; Win64; x64) AppleWebKit/537.36 (KHTML, like Gecko) Chrome/121.0.0.0 Safari/537.36 Edg/121.0.0.0"
217.113.194.11 - - [04/Apr/2025:10:13:05 -0400] "GET /product/?page_id=4002&add_to_wishlist=5330&add-to-cart=6224&remove_item=69783ee76a92567d446143b811519068&_wpnonce=117d5f5142 HTTP/1.1" 200 18908 "-" "Mozilla/5.0 (compatible; Barkrowler/0.9; +https://babbar.tech/crawler)"
154.54.249.193 - - [04/Apr/2025:10:13:22 -0400] "GET /product/?page_id=4002&add_to_wishlist=5330&add-to-cart=6224&remove_item=69783ee76a92567d446143b811519068&_wpnonce=41254726a3 HTTP/1.1" 200 19124 "-" "Mozilla/5.0 (compatible; Barkrowler/0.9; +https://babbar.tech/crawler)"
217.113.194.3 - - [04/Apr/2025:10:13:38 -0400] "GET /product/?page_id=4002&add_to_wishlist=5330&add-to-cart=6224&remove_item=69783ee76a92567d446143b811519068&_wpnonce=7217fe4610 HTTP/1.1" 200 19091 "-" "Mozilla/5.0 (compatible; Barkrowler/0.9; +https://babbar.tech/crawler)"
217.113.194.4 - - [04/Apr/2025:10:13:54 -0400] "GET /product/?page_id=4002&add_to_wishlist=5330&add-to-cart=12333&remove_item=84f2798f05d595273de40e3046329309&_wpnonce=657d745317 HTTP/1.1" 200 19019 "-" "Mozilla/5.0 (compatible; Barkrowler/0.9; +https://babbar.tech/crawler)"
103.152.218.3 - - [04/Apr/2025:10:13:54 -0400] "GET /product/?product=uwell-caliburn-g-mesh-0-8-ohm-replacement-coils HTTP/1.1" 200 17277 "https://www.google.com/" "Mozilla/5.0 (Linux; Android 10; K) AppleWebKit/537.36 (KHTML, like Gecko) Chrome/132.0.0.0 Mobile Safari/537.36"
217.113.194.11 - - [04/Apr/2025:10:14:11 -0400] "GET /product/?page_id=4002&add_to_wishlist=5330&add-to-cart=5290&remove_item=69783ee76a92567d446143b811519068&_wpnonce=41254726a3 HTTP/1.1" 200 18959 "-" "Mozilla/5.0 (compatible; Barkrowler/0.9; +https://babbar.tech/crawler)"
217.113.194.3 - - [04/Apr/2025:10:14:27 -0400] "GET /product/?page_id=4002&add_to_wishlist=7104&add-to-cart=12329&remove_item=84f2798f05d595273de40e3046329309&_wpnonce=657d745317 HTTP/1.1" 200 18984 "-" "Mozilla/5.0 (compatible; Barkrowler/0.9; +https://babbar.tech/crawler)"
217.113.194.9 - - [04/Apr/2025:10:14:43 -0400] "GET /product/?page_id=4002&add_to_wishlist=9870&add-to-cart=12377&remove_item=84f2798f05d595273de40e3046329309&_wpnonce=657d745317 HTTP/1.1" 200 19071 "-" "Mozilla/5.0 (compatible; Barkrowler/0.9; +https://babbar.tech/crawler)"
217.113.194.7 - - [04/Apr/2025:10:14:59 -0400] "GET /product/?page_id=4002&add_to_wishlist=9870&add-to-cart=5648&remove_item=84f2798f05d595273de40e3046329309&_wpnonce=657d745317 HTTP/1.1" 200 19303 "-" "Mozilla/5.0 (compatible; Barkrowler/0.9; +https://babbar.tech/crawler)"
216.244.66.234 - - [04/Apr/2025:10:15:01 -0400] "GET /product/?feed=rss2&p=6009 HTTP/1.1" 301 - "-" "Mozilla/5.0 (compatible; DotBot/1.2; +https://opensiteexplorer.org/dotbot; help@moz.com)"
217.113.194.242 - - [04/Apr/2025:10:15:16 -0400] "GET /product/?page_id=4002&add_to_wishlist=9870&add-to-cart=5070&remove_item=8074856808ebec0c49403ce3589b28de&_wpnonce=7977323894 HTTP/1.1" 200 19242 "-" "Mozilla/5.0 (compatible; Barkrowler/0.9; +https://babbar.tech/crawler)"
217.113.194.4 - - [04/Apr/2025:10:15:32 -0400] "GET /product/?page_id=4002&add_to_wishlist=9870&add-to-cart=6224&remove_item=69783ee76a92567d446143b811519068&_wpnonce=8116e87184 HTTP/1.1" 200 19069 "-" "Mozilla/5.0 (compatible; Barkrowler/0.9; +https://babbar.tech/crawler)"
217.113.194.5 - - [04/Apr/2025:10:15:48 -0400] "GET /product/?page_id=4002&add_to_wishlist=9870&add-to-cart=12331&remove_item=84f2798f05d595273de40e3046329309&_wpnonce=657d745317 HTTP/1.1" 200 19137 "-" "Mozilla/5.0 (compatible; Barkrowler/0.9; +https://babbar.tech/crawler)"
217.113.194.2 - - [04/Apr/2025:10:16:04 -0400] "GET /product/?page_id=4002&add_to_wishlist=9870&add-to-cart=12333&remove_item=84f2798f05d595273de40e3046329309&_wpnonce=657d745317 HTTP/1.1" 200 18976 "-" "Mozilla/5.0 (compatible; Barkrowler/0.9; +https://babbar.tech/crawler)"
217.113.194.5 - - [04/Apr/2025:10:16:21 -0400] "GET /product/?page_id=4002&add_to_wishlist=7211&add-to-cart=5648&remove_item=84f2798f05d595273de40e3046329309&_wpnonce=657d745317 HTTP/1.1" 200 19138 "-" "Mozilla/5.0 (compatible; Barkrowler/0.9; +https://babbar.tech/crawler)"
3.17.9.170 - - [04/Apr/2025:10:16:37 -0400] "GET /product/?add_to_wishlist=6978&product=coastal-clouds-caramel-brulee HTTP/1.1" 200 17036 "-" "Mozilla/5.0 AppleWebKit/537.36 (KHTML, like Gecko; compatible; ClaudeBot/1.0; +claudebot@anthropic.com)"
217.113.194.2 - - [04/Apr/2025:10:16:37 -0400] "GET /product/?page_id=4002&add_to_wishlist=7211&add-to-cart=5648&remove_item=84f2798f05d595273de40e3046329309&_wpnonce=6231adc253 HTTP/1.1" 200 19138 "-" "Mozilla/5.0 (compatible; Barkrowler/0.9; +https://babbar.tech/crawler)"
217.113.194.9 - - [04/Apr/2025:10:16:53 -0400] "GET /product/?page_id=4002&add_to_wishlist=4925&add-to-cart=12333&remove_item=84f2798f05d595273de40e3046329309&_wpnonce=657d745317 HTTP/1.1" 200 18977 "-" "Mozilla/5.0 (compatible; Barkrowler/0.9; +https://babbar.tech/crawler)"
217.113.194.10 - - [04/Apr/2025:10:17:10 -0400] "GET /product/?page_id=4002&add_to_wishlist=4925&add-to-cart=12251&remove_item=956058422500de80654a14d89ca9a010&_wpnonce=3552740808 HTTP/1.1" 200 18708 "-" "Mozilla/5.0 (compatible; Barkrowler/0.9; +https://babbar.tech/crawler)"
217.113.194.5 - - [04/Apr/2025:10:17:26 -0400] "GET /product/?page_id=4002&add_to_wishlist=4925&add-to-cart=12329&remove_item=84f2798f05d595273de40e3046329309&_wpnonce=657d745317 HTTP/1.1" 200 19178 "-" "Mozilla/5.0 (compatible; Barkrowler/0.9; +https://babbar.tech/crawler)"
3.142.195.141 - - [04/Apr/2025:10:17:42 -0400] "GET /product/?add_to_wishlist=6845&product=saucy-la-addictions-grape-fruit-ice HTTP/1.1" 200 17116 "-" "Mozilla/5.0 AppleWebKit/537.36 (KHTML, like Gecko; compatible; ClaudeBot/1.0; +claudebot@anthropic.com)"
217.113.194.7 - - [04/Apr/2025:10:17:42 -0400] "GET /product/?page_id=4002&add_to_wishlist=4925&add-to-cart=12389&remove_item=84f2798f05d595273de40e3046329309&_wpnonce=657d745317 HTTP/1.1" 200 19045 "-" "Mozilla/5.0 (compatible; Barkrowler/0.9; +https://babbar.tech/crawler)"
217.113.194.4 - - [04/Apr/2025:10:17:58 -0400] "GET /product/?page_id=4002&add_to_wishlist=4925&add-to-cart=12353&remove_item=84f2798f05d595273de40e3046329309&_wpnonce=657d745317 HTTP/1.1" 200 19449 "-" "Mozilla/5.0 (compatible; Barkrowler/0.9; +https://babbar.tech/crawler)"
217.113.194.8 - - [04/Apr/2025:10:18:14 -0400] "GET /product/?page_id=4002&add_to_wishlist=4925&add-to-cart=5379&remove_item=84f2798f05d595273de40e3046329309&_wpnonce=657d745317 HTTP/1.1" 200 19380 "-" "Mozilla/5.0 (compatible; Barkrowler/0.9; +https://babbar.tech/crawler)"
217.113.194.4 - - [04/Apr/2025:10:18:31 -0400] "GET /product/?page_id=4002&add_to_wishlist=4925&add-to-cart=5070&remove_item=8074856808ebec0c49403ce3589b28de&_wpnonce=3184299014 HTTP/1.1" 200 19059 "-" "Mozilla/5.0 (compatible; Barkrowler/0.9; +https://babbar.tech/crawler)"
217.113.194.4 - - [04/Apr/2025:10:18:47 -0400] "GET /product/?page_id=4002&add_to_wishlist=4925&add-to-cart=5648&remove_item=84f2798f05d595273de40e3046329309&_wpnonce=657d745317 HTTP/1.1" 200 19097 "-" "Mozilla/5.0 (compatible; Barkrowler/0.9; +https://babbar.tech/crawler)"
216.244.66.234 - - [04/Apr/2025:10:18:56 -0400] "GET /product/?post_type=product&add_to_wishlist=10663&paged=26 HTTP/1.1" 200 179511 "-" "Mozilla/5.0 (compatible; DotBot/1.2; +https://opensiteexplorer.org/dotbot; help@moz.com)"
217.113.194.7 - - [04/Apr/2025:10:19:03 -0400] "GET /product/?page_id=4002&add_to_wishlist=4925&add-to-cart=5648&remove_item=84f2798f05d595273de40e3046329309&_wpnonce=6231adc253 HTTP/1.1" 200 19073 "-" "Mozilla/5.0 (compatible; Barkrowler/0.9; +https://babbar.tech/crawler)"
217.113.194.4 - - [04/Apr/2025:10:19:19 -0400] "GET /product/?page_id=4002&add_to_wishlist=4723&add-to-cart=5648&remove_item=84f2798f05d595273de40e3046329309&_wpnonce=657d745317 HTTP/1.1" 200 19057 "-" "Mozilla/5.0 (compatible; Barkrowler/0.9; +https://babbar.tech/crawler)"
217.113.194.5 - - [04/Apr/2025:10:19:37 -0400] "GET /product/?page_id=4002&add_to_wishlist=4723&add-to-cart=5070&remove_item=8074856808ebec0c49403ce3589b28de&_wpnonce=7977323894 HTTP/1.1" 200 18897 "-" "Mozilla/5.0 (compatible; Barkrowler/0.9; +https://babbar.tech/crawler)"
217.113.194.7 - - [04/Apr/2025:10:19:53 -0400] "GET /product/?page_id=4002&add_to_wishlist=4723&add-to-cart=12189&remove_item=84f2798f05d595273de40e3046329309&_wpnonce=657d745317 HTTP/1.1" 200 19143 "-" "Mozilla/5.0 (compatible; Barkrowler/0.9; +https://babbar.tech/crawler)"
3.17.156.160 - - [04/Apr/2025:10:20:09 -0400] "GET /product/?product=uwell-crown-3-replacement-coils-0-25-ohm HTTP/1.1" 200 17941 "https://vapecompany.com.bd/product/?p=6016" "Mozilla/5.0 AppleWebKit/537.36 (KHTML, like Gecko; compatible; ClaudeBot/1.0; +claudebot@anthropic.com)"
217.113.194.5 - - [04/Apr/2025:10:20:09 -0400] "GET /product/?page_id=4002&add_to_wishlist=4723&add-to-cart=12339&remove_item=84f2798f05d595273de40e3046329309&_wpnonce=657d745317 HTTP/1.1" 200 19183 "-" "Mozilla/5.0 (compatible; Barkrowler/0.9; +https://babbar.tech/crawler)"
3.17.156.160 - - [04/Apr/2025:10:20:25 -0400] "GET /product/?product=uwell-nunchaku-tank-0-25-ohm-coils HTTP/1.1" 200 17721 "https://vapecompany.com.bd/product/?p=6860" "Mozilla/5.0 AppleWebKit/537.36 (KHTML, like Gecko; compatible; ClaudeBot/1.0; +claudebot@anthropic.com)"
217.113.194.8 - - [04/Apr/2025:10:20:26 -0400] "GET /product/?page_id=4002&add_to_wishlist=6256&add-to-cart=5648&remove_item=84f2798f05d595273de40e3046329309&_wpnonce=657d745317 HTTP/1.1" 200 19029 "-" "Mozilla/5.0 (compatible; Barkrowler/0.9; +https://babbar.tech/crawler)"
217.113.194.5 - - [04/Apr/2025:10:20:42 -0400] "GET /product/?page_id=4002&add_to_wishlist=4656&add-to-cart=4708&remove_item=84f2798f05d595273de40e3046329309&_wpnonce=657d745317 HTTP/1.1" 200 19037 "-" "Mozilla/5.0 (compatible; Barkrowler/0.9; +https://babbar.tech/crawler)"
217.113.194.242 - - [04/Apr/2025:10:20:58 -0400] "GET /product/?page_id=4002&add_to_wishlist=4656&add-to-cart=5070&remove_item=8074856808ebec0c49403ce3589b28de&_wpnonce=7977323894 HTTP/1.1" 200 18895 "-" "Mozilla/5.0 (compatible; Barkrowler/0.9; +https://babbar.tech/crawler)"
217.113.194.5 - - [04/Apr/2025:10:21:14 -0400] "GET /product/?page_id=4002&add_to_wishlist=5760&add-to-cart=4813&remove_item=84f2798f05d595273de40e3046329309&_wpnonce=657d745317 HTTP/1.1" 200 18929 "-" "Mozilla/5.0 (compatible; Barkrowler/0.9; +https://babbar.tech/crawler)"
217.113.194.8 - - [04/Apr/2025:10:21:31 -0400] "GET /product/?page_id=4002&add_to_wishlist=5760&add-to-cart=5648&remove_item=84f2798f05d595273de40e3046329309&_wpnonce=657d745317 HTTP/1.1" 200 19199 "-" "Mozilla/5.0 (compatible; Barkrowler/0.9; +https://babbar.tech/crawler)"
217.113.194.7 - - [04/Apr/2025:10:21:47 -0400] "GET /product/?page_id=4002&add_to_wishlist=5760&add-to-cart=5648&remove_item=84f2798f05d595273de40e3046329309&_wpnonce=ae63218667 HTTP/1.1" 200 19029 "-" "Mozilla/5.0 (compatible; Barkrowler/0.9; +https://babbar.tech/crawler)"
185.191.171.15 - - [04/Apr/2025:10:21:59 -0400] "GET /product/?product=geek-vape-nichrome-ni80-28-awg HTTP/1.1" 200 16936 "-" "Mozilla/5.0 (compatible; SemrushBot/7~bl; +http://www.semrush.com/bot.html)"
217.113.194.11 - - [04/Apr/2025:10:22:19 -0400] "GET /product/?page_id=4002&add_to_wishlist=5760&add-to-cart=4918&remove_item=84f2798f05d595273de40e3046329309&_wpnonce=657d745317 HTTP/1.1" 200 19022 "-" "Mozilla/5.0 (compatible; Barkrowler/0.9; +https://babbar.tech/crawler)"
