83.99.151.66 - - [04/Apr/2025:12:58:56 -0400] "GET /product/?product=saucy-la-nic-salts-banana&lost-password HTTP/1.1" 200 17228 "-" "Mozilla/5.0 (X11; Linux x86_64) AppleWebKit/537.36 (KHTML, like Gecko; GeedoProductSearch; +https://geedo.com/product-search.html) Chrome/134.0.0.0 Safari/537.36"
217.113.194.9 - - [04/Apr/2025:12:59:00 -0400] "GET /product/?page_id=4002&add_to_wishlist=12385&add-to-cart=4713&remove_item=84f2798f05d595273de40e3046329309&_wpnonce=6231adc253 HTTP/1.1" 200 19184 "-" "Mozilla/5.0 (compatible; Barkrowler/0.9; +https://babbar.tech/crawler)"
83.99.151.67 - - [04/Apr/2025:12:59:06 -0400] "GET /product/?product=aspire-cobble-replacement-pod HTTP/1.1" 200 17212 "-" "Mozilla/5.0 (X11; Linux x86_64) AppleWebKit/537.36 (KHTML, like Gecko; GeedoProductSearch; +https://geedo.com/product-search.html) Chrome/134.0.0.0 Safari/537.36"
83.99.151.67 - - [04/Apr/2025:12:59:15 -0400] "GET /product/?product=don-cristo-pistachio HTTP/1.1" 200 16987 "-" "Mozilla/5.0 (X11; Linux x86_64) AppleWebKit/537.36 (KHTML, like Gecko; GeedoProductSearch; +https://geedo.com/product-search.html) Chrome/134.0.0.0 Safari/537.36"
217.113.194.2 - - [04/Apr/2025:12:59:17 -0400] "GET /product/?page_id=4002&add_to_wishlist=12385&add-to-cart=4713&remove_item=84f2798f05d595273de40e3046329309&_wpnonce=657d745317 HTTP/1.1" 200 19181 "-" "Mozilla/5.0 (compatible; Barkrowler/0.9; +https://babbar.tech/crawler)"
83.99.151.67 - - [04/Apr/2025:12:59:25 -0400] "GET /product/?page_id=5&wishlist-action=view HTTP/1.1" 200 12841 "-" "Mozilla/5.0 (X11; Linux x86_64) AppleWebKit/537.36 (KHTML, like Gecko; GeedoProductSearch; +https://geedo.com/product-search.html) Chrome/134.0.0.0 Safari/537.36"
52.167.144.138 - - [04/Apr/2025:12:59:29 -0400] "GET /product/wp-admin/admin-ajax.php HTTP/1.1" 400 1 "-" "Mozilla/5.0 AppleWebKit/537.36 (KHTML, like Gecko; compatible; bingbot/2.0; +http://www.bing.com/bingbot.htm) Chrome/116.0.1938.76 Safari/537.36"
217.113.194.5 - - [04/Apr/2025:12:59:33 -0400] "GET /product/?page_id=4002&add_to_wishlist=12385&add-to-cart=5070&remove_item=8074856808ebec0c49403ce3589b28de&_wpnonce=10276543cf HTTP/1.1" 200 18818 "-" "Mozilla/5.0 (compatible; Barkrowler/0.9; +https://babbar.tech/crawler)"
83.99.151.66 - - [04/Apr/2025:12:59:35 -0400] "GET /product/?product=freemax-galex-replacement-pod HTTP/1.1" 200 17411 "-" "Mozilla/5.0 (X11; Linux x86_64) AppleWebKit/537.36 (KHTML, like Gecko; GeedoProductSearch; +https://geedo.com/product-search.html) Chrome/134.0.0.0 Safari/537.36"
83.99.151.67 - - [04/Apr/2025:12:59:45 -0400] "GET /product/?product=aqua-marina-vape-pure HTTP/1.1" 200 17138 "-" "Mozilla/5.0 (X11; Linux x86_64) AppleWebKit/537.36 (KHTML, like Gecko; GeedoProductSearch; +https://geedo.com/product-search.html) Chrome/134.0.0.0 Safari/537.36"
217.113.194.8 - - [04/Apr/2025:12:59:49 -0400] "GET /product/?page_id=4002&add_to_wishlist=12385&add-to-cart=5070&remove_item=8074856808ebec0c49403ce3589b28de&_wpnonce=1826f83260 HTTP/1.1" 200 19057 "-" "Mozilla/5.0 (compatible; Barkrowler/0.9; +https://babbar.tech/crawler)"
154.54.249.193 - - [04/Apr/2025:13:00:05 -0400] "GET /product/?page_id=4002&add_to_wishlist=12385&add-to-cart=5070&remove_item=8074856808ebec0c49403ce3589b28de&_wpnonce=75dded8095 HTTP/1.1" 200 19073 "-" "Mozilla/5.0 (compatible; Barkrowler/0.9; +https://babbar.tech/crawler)"
51.222.253.17 - - [04/Apr/2025:13:00:05 -0400] "GET /product/?s=H&post_type=product&add_to_wishlist=11159&paged=37 HTTP/1.1" 200 22501 "-" "Mozilla/5.0 (compatible; AhrefsBot/7.0; +http://ahrefs.com/robot/)"
83.99.151.71 - - [04/Apr/2025:13:00:06 -0400] "GET /product/?s=9&post_type=product&producta2z=1 HTTP/1.1" 200 16232 "-" "Mozilla/5.0 (X11; Linux x86_64) AppleWebKit/537.36 (KHTML, like Gecko; GeedoProductSearch; +https://geedo.com/product-search.html) Chrome/134.0.0.0 Safari/537.36"
83.99.151.71 - - [04/Apr/2025:13:00:16 -0400] "GET /product/?s=V&post_type=product&producta2z=1&paged=7 HTTP/1.1" 200 19241 "-" "Mozilla/5.0 (X11; Linux x86_64) AppleWebKit/537.36 (KHTML, like Gecko; GeedoProductSearch; +https://geedo.com/product-search.html) Chrome/134.0.0.0 Safari/537.36"
217.113.194.3 - - [04/Apr/2025:13:00:21 -0400] "GET /product/?page_id=4002&add_to_wishlist=12385&add-to-cart=5854&remove_item=956058422500de80654a14d89ca9a010&_wpnonce=6146cf2412 HTTP/1.1" 200 19109 "-" "Mozilla/5.0 (compatible; Barkrowler/0.9; +https://babbar.tech/crawler)"
83.99.151.71 - - [04/Apr/2025:13:00:27 -0400] "GET /product/?product=dripbox-0-2-ohm-coils&lost-password HTTP/1.1" 200 17182 "-" "Mozilla/5.0 (X11; Linux x86_64) AppleWebKit/537.36 (KHTML, like Gecko; GeedoProductSearch; +https://geedo.com/product-search.html) Chrome/134.0.0.0 Safari/537.36"
83.99.151.71 - - [04/Apr/2025:13:00:37 -0400] "GET /product/?product=kings-crest-premium-nic-salt-blueberry-duchess HTTP/1.1" 200 17264 "-" "Mozilla/5.0 (X11; Linux x86_64) AppleWebKit/537.36 (KHTML, like Gecko; GeedoProductSearch; +https://geedo.com/product-search.html) Chrome/134.0.0.0 Safari/537.36"
217.113.194.11 - - [04/Apr/2025:13:00:38 -0400] "GET /product/?page_id=4002&add_to_wishlist=12385&add-to-cart=5852&remove_item=69783ee76a92567d446143b811519068&_wpnonce=8116e87184 HTTP/1.1" 200 18976 "-" "Mozilla/5.0 (compatible; Barkrowler/0.9; +https://babbar.tech/crawler)"
83.99.151.71 - - [04/Apr/2025:13:00:46 -0400] "GET /product/?product=vandy-vape-maze-0-2-ohm-coils&lost-password HTTP/1.1" 200 16564 "-" "Mozilla/5.0 (X11; Linux x86_64) AppleWebKit/537.36 (KHTML, like Gecko; GeedoProductSearch; +https://geedo.com/product-search.html) Chrome/134.0.0.0 Safari/537.36"
217.113.194.9 - - [04/Apr/2025:13:00:54 -0400] "GET /product/?page_id=4002&add_to_wishlist=12385&add-to-cart=5852&remove_item=8074856808ebec0c49403ce3589b28de&_wpnonce=242d7cd617 HTTP/1.1" 200 18995 "-" "Mozilla/5.0 (compatible; Barkrowler/0.9; +https://babbar.tech/crawler)"
83.99.151.71 - - [04/Apr/2025:13:00:56 -0400] "GET /product/?product_cat=crown-tank HTTP/1.1" 200 18784 "-" "Mozilla/5.0 (X11; Linux x86_64) AppleWebKit/537.36 (KHTML, like Gecko; GeedoProductSearch; +https://geedo.com/product-search.html) Chrome/134.0.0.0 Safari/537.36"
217.113.194.8 - - [04/Apr/2025:13:01:10 -0400] "GET /product/?page_id=4002&add_to_wishlist=12385&add-to-cart=5379&remove_item=84f2798f05d595273de40e3046329309&_wpnonce=657d745317 HTTP/1.1" 200 19227 "-" "Mozilla/5.0 (compatible; Barkrowler/0.9; +https://babbar.tech/crawler)"
83.99.151.69 - - [04/Apr/2025:13:01:18 -0400] "GET /product/?product=voopoo-pnp-x-0-2-ohm-replacement-coils HTTP/1.1" 200 17486 "-" "Mozilla/5.0 (X11; Linux x86_64) AppleWebKit/537.36 (KHTML, like Gecko; GeedoProductSearch; +https://geedo.com/product-search.html) Chrome/134.0.0.0 Safari/537.36"
217.113.194.7 - - [04/Apr/2025:13:01:26 -0400] "GET /product/?page_id=4002&add_to_wishlist=12385&add-to-cart=5204&remove_item=84f2798f05d595273de40e3046329309&_wpnonce=657d745317 HTTP/1.1" 200 19129 "-" "Mozilla/5.0 (compatible; Barkrowler/0.9; +https://babbar.tech/crawler)"
83.99.151.67 - - [04/Apr/2025:13:01:28 -0400] "GET /product/?product=advken-doctor-cotton HTTP/1.1" 200 15552 "-" "Mozilla/5.0 (X11; Linux x86_64) AppleWebKit/537.36 (KHTML, like Gecko; GeedoProductSearch; +https://geedo.com/product-search.html) Chrome/134.0.0.0 Safari/537.36"
83.99.151.71 - - [04/Apr/2025:13:01:37 -0400] "GET /product/?product=vaporesso-moti-x-replacement-pod HTTP/1.1" 200 17378 "-" "Mozilla/5.0 (X11; Linux x86_64) AppleWebKit/537.36 (KHTML, like Gecko; GeedoProductSearch; +https://geedo.com/product-search.html) Chrome/134.0.0.0 Safari/537.36"
217.113.194.8 - - [04/Apr/2025:13:01:43 -0400] "GET /product/?page_id=4002&add_to_wishlist=12385&add-to-cart=5783&remove_item=84f2798f05d595273de40e3046329309&_wpnonce=6231adc253 HTTP/1.1" 200 19166 "-" "Mozilla/5.0 (compatible; Barkrowler/0.9; +https://babbar.tech/crawler)"
83.99.151.69 - - [04/Apr/2025:13:01:47 -0400] "GET /product/?product=halo-tribeca-high-vg-50ml HTTP/1.1" 200 17075 "-" "Mozilla/5.0 (X11; Linux x86_64) AppleWebKit/537.36 (KHTML, like Gecko; GeedoProductSearch; +https://geedo.com/product-search.html) Chrome/134.0.0.0 Safari/537.36"
83.99.151.66 - - [04/Apr/2025:13:01:57 -0400] "GET /product/?product_cat=crushed-soda HTTP/1.1" 200 16089 "-" "Mozilla/5.0 (X11; Linux x86_64) AppleWebKit/537.36 (KHTML, like Gecko; GeedoProductSearch; +https://geedo.com/product-search.html) Chrome/134.0.0.0 Safari/537.36"
217.113.194.10 - - [04/Apr/2025:13:01:59 -0400] "GET /product/?page_id=4002&add_to_wishlist=12385&add-to-cart=5783&remove_item=84f2798f05d595273de40e3046329309&_wpnonce=657d745317 HTTP/1.1" 200 19209 "-" "Mozilla/5.0 (compatible; Barkrowler/0.9; +https://babbar.tech/crawler)"
83.99.151.69 - - [04/Apr/2025:13:02:07 -0400] "GET /product/?product=rofvape-mix-twisted-wire-shots-118mm HTTP/1.1" 200 16811 "-" "Mozilla/5.0 (X11; Linux x86_64) AppleWebKit/537.36 (KHTML, like Gecko; GeedoProductSearch; +https://geedo.com/product-search.html) Chrome/134.0.0.0 Safari/537.36"
51.222.253.7 - - [04/Apr/2025:13:02:15 -0400] "GET /product/?s=R&post_type=product&add_to_wishlist=12069&paged=50 HTTP/1.1" 404 61731 "-" "Mozilla/5.0 (compatible; AhrefsBot/7.0; +http://ahrefs.com/robot/)"
217.113.194.9 - - [04/Apr/2025:13:02:15 -0400] "GET /product/?page_id=4002&add_to_wishlist=12385&add-to-cart=4772&remove_item=84f2798f05d595273de40e3046329309&_wpnonce=657d745317 HTTP/1.1" 200 18926 "-" "Mozilla/5.0 (compatible; Barkrowler/0.9; +https://babbar.tech/crawler)"
83.99.151.67 - - [04/Apr/2025:13:02:29 -0400] "GET /product/?product=kings-crest-premium-nic-salt-don-juan-churro HTTP/1.1" 200 17251 "-" "Mozilla/5.0 (X11; Linux x86_64) AppleWebKit/537.36 (KHTML, like Gecko; GeedoProductSearch; +https://geedo.com/product-search.html) Chrome/134.0.0.0 Safari/537.36"
217.113.194.9 - - [04/Apr/2025:13:02:31 -0400] "GET /product/?page_id=4002&add_to_wishlist=12385&add-to-cart=4644&remove_item=69783ee76a92567d446143b811519068&_wpnonce=41254726a3 HTTP/1.1" 200 18941 "-" "Mozilla/5.0 (compatible; Barkrowler/0.9; +https://babbar.tech/crawler)"
83.99.151.64 - - [04/Apr/2025:13:02:38 -0400] "GET /product/?product=vaporesso-luxe-xr-dtl-replacement-pod&lost-password HTTP/1.1" 200 17450 "-" "Mozilla/5.0 (X11; Linux x86_64) AppleWebKit/537.36 (KHTML, like Gecko; GeedoProductSearch; +https://geedo.com/product-search.html) Chrome/134.0.0.0 Safari/537.36"
217.113.194.6 - - [04/Apr/2025:13:02:47 -0400] "GET /product/?page_id=4002&add_to_wishlist=12385&add-to-cart=4644&remove_item=8074856808ebec0c49403ce3589b28de&_wpnonce=7977323894 HTTP/1.1" 200 19115 "-" "Mozilla/5.0 (compatible; Barkrowler/0.9; +https://babbar.tech/crawler)"
83.99.151.67 - - [04/Apr/2025:13:02:48 -0400] "GET /product/?product=advken-doctor-cotton&lost-password HTTP/1.1" 200 15563 "-" "Mozilla/5.0 (X11; Linux x86_64) AppleWebKit/537.36 (KHTML, like Gecko; GeedoProductSearch; +https://geedo.com/product-search.html) Chrome/134.0.0.0 Safari/537.36"
83.99.151.67 - - [04/Apr/2025:13:02:58 -0400] "GET /product/?product_cat=nic-salt-liquids-by-brands HTTP/1.1" 200 21552 "-" "Mozilla/5.0 (X11; Linux x86_64) AppleWebKit/537.36 (KHTML, like Gecko; GeedoProductSearch; +https://geedo.com/product-search.html) Chrome/134.0.0.0 Safari/537.36"
217.113.194.10 - - [04/Apr/2025:13:03:03 -0400] "GET /product/?page_id=4002&add_to_wishlist=12385&add-to-cart=4646&remove_item=84f2798f05d595273de40e3046329309&_wpnonce=657d745317 HTTP/1.1" 200 19057 "-" "Mozilla/5.0 (compatible; Barkrowler/0.9; +https://babbar.tech/crawler)"
83.99.151.67 - - [04/Apr/2025:13:03:08 -0400] "GET /product/?s=W&post_type=product&producta2z=1 HTTP/1.1" 200 21215 "-" "Mozilla/5.0 (X11; Linux x86_64) AppleWebKit/537.36 (KHTML, like Gecko; GeedoProductSearch; +https://geedo.com/product-search.html) Chrome/134.0.0.0 Safari/537.36"
83.99.151.67 - - [04/Apr/2025:13:03:19 -0400] "GET /product/?product=atomic-nic-salts-tobacco-bliss HTTP/1.1" 200 17312 "-" "Mozilla/5.0 (X11; Linux x86_64) AppleWebKit/537.36 (KHTML, like Gecko; GeedoProductSearch; +https://geedo.com/product-search.html) Chrome/134.0.0.0 Safari/537.36"
217.113.194.11 - - [04/Apr/2025:13:03:21 -0400] "GET /product/?page_id=4002&add_to_wishlist=12385&add-to-cart=5326&remove_item=84f2798f05d595273de40e3046329309&_wpnonce=ae63218667 HTTP/1.1" 200 19399 "-" "Mozilla/5.0 (compatible; Barkrowler/0.9; +https://babbar.tech/crawler)"
217.113.194.3 - - [04/Apr/2025:13:03:38 -0400] "GET /product/?page_id=4002&add_to_wishlist=12385&add-to-cart=5223&remove_item=84f2798f05d595273de40e3046329309&_wpnonce=6231adc253 HTTP/1.1" 200 19125 "-" "Mozilla/5.0 (compatible; Barkrowler/0.9; +https://babbar.tech/crawler)"
83.99.151.67 - - [04/Apr/2025:13:03:41 -0400] "GET /product/?product=vandyvape-bskr-mtl-1-5-ohm-coils&lost-password HTTP/1.1" 200 17400 "-" "Mozilla/5.0 (X11; Linux x86_64) AppleWebKit/537.36 (KHTML, like Gecko; GeedoProductSearch; +https://geedo.com/product-search.html) Chrome/134.0.0.0 Safari/537.36"
83.99.151.68 - - [04/Apr/2025:13:03:50 -0400] "GET /product/?product_cat=fruision-salts HTTP/1.1" 200 17676 "-" "Mozilla/5.0 (X11; Linux x86_64) AppleWebKit/537.36 (KHTML, like Gecko; GeedoProductSearch; +https://geedo.com/product-search.html) Chrome/134.0.0.0 Safari/537.36"
78.111.67.74 - - [04/Apr/2025:13:03:54 -0400] "GET /wp-content/plugins/ioptimization/IOptimize.php?rchk HTTP/1.1" 404 25948 "www.google.com" "Mozlila/5.0 (Linux; Android 7.0; SM-G892A Bulid/NRD90M; wv) AppleWebKit/537.36 (KHTML, like Gecko) Version/4.0 Chrome/60.0.3112.107 Moblie Safari/537.36"
78.111.67.74 - - [04/Apr/2025:13:03:55 -0400] "GET /wp-content/plugins/seoplugins/mar.php HTTP/1.1" 404 25934 "www.google.com" "Mozlila/5.0 (Linux; Android 7.0; SM-G892A Bulid/NRD90M; wv) AppleWebKit/537.36 (KHTML, like Gecko) Version/4.0 Chrome/60.0.3112.107 Moblie Safari/537.36"
78.111.67.74 - - [04/Apr/2025:13:03:57 -0400] "GET /wp-content/themes/seotheme/mar.php HTTP/1.1" 404 25931 "www.google.com" "Mozlila/5.0 (Linux; Android 7.0; SM-G892A Bulid/NRD90M; wv) AppleWebKit/537.36 (KHTML, like Gecko) Version/4.0 Chrome/60.0.3112.107 Moblie Safari/537.36"
78.111.67.74 - - [04/Apr/2025:13:03:58 -0400] "GET /wp-content/plugins/instabuilder2/cache/up.php HTTP/1.1" 404 25943 "www.google.com" "Mozlila/5.0 (Linux; Android 7.0; SM-G892A Bulid/NRD90M; wv) AppleWebKit/537.36 (KHTML, like Gecko) Version/4.0 Chrome/60.0.3112.107 Moblie Safari/537.36"
78.111.67.74 - - [04/Apr/2025:13:04:00 -0400] "GET /index.php?3x=3x HTTP/1.1" 301 - "-" "python-requests/2.31.0"
78.111.67.74 - - [04/Apr/2025:13:04:00 -0400] "GET /?3x=3x HTTP/1.1" 200 10865 "-" "python-requests/2.31.0"
78.111.67.74 - - [04/Apr/2025:13:04:00 -0400] "GET /wp-content/themes/pridmag/db.php?u HTTP/1.1" 404 25931 "www.google.com" "Mozlila/5.0 (Linux; Android 7.0; SM-G892A Bulid/NRD90M; wv) AppleWebKit/537.36 (KHTML, like Gecko) Version/4.0 Chrome/60.0.3112.107 Moblie Safari/537.36"
83.99.151.65 - - [04/Apr/2025:13:04:00 -0400] "GET /product/?product=poet-salts-grandmas-lemon-cake HTTP/1.1" 200 17364 "-" "Mozilla/5.0 (X11; Linux x86_64) AppleWebKit/537.36 (KHTML, like Gecko; GeedoProductSearch; +https://geedo.com/product-search.html) Chrome/134.0.0.0 Safari/537.36"
78.111.67.74 - - [04/Apr/2025:13:04:02 -0400] "GET /shell20211028.php HTTP/1.1" 404 25911 "www.google.com" "Mozlila/5.0 (Linux; Android 7.0; SM-G892A Bulid/NRD90M; wv) AppleWebKit/537.36 (KHTML, like Gecko) Version/4.0 Chrome/60.0.3112.107 Moblie Safari/537.36"
78.111.67.74 - - [04/Apr/2025:13:04:03 -0400] "GET /wp-includes/shell20211028.php HTTP/1.1" 404 25924 "www.google.com" "Mozlila/5.0 (Linux; Android 7.0; SM-G892A Bulid/NRD90M; wv) AppleWebKit/537.36 (KHTML, like Gecko) Version/4.0 Chrome/60.0.3112.107 Moblie Safari/537.36"
78.111.67.74 - - [04/Apr/2025:13:04:05 -0400] "GET /wp-admin/shell20211028.php HTTP/1.1" 404 25921 "www.google.com" "Mozlila/5.0 (Linux; Android 7.0; SM-G892A Bulid/NRD90M; wv) AppleWebKit/537.36 (KHTML, like Gecko) Version/4.0 Chrome/60.0.3112.107 Moblie Safari/537.36"
78.111.67.74 - - [04/Apr/2025:13:04:06 -0400] "GET /wp-content/shell20211028.php HTTP/1.1" 404 25923 "www.google.com" "Mozlila/5.0 (Linux; Android 7.0; SM-G892A Bulid/NRD90M; wv) AppleWebKit/537.36 (KHTML, like Gecko) Version/4.0 Chrome/60.0.3112.107 Moblie Safari/537.36"
78.111.67.74 - - [04/Apr/2025:13:04:08 -0400] "GET /wp-content/plugins/instabuilder2/cache/plugins/moon.php HTTP/1.1" 404 25954 "www.google.com" "Mozlila/5.0 (Linux; Android 7.0; SM-G892A Bulid/NRD90M; wv) AppleWebKit/537.36 (KHTML, like Gecko) Version/4.0 Chrome/60.0.3112.107 Moblie Safari/537.36"
78.111.67.74 - - [04/Apr/2025:13:04:09 -0400] "GET /radio.php HTTP/1.1" 404 25903 "www.google.com" "Mozlila/5.0 (Linux; Android 7.0; SM-G892A Bulid/NRD90M; wv) AppleWebKit/537.36 (KHTML, like Gecko) Version/4.0 Chrome/60.0.3112.107 Moblie Safari/537.36"
83.99.151.66 - - [04/Apr/2025:13:04:10 -0400] "GET /product/?product=geek-vape-juggernaut-ka1-2838-x-2-ribbon-38-x-24-awg-wire&lost-password HTTP/1.1" 200 17033 "-" "Mozilla/5.0 (X11; Linux x86_64) AppleWebKit/537.36 (KHTML, like Gecko; GeedoProductSearch; +https://geedo.com/product-search.html) Chrome/134.0.0.0 Safari/537.36"
78.111.67.74 - - [04/Apr/2025:13:04:11 -0400] "GET /shell.php HTTP/1.1" 404 25903 "www.google.com" "Mozlila/5.0 (Linux; Android 7.0; SM-G892A Bulid/NRD90M; wv) AppleWebKit/537.36 (KHTML, like Gecko) Version/4.0 Chrome/60.0.3112.107 Moblie Safari/537.36"
78.111.67.74 - - [04/Apr/2025:13:04:12 -0400] "GET /wp-content/plugins/ccx/index.php HTTP/1.1" 301 - "www.google.com" "Mozlila/5.0 (Linux; Android 7.0; SM-G892A Bulid/NRD90M; wv) AppleWebKit/537.36 (KHTML, like Gecko) Version/4.0 Chrome/60.0.3112.107 Moblie Safari/537.36"
78.111.67.74 - - [04/Apr/2025:13:04:13 -0400] "GET /wp-content/plugins/ccx/ HTTP/1.1" 404 25920 "www.google.com" "Mozlila/5.0 (Linux; Android 7.0; SM-G892A Bulid/NRD90M; wv) AppleWebKit/537.36 (KHTML, like Gecko) Version/4.0 Chrome/60.0.3112.107 Moblie Safari/537.36"
217.113.194.5 - - [04/Apr/2025:13:04:13 -0400] "GET /product/?page_id=4002&add_to_wishlist=12385&add-to-cart=5369&remove_item=69783ee76a92567d446143b811519068&_wpnonce=41254726a3 HTTP/1.1" 200 18939 "-" "Mozilla/5.0 (compatible; Barkrowler/0.9; +https://babbar.tech/crawler)"
78.111.67.74 - - [04/Apr/2025:13:04:15 -0400] "GET /ccx/index.php HTTP/1.1" 301 - "www.google.com" "Mozlila/5.0 (Linux; Android 7.0; SM-G892A Bulid/NRD90M; wv) AppleWebKit/537.36 (KHTML, like Gecko) Version/4.0 Chrome/60.0.3112.107 Moblie Safari/537.36"
78.111.67.74 - - [04/Apr/2025:13:04:15 -0400] "GET /ccx/ HTTP/1.1" 404 25899 "www.google.com" "Mozlila/5.0 (Linux; Android 7.0; SM-G892A Bulid/NRD90M; wv) AppleWebKit/537.36 (KHTML, like Gecko) Version/4.0 Chrome/60.0.3112.107 Moblie Safari/537.36"
78.111.67.74 - - [04/Apr/2025:13:04:17 -0400] "GET /wp-content/themes/ccx/index.php HTTP/1.1" 301 - "www.google.com" "Mozlila/5.0 (Linux; Android 7.0; SM-G892A Bulid/NRD90M; wv) AppleWebKit/537.36 (KHTML, like Gecko) Version/4.0 Chrome/60.0.3112.107 Moblie Safari/537.36"
78.111.67.74 - - [04/Apr/2025:13:04:18 -0400] "GET /wp-content/themes/ccx/ HTTP/1.1" 404 25919 "www.google.com" "Mozlila/5.0 (Linux; Android 7.0; SM-G892A Bulid/NRD90M; wv) AppleWebKit/537.36 (KHTML, like Gecko) Version/4.0 Chrome/60.0.3112.107 Moblie Safari/537.36"
78.111.67.74 - - [04/Apr/2025:13:04:19 -0400] "GET /wp-content/index.php HTTP/1.1" 200 - "www.google.com" "Mozlila/5.0 (Linux; Android 7.0; SM-G892A Bulid/NRD90M; wv) AppleWebKit/537.36 (KHTML, like Gecko) Version/4.0 Chrome/60.0.3112.107 Moblie Safari/537.36"
78.111.67.74 - - [04/Apr/2025:13:04:20 -0400] "GET /wp-info.php HTTP/1.1" 404 25905 "www.google.com" "Mozlila/5.0 (Linux; Android 7.0; SM-G892A Bulid/NRD90M; wv) AppleWebKit/537.36 (KHTML, like Gecko) Version/4.0 Chrome/60.0.3112.107 Moblie Safari/537.36"
78.111.67.74 - - [04/Apr/2025:13:04:24 -0400] "GET /wp-includes/wp-class.php HTTP/1.1" 404 25919 "www.google.com" "Mozlila/5.0 (Linux; Android 7.0; SM-G892A Bulid/NRD90M; wv) AppleWebKit/537.36 (KHTML, like Gecko) Version/4.0 Chrome/60.0.3112.107 Moblie Safari/537.36"
78.111.67.74 - - [04/Apr/2025:13:04:25 -0400] "GET /404.php HTTP/1.1" 404 25901 "www.google.com" "Mozlila/5.0 (Linux; Android 7.0; SM-G892A Bulid/NRD90M; wv) AppleWebKit/537.36 (KHTML, like Gecko) Version/4.0 Chrome/60.0.3112.107 Moblie Safari/537.36"
78.111.67.74 - - [04/Apr/2025:13:04:27 -0400] "GET /406.php HTTP/1.1" 404 25901 "www.google.com" "Mozlila/5.0 (Linux; Android 7.0; SM-G892A Bulid/NRD90M; wv) AppleWebKit/537.36 (KHTML, like Gecko) Version/4.0 Chrome/60.0.3112.107 Moblie Safari/537.36"
78.111.67.74 - - [04/Apr/2025:13:04:28 -0400] "GET /wp-class.php HTTP/1.1" 404 25906 "www.google.com" "Mozlila/5.0 (Linux; Android 7.0; SM-G892A Bulid/NRD90M; wv) AppleWebKit/537.36 (KHTML, like Gecko) Version/4.0 Chrome/60.0.3112.107 Moblie Safari/537.36"
78.111.67.74 - - [04/Apr/2025:13:04:30 -0400] "GET /1index.php HTTP/1.1" 404 25904 "www.google.com" "Mozlila/5.0 (Linux; Android 7.0; SM-G892A Bulid/NRD90M; wv) AppleWebKit/537.36 (KHTML, like Gecko) Version/4.0 Chrome/60.0.3112.107 Moblie Safari/537.36"
217.113.194.3 - - [04/Apr/2025:13:04:30 -0400] "GET /product/?page_id=4002&add_to_wishlist=12385&add-to-cart=5369&remove_item=8074856808ebec0c49403ce3589b28de&_wpnonce=7977323894 HTTP/1.1" 200 19166 "-" "Mozilla/5.0 (compatible; Barkrowler/0.9; +https://babbar.tech/crawler)"
83.99.151.65 - - [04/Apr/2025:13:04:30 -0400] "GET /product/?s=H&post_type=product&producta2z=1 HTTP/1.1" 200 21689 "-" "Mozilla/5.0 (X11; Linux x86_64) AppleWebKit/537.36 (KHTML, like Gecko; GeedoProductSearch; +https://geedo.com/product-search.html) Chrome/134.0.0.0 Safari/537.36"
78.111.67.74 - - [04/Apr/2025:13:04:32 -0400] "GET /2index.php HTTP/1.1" 404 25904 "www.google.com" "Mozlila/5.0 (Linux; Android 7.0; SM-G892A Bulid/NRD90M; wv) AppleWebKit/537.36 (KHTML, like Gecko) Version/4.0 Chrome/60.0.3112.107 Moblie Safari/537.36"
78.111.67.74 - - [04/Apr/2025:13:04:33 -0400] "GET /3index.php HTTP/1.1" 404 25904 "www.google.com" "Mozlila/5.0 (Linux; Android 7.0; SM-G892A Bulid/NRD90M; wv) AppleWebKit/537.36 (KHTML, like Gecko) Version/4.0 Chrome/60.0.3112.107 Moblie Safari/537.36"
78.111.67.74 - - [04/Apr/2025:13:04:35 -0400] "GET /4index.php HTTP/1.1" 404 25904 "www.google.com" "Mozlila/5.0 (Linux; Android 7.0; SM-G892A Bulid/NRD90M; wv) AppleWebKit/537.36 (KHTML, like Gecko) Version/4.0 Chrome/60.0.3112.107 Moblie Safari/537.36"
40.77.167.64 - - [04/Apr/2025:13:04:35 -0400] "GET /product/?product=voopoo-vinci-3-replacement-pod HTTP/1.1" 200 17343 "-" "Mozilla/5.0 AppleWebKit/537.36 (KHTML, like Gecko; compatible; bingbot/2.0; +http://www.bing.com/bingbot.htm) Chrome/116.0.1938.76 Safari/537.36"
78.111.67.74 - - [04/Apr/2025:13:04:37 -0400] "GET /5index.php HTTP/1.1" 404 25904 "www.google.com" "Mozlila/5.0 (Linux; Android 7.0; SM-G892A Bulid/NRD90M; wv) AppleWebKit/537.36 (KHTML, like Gecko) Version/4.0 Chrome/60.0.3112.107 Moblie Safari/537.36"
78.111.67.74 - - [04/Apr/2025:13:04:38 -0400] "GET /6index.php HTTP/1.1" 404 25904 "www.google.com" "Mozlila/5.0 (Linux; Android 7.0; SM-G892A Bulid/NRD90M; wv) AppleWebKit/537.36 (KHTML, like Gecko) Version/4.0 Chrome/60.0.3112.107 Moblie Safari/537.36"
78.111.67.74 - - [04/Apr/2025:13:04:40 -0400] "GET /new-index.php HTTP/1.1" 404 25907 "www.google.com" "Mozlila/5.0 (Linux; Android 7.0; SM-G892A Bulid/NRD90M; wv) AppleWebKit/537.36 (KHTML, like Gecko) Version/4.0 Chrome/60.0.3112.107 Moblie Safari/537.36"
78.111.67.74 - - [04/Apr/2025:13:04:41 -0400] "GET /wikindex.php HTTP/1.1" 404 25906 "www.google.com" "Mozlila/5.0 (Linux; Android 7.0; SM-G892A Bulid/NRD90M; wv) AppleWebKit/537.36 (KHTML, like Gecko) Version/4.0 Chrome/60.0.3112.107 Moblie Safari/537.36"
78.111.67.74 - - [04/Apr/2025:13:04:43 -0400] "GET /old-index.php HTTP/1.1" 404 25907 "www.google.com" "Mozlila/5.0 (Linux; Android 7.0; SM-G892A Bulid/NRD90M; wv) AppleWebKit/537.36 (KHTML, like Gecko) Version/4.0 Chrome/60.0.3112.107 Moblie Safari/537.36"
78.111.67.74 - - [04/Apr/2025:13:04:45 -0400] "GET /wp-blog.php HTTP/1.1" 404 25905 "www.google.com" "Mozlila/5.0 (Linux; Android 7.0; SM-G892A Bulid/NRD90M; wv) AppleWebKit/537.36 (KHTML, like Gecko) Version/4.0 Chrome/60.0.3112.107 Moblie Safari/537.36"
78.111.67.74 - - [04/Apr/2025:13:04:46 -0400] "GET /data.php HTTP/1.1" 404 25902 "www.google.com" "Mozlila/5.0 (Linux; Android 7.0; SM-G892A Bulid/NRD90M; wv) AppleWebKit/537.36 (KHTML, like Gecko) Version/4.0 Chrome/60.0.3112.107 Moblie Safari/537.36"
217.113.194.7 - - [04/Apr/2025:13:04:46 -0400] "GET /product/?page_id=4002&add_to_wishlist=12385&add-to-cart=5369&remove_item=84f2798f05d595273de40e3046329309&_wpnonce=657d745317 HTTP/1.1" 200 19043 "-" "Mozilla/5.0 (compatible; Barkrowler/0.9; +https://babbar.tech/crawler)"
78.111.67.74 - - [04/Apr/2025:13:04:48 -0400] "GET /wp-includes/embed-wp.php HTTP/1.1" 404 25919 "www.google.com" "Mozlila/5.0 (Linux; Android 7.0; SM-G892A Bulid/NRD90M; wv) AppleWebKit/537.36 (KHTML, like Gecko) Version/4.0 Chrome/60.0.3112.107 Moblie Safari/537.36"
78.111.67.74 - - [04/Apr/2025:13:04:49 -0400] "GET /fw.php HTTP/1.1" 404 25900 "www.google.com" "Mozlila/5.0 (Linux; Android 7.0; SM-G892A Bulid/NRD90M; wv) AppleWebKit/537.36 (KHTML, like Gecko) Version/4.0 Chrome/60.0.3112.107 Moblie Safari/537.36"
78.111.67.74 - - [04/Apr/2025:13:04:51 -0400] "GET /x.php HTTP/1.1" 404 25899 "www.google.com" "Mozlila/5.0 (Linux; Android 7.0; SM-G892A Bulid/NRD90M; wv) AppleWebKit/537.36 (KHTML, like Gecko) Version/4.0 Chrome/60.0.3112.107 Moblie Safari/537.36"
83.99.151.67 - - [04/Apr/2025:13:04:51 -0400] "GET /product/?product=coastal-clouds-salts-caramel-brulee HTTP/1.1" 200 17233 "-" "Mozilla/5.0 (X11; Linux x86_64) AppleWebKit/537.36 (KHTML, like Gecko; GeedoProductSearch; +https://geedo.com/product-search.html) Chrome/134.0.0.0 Safari/537.36"
78.111.67.74 - - [04/Apr/2025:13:04:52 -0400] "GET /c.php HTTP/1.1" 404 25899 "www.google.com" "Mozlila/5.0 (Linux; Android 7.0; SM-G892A Bulid/NRD90M; wv) AppleWebKit/537.36 (KHTML, like Gecko) Version/4.0 Chrome/60.0.3112.107 Moblie Safari/537.36"
78.111.67.74 - - [04/Apr/2025:13:04:54 -0400] "GET /a.php HTTP/1.1" 404 25899 "www.google.com" "Mozlila/5.0 (Linux; Android 7.0; SM-G892A Bulid/NRD90M; wv) AppleWebKit/537.36 (KHTML, like Gecko) Version/4.0 Chrome/60.0.3112.107 Moblie Safari/537.36"
78.111.67.74 - - [04/Apr/2025:13:04:55 -0400] "GET /css.php HTTP/1.1" 404 25901 "www.google.com" "Mozlila/5.0 (Linux; Android 7.0; SM-G892A Bulid/NRD90M; wv) AppleWebKit/537.36 (KHTML, like Gecko) Version/4.0 Chrome/60.0.3112.107 Moblie Safari/537.36"
78.111.67.74 - - [04/Apr/2025:13:04:58 -0400] "GET /wp-admin/fw.php HTTP/1.1" 404 25910 "www.google.com" "Mozlila/5.0 (Linux; Android 7.0; SM-G892A Bulid/NRD90M; wv) AppleWebKit/537.36 (KHTML, like Gecko) Version/4.0 Chrome/60.0.3112.107 Moblie Safari/537.36"
78.111.67.74 - - [04/Apr/2025:13:05:00 -0400] "GET /gank.php.PhP HTTP/1.1" 404 25906 "www.google.com" "Mozlila/5.0 (Linux; Android 7.0; SM-G892A Bulid/NRD90M; wv) AppleWebKit/537.36 (KHTML, like Gecko) Version/4.0 Chrome/60.0.3112.107 Moblie Safari/537.36"
78.111.67.74 - - [04/Apr/2025:13:05:02 -0400] "GET /doc.php HTTP/1.1" 404 25901 "www.google.com" "Mozlila/5.0 (Linux; Android 7.0; SM-G892A Bulid/NRD90M; wv) AppleWebKit/537.36 (KHTML, like Gecko) Version/4.0 Chrome/60.0.3112.107 Moblie Safari/537.36"
83.99.151.67 - - [04/Apr/2025:13:05:02 -0400] "GET /product/?product=district-one-21-salts-salted-caramel HTTP/1.1" 200 17379 "-" "Mozilla/5.0 (X11; Linux x86_64) AppleWebKit/537.36 (KHTML, like Gecko; GeedoProductSearch; +https://geedo.com/product-search.html) Chrome/134.0.0.0 Safari/537.36"
217.113.194.6 - - [04/Apr/2025:13:05:02 -0400] "GET /product/?page_id=4002&add_to_wishlist=12385&add-to-cart=4769&remove_item=956058422500de80654a14d89ca9a010&_wpnonce=619f916367 HTTP/1.1" 200 19082 "-" "Mozilla/5.0 (compatible; Barkrowler/0.9; +https://babbar.tech/crawler)"
78.111.67.74 - - [04/Apr/2025:13:05:04 -0400] "GET /.Wp-back.phP HTTP/1.1" 404 25906 "www.google.com" "Mozlila/5.0 (Linux; Android 7.0; SM-G892A Bulid/NRD90M; wv) AppleWebKit/537.36 (KHTML, like Gecko) Version/4.0 Chrome/60.0.3112.107 Moblie Safari/537.36"
78.111.67.74 - - [04/Apr/2025:13:05:05 -0400] "GET /wso112233.php HTTP/1.1" 404 25907 "www.google.com" "Mozlila/5.0 (Linux; Android 7.0; SM-G892A Bulid/NRD90M; wv) AppleWebKit/537.36 (KHTML, like Gecko) Version/4.0 Chrome/60.0.3112.107 Moblie Safari/537.36"
78.111.67.74 - - [04/Apr/2025:13:05:07 -0400] "GET /wp-admin/wso.php HTTP/1.1" 404 25911 "www.google.com" "Mozlila/5.0 (Linux; Android 7.0; SM-G892A Bulid/NRD90M; wv) AppleWebKit/537.36 (KHTML, like Gecko) Version/4.0 Chrome/60.0.3112.107 Moblie Safari/537.36"
78.111.67.74 - - [04/Apr/2025:13:05:08 -0400] "GET /wp-content/wso.php HTTP/1.1" 404 25913 "www.google.com" "Mozlila/5.0 (Linux; Android 7.0; SM-G892A Bulid/NRD90M; wv) AppleWebKit/537.36 (KHTML, like Gecko) Version/4.0 Chrome/60.0.3112.107 Moblie Safari/537.36"
78.111.67.74 - - [04/Apr/2025:13:05:10 -0400] "GET /wp-includes/wso.php HTTP/1.1" 404 25914 "www.google.com" "Mozlila/5.0 (Linux; Android 7.0; SM-G892A Bulid/NRD90M; wv) AppleWebKit/537.36 (KHTML, like Gecko) Version/4.0 Chrome/60.0.3112.107 Moblie Safari/537.36"
78.111.67.74 - - [04/Apr/2025:13:05:12 -0400] "GET /wp-admin/includes/logs.php HTTP/1.1" 404 25922 "www.google.com" "Mozlila/5.0 (Linux; Android 7.0; SM-G892A Bulid/NRD90M; wv) AppleWebKit/537.36 (KHTML, like Gecko) Version/4.0 Chrome/60.0.3112.107 Moblie Safari/537.36"
83.99.151.71 - - [04/Apr/2025:13:05:11 -0400] "GET /product/?product=geek-vape-ss316l-flat-clapton-ribbon-26x18-awg-32-awg&lost-password HTTP/1.1" 200 17025 "-" "Mozilla/5.0 (X11; Linux x86_64) AppleWebKit/537.36 (KHTML, like Gecko; GeedoProductSearch; +https://geedo.com/product-search.html) Chrome/134.0.0.0 Safari/537.36"
78.111.67.74 - - [04/Apr/2025:13:05:13 -0400] "GET /wp-includes/pomo/treame.php HTTP/1.1" 404 25923 "www.google.com" "Mozlila/5.0 (Linux; Android 7.0; SM-G892A Bulid/NRD90M; wv) AppleWebKit/537.36 (KHTML, like Gecko) Version/4.0 Chrome/60.0.3112.107 Moblie Safari/537.36"
78.111.67.74 - - [04/Apr/2025:13:05:15 -0400] "GET /wp-includes/ID3/vp.php HTTP/1.1" 404 25918 "www.google.com" "Mozlila/5.0 (Linux; Android 7.0; SM-G892A Bulid/NRD90M; wv) AppleWebKit/537.36 (KHTML, like Gecko) Version/4.0 Chrome/60.0.3112.107 Moblie Safari/537.36"
78.111.67.74 - - [04/Apr/2025:13:05:16 -0400] "GET /.well-known/acme-challenge/Alfa.php HTTP/1.1" 404 25931 "www.google.com" "Mozlila/5.0 (Linux; Android 7.0; SM-G892A Bulid/NRD90M; wv) AppleWebKit/537.36 (KHTML, like Gecko) Version/4.0 Chrome/60.0.3112.107 Moblie Safari/537.36"
78.111.67.74 - - [04/Apr/2025:13:05:17 -0400] "GET /.well-known/acme-challenge/atomlib.php HTTP/1.1" 404 25934 "www.google.com" "Mozlila/5.0 (Linux; Android 7.0; SM-G892A Bulid/NRD90M; wv) AppleWebKit/537.36 (KHTML, like Gecko) Version/4.0 Chrome/60.0.3112.107 Moblie Safari/537.36"
78.111.67.74 - - [04/Apr/2025:13:05:19 -0400] "GET /mt/pekok.php HTTP/1.1" 404 25907 "www.google.com" "Mozlila/5.0 (Linux; Android 7.0; SM-G892A Bulid/NRD90M; wv) AppleWebKit/537.36 (KHTML, like Gecko) Version/4.0 Chrome/60.0.3112.107 Moblie Safari/537.36"
217.113.194.7 - - [04/Apr/2025:13:05:19 -0400] "GET /product/?page_id=4002&add_to_wishlist=12385&add-to-cart=4622&remove_item=956058422500de80654a14d89ca9a010&_wpnonce=6146cf2412 HTTP/1.1" 200 19170 "-" "Mozilla/5.0 (compatible; Barkrowler/0.9; +https://babbar.tech/crawler)"
78.111.67.74 - - [04/Apr/2025:13:05:21 -0400] "GET /wp-includes/widgets/class-wp-widget-index.php HTTP/1.1" 404 25941 "www.google.com" "Mozlila/5.0 (Linux; Android 7.0; SM-G892A Bulid/NRD90M; wv) AppleWebKit/537.36 (KHTML, like Gecko) Version/4.0 Chrome/60.0.3112.107 Moblie Safari/537.36"
78.111.67.74 - - [04/Apr/2025:13:05:22 -0400] "GET /wp-content/plugins/wp-file-manager/lib/php/connector.minimal.php HTTP/1.1" 404 25963 "www.google.com" "Mozlila/5.0 (Linux; Android 7.0; SM-G892A Bulid/NRD90M; wv) AppleWebKit/537.36 (KHTML, like Gecko) Version/4.0 Chrome/60.0.3112.107 Moblie Safari/537.36"
83.99.151.67 - - [04/Apr/2025:13:05:22 -0400] "GET /product/?product=geek-vape-kanthal-twisted-clapton-ka1-28x2-32-awg-wire HTTP/1.1" 200 17021 "-" "Mozilla/5.0 (X11; Linux x86_64) AppleWebKit/537.36 (KHTML, like Gecko; GeedoProductSearch; +https://geedo.com/product-search.html) Chrome/134.0.0.0 Safari/537.36"
78.111.67.74 - - [04/Apr/2025:13:05:24 -0400] "GET /wp-admin/alfa.php HTTP/1.1" 404 25912 "www.google.com" "Mozlila/5.0 (Linux; Android 7.0; SM-G892A Bulid/NRD90M; wv) AppleWebKit/537.36 (KHTML, like Gecko) Version/4.0 Chrome/60.0.3112.107 Moblie Safari/537.36"
78.111.67.74 - - [04/Apr/2025:13:05:25 -0400] "GET /edit-form.php HTTP/1.1" 404 25907 "www.google.com" "Mozlila/5.0 (Linux; Android 7.0; SM-G892A Bulid/NRD90M; wv) AppleWebKit/537.36 (KHTML, like Gecko) Version/4.0 Chrome/60.0.3112.107 Moblie Safari/537.36"
78.111.67.74 - - [04/Apr/2025:13:05:27 -0400] "GET /wp-content/uploads/wp-logout.php HTTP/1.1" 404 25928 "www.google.com" "Mozlila/5.0 (Linux; Android 7.0; SM-G892A Bulid/NRD90M; wv) AppleWebKit/537.36 (KHTML, like Gecko) Version/4.0 Chrome/60.0.3112.107 Moblie Safari/537.36"
78.111.67.74 - - [04/Apr/2025:13:05:29 -0400] "GET /wp-content/themes/sketch/404.php HTTP/1.1" 404 25929 "www.google.com" "Mozlila/5.0 (Linux; Android 7.0; SM-G892A Bulid/NRD90M; wv) AppleWebKit/537.36 (KHTML, like Gecko) Version/4.0 Chrome/60.0.3112.107 Moblie Safari/537.36"
78.111.67.74 - - [04/Apr/2025:13:05:30 -0400] "GET /wp-content/themes/twentyfive/include.php HTTP/1.1" 404 25937 "www.google.com" "Mozlila/5.0 (Linux; Android 7.0; SM-G892A Bulid/NRD90M; wv) AppleWebKit/537.36 (KHTML, like Gecko) Version/4.0 Chrome/60.0.3112.107 Moblie Safari/537.36"
83.99.151.67 - - [04/Apr/2025:13:05:31 -0400] "GET /product/?product_cat=nic-salt-liquids-by-brands&paged=6 HTTP/1.1" 200 21332 "-" "Mozilla/5.0 (X11; Linux x86_64) AppleWebKit/537.36 (KHTML, like Gecko; GeedoProductSearch; +https://geedo.com/product-search.html) Chrome/134.0.0.0 Safari/537.36"
78.111.67.74 - - [04/Apr/2025:13:05:32 -0400] "GET /wp-content/uploads/ac_assets/IndoSec.php HTTP/1.1" 404 25937 "www.google.com" "Mozlila/5.0 (Linux; Android 7.0; SM-G892A Bulid/NRD90M; wv) AppleWebKit/537.36 (KHTML, like Gecko) Version/4.0 Chrome/60.0.3112.107 Moblie Safari/537.36"
78.111.67.74 - - [04/Apr/2025:13:05:33 -0400] "GET /wp-content/themes/classic/inc/index.php HTTP/1.1" 301 - "www.google.com" "Mozlila/5.0 (Linux; Android 7.0; SM-G892A Bulid/NRD90M; wv) AppleWebKit/537.36 (KHTML, like Gecko) Version/4.0 Chrome/60.0.3112.107 Moblie Safari/537.36"
78.111.67.74 - - [04/Apr/2025:13:05:33 -0400] "GET /wp-content/themes/classic/inc/ HTTP/1.1" 404 25928 "www.google.com" "Mozlila/5.0 (Linux; Android 7.0; SM-G892A Bulid/NRD90M; wv) AppleWebKit/537.36 (KHTML, like Gecko) Version/4.0 Chrome/60.0.3112.107 Moblie Safari/537.36"
78.111.67.74 - - [04/Apr/2025:13:05:35 -0400] "GET /403.php HTTP/1.1" 404 25901 "www.google.com" "Mozlila/5.0 (Linux; Android 7.0; SM-G892A Bulid/NRD90M; wv) AppleWebKit/537.36 (KHTML, like Gecko) Version/4.0 Chrome/60.0.3112.107 Moblie Safari/537.36"
217.113.194.6 - - [04/Apr/2025:13:05:35 -0400] "GET /product/?page_id=4002&add_to_wishlist=12385&add-to-cart=4629&remove_item=8074856808ebec0c49403ce3589b28de&_wpnonce=3184299014 HTTP/1.1" 200 19153 "-" "Mozilla/5.0 (compatible; Barkrowler/0.9; +https://babbar.tech/crawler)"
78.111.67.74 - - [04/Apr/2025:13:05:37 -0400] "GET /wp-content/406.php HTTP/1.1" 404 25913 "www.google.com" "Mozlila/5.0 (Linux; Android 7.0; SM-G892A Bulid/NRD90M; wv) AppleWebKit/537.36 (KHTML, like Gecko) Version/4.0 Chrome/60.0.3112.107 Moblie Safari/537.36"
78.111.67.74 - - [04/Apr/2025:13:05:38 -0400] "GET /wp-admin/406.php HTTP/1.1" 404 25911 "www.google.com" "Mozlila/5.0 (Linux; Android 7.0; SM-G892A Bulid/NRD90M; wv) AppleWebKit/537.36 (KHTML, like Gecko) Version/4.0 Chrome/60.0.3112.107 Moblie Safari/537.36"
78.111.67.74 - - [04/Apr/2025:13:05:40 -0400] "GET /wp-content/plugins/core-stab/index.php HTTP/1.1" 301 - "www.google.com" "Mozlila/5.0 (Linux; Android 7.0; SM-G892A Bulid/NRD90M; wv) AppleWebKit/537.36 (KHTML, like Gecko) Version/4.0 Chrome/60.0.3112.107 Moblie Safari/537.36"
78.111.67.74 - - [04/Apr/2025:13:05:40 -0400] "GET /wp-content/plugins/core-stab/ HTTP/1.1" 404 25926 "www.google.com" "Mozlila/5.0 (Linux; Android 7.0; SM-G892A Bulid/NRD90M; wv) AppleWebKit/537.36 (KHTML, like Gecko) Version/4.0 Chrome/60.0.3112.107 Moblie Safari/537.36"
83.99.151.67 - - [04/Apr/2025:13:05:41 -0400] "GET /product/?product=rofvape-mix-twisted-wire-shots-118mm&lost-password HTTP/1.1" 200 16826 "-" "Mozilla/5.0 (X11; Linux x86_64) AppleWebKit/537.36 (KHTML, like Gecko; GeedoProductSearch; +https://geedo.com/product-search.html) Chrome/134.0.0.0 Safari/537.36"
78.111.67.74 - - [04/Apr/2025:13:05:42 -0400] "GET /wp-admin/wso112233.php HTTP/1.1" 404 25917 "www.google.com" "Mozlila/5.0 (Linux; Android 7.0; SM-G892A Bulid/NRD90M; wv) AppleWebKit/537.36 (KHTML, like Gecko) Version/4.0 Chrome/60.0.3112.107 Moblie Safari/537.36"
78.111.67.74 - - [04/Apr/2025:13:05:44 -0400] "GET /wp-content/wso112233.php HTTP/1.1" 404 25919 "www.google.com" "Mozlila/5.0 (Linux; Android 7.0; SM-G892A Bulid/NRD90M; wv) AppleWebKit/537.36 (KHTML, like Gecko) Version/4.0 Chrome/60.0.3112.107 Moblie Safari/537.36"
78.111.67.74 - - [04/Apr/2025:13:05:45 -0400] "GET /wp-includes/wso112233.php HTTP/1.1" 404 25920 "www.google.com" "Mozlila/5.0 (Linux; Android 7.0; SM-G892A Bulid/NRD90M; wv) AppleWebKit/537.36 (KHTML, like Gecko) Version/4.0 Chrome/60.0.3112.107 Moblie Safari/537.36"
78.111.67.74 - - [04/Apr/2025:13:05:47 -0400] "GET /xl2023.php HTTP/1.1" 404 25904 "www.google.com" "Mozlila/5.0 (Linux; Android 7.0; SM-G892A Bulid/NRD90M; wv) AppleWebKit/537.36 (KHTML, like Gecko) Version/4.0 Chrome/60.0.3112.107 Moblie Safari/537.36"
78.111.67.74 - - [04/Apr/2025:13:05:48 -0400] "GET /wp-includes/xl2023.php HTTP/1.1" 404 25917 "www.google.com" "Mozlila/5.0 (Linux; Android 7.0; SM-G892A Bulid/NRD90M; wv) AppleWebKit/537.36 (KHTML, like Gecko) Version/4.0 Chrome/60.0.3112.107 Moblie Safari/537.36"
78.111.67.74 - - [04/Apr/2025:13:05:50 -0400] "GET /wp-content/xl2023.php HTTP/1.1" 404 25916 "www.google.com" "Mozlila/5.0 (Linux; Android 7.0; SM-G892A Bulid/NRD90M; wv) AppleWebKit/537.36 (KHTML, like Gecko) Version/4.0 Chrome/60.0.3112.107 Moblie Safari/537.36"
78.111.67.74 - - [04/Apr/2025:13:05:52 -0400] "GET /wp-admin/xl2023.php HTTP/1.1" 404 25914 "www.google.com" "Mozlila/5.0 (Linux; Android 7.0; SM-G892A Bulid/NRD90M; wv) AppleWebKit/537.36 (KHTML, like Gecko) Version/4.0 Chrome/60.0.3112.107 Moblie Safari/537.36"
217.113.194.7 - - [04/Apr/2025:13:05:51 -0400] "GET /product/?page_id=4002&add_to_wishlist=12385&add-to-cart=4629&remove_item=956058422500de80654a14d89ca9a010&_wpnonce=619f916367 HTTP/1.1" 200 19246 "-" "Mozilla/5.0 (compatible; Barkrowler/0.9; +https://babbar.tech/crawler)"
78.111.67.74 - - [04/Apr/2025:13:05:53 -0400] "GET /wsoyanzorng.php HTTP/1.1" 404 25909 "www.google.com" "Mozlila/5.0 (Linux; Android 7.0; SM-G892A Bulid/NRD90M; wv) AppleWebKit/537.36 (KHTML, like Gecko) Version/4.0 Chrome/60.0.3112.107 Moblie Safari/537.36"
78.111.67.74 - - [04/Apr/2025:13:05:54 -0400] "GET /wp-admin/x.php?action=768776e296b6f286f26796e2a72607e2972647 HTTP/1.1" 404 25955 "www.google.com" "Mozlila/5.0 (Linux; Android 7.0; SM-G892A Bulid/NRD90M; wv) AppleWebKit/537.36 (KHTML, like Gecko) Version/4.0 Chrome/60.0.3112.107 Moblie Safari/537.36"
78.111.67.74 - - [04/Apr/2025:13:05:56 -0400] "GET /wp-admin/x.php?action=768776e296b6f286f26796e2a72607e2972647 HTTP/1.1" 404 25955 "www.google.com" "Mozlila/5.0 (Linux; Android 7.0; SM-G892A Bulid/NRD90M; wv) AppleWebKit/537.36 (KHTML, like Gecko) Version/4.0 Chrome/60.0.3112.107 Moblie Safari/537.36"
78.111.67.74 - - [04/Apr/2025:13:05:57 -0400] "GET /wp-admin/x.php?action=768776e296b6f286f26796e2a72607e2972647 HTTP/1.1" 404 25955 "www.google.com" "Mozlila/5.0 (Linux; Android 7.0; SM-G892A Bulid/NRD90M; wv) AppleWebKit/537.36 (KHTML, like Gecko) Version/4.0 Chrome/60.0.3112.107 Moblie Safari/537.36"
78.111.67.74 - - [04/Apr/2025:13:05:59 -0400] "GET /webadmin/about.php HTTP/1.1" 404 25913 "www.google.com" "Mozlila/5.0 (Linux; Android 7.0; SM-G892A Bulid/NRD90M; wv) AppleWebKit/537.36 (KHTML, like Gecko) Version/4.0 Chrome/60.0.3112.107 Moblie Safari/537.36"
78.111.67.74 - - [04/Apr/2025:13:06:00 -0400] "GET /wp-content/themes/mero-magazine/ws.php HTTP/1.1" 404 25935 "www.google.com" "Mozlila/5.0 (Linux; Android 7.0; SM-G892A Bulid/NRD90M; wv) AppleWebKit/537.36 (KHTML, like Gecko) Version/4.0 Chrome/60.0.3112.107 Moblie Safari/537.36"
78.111.67.74 - - [04/Apr/2025:13:06:02 -0400] "GET /wp-admin/images.php HTTP/1.1" 404 25914 "www.google.com" "Mozlila/5.0 (Linux; Android 7.0; SM-G892A Bulid/NRD90M; wv) AppleWebKit/537.36 (KHTML, like Gecko) Version/4.0 Chrome/60.0.3112.107 Moblie Safari/537.36"
78.111.67.74 - - [04/Apr/2025:13:06:04 -0400] "GET /wp-content/plugins/sid/sidwso.php HTTP/1.1" 404 25930 "www.google.com" "Mozlila/5.0 (Linux; Android 7.0; SM-G892A Bulid/NRD90M; wv) AppleWebKit/537.36 (KHTML, like Gecko) Version/4.0 Chrome/60.0.3112.107 Moblie Safari/537.36"
78.111.67.74 - - [04/Apr/2025:13:06:05 -0400] "GET /locales.php HTTP/1.1" 404 25905 "www.google.com" "Mozlila/5.0 (Linux; Android 7.0; SM-G892A Bulid/NRD90M; wv) AppleWebKit/537.36 (KHTML, like Gecko) Version/4.0 Chrome/60.0.3112.107 Moblie Safari/537.36"
78.111.67.74 - - [04/Apr/2025:13:06:07 -0400] "GET /wp-content/xxx/xxx-xxx/xxxx-xx-xx/pages/xxxxxx.php HTTP/1.1" 404 25949 "www.google.com" "Mozlila/5.0 (Linux; Android 7.0; SM-G892A Bulid/NRD90M; wv) AppleWebKit/537.36 (KHTML, like Gecko) Version/4.0 Chrome/60.0.3112.107 Moblie Safari/537.36"
78.111.67.74 - - [04/Apr/2025:13:06:08 -0400] "GET /wp-includes/atom.php HTTP/1.1" 404 25915 "www.google.com" "Mozlila/5.0 (Linux; Android 7.0; SM-G892A Bulid/NRD90M; wv) AppleWebKit/537.36 (KHTML, like Gecko) Version/4.0 Chrome/60.0.3112.107 Moblie Safari/537.36"
78.111.67.74 - - [04/Apr/2025:13:06:10 -0400] "GET /about.php HTTP/1.1" 404 25903 "www.google.com" "Mozlila/5.0 (Linux; Android 7.0; SM-G892A Bulid/NRD90M; wv) AppleWebKit/537.36 (KHTML, like Gecko) Version/4.0 Chrome/60.0.3112.107 Moblie Safari/537.36"
78.111.67.74 - - [04/Apr/2025:13:06:11 -0400] "GET /upload.php?mr=exe3 HTTP/1.1" 404 25912 "www.google.com" "Mozlila/5.0 (Linux; Android 7.0; SM-G892A Bulid/NRD90M; wv) AppleWebKit/537.36 (KHTML, like Gecko) Version/4.0 Chrome/60.0.3112.107 Moblie Safari/537.36"
83.99.151.64 - - [04/Apr/2025:13:06:12 -0400] "GET /product/?product=cream-team-nic-salt-buttercream&lost-password HTTP/1.1" 200 17185 "-" "Mozilla/5.0 (X11; Linux x86_64) AppleWebKit/537.36 (KHTML, like Gecko; GeedoProductSearch; +https://geedo.com/product-search.html) Chrome/134.0.0.0 Safari/537.36"
78.111.67.74 - - [04/Apr/2025:13:06:13 -0400] "GET /mini.php HTTP/1.1" 404 25902 "www.google.com" "Mozlila/5.0 (Linux; Android 7.0; SM-G892A Bulid/NRD90M; wv) AppleWebKit/537.36 (KHTML, like Gecko) Version/4.0 Chrome/60.0.3112.107 Moblie Safari/537.36"
78.111.67.74 - - [04/Apr/2025:13:06:16 -0400] "GET /wp-22.php HTTP/1.1" 404 25903 "www.google.com" "Mozlila/5.0 (Linux; Android 7.0; SM-G892A Bulid/NRD90M; wv) AppleWebKit/537.36 (KHTML, like Gecko) Version/4.0 Chrome/60.0.3112.107 Moblie Safari/537.36"
78.111.67.74 - - [04/Apr/2025:13:06:17 -0400] "GET /wp.php HTTP/1.1" 404 25900 "www.google.com" "Mozlila/5.0 (Linux; Android 7.0; SM-G892A Bulid/NRD90M; wv) AppleWebKit/537.36 (KHTML, like Gecko) Version/4.0 Chrome/60.0.3112.107 Moblie Safari/537.36"
78.111.67.74 - - [04/Apr/2025:13:06:19 -0400] "GET /lock360.php HTTP/1.1" 404 25905 "www.google.com" "Mozlila/5.0 (Linux; Android 7.0; SM-G892A Bulid/NRD90M; wv) AppleWebKit/537.36 (KHTML, like Gecko) Version/4.0 Chrome/60.0.3112.107 Moblie Safari/537.36"
78.111.67.74 - - [04/Apr/2025:13:06:20 -0400] "GET /1.php HTTP/1.1" 404 25899 "www.google.com" "Mozlila/5.0 (Linux; Android 7.0; SM-G892A Bulid/NRD90M; wv) AppleWebKit/537.36 (KHTML, like Gecko) Version/4.0 Chrome/60.0.3112.107 Moblie Safari/537.36"
83.99.151.69 - - [04/Apr/2025:13:06:22 -0400] "GET /product/?product=aqua-marina-vape-salts-oasis&lost-password HTTP/1.1" 200 17468 "-" "Mozilla/5.0 (X11; Linux x86_64) AppleWebKit/537.36 (KHTML, like Gecko; GeedoProductSearch; +https://geedo.com/product-search.html) Chrome/134.0.0.0 Safari/537.36"
217.113.194.9 - - [04/Apr/2025:13:06:24 -0400] "GET /product/?page_id=4002&add_to_wishlist=12385&add-to-cart=4629&remove_item=84f2798f05d595273de40e3046329309&_wpnonce=657d745317 HTTP/1.1" 200 19122 "-" "Mozilla/5.0 (compatible; Barkrowler/0.9; +https://babbar.tech/crawler)"
185.191.171.2 - - [04/Apr/2025:13:06:26 -0400] "GET /product/?lost-password&product=hyde-rebel-pro-5000-disposable-rechargeable-philippine-mango HTTP/1.1" 404 61663 "-" "Mozilla/5.0 (compatible; SemrushBot/7~bl; +http://www.semrush.com/bot.html)"
83.99.151.69 - - [04/Apr/2025:13:06:33 -0400] "GET /product/?product=geek-vape-ss316l-stagger-fused-clapton-2632-awg-x-2-32-awg HTTP/1.1" 200 17009 "-" "Mozilla/5.0 (X11; Linux x86_64) AppleWebKit/537.36 (KHTML, like Gecko; GeedoProductSearch; +https://geedo.com/product-search.html) Chrome/134.0.0.0 Safari/537.36"
217.113.194.3 - - [04/Apr/2025:13:06:40 -0400] "GET /product/?page_id=4002&add_to_wishlist=12385&add-to-cart=5667&remove_item=956058422500de80654a14d89ca9a010&_wpnonce=6146cf2412 HTTP/1.1" 200 19139 "-" "Mozilla/5.0 (compatible; Barkrowler/0.9; +https://babbar.tech/crawler)"
83.99.151.67 - - [04/Apr/2025:13:06:42 -0400] "GET /product/?product=vaporesso-nrg-gt-mesh-0-18-ohm-coils HTTP/1.1" 200 17124 "-" "Mozilla/5.0 (X11; Linux x86_64) AppleWebKit/537.36 (KHTML, like Gecko; GeedoProductSearch; +https://geedo.com/product-search.html) Chrome/134.0.0.0 Safari/537.36"
83.99.151.69 - - [04/Apr/2025:13:06:52 -0400] "GET /product/?product=geek-vape-kanthal-a1-triple-twisted-28awg&lost-password HTTP/1.1" 200 16965 "-" "Mozilla/5.0 (X11; Linux x86_64) AppleWebKit/537.36 (KHTML, like Gecko; GeedoProductSearch; +https://geedo.com/product-search.html) Chrome/134.0.0.0 Safari/537.36"
217.113.194.5 - - [04/Apr/2025:13:06:56 -0400] "GET /product/?page_id=4002&add_to_wishlist=12385&add-to-cart=6066&remove_item=84f2798f05d595273de40e3046329309&_wpnonce=657d745317 HTTP/1.1" 200 18904 "-" "Mozilla/5.0 (compatible; Barkrowler/0.9; +https://babbar.tech/crawler)"
83.99.151.70 - - [04/Apr/2025:13:07:12 -0400] "GET /product/?product_cat=eleaf-mods HTTP/1.1" 404 61691 "-" "Mozilla/5.0 (X11; Linux x86_64) AppleWebKit/537.36 (KHTML, like Gecko; GeedoProductSearch; +https://geedo.com/product-search.html) Chrome/134.0.0.0 Safari/537.36"
217.113.194.5 - - [04/Apr/2025:13:07:12 -0400] "GET /product/?page_id=4002&add_to_wishlist=12385&add-to-cart=5892&remove_item=84f2798f05d595273de40e3046329309&_wpnonce=657d745317 HTTP/1.1" 200 18867 "-" "Mozilla/5.0 (compatible; Barkrowler/0.9; +https://babbar.tech/crawler)"
83.99.151.70 - - [04/Apr/2025:13:07:22 -0400] "GET /product/?product_cat=battery-silicone-covers HTTP/1.1" 200 19350 "-" "Mozilla/5.0 (X11; Linux x86_64) AppleWebKit/537.36 (KHTML, like Gecko; GeedoProductSearch; +https://geedo.com/product-search.html) Chrome/134.0.0.0 Safari/537.36"
217.113.194.8 - - [04/Apr/2025:13:07:29 -0400] "GET /product/?page_id=4002&add_to_wishlist=12385&add-to-cart=5892&remove_item=8074856808ebec0c49403ce3589b28de&_wpnonce=3184299014 HTTP/1.1" 200 18865 "-" "Mozilla/5.0 (compatible; Barkrowler/0.9; +https://babbar.tech/crawler)"
83.99.151.70 - - [04/Apr/2025:13:07:32 -0400] "GET /product/?product_cat=fruision HTTP/1.1" 200 16079 "-" "Mozilla/5.0 (X11; Linux x86_64) AppleWebKit/537.36 (KHTML, like Gecko; GeedoProductSearch; +https://geedo.com/product-search.html) Chrome/134.0.0.0 Safari/537.36"
83.99.151.70 - - [04/Apr/2025:13:07:42 -0400] "GET /product/?product=geek-vape-ss316l-28awg&lost-password HTTP/1.1" 200 16910 "-" "Mozilla/5.0 (X11; Linux x86_64) AppleWebKit/537.36 (KHTML, like Gecko; GeedoProductSearch; +https://geedo.com/product-search.html) Chrome/134.0.0.0 Safari/537.36"
217.113.194.5 - - [04/Apr/2025:13:07:45 -0400] "GET /product/?page_id=4002&add_to_wishlist=12385&add-to-cart=5892&remove_item=956058422500de80654a14d89ca9a010&_wpnonce=619f916367 HTTP/1.1" 200 18816 "-" "Mozilla/5.0 (compatible; Barkrowler/0.9; +https://babbar.tech/crawler)"
83.99.151.70 - - [04/Apr/2025:13:07:52 -0400] "GET /product/?post_type=product&paged=4 HTTP/1.1" 200 22017 "-" "Mozilla/5.0 (X11; Linux x86_64) AppleWebKit/537.36 (KHTML, like Gecko; GeedoProductSearch; +https://geedo.com/product-search.html) Chrome/134.0.0.0 Safari/537.36"
154.54.249.193 - - [04/Apr/2025:13:08:01 -0400] "GET /product/?page_id=4002&add_to_wishlist=12385&add-to-cart=5892&remove_item=956058422500de80654a14d89ca9a010&_wpnonce=3552740808 HTTP/1.1" 200 19263 "-" "Mozilla/5.0 (compatible; Barkrowler/0.9; +https://babbar.tech/crawler)"
83.99.151.70 - - [04/Apr/2025:13:08:02 -0400] "GET /product/?s=8&post_type=product&producta2z=1 HTTP/1.1" 200 16229 "-" "Mozilla/5.0 (X11; Linux x86_64) AppleWebKit/537.36 (KHTML, like Gecko; GeedoProductSearch; +https://geedo.com/product-search.html) Chrome/134.0.0.0 Safari/537.36"
217.113.194.9 - - [04/Apr/2025:13:08:17 -0400] "GET /product/?page_id=4002&add_to_wishlist=12385&add-to-cart=5260&remove_item=69783ee76a92567d446143b811519068&_wpnonce=8116e87184 HTTP/1.1" 200 18956 "-" "Mozilla/5.0 (compatible; Barkrowler/0.9; +https://babbar.tech/crawler)"
83.99.151.68 - - [04/Apr/2025:13:08:23 -0400] "GET /product/?product_cat=rda HTTP/1.1" 200 18745 "-" "Mozilla/5.0 (X11; Linux x86_64) AppleWebKit/537.36 (KHTML, like Gecko; GeedoProductSearch; +https://geedo.com/product-search.html) Chrome/134.0.0.0 Safari/537.36"
83.99.151.65 - - [04/Apr/2025:13:08:33 -0400] "GET /product/?product=atlantis-evo-0-4-ohm-coils HTTP/1.1" 200 17320 "-" "Mozilla/5.0 (X11; Linux x86_64) AppleWebKit/537.36 (KHTML, like Gecko; GeedoProductSearch; +https://geedo.com/product-search.html) Chrome/134.0.0.0 Safari/537.36"
