103.176.237.30 - - [04/Apr/2025:13:13:26 -0400] "GET /product/wp-content/themes/wp_oswad_market/wp_oswad_market/images/o_line-border-bottom.png HTTP/1.1" 200 1096 "http://vapecompany.com.bd/product/?product_cat=us-premium-e-liquids" "Mozilla/5.0 (iPhone; CPU iPhone OS 18_1_1 like Mac OS X) AppleWebKit/605.1.15 (KHTML, like Gecko) CriOS/134.0.6998.99 Mobile/15E148 Safari/604.1"
103.176.237.30 - - [04/Apr/2025:13:13:26 -0400] "GET /product/wp-content/themes/wp_oswad_market/wp_oswad_market/images/o_line-border-top.png HTTP/1.1" 200 1076 "http://vapecompany.com.bd/product/?product_cat=us-premium-e-liquids" "Mozilla/5.0 (iPhone; CPU iPhone OS 18_1_1 like Mac OS X) AppleWebKit/605.1.15 (KHTML, like Gecko) CriOS/134.0.6998.99 Mobile/15E148 Safari/604.1"
83.99.151.71 - - [04/Apr/2025:13:13:28 -0400] "GET /product/?product=aspire-nautilus-bvc-mesh-0-3-ohm-coils HTTP/1.1" 200 17345 "-" "Mozilla/5.0 (X11; Linux x86_64) AppleWebKit/537.36 (KHTML, like Gecko; GeedoProductSearch; +https://geedo.com/product-search.html) Chrome/134.0.0.0 Safari/537.36"
83.99.151.71 - - [04/Apr/2025:13:13:38 -0400] "GET /product/?product=coil-master-b4-battery-carrier&lost-password HTTP/1.1" 200 18381 "-" "Mozilla/5.0 (X11; Linux x86_64) AppleWebKit/537.36 (KHTML, like Gecko; GeedoProductSearch; +https://geedo.com/product-search.html) Chrome/134.0.0.0 Safari/537.36"
83.99.151.71 - - [04/Apr/2025:13:13:49 -0400] "GET /product/?product=dr-vapes-salts-pink-colada HTTP/1.1" 200 17307 "-" "Mozilla/5.0 (X11; Linux x86_64) AppleWebKit/537.36 (KHTML, like Gecko; GeedoProductSearch; +https://geedo.com/product-search.html) Chrome/134.0.0.0 Safari/537.36"
83.99.151.71 - - [04/Apr/2025:13:13:58 -0400] "GET /product/?product=coil-master-18650-battery-silicone-case-3-slots HTTP/1.1" 200 18095 "-" "Mozilla/5.0 (X11; Linux x86_64) AppleWebKit/537.36 (KHTML, like Gecko; GeedoProductSearch; +https://geedo.com/product-search.html) Chrome/134.0.0.0 Safari/537.36"
217.113.194.7 - - [04/Apr/2025:13:14:00 -0400] "GET /product/?page_id=4002&add_to_wishlist=12385&add-to-cart=5648&remove_item=84f2798f05d595273de40e3046329309&_wpnonce=3a57131195 HTTP/1.1" 200 19055 "-" "Mozilla/5.0 (compatible; Barkrowler/0.9; +https://babbar.tech/crawler)"
217.113.194.4 - - [04/Apr/2025:13:14:16 -0400] "GET /product/?page_id=4002&add_to_wishlist=12385&add-to-cart=4609&remove_item=69783ee76a92567d446143b811519068&_wpnonce=8116e87184 HTTP/1.1" 200 19203 "-" "Mozilla/5.0 (compatible; Barkrowler/0.9; +https://babbar.tech/crawler)"
83.99.151.69 - - [04/Apr/2025:13:14:19 -0400] "GET /product/?product=gs-0-75-ohm-coils HTTP/1.1" 200 17058 "-" "Mozilla/5.0 (X11; Linux x86_64) AppleWebKit/537.36 (KHTML, like Gecko; GeedoProductSearch; +https://geedo.com/product-search.html) Chrome/134.0.0.0 Safari/537.36"
216.244.66.234 - - [04/Apr/2025:13:14:26 -0400] "GET /product/?feed=rss2&p=9340 HTTP/1.1" 301 - "-" "Mozilla/5.0 (compatible; DotBot/1.2; +https://opensiteexplorer.org/dotbot; help@moz.com)"
83.99.151.69 - - [04/Apr/2025:13:14:29 -0400] "GET /product/?product_cat=no-frills-twizted-fruits&lost-password HTTP/1.1" 200 16120 "-" "Mozilla/5.0 (X11; Linux x86_64) AppleWebKit/537.36 (KHTML, like Gecko; GeedoProductSearch; +https://geedo.com/product-search.html) Chrome/134.0.0.0 Safari/537.36"
154.54.249.193 - - [04/Apr/2025:13:14:32 -0400] "GET /product/?page_id=4002&add_to_wishlist=12385&add-to-cart=4609&remove_item=8074856808ebec0c49403ce3589b28de&_wpnonce=242d7cd617 HTTP/1.1" 200 19149 "-" "Mozilla/5.0 (compatible; Barkrowler/0.9; +https://babbar.tech/crawler)"
83.99.151.69 - - [04/Apr/2025:13:14:39 -0400] "GET /product/?product=coil-master-18650-battery-silicone-case-4-slots HTTP/1.1" 200 18086 "-" "Mozilla/5.0 (X11; Linux x86_64) AppleWebKit/537.36 (KHTML, like Gecko; GeedoProductSearch; +https://geedo.com/product-search.html) Chrome/134.0.0.0 Safari/537.36"
217.113.194.9 - - [04/Apr/2025:13:14:49 -0400] "GET /product/?page_id=4002&add_to_wishlist=12385&add-to-cart=5083&remove_item=84f2798f05d595273de40e3046329309&_wpnonce=657d745317 HTTP/1.1" 200 19306 "-" "Mozilla/5.0 (compatible; Barkrowler/0.9; +https://babbar.tech/crawler)"
83.99.151.69 - - [04/Apr/2025:13:14:50 -0400] "GET /product/?product=don-cristo-pistachio&lost-password HTTP/1.1" 200 16988 "-" "Mozilla/5.0 (X11; Linux x86_64) AppleWebKit/537.36 (KHTML, like Gecko; GeedoProductSearch; +https://geedo.com/product-search.html) Chrome/134.0.0.0 Safari/537.36"
185.191.171.8 - - [04/Apr/2025:13:14:55 -0400] "GET /product/?lost-password&product=hyde-rebel-pro-5000-disposable-rechargeable-rainbow HTTP/1.1" 404 61643 "-" "Mozilla/5.0 (compatible; SemrushBot/7~bl; +http://www.semrush.com/bot.html)"
83.99.151.71 - - [04/Apr/2025:13:14:59 -0400] "GET /product/?product=joyetech-procore-remix-4-in-1-atomizer HTTP/1.1" 200 18815 "-" "Mozilla/5.0 (X11; Linux x86_64) AppleWebKit/537.36 (KHTML, like Gecko; GeedoProductSearch; +https://geedo.com/product-search.html) Chrome/134.0.0.0 Safari/537.36"
217.113.194.10 - - [04/Apr/2025:13:15:06 -0400] "GET /product/?page_id=4002&add_to_wishlist=12385&add-to-cart=5290&remove_item=69783ee76a92567d446143b811519068&_wpnonce=41254726a3 HTTP/1.1" 200 19276 "-" "Mozilla/5.0 (compatible; Barkrowler/0.9; +https://babbar.tech/crawler)"
83.99.151.69 - - [04/Apr/2025:13:15:09 -0400] "GET /product/?product_cat=fridge-frootz HTTP/1.1" 200 18173 "-" "Mozilla/5.0 (X11; Linux x86_64) AppleWebKit/537.36 (KHTML, like Gecko; GeedoProductSearch; +https://geedo.com/product-search.html) Chrome/134.0.0.0 Safari/537.36"
217.113.194.8 - - [04/Apr/2025:13:15:22 -0400] "GET /product/?page_id=4002&add_to_wishlist=12385&add-to-cart=5290&remove_item=8074856808ebec0c49403ce3589b28de&_wpnonce=3184299014 HTTP/1.1" 200 18997 "-" "Mozilla/5.0 (compatible; Barkrowler/0.9; +https://babbar.tech/crawler)"
83.99.151.69 - - [04/Apr/2025:13:15:30 -0400] "GET /product/?product_cat=got-milk HTTP/1.1" 200 16087 "-" "Mozilla/5.0 (X11; Linux x86_64) AppleWebKit/537.36 (KHTML, like Gecko; GeedoProductSearch; +https://geedo.com/product-search.html) Chrome/134.0.0.0 Safari/537.36"
217.113.194.9 - - [04/Apr/2025:13:15:39 -0400] "GET /product/?page_id=4002&add_to_wishlist=12385&add-to-cart=5290&remove_item=956058422500de80654a14d89ca9a010&_wpnonce=619f916367 HTTP/1.1" 200 19102 "-" "Mozilla/5.0 (compatible; Barkrowler/0.9; +https://babbar.tech/crawler)"
83.99.151.68 - - [04/Apr/2025:13:15:40 -0400] "GET /product/?product=voopoo-drag-m100s-100w-with-uforce-l-tank-starter-kit&lost-password HTTP/1.1" 200 16267 "-" "Mozilla/5.0 (X11; Linux x86_64) AppleWebKit/537.36 (KHTML, like Gecko; GeedoProductSearch; +https://geedo.com/product-search.html) Chrome/134.0.0.0 Safari/537.36"
217.113.194.3 - - [04/Apr/2025:13:15:51 -0400] "GET /product/?product=lost-vape-ub-ultra-v4-m6-0-30-ohm-coils&add_to_wishlist=4600 HTTP/1.1" 200 17334 "-" "Mozilla/5.0 (compatible; Barkrowler/0.9; +https://babbar.tech/crawler)"
83.99.151.69 - - [04/Apr/2025:13:15:51 -0400] "GET /product/?product=vaporesso-luxe-xr-dtl-replacement-pod HTTP/1.1" 200 17430 "-" "Mozilla/5.0 (X11; Linux x86_64) AppleWebKit/537.36 (KHTML, like Gecko; GeedoProductSearch; +https://geedo.com/product-search.html) Chrome/134.0.0.0 Safari/537.36"
217.113.194.242 - - [04/Apr/2025:13:15:55 -0400] "GET /product/?page_id=4002&add_to_wishlist=12385&add-to-cart=5290&remove_item=956058422500de80654a14d89ca9a010&_wpnonce=3552740808 HTTP/1.1" 200 19020 "-" "Mozilla/5.0 (compatible; Barkrowler/0.9; +https://babbar.tech/crawler)"
83.99.151.66 - - [04/Apr/2025:13:16:00 -0400] "GET /product/?product=nautilus-mini-assy-hollowed-out-sleeve HTTP/1.1" 200 16963 "-" "Mozilla/5.0 (X11; Linux x86_64) AppleWebKit/537.36 (KHTML, like Gecko; GeedoProductSearch; +https://geedo.com/product-search.html) Chrome/134.0.0.0 Safari/537.36"
83.99.151.67 - - [04/Apr/2025:13:16:10 -0400] "GET /product/?product=skwezed-pink-lemonade-ice-pink-summer HTTP/1.1" 200 17155 "-" "Mozilla/5.0 (X11; Linux x86_64) AppleWebKit/537.36 (KHTML, like Gecko; GeedoProductSearch; +https://geedo.com/product-search.html) Chrome/134.0.0.0 Safari/537.36"
217.113.194.11 - - [04/Apr/2025:13:16:11 -0400] "GET /product/?page_id=4002&add_to_wishlist=12385&add-to-cart=5298&remove_item=9914464f0e6bdfa960015601578bcf2c&_wpnonce=6118783996 HTTP/1.1" 200 19131 "-" "Mozilla/5.0 (compatible; Barkrowler/0.9; +https://babbar.tech/crawler)"
83.99.151.69 - - [04/Apr/2025:13:16:21 -0400] "GET /product/?product_cat=charlie-noble HTTP/1.1" 200 16077 "-" "Mozilla/5.0 (X11; Linux x86_64) AppleWebKit/537.36 (KHTML, like Gecko; GeedoProductSearch; +https://geedo.com/product-search.html) Chrome/134.0.0.0 Safari/537.36"
217.113.194.2 - - [04/Apr/2025:13:16:28 -0400] "GET /product/?page_id=4002&add_to_wishlist=12385&add-to-cart=5298&remove_item=956058422500de80654a14d89ca9a010&_wpnonce=619f916367 HTTP/1.1" 200 19033 "-" "Mozilla/5.0 (compatible; Barkrowler/0.9; +https://babbar.tech/crawler)"
83.99.151.68 - - [04/Apr/2025:13:16:43 -0400] "GET /product/?product_cat=phillip-rocke HTTP/1.1" 200 16079 "-" "Mozilla/5.0 (X11; Linux x86_64) AppleWebKit/537.36 (KHTML, like Gecko; GeedoProductSearch; +https://geedo.com/product-search.html) Chrome/134.0.0.0 Safari/537.36"
217.113.194.11 - - [04/Apr/2025:13:16:44 -0400] "GET /product/?page_id=4002&add_to_wishlist=12385&add-to-cart=6783&remove_item=84f2798f05d595273de40e3046329309&_wpnonce=657d745317 HTTP/1.1" 200 18931 "-" "Mozilla/5.0 (compatible; Barkrowler/0.9; +https://babbar.tech/crawler)"
216.244.66.234 - - [04/Apr/2025:13:16:45 -0400] "GET /product/?feed=rss2&p=11099 HTTP/1.1" 301 - "-" "Mozilla/5.0 (compatible; DotBot/1.2; +https://opensiteexplorer.org/dotbot; help@moz.com)"
216.244.66.234 - - [04/Apr/2025:13:16:48 -0400] "GET /product/?post_type=product&add_to_wishlist=11489&paged=1 HTTP/1.1" 200 171397 "-" "Mozilla/5.0 (compatible; DotBot/1.2; +https://opensiteexplorer.org/dotbot; help@moz.com)"
216.244.66.234 - - [04/Apr/2025:13:16:52 -0400] "GET /product/?post_type=product&add_to_wishlist=6059&paged=25 HTTP/1.1" 200 174430 "-" "Mozilla/5.0 (compatible; DotBot/1.2; +https://opensiteexplorer.org/dotbot; help@moz.com)"
83.99.151.70 - - [04/Apr/2025:13:16:53 -0400] "GET /product/?product=skwezed-nic-salts-blue-raspberry-blue-blast&lost-password HTTP/1.1" 200 17449 "-" "Mozilla/5.0 (X11; Linux x86_64) AppleWebKit/537.36 (KHTML, like Gecko; GeedoProductSearch; +https://geedo.com/product-search.html) Chrome/134.0.0.0 Safari/537.36"
216.244.66.234 - - [04/Apr/2025:13:16:55 -0400] "GET /product/?post_type=product&add_to_wishlist=6565&paged=19 HTTP/1.1" 200 176038 "-" "Mozilla/5.0 (compatible; DotBot/1.2; +https://opensiteexplorer.org/dotbot; help@moz.com)"
216.244.66.234 - - [04/Apr/2025:13:16:57 -0400] "GET /product/?post_type=product&add_to_wishlist=9145&paged=30 HTTP/1.1" 200 171388 "-" "Mozilla/5.0 (compatible; DotBot/1.2; +https://opensiteexplorer.org/dotbot; help@moz.com)"
217.113.194.4 - - [04/Apr/2025:13:17:00 -0400] "GET /product/?page_id=4002&add_to_wishlist=12385&add-to-cart=6576&remove_item=84f2798f05d595273de40e3046329309&_wpnonce=ae63218667 HTTP/1.1" 200 18961 "-" "Mozilla/5.0 (compatible; Barkrowler/0.9; +https://babbar.tech/crawler)"
83.99.151.70 - - [04/Apr/2025:13:17:02 -0400] "GET /product/?s=Q&post_type=product&producta2z=1 HTTP/1.1" 200 16230 "-" "Mozilla/5.0 (X11; Linux x86_64) AppleWebKit/537.36 (KHTML, like Gecko; GeedoProductSearch; +https://geedo.com/product-search.html) Chrome/134.0.0.0 Safari/537.36"
217.113.194.10 - - [04/Apr/2025:13:17:12 -0400] "GET /product/?product=lost-vape-ub-ultra-v4-m6-0-30-ohm-coils&add_to_wishlist=4638 HTTP/1.1" 200 17332 "-" "Mozilla/5.0 (compatible; Barkrowler/0.9; +https://babbar.tech/crawler)"
83.99.151.70 - - [04/Apr/2025:13:17:12 -0400] "GET /product/?product=vandyvape-pulse-aio-vessel-kit HTTP/1.1" 200 18266 "-" "Mozilla/5.0 (X11; Linux x86_64) AppleWebKit/537.36 (KHTML, like Gecko; GeedoProductSearch; +https://geedo.com/product-search.html) Chrome/134.0.0.0 Safari/537.36"
217.113.194.10 - - [04/Apr/2025:13:17:16 -0400] "GET /product/?page_id=4002&add_to_wishlist=12385&add-to-cart=5657&remove_item=69783ee76a92567d446143b811519068&_wpnonce=7217fe4610 HTTP/1.1" 200 19289 "-" "Mozilla/5.0 (compatible; Barkrowler/0.9; +https://babbar.tech/crawler)"
83.99.151.66 - - [04/Apr/2025:13:17:22 -0400] "GET /product/?product=coil-master-314-clapton-maker HTTP/1.1" 200 18186 "-" "Mozilla/5.0 (X11; Linux x86_64) AppleWebKit/537.36 (KHTML, like Gecko; GeedoProductSearch; +https://geedo.com/product-search.html) Chrome/134.0.0.0 Safari/537.36"
217.113.194.8 - - [04/Apr/2025:13:17:32 -0400] "GET /product/?page_id=4002&add_to_wishlist=12385&add-to-cart=7768&remove_item=69783ee76a92567d446143b811519068&_wpnonce=7217fe4610 HTTP/1.1" 200 19219 "-" "Mozilla/5.0 (compatible; Barkrowler/0.9; +https://babbar.tech/crawler)"
83.99.151.68 - - [04/Apr/2025:13:17:32 -0400] "GET /product/?product=aqua-marina-vape-drops-ice&lost-password HTTP/1.1" 200 17173 "-" "Mozilla/5.0 (X11; Linux x86_64) AppleWebKit/537.36 (KHTML, like Gecko; GeedoProductSearch; +https://geedo.com/product-search.html) Chrome/134.0.0.0 Safari/537.36"
217.113.194.3 - - [04/Apr/2025:13:17:49 -0400] "GET /product/?page_id=4002&add_to_wishlist=12385&add-to-cart=7735&remove_item=84f2798f05d595273de40e3046329309&_wpnonce=ae63218667 HTTP/1.1" 200 18868 "-" "Mozilla/5.0 (compatible; Barkrowler/0.9; +https://babbar.tech/crawler)"
83.99.151.64 - - [04/Apr/2025:13:17:53 -0400] "GET /product/?product=rofvape-tiger-wire-shots-118mm HTTP/1.1" 200 16809 "-" "Mozilla/5.0 (X11; Linux x86_64) AppleWebKit/537.36 (KHTML, like Gecko; GeedoProductSearch; +https://geedo.com/product-search.html) Chrome/134.0.0.0 Safari/537.36"
83.99.151.64 - - [04/Apr/2025:13:18:03 -0400] "GET /product/?product_cat=kamry-eleaf-istick HTTP/1.1" 200 17404 "-" "Mozilla/5.0 (X11; Linux x86_64) AppleWebKit/537.36 (KHTML, like Gecko; GeedoProductSearch; +https://geedo.com/product-search.html) Chrome/134.0.0.0 Safari/537.36"
217.113.194.8 - - [04/Apr/2025:13:18:05 -0400] "GET /product/?page_id=4002&add_to_wishlist=12385&add-to-cart=6796&remove_item=69783ee76a92567d446143b811519068&_wpnonce=7217fe4610 HTTP/1.1" 200 19039 "-" "Mozilla/5.0 (compatible; Barkrowler/0.9; +https://babbar.tech/crawler)"
83.99.151.64 - - [04/Apr/2025:13:18:14 -0400] "GET /product/?product=don-cristo-blond HTTP/1.1" 200 17043 "-" "Mozilla/5.0 (X11; Linux x86_64) AppleWebKit/537.36 (KHTML, like Gecko; GeedoProductSearch; +https://geedo.com/product-search.html) Chrome/134.0.0.0 Safari/537.36"
217.113.194.9 - - [04/Apr/2025:13:18:21 -0400] "GET /product/?page_id=4002&add_to_wishlist=12385&add-to-cart=11303&remove_item=8074856808ebec0c49403ce3589b28de&_wpnonce=64cbbfce27 HTTP/1.1" 200 19142 "-" "Mozilla/5.0 (compatible; Barkrowler/0.9; +https://babbar.tech/crawler)"
83.99.151.64 - - [04/Apr/2025:13:18:24 -0400] "GET /product/?product=dr-vapes-salts-pink-frozen-royale HTTP/1.1" 200 17341 "-" "Mozilla/5.0 (X11; Linux x86_64) AppleWebKit/537.36 (KHTML, like Gecko; GeedoProductSearch; +https://geedo.com/product-search.html) Chrome/134.0.0.0 Safari/537.36"
83.99.151.64 - - [04/Apr/2025:13:18:33 -0400] "GET /product/?product_cat=vaporesso&lost-password HTTP/1.1" 200 16079 "-" "Mozilla/5.0 (X11; Linux x86_64) AppleWebKit/537.36 (KHTML, like Gecko; GeedoProductSearch; +https://geedo.com/product-search.html) Chrome/134.0.0.0 Safari/537.36"
217.113.194.8 - - [04/Apr/2025:13:18:38 -0400] "GET /product/?page_id=4002&add_to_wishlist=12385&add-to-cart=11694&remove_item=84f2798f05d595273de40e3046329309&_wpnonce=657d745317 HTTP/1.1" 200 19156 "-" "Mozilla/5.0 (compatible; Barkrowler/0.9; +https://babbar.tech/crawler)"
83.99.151.64 - - [04/Apr/2025:13:18:43 -0400] "GET /product/?product_cat=product-categories-5 HTTP/1.1" 200 19244 "-" "Mozilla/5.0 (X11; Linux x86_64) AppleWebKit/537.36 (KHTML, like Gecko; GeedoProductSearch; +https://geedo.com/product-search.html) Chrome/134.0.0.0 Safari/537.36"
217.113.194.3 - - [04/Apr/2025:13:18:54 -0400] "GET /product/?page_id=4002&add_to_wishlist=12385&add-to-cart=11875&remove_item=16f8e136ee5693823268874e58795216&_wpnonce=658dbb80bb HTTP/1.1" 200 19180 "-" "Mozilla/5.0 (compatible; Barkrowler/0.9; +https://babbar.tech/crawler)"
51.222.253.14 - - [04/Apr/2025:13:19:03 -0400] "GET /product/?post_type=product&add_to_wishlist=12156&paged=16 HTTP/1.1" 200 21036 "-" "Mozilla/5.0 (compatible; AhrefsBot/7.0; +http://ahrefs.com/robot/)"
83.99.151.69 - - [04/Apr/2025:13:19:04 -0400] "GET /product/?product=saucy-la-nic-salts-white-grape&lost-password HTTP/1.1" 200 17286 "-" "Mozilla/5.0 (X11; Linux x86_64) AppleWebKit/537.36 (KHTML, like Gecko; GeedoProductSearch; +https://geedo.com/product-search.html) Chrome/134.0.0.0 Safari/537.36"
217.113.194.9 - - [04/Apr/2025:13:19:10 -0400] "GET /product/?page_id=4002&add_to_wishlist=12385&add-to-cart=11875&remove_item=b750f74544cb00c138079607276995e9&_wpnonce=179e2427b6 HTTP/1.1" 200 19059 "-" "Mozilla/5.0 (compatible; Barkrowler/0.9; +https://babbar.tech/crawler)"
83.99.151.69 - - [04/Apr/2025:13:19:13 -0400] "GET /product/?product=fridge-frootz-blueberry HTTP/1.1" 200 17072 "-" "Mozilla/5.0 (X11; Linux x86_64) AppleWebKit/537.36 (KHTML, like Gecko; GeedoProductSearch; +https://geedo.com/product-search.html) Chrome/134.0.0.0 Safari/537.36"
83.99.151.69 - - [04/Apr/2025:13:19:23 -0400] "GET /product/?product=lost-vape-thelema-elite-art-40-pod-kit HTTP/1.1" 200 18652 "-" "Mozilla/5.0 (X11; Linux x86_64) AppleWebKit/537.36 (KHTML, like Gecko; GeedoProductSearch; +https://geedo.com/product-search.html) Chrome/134.0.0.0 Safari/537.36"
217.113.194.3 - - [04/Apr/2025:13:19:26 -0400] "GET /product/?page_id=4002&add_to_wishlist=12385&add-to-cart=11847&remove_item=8074856808ebec0c49403ce3589b28de&_wpnonce=41ff6bd9fc HTTP/1.1" 200 19189 "-" "Mozilla/5.0 (compatible; Barkrowler/0.9; +https://babbar.tech/crawler)"
83.99.151.69 - - [04/Apr/2025:13:19:33 -0400] "GET /product/?product=lost-vape-ursa-nano-pro-2-25w-pod-kit HTTP/1.1" 200 18366 "-" "Mozilla/5.0 (X11; Linux x86_64) AppleWebKit/537.36 (KHTML, like Gecko; GeedoProductSearch; +https://geedo.com/product-search.html) Chrome/134.0.0.0 Safari/537.36"
185.191.171.13 - - [04/Apr/2025:13:19:42 -0400] "GET /product/?product=skewezed-banana HTTP/1.1" 200 17348 "-" "Mozilla/5.0 (compatible; SemrushBot/7~bl; +http://www.semrush.com/bot.html)"
217.113.194.8 - - [04/Apr/2025:13:19:42 -0400] "GET /product/?page_id=4002&add_to_wishlist=12385&add-to-cart=11847&remove_item=8074856808ebec0c49403ce3589b28de&_wpnonce=79d1fc9c82 HTTP/1.1" 200 19096 "-" "Mozilla/5.0 (compatible; Barkrowler/0.9; +https://babbar.tech/crawler)"
83.99.151.69 - - [04/Apr/2025:13:19:43 -0400] "GET /product/?product=kangertech-pangu-pgocc-0-5-ohm-coils HTTP/1.1" 200 17304 "-" "Mozilla/5.0 (X11; Linux x86_64) AppleWebKit/537.36 (KHTML, like Gecko; GeedoProductSearch; +https://geedo.com/product-search.html) Chrome/134.0.0.0 Safari/537.36"
176.37.78.37 - - [04/Apr/2025:13:19:46 -0400] "GET / HTTP/1.0" 200 63571 "http://vapecompany.com.bd/" "Mozilla/5.0 (Windows NT 6.1; Win64; x64) AppleWebKit/537.36 (KHTML, like Gecko) Chrome/103.0.0.0 Safari/537.36"
176.37.78.37 - - [04/Apr/2025:13:19:48 -0400] "POST /wp-content/themes/vapor/sendcontact.php HTTP/1.0" 200 1901 "http://vapecompany.com.bd/" "Mozilla/5.0 (Windows NT 6.1; Win64; x64) AppleWebKit/537.36 (KHTML, like Gecko) Chrome/103.0.0.0 Safari/537.36"
83.99.151.69 - - [04/Apr/2025:13:19:53 -0400] "GET /product/?s=T&post_type=product&producta2z=1 HTTP/1.1" 200 18931 "-" "Mozilla/5.0 (X11; Linux x86_64) AppleWebKit/537.36 (KHTML, like Gecko; GeedoProductSearch; +https://geedo.com/product-search.html) Chrome/134.0.0.0 Safari/537.36"
217.113.194.10 - - [04/Apr/2025:13:19:59 -0400] "GET /product/?page_id=4002&add_to_wishlist=12385&add-to-cart=11386&remove_item=69783ee76a92567d446143b811519068&_wpnonce=9f2f061c1b HTTP/1.1" 200 19118 "-" "Mozilla/5.0 (compatible; Barkrowler/0.9; +https://babbar.tech/crawler)"
83.99.151.69 - - [04/Apr/2025:13:20:14 -0400] "GET /product/?product_cat=replacement-pods HTTP/1.1" 200 21727 "-" "Mozilla/5.0 (X11; Linux x86_64) AppleWebKit/537.36 (KHTML, like Gecko; GeedoProductSearch; +https://geedo.com/product-search.html) Chrome/134.0.0.0 Safari/537.36"
217.113.194.10 - - [04/Apr/2025:13:20:15 -0400] "GET /product/?page_id=4002&add_to_wishlist=12385&add-to-cart=11386&remove_item=16f8e136ee5693823268874e58795216&_wpnonce=658dbb80bb HTTP/1.1" 200 19161 "-" "Mozilla/5.0 (compatible; Barkrowler/0.9; +https://babbar.tech/crawler)"
195.2.67.184 - - [04/Apr/2025:13:20:27 -0400] "GET / HTTP/1.0" 200 63571 "http://vapecompany.com.bd/" "Mozilla/5.0 (Windows NT 10.0; Win64; x64) AppleWebKit/537.36 (KHTML, like Gecko) Chrome/130.0.0.0 Safari/537.36 CCleaner/130.0.0.0"
195.2.67.184 - - [04/Apr/2025:13:20:28 -0400] "POST /wp-content/themes/vapor/sendcontact.php HTTP/1.0" 200 1660 "http://vapecompany.com.bd/" "Mozilla/5.0 (Windows NT 10.0; Win64; x64) AppleWebKit/537.36 (KHTML, like Gecko) Chrome/130.0.0.0 Safari/537.36 CCleaner/130.0.0.0"
217.113.194.3 - - [04/Apr/2025:13:20:31 -0400] "GET /product/?page_id=4002&add_to_wishlist=12385&add-to-cart=11926&remove_item=16f8e136ee5693823268874e58795216&_wpnonce=658dbb80bb HTTP/1.1" 200 19099 "-" "Mozilla/5.0 (compatible; Barkrowler/0.9; +https://babbar.tech/crawler)"
83.99.151.69 - - [04/Apr/2025:13:20:34 -0400] "GET /product/?product=don-cristo-salts-custard&lost-password HTTP/1.1" 200 17273 "-" "Mozilla/5.0 (X11; Linux x86_64) AppleWebKit/537.36 (KHTML, like Gecko; GeedoProductSearch; +https://geedo.com/product-search.html) Chrome/134.0.0.0 Safari/537.36"
83.99.151.68 - - [04/Apr/2025:13:20:44 -0400] "GET /product/?product=bar-none-salts-gummy-beary HTTP/1.1" 200 16628 "-" "Mozilla/5.0 (X11; Linux x86_64) AppleWebKit/537.36 (KHTML, like Gecko; GeedoProductSearch; +https://geedo.com/product-search.html) Chrome/134.0.0.0 Safari/537.36"
114.119.142.125 - - [04/Apr/2025:13:20:47 -0400] "GET /product?s=M&post_type=product&producta2z=1&paged=1 HTTP/1.1" 301 297 "http://vapecompany.com.bd/product?s=M&post_type=product&producta2z=1&paged=2" "Mozilla/5.0 (Linux; Android 7.0;) AppleWebKit/537.36 (KHTML, like Gecko) Mobile Safari/537.36 (compatible; PetalBot;+https://webmaster.petalsearch.com/site/petalbot)"
114.119.142.125 - - [04/Apr/2025:13:20:47 -0400] "GET /product/?s=M&post_type=product&producta2z=1&paged=1 HTTP/1.1" 200 17783 "http://vapecompany.com.bd/product?s=M&post_type=product&producta2z=1&paged=2" "Mozilla/5.0 (Linux; Android 7.0;) AppleWebKit/537.36 (KHTML, like Gecko) Mobile Safari/537.36 (compatible; PetalBot;+https://webmaster.petalsearch.com/site/petalbot)"
217.113.194.5 - - [04/Apr/2025:13:20:47 -0400] "GET /product/?page_id=4002&add_to_wishlist=12385&add-to-cart=11294&remove_item=78719f11fa2df9917de3110133506521&_wpnonce=4100ac14cc HTTP/1.1" 200 19207 "-" "Mozilla/5.0 (compatible; Barkrowler/0.9; +https://babbar.tech/crawler)"
83.99.151.69 - - [04/Apr/2025:13:20:54 -0400] "GET /product/?product=lost-vape-ursa-nano-pro-2-25w-pod-kit&lost-password HTTP/1.1" 200 18340 "-" "Mozilla/5.0 (X11; Linux x86_64) AppleWebKit/537.36 (KHTML, like Gecko; GeedoProductSearch; +https://geedo.com/product-search.html) Chrome/134.0.0.0 Safari/537.36"
195.2.67.184 - - [04/Apr/2025:13:20:57 -0400] "GET / HTTP/1.0" 200 63571 "http://vapecompany.com.bd/" "Mozilla/5.0 (Windows NT 10.0; Win64; x64) AppleWebKit/537.36 (KHTML, like Gecko) Chrome/131.0.0.0 Safari/537.36 Avast/131.0.0.0"
195.2.67.184 - - [04/Apr/2025:13:20:58 -0400] "POST /wp-content/themes/vapor/sendcontact.php HTTP/1.0" 200 3867 "http://vapecompany.com.bd/" "Mozilla/5.0 (Windows NT 10.0; Win64; x64) AppleWebKit/537.36 (KHTML, like Gecko) Chrome/131.0.0.0 Safari/537.36 Avast/131.0.0.0"
217.113.194.242 - - [04/Apr/2025:13:21:04 -0400] "GET /product/?page_id=4002&add_to_wishlist=12385&add-to-cart=11294&remove_item=8074856808ebec0c49403ce3589b28de&_wpnonce=41ff6bd9fc HTTP/1.1" 200 18976 "-" "Mozilla/5.0 (compatible; Barkrowler/0.9; +https://babbar.tech/crawler)"
83.99.151.69 - - [04/Apr/2025:13:21:05 -0400] "GET /product/?s=X&post_type=product&producta2z=1 HTTP/1.1" 200 16230 "-" "Mozilla/5.0 (X11; Linux x86_64) AppleWebKit/537.36 (KHTML, like Gecko; GeedoProductSearch; +https://geedo.com/product-search.html) Chrome/134.0.0.0 Safari/537.36"
217.113.194.11 - - [04/Apr/2025:13:21:20 -0400] "GET /product/?page_id=4002&add_to_wishlist=12385&add-to-cart=11449&remove_item=6d79e030371e47e6231337805a7a2685&_wpnonce=fed0199412 HTTP/1.1" 200 19196 "-" "Mozilla/5.0 (compatible; Barkrowler/0.9; +https://babbar.tech/crawler)"
85.208.96.212 - - [04/Apr/2025:13:21:26 -0400] "GET /product/?paged=32&post_type=product&s=G HTTP/1.1" 200 21771 "-" "Mozilla/5.0 (compatible; SemrushBot/7~bl; +http://www.semrush.com/bot.html)"
83.99.151.69 - - [04/Apr/2025:13:21:27 -0400] "GET /product/?product=aspire-nautilus-3-22mm-atomizer-tank&lost-password HTTP/1.1" 200 18888 "-" "Mozilla/5.0 (X11; Linux x86_64) AppleWebKit/537.36 (KHTML, like Gecko; GeedoProductSearch; +https://geedo.com/product-search.html) Chrome/134.0.0.0 Safari/537.36"
83.99.151.69 - - [04/Apr/2025:13:21:36 -0400] "GET /product/?s=J&post_type=product&producta2z=1 HTTP/1.1" 200 22230 "-" "Mozilla/5.0 (X11; Linux x86_64) AppleWebKit/537.36 (KHTML, like Gecko; GeedoProductSearch; +https://geedo.com/product-search.html) Chrome/134.0.0.0 Safari/537.36"
217.113.194.2 - - [04/Apr/2025:13:21:36 -0400] "GET /product/?page_id=4002&add_to_wishlist=12385&add-to-cart=11463&remove_item=8074856808ebec0c49403ce3589b28de&_wpnonce=41ff6bd9fc HTTP/1.1" 200 19312 "-" "Mozilla/5.0 (compatible; Barkrowler/0.9; +https://babbar.tech/crawler)"
216.244.66.234 - - [04/Apr/2025:13:21:39 -0400] "GET /product/?post_type=product&add_to_wishlist=10097&paged=38 HTTP/1.1" 200 171856 "-" "Mozilla/5.0 (compatible; DotBot/1.2; +https://opensiteexplorer.org/dotbot; help@moz.com)"
216.244.66.234 - - [04/Apr/2025:13:21:41 -0400] "GET /product/?post_type=product&add_to_wishlist=6795&paged=18 HTTP/1.1" 200 173561 "-" "Mozilla/5.0 (compatible; DotBot/1.2; +https://opensiteexplorer.org/dotbot; help@moz.com)"
216.244.66.234 - - [04/Apr/2025:13:21:43 -0400] "GET /product/?product_cat=eleaf-istick&add_to_wishlist=9076&paged=9 HTTP/1.1" 200 177157 "-" "Mozilla/5.0 (compatible; DotBot/1.2; +https://opensiteexplorer.org/dotbot; help@moz.com)"
83.99.151.70 - - [04/Apr/2025:13:21:46 -0400] "GET /product/?product_cat=diy-coil-building-essetials HTTP/1.1" 200 21151 "-" "Mozilla/5.0 (X11; Linux x86_64) AppleWebKit/537.36 (KHTML, like Gecko; GeedoProductSearch; +https://geedo.com/product-search.html) Chrome/134.0.0.0 Safari/537.36"
217.113.194.2 - - [04/Apr/2025:13:21:52 -0400] "GET /product/?page_id=4002&add_to_wishlist=12385&add-to-cart=11580&remove_item=69783ee76a92567d446143b811519068&_wpnonce=6c759bf686 HTTP/1.1" 200 19099 "-" "Mozilla/5.0 (compatible; Barkrowler/0.9; +https://babbar.tech/crawler)"
83.99.151.69 - - [04/Apr/2025:13:22:07 -0400] "GET /product/?product=skwezed-nic-salts-honeydew-mellow-dew HTTP/1.1" 200 17429 "-" "Mozilla/5.0 (X11; Linux x86_64) AppleWebKit/537.36 (KHTML, like Gecko; GeedoProductSearch; +https://geedo.com/product-search.html) Chrome/134.0.0.0 Safari/537.36"
217.113.194.10 - - [04/Apr/2025:13:22:08 -0400] "GET /product/?page_id=4002&add_to_wishlist=12385&add-to-cart=11395&remove_item=16f8e136ee5693823268874e58795216&_wpnonce=658dbb80bb HTTP/1.1" 200 18910 "-" "Mozilla/5.0 (compatible; Barkrowler/0.9; +https://babbar.tech/crawler)"
83.99.151.69 - - [04/Apr/2025:13:22:17 -0400] "GET /product/?product=fridge-frootz-grape HTTP/1.1" 200 17031 "-" "Mozilla/5.0 (X11; Linux x86_64) AppleWebKit/537.36 (KHTML, like Gecko; GeedoProductSearch; +https://geedo.com/product-search.html) Chrome/134.0.0.0 Safari/537.36"
51.222.253.18 - - [04/Apr/2025:13:22:24 -0400] "GET /product/?s=A&post_type=product&add_to_wishlist=4658&paged=48 HTTP/1.1" 200 22312 "-" "Mozilla/5.0 (compatible; AhrefsBot/7.0; +http://ahrefs.com/robot/)"
217.113.194.242 - - [04/Apr/2025:13:22:25 -0400] "GET /product/?page_id=4002&add_to_wishlist=12385&add-to-cart=11025&remove_item=69783ee76a92567d446143b811519068&_wpnonce=4ace57a156 HTTP/1.1" 200 19005 "-" "Mozilla/5.0 (compatible; Barkrowler/0.9; +https://babbar.tech/crawler)"
83.99.151.69 - - [04/Apr/2025:13:22:38 -0400] "GET /product/?product=skwezed-nic-salts-blue-raspberry-blue-blast HTTP/1.1" 200 17427 "-" "Mozilla/5.0 (X11; Linux x86_64) AppleWebKit/537.36 (KHTML, like Gecko; GeedoProductSearch; +https://geedo.com/product-search.html) Chrome/134.0.0.0 Safari/537.36"
83.99.151.69 - - [04/Apr/2025:13:22:48 -0400] "GET /product/?product=tfv4-mini-pyrex-glass-tube HTTP/1.1" 200 16784 "-" "Mozilla/5.0 (X11; Linux x86_64) AppleWebKit/537.36 (KHTML, like Gecko; GeedoProductSearch; +https://geedo.com/product-search.html) Chrome/134.0.0.0 Safari/537.36"
217.113.194.8 - - [04/Apr/2025:13:22:57 -0400] "GET /product/?page_id=4002&add_to_wishlist=12385&add-to-cart=11762&remove_item=8074856808ebec0c49403ce3589b28de&_wpnonce=41ff6bd9fc HTTP/1.1" 200 18898 "-" "Mozilla/5.0 (compatible; Barkrowler/0.9; +https://babbar.tech/crawler)"
83.99.151.69 - - [04/Apr/2025:13:22:59 -0400] "GET /product/?product_cat=kamry-k1000 HTTP/1.1" 404 61695 "-" "Mozilla/5.0 (X11; Linux x86_64) AppleWebKit/537.36 (KHTML, like Gecko; GeedoProductSearch; +https://geedo.com/product-search.html) Chrome/134.0.0.0 Safari/537.36"
83.99.151.69 - - [04/Apr/2025:13:23:09 -0400] "GET /product/?product=aluminum-drip-tips HTTP/1.1" 200 16473 "-" "Mozilla/5.0 (X11; Linux x86_64) AppleWebKit/537.36 (KHTML, like Gecko; GeedoProductSearch; +https://geedo.com/product-search.html) Chrome/134.0.0.0 Safari/537.36"
217.113.194.2 - - [04/Apr/2025:13:23:14 -0400] "GET /product/?page_id=4002&add_to_wishlist=12385&add-to-cart=11762&remove_item=360c19682e81f21d55846685c1701179&_wpnonce=b217564551 HTTP/1.1" 200 19061 "-" "Mozilla/5.0 (compatible; Barkrowler/0.9; +https://babbar.tech/crawler)"
83.99.151.68 - - [04/Apr/2025:13:23:19 -0400] "GET /product/?product_cat=fruision&lost-password HTTP/1.1" 200 16089 "-" "Mozilla/5.0 (X11; Linux x86_64) AppleWebKit/537.36 (KHTML, like Gecko; GeedoProductSearch; +https://geedo.com/product-search.html) Chrome/134.0.0.0 Safari/537.36"
83.99.151.69 - - [04/Apr/2025:13:23:28 -0400] "GET /product/?product=phillip-rocke-salts-formula-lp HTTP/1.1" 200 17358 "-" "Mozilla/5.0 (X11; Linux x86_64) AppleWebKit/537.36 (KHTML, like Gecko; GeedoProductSearch; +https://geedo.com/product-search.html) Chrome/134.0.0.0 Safari/537.36"
217.113.194.9 - - [04/Apr/2025:13:23:30 -0400] "GET /product/?page_id=4002&add_to_wishlist=12385&add-to-cart=11762&remove_item=360c19682e81f21d55846685c1701179&_wpnonce=908d903401 HTTP/1.1" 200 18991 "-" "Mozilla/5.0 (compatible; Barkrowler/0.9; +https://babbar.tech/crawler)"
217.113.194.7 - - [04/Apr/2025:13:23:46 -0400] "GET /product/?page_id=4002&add_to_wishlist=12385&add-to-cart=11489&remove_item=8074856808ebec0c49403ce3589b28de&_wpnonce=79d1fc9c82 HTTP/1.1" 200 19130 "-" "Mozilla/5.0 (compatible; Barkrowler/0.9; +https://babbar.tech/crawler)"
83.99.151.70 - - [04/Apr/2025:13:23:50 -0400] "GET /product/?product=voopoo-vmate-pro-pod-kit HTTP/1.1" 200 18347 "-" "Mozilla/5.0 (X11; Linux x86_64) AppleWebKit/537.36 (KHTML, like Gecko; GeedoProductSearch; +https://geedo.com/product-search.html) Chrome/134.0.0.0 Safari/537.36"
83.99.151.69 - - [04/Apr/2025:13:24:00 -0400] "GET /product/?product=halo-prime-15-50ml HTTP/1.1" 200 17074 "-" "Mozilla/5.0 (X11; Linux x86_64) AppleWebKit/537.36 (KHTML, like Gecko; GeedoProductSearch; +https://geedo.com/product-search.html) Chrome/134.0.0.0 Safari/537.36"
217.113.194.11 - - [04/Apr/2025:13:24:02 -0400] "GET /product/?page_id=4002&add_to_wishlist=12385&add-to-cart=11543&remove_item=b750f74544cb00c138079607276995e9&_wpnonce=179e2427b6 HTTP/1.1" 200 18992 "-" "Mozilla/5.0 (compatible; Barkrowler/0.9; +https://babbar.tech/crawler)"
83.99.151.69 - - [04/Apr/2025:13:24:10 -0400] "GET /product/?product=fridge-frootz-apple&lost-password HTTP/1.1" 200 17067 "-" "Mozilla/5.0 (X11; Linux x86_64) AppleWebKit/537.36 (KHTML, like Gecko; GeedoProductSearch; +https://geedo.com/product-search.html) Chrome/134.0.0.0 Safari/537.36"
217.113.194.5 - - [04/Apr/2025:13:24:19 -0400] "GET /product/?page_id=4002&add_to_wishlist=12385&add-to-cart=11857&remove_item=8074856808ebec0c49403ce3589b28de&_wpnonce=41ff6bd9fc HTTP/1.1" 200 19101 "-" "Mozilla/5.0 (compatible; Barkrowler/0.9; +https://babbar.tech/crawler)"
83.99.151.64 - - [04/Apr/2025:13:24:20 -0400] "GET /product/?product_cat=replacement-glass-for-tank HTTP/1.1" 200 21024 "-" "Mozilla/5.0 (X11; Linux x86_64) AppleWebKit/537.36 (KHTML, like Gecko; GeedoProductSearch; +https://geedo.com/product-search.html) Chrome/134.0.0.0 Safari/537.36"
83.99.151.65 - - [04/Apr/2025:13:24:31 -0400] "GET /product/?product_cat=coil-art HTTP/1.1" 404 61688 "-" "Mozilla/5.0 (X11; Linux x86_64) AppleWebKit/537.36 (KHTML, like Gecko; GeedoProductSearch; +https://geedo.com/product-search.html) Chrome/134.0.0.0 Safari/537.36"
217.113.194.5 - - [04/Apr/2025:13:24:36 -0400] "GET /product/?page_id=4002&add_to_wishlist=12385&add-to-cart=11607&remove_item=69783ee76a92567d446143b811519068&_wpnonce=9f2f061c1b HTTP/1.1" 200 19178 "-" "Mozilla/5.0 (compatible; Barkrowler/0.9; +https://babbar.tech/crawler)"
83.99.151.68 - - [04/Apr/2025:13:24:41 -0400] "GET /product/?product_cat=e-liquids-by-nic-levels HTTP/1.1" 200 21314 "-" "Mozilla/5.0 (X11; Linux x86_64) AppleWebKit/537.36 (KHTML, like Gecko; GeedoProductSearch; +https://geedo.com/product-search.html) Chrome/134.0.0.0 Safari/537.36"
217.113.194.242 - - [04/Apr/2025:13:24:52 -0400] "GET /product/?page_id=4002&add_to_wishlist=12385&add-to-cart=11263&remove_item=8074856808ebec0c49403ce3589b28de&_wpnonce=2f67522e40 HTTP/1.1" 200 19204 "-" "Mozilla/5.0 (compatible; Barkrowler/0.9; +https://babbar.tech/crawler)"
83.99.151.65 - - [04/Apr/2025:13:25:03 -0400] "GET /product/?product=hellfire-whistle-510-drip-tips-clone&lost-password HTTP/1.1" 200 17255 "-" "Mozilla/5.0 (X11; Linux x86_64) AppleWebKit/537.36 (KHTML, like Gecko; GeedoProductSearch; +https://geedo.com/product-search.html) Chrome/134.0.0.0 Safari/537.36"
217.113.194.9 - - [04/Apr/2025:13:25:09 -0400] "GET /product/?page_id=4002&add_to_wishlist=12385&add-to-cart=11263&remove_item=69783ee76a92567d446143b811519068&_wpnonce=60d0e006ef HTTP/1.1" 200 18976 "-" "Mozilla/5.0 (compatible; Barkrowler/0.9; +https://babbar.tech/crawler)"
83.99.151.67 - - [04/Apr/2025:13:25:13 -0400] "GET /product/?product=saucy-la-nic-salts-white-grape-ice HTTP/1.1" 200 17357 "-" "Mozilla/5.0 (X11; Linux x86_64) AppleWebKit/537.36 (KHTML, like Gecko; GeedoProductSearch; +https://geedo.com/product-search.html) Chrome/134.0.0.0 Safari/537.36"
83.99.151.67 - - [04/Apr/2025:13:25:24 -0400] "GET /product/?product=dr-vapes-salts-purple-panther HTTP/1.1" 200 17393 "-" "Mozilla/5.0 (X11; Linux x86_64) AppleWebKit/537.36 (KHTML, like Gecko; GeedoProductSearch; +https://geedo.com/product-search.html) Chrome/134.0.0.0 Safari/537.36"
217.113.194.3 - - [04/Apr/2025:13:25:25 -0400] "GET /product/?page_id=4002&add_to_wishlist=12385&add-to-cart=11268&remove_item=69783ee76a92567d446143b811519068&_wpnonce=9f2f061c1b HTTP/1.1" 200 19389 "-" "Mozilla/5.0 (compatible; Barkrowler/0.9; +https://babbar.tech/crawler)"
83.99.151.67 - - [04/Apr/2025:13:25:33 -0400] "GET /product/?product=coil-master-314-clapton-maker&lost-password HTTP/1.1" 200 18166 "-" "Mozilla/5.0 (X11; Linux x86_64) AppleWebKit/537.36 (KHTML, like Gecko; GeedoProductSearch; +https://geedo.com/product-search.html) Chrome/134.0.0.0 Safari/537.36"
217.113.194.8 - - [04/Apr/2025:13:25:41 -0400] "GET /product/?page_id=4002&add_to_wishlist=12385&add-to-cart=11911&remove_item=2fa8af078803491746235057c546c1b6&_wpnonce=0dff254958 HTTP/1.1" 200 19074 "-" "Mozilla/5.0 (compatible; Barkrowler/0.9; +https://babbar.tech/crawler)"
83.99.151.67 - - [04/Apr/2025:13:25:43 -0400] "GET /product/?s=2&post_type=product&producta2z=1 HTTP/1.1" 200 16232 "-" "Mozilla/5.0 (X11; Linux x86_64) AppleWebKit/537.36 (KHTML, like Gecko; GeedoProductSearch; +https://geedo.com/product-search.html) Chrome/134.0.0.0 Safari/537.36"
217.113.194.11 - - [04/Apr/2025:13:26:14 -0400] "GET /product/?page_id=4002&add_to_wishlist=12385&add-to-cart=11715&remove_item=8074856808ebec0c49403ce3589b28de&_wpnonce=79d1fc9c82 HTTP/1.1" 200 19083 "-" "Mozilla/5.0 (compatible; Barkrowler/0.9; +https://babbar.tech/crawler)"
83.99.151.67 - - [04/Apr/2025:13:26:15 -0400] "GET /product/?product_cat=diy-wire-shotspre-built-coilsnotch-coils HTTP/1.1" 200 21195 "-" "Mozilla/5.0 (X11; Linux x86_64) AppleWebKit/537.36 (KHTML, like Gecko; GeedoProductSearch; +https://geedo.com/product-search.html) Chrome/134.0.0.0 Safari/537.36"
154.54.249.193 - - [04/Apr/2025:13:26:30 -0400] "GET /product/?page_id=4002&add_to_wishlist=12385&add-to-cart=11324&remove_item=92d1e1eb1cd6f9fba3227870bb6d7f07&_wpnonce=976d9f0894 HTTP/1.1" 200 19000 "-" "Mozilla/5.0 (compatible; Barkrowler/0.9; +https://babbar.tech/crawler)"
83.99.151.67 - - [04/Apr/2025:13:26:35 -0400] "GET /product/?product_cat=9mg&lost-password HTTP/1.1" 200 16089 "-" "Mozilla/5.0 (X11; Linux x86_64) AppleWebKit/537.36 (KHTML, like Gecko; GeedoProductSearch; +https://geedo.com/product-search.html) Chrome/134.0.0.0 Safari/537.36"
83.99.151.67 - - [04/Apr/2025:13:26:45 -0400] "GET /product/?product=wotofo-easy-fill-squonk-cap-for-60ml-juice-bottle HTTP/1.1" 200 14330 "-" "Mozilla/5.0 (X11; Linux x86_64) AppleWebKit/537.36 (KHTML, like Gecko; GeedoProductSearch; +https://geedo.com/product-search.html) Chrome/134.0.0.0 Safari/537.36"
154.54.249.193 - - [04/Apr/2025:13:26:47 -0400] "GET /product/?page_id=4002&add_to_wishlist=12385&add-to-cart=11324&remove_item=92d1e1eb1cd6f9fba3227870bb6d7f07&_wpnonce=162c798610 HTTP/1.1" 200 19093 "-" "Mozilla/5.0 (compatible; Barkrowler/0.9; +https://babbar.tech/crawler)"
83.99.151.66 - - [04/Apr/2025:13:26:56 -0400] "GET /product/?product=ambition-mods-polymer-v2-coiling-kit&lost-password HTTP/1.1" 200 18723 "-" "Mozilla/5.0 (X11; Linux x86_64) AppleWebKit/537.36 (KHTML, like Gecko; GeedoProductSearch; +https://geedo.com/product-search.html) Chrome/134.0.0.0 Safari/537.36"
217.113.194.11 - - [04/Apr/2025:13:27:03 -0400] "GET /product/?page_id=4002&add_to_wishlist=12385&add-to-cart=11972&remove_item=6d79e030371e47e6231337805a7a2685&_wpnonce=3df6ca7870 HTTP/1.1" 200 19022 "-" "Mozilla/5.0 (compatible; Barkrowler/0.9; +https://babbar.tech/crawler)"
83.99.151.67 - - [04/Apr/2025:13:27:06 -0400] "GET /product/?product=wismec-ws01-0-2-ohm-mtl-coils HTTP/1.1" 200 17876 "-" "Mozilla/5.0 (X11; Linux x86_64) AppleWebKit/537.36 (KHTML, like Gecko; GeedoProductSearch; +https://geedo.com/product-search.html) Chrome/134.0.0.0 Safari/537.36"
217.113.194.7 - - [04/Apr/2025:13:27:19 -0400] "GET /product/?page_id=4002&add_to_wishlist=12385&add-to-cart=11972&remove_item=6d79e030371e47e6231337805a7a2685&_wpnonce=b8961e8912 HTTP/1.1" 200 19124 "-" "Mozilla/5.0 (compatible; Barkrowler/0.9; +https://babbar.tech/crawler)"
83.99.151.69 - - [04/Apr/2025:13:27:27 -0400] "GET /product/?product=demon-killer-type-d-3-5-x-6-mm-notch-coil-box HTTP/1.1" 200 17014 "-" "Mozilla/5.0 (X11; Linux x86_64) AppleWebKit/537.36 (KHTML, like Gecko; GeedoProductSearch; +https://geedo.com/product-search.html) Chrome/134.0.0.0 Safari/537.36"
217.113.194.10 - - [04/Apr/2025:13:27:35 -0400] "GET /product/?page_id=4002&add_to_wishlist=12385&add-to-cart=11972&remove_item=6d79e030371e47e6231337805a7a2685&_wpnonce=8b51692691 HTTP/1.1" 200 19083 "-" "Mozilla/5.0 (compatible; Barkrowler/0.9; +https://babbar.tech/crawler)"
83.99.151.69 - - [04/Apr/2025:13:27:37 -0400] "GET /product/?product=poet-sweet-black-tea HTTP/1.1" 200 17073 "-" "Mozilla/5.0 (X11; Linux x86_64) AppleWebKit/537.36 (KHTML, like Gecko; GeedoProductSearch; +https://geedo.com/product-search.html) Chrome/134.0.0.0 Safari/537.36"
83.99.151.69 - - [04/Apr/2025:13:27:47 -0400] "GET /product/?product=vandyvape-jackaroo-18650-replacement-pod HTTP/1.1" 200 17484 "-" "Mozilla/5.0 (X11; Linux x86_64) AppleWebKit/537.36 (KHTML, like Gecko; GeedoProductSearch; +https://geedo.com/product-search.html) Chrome/134.0.0.0 Safari/537.36"
217.113.194.5 - - [04/Apr/2025:13:27:52 -0400] "GET /product/?page_id=4002&add_to_wishlist=12385&add-to-cart=11972&remove_item=6d79e030371e47e6231337805a7a2685&_wpnonce=4b8f006947 HTTP/1.1" 200 18917 "-" "Mozilla/5.0 (compatible; Barkrowler/0.9; +https://babbar.tech/crawler)"
85.208.96.203 - - [04/Apr/2025:13:27:54 -0400] "GET /product/?product_cat=beard-salts HTTP/1.1" 404 61555 "-" "Mozilla/5.0 (compatible; SemrushBot/7~bl; +http://www.semrush.com/bot.html)"
43.202.61.29 - - [04/Apr/2025:13:27:58 -0400] "GET //vapecompany.com.bd/wp-content/plugins/wordpress-popup/js/public.min.js HTTP/1.1" 301 - "-" "Mozilla/5.0 (Macintosh; Intel Mac OS X 10_14_5) AppleWebKit/537.36 (KHTML, like Gecko) Chrome/69.0.3497.100 Safari/537.36"
83.99.151.69 - - [04/Apr/2025:13:28:08 -0400] "GET /product/?product_cat=nicotine-salt HTTP/1.1" 200 19167 "-" "Mozilla/5.0 (X11; Linux x86_64) AppleWebKit/537.36 (KHTML, like Gecko; GeedoProductSearch; +https://geedo.com/product-search.html) Chrome/134.0.0.0 Safari/537.36"
217.113.194.2 - - [04/Apr/2025:13:28:08 -0400] "GET /product/?page_id=4002&add_to_wishlist=12385&add-to-cart=11429&remove_item=69783ee76a92567d446143b811519068&_wpnonce=9f2f061c1b HTTP/1.1" 200 19191 "-" "Mozilla/5.0 (compatible; Barkrowler/0.9; +https://babbar.tech/crawler)"
83.99.151.69 - - [04/Apr/2025:13:28:17 -0400] "GET /product/?product=uwell-whirl-ii-atomizer-tank HTTP/1.1" 200 18754 "-" "Mozilla/5.0 (X11; Linux x86_64) AppleWebKit/537.36 (KHTML, like Gecko; GeedoProductSearch; +https://geedo.com/product-search.html) Chrome/134.0.0.0 Safari/537.36"
217.113.194.2 - - [04/Apr/2025:13:28:24 -0400] "GET /product/?page_id=4002&add_to_wishlist=12385&add-to-cart=11595&remove_item=498bce62bd2bda584246701fa0166482&_wpnonce=42e809469b HTTP/1.1" 200 19240 "-" "Mozilla/5.0 (compatible; Barkrowler/0.9; +https://babbar.tech/crawler)"
83.99.151.65 - - [04/Apr/2025:13:28:38 -0400] "GET /product/?product_cat=uwell HTTP/1.1" 200 21266 "-" "Mozilla/5.0 (X11; Linux x86_64) AppleWebKit/537.36 (KHTML, like Gecko; GeedoProductSearch; +https://geedo.com/product-search.html) Chrome/134.0.0.0 Safari/537.36"
217.113.194.242 - - [04/Apr/2025:13:28:41 -0400] "GET /product/?page_id=4002&add_to_wishlist=12385&add-to-cart=11595&remove_item=498bce62bd2bda584246701fa0166482&_wpnonce=150c53bc84 HTTP/1.1" 200 19143 "-" "Mozilla/5.0 (compatible; Barkrowler/0.9; +https://babbar.tech/crawler)"
83.99.151.65 - - [04/Apr/2025:13:28:49 -0400] "GET /product/?product=pavinno-puro-aio-replacement-pod HTTP/1.1" 200 18187 "-" "Mozilla/5.0 (X11; Linux x86_64) AppleWebKit/537.36 (KHTML, like Gecko; GeedoProductSearch; +https://geedo.com/product-search.html) Chrome/134.0.0.0 Safari/537.36"
216.244.66.234 - - [04/Apr/2025:13:28:49 -0400] "GET /product/?post_type=product&add_to_wishlist=10277&paged=35 HTTP/1.1" 200 172550 "-" "Mozilla/5.0 (compatible; DotBot/1.2; +https://opensiteexplorer.org/dotbot; help@moz.com)"
216.244.66.234 - - [04/Apr/2025:13:28:51 -0400] "GET /product/?post_type=product&add_to_wishlist=11150&paged=1 HTTP/1.1" 200 171396 "-" "Mozilla/5.0 (compatible; DotBot/1.2; +https://opensiteexplorer.org/dotbot; help@moz.com)"
216.244.66.234 - - [04/Apr/2025:13:28:53 -0400] "GET /product/?post_type=product&add_to_wishlist=5399&paged=15 HTTP/1.1" 200 172280 "-" "Mozilla/5.0 (compatible; DotBot/1.2; +https://opensiteexplorer.org/dotbot; help@moz.com)"
216.244.66.234 - - [04/Apr/2025:13:28:55 -0400] "GET /product/?post_type=product&add_to_wishlist=7735&paged=1 HTTP/1.1" 200 171391 "-" "Mozilla/5.0 (compatible; DotBot/1.2; +https://opensiteexplorer.org/dotbot; help@moz.com)"
217.113.194.9 - - [04/Apr/2025:13:28:57 -0400] "GET /product/?page_id=4002&add_to_wishlist=12385&add-to-cart=11968&remove_item=8074856808ebec0c49403ce3589b28de&_wpnonce=41ff6bd9fc HTTP/1.1" 200 19330 "-" "Mozilla/5.0 (compatible; Barkrowler/0.9; +https://babbar.tech/crawler)"
216.244.66.234 - - [04/Apr/2025:13:28:57 -0400] "GET /product/?post_type=product&paged=15&add_to_wishlist=5379 HTTP/1.1" 200 172287 "-" "Mozilla/5.0 (compatible; DotBot/1.2; +https://opensiteexplorer.org/dotbot; help@moz.com)"
83.99.151.65 - - [04/Apr/2025:13:28:59 -0400] "GET /product/?product=ni200-0-2-ohm HTTP/1.1" 200 17163 "-" "Mozilla/5.0 (X11; Linux x86_64) AppleWebKit/537.36 (KHTML, like Gecko; GeedoProductSearch; +https://geedo.com/product-search.html) Chrome/134.0.0.0 Safari/537.36"
216.244.66.234 - - [04/Apr/2025:13:28:58 -0400] "GET /product/?post_type=product&paged=18&add_to_wishlist=8776 HTTP/1.1" 200 173562 "-" "Mozilla/5.0 (compatible; DotBot/1.2; +https://opensiteexplorer.org/dotbot; help@moz.com)"
216.244.66.234 - - [04/Apr/2025:13:29:00 -0400] "GET /product/?post_type=product&paged=32&add_to_wishlist=5307 HTTP/1.1" 200 177810 "-" "Mozilla/5.0 (compatible; DotBot/1.2; +https://opensiteexplorer.org/dotbot; help@moz.com)"
216.244.66.234 - - [04/Apr/2025:13:29:02 -0400] "GET /product/?post_type=product&paged=37&add_to_wishlist=10486 HTTP/1.1" 200 175217 "-" "Mozilla/5.0 (compatible; DotBot/1.2; +https://opensiteexplorer.org/dotbot; help@moz.com)"
216.244.66.234 - - [04/Apr/2025:13:29:04 -0400] "GET /product/?post_type=product&paged=37&add_to_wishlist=10613 HTTP/1.1" 200 175221 "-" "Mozilla/5.0 (compatible; DotBot/1.2; +https://opensiteexplorer.org/dotbot; help@moz.com)"
216.244.66.234 - - [04/Apr/2025:13:29:06 -0400] "GET /product/?post_type=product&paged=38&add_to_wishlist=7465 HTTP/1.1" 200 171843 "-" "Mozilla/5.0 (compatible; DotBot/1.2; +https://opensiteexplorer.org/dotbot; help@moz.com)"
83.99.151.65 - - [04/Apr/2025:13:29:08 -0400] "GET /product/?s=6&post_type=product&producta2z=1 HTTP/1.1" 200 16236 "-" "Mozilla/5.0 (X11; Linux x86_64) AppleWebKit/537.36 (KHTML, like Gecko; GeedoProductSearch; +https://geedo.com/product-search.html) Chrome/134.0.0.0 Safari/537.36"
216.244.66.234 - - [04/Apr/2025:13:29:10 -0400] "GET /product/?product_cat=mods&paged=1&add_to_wishlist=4890 HTTP/1.1" 200 103887 "-" "Mozilla/5.0 (compatible; DotBot/1.2; +https://opensiteexplorer.org/dotbot; help@moz.com)"
217.113.194.11 - - [04/Apr/2025:13:29:13 -0400] "GET /product/?page_id=4002&add_to_wishlist=12385&add-to-cart=11968&remove_item=8074856808ebec0c49403ce3589b28de&_wpnonce=79d1fc9c82 HTTP/1.1" 200 19084 "-" "Mozilla/5.0 (compatible; Barkrowler/0.9; +https://babbar.tech/crawler)"
83.99.151.65 - - [04/Apr/2025:13:29:18 -0400] "GET /product/?product=coil-master-prebuilt-coil-0-40-ohm-26g-ka1&lost-password HTTP/1.1" 200 16800 "-" "Mozilla/5.0 (X11; Linux x86_64) AppleWebKit/537.36 (KHTML, like Gecko; GeedoProductSearch; +https://geedo.com/product-search.html) Chrome/134.0.0.0 Safari/537.36"
83.99.151.67 - - [04/Apr/2025:13:29:28 -0400] "GET /product/?product=voopoo-vinci-3-replacement-pod HTTP/1.1" 200 17361 "-" "Mozilla/5.0 (X11; Linux x86_64) AppleWebKit/537.36 (KHTML, like Gecko; GeedoProductSearch; +https://geedo.com/product-search.html) Chrome/134.0.0.0 Safari/537.36"
217.113.194.242 - - [04/Apr/2025:13:29:29 -0400] "GET /product/?page_id=4002&add_to_wishlist=12385&add-to-cart=11771&remove_item=69783ee76a92567d446143b811519068&_wpnonce=4ace57a156 HTTP/1.1" 200 19101 "-" "Mozilla/5.0 (compatible; Barkrowler/0.9; +https://babbar.tech/crawler)"
154.54.249.193 - - [04/Apr/2025:13:29:46 -0400] "GET /product/?page_id=4002&add_to_wishlist=12385&add-to-cart=11139&remove_item=b750f74544cb00c138079607276995e9&_wpnonce=179e2427b6 HTTP/1.1" 200 18959 "-" "Mozilla/5.0 (compatible; Barkrowler/0.9; +https://babbar.tech/crawler)"
83.99.151.69 - - [04/Apr/2025:13:29:50 -0400] "GET /product/?product=district-one-21-salts-black-water&lost-password HTTP/1.1" 200 17325 "-" "Mozilla/5.0 (X11; Linux x86_64) AppleWebKit/537.36 (KHTML, like Gecko; GeedoProductSearch; +https://geedo.com/product-search.html) Chrome/134.0.0.0 Safari/537.36"
83.99.151.69 - - [04/Apr/2025:13:29:59 -0400] "GET /product/?product=skewezed-nic-salts-watermelon HTTP/1.1" 200 17527 "-" "Mozilla/5.0 (X11; Linux x86_64) AppleWebKit/537.36 (KHTML, like Gecko; GeedoProductSearch; +https://geedo.com/product-search.html) Chrome/134.0.0.0 Safari/537.36"
217.113.194.3 - - [04/Apr/2025:13:30:02 -0400] "GET /product/?page_id=4002&add_to_wishlist=12385&add-to-cart=11143&remove_item=16f8e136ee5693823268874e58795216&_wpnonce=79cd774373 HTTP/1.1" 200 18921 "-" "Mozilla/5.0 (compatible; Barkrowler/0.9; +https://babbar.tech/crawler)"
83.99.151.69 - - [04/Apr/2025:13:30:09 -0400] "GET /product/?post_type=product&paged=46 HTTP/1.1" 200 22515 "-" "Mozilla/5.0 (X11; Linux x86_64) AppleWebKit/537.36 (KHTML, like Gecko; GeedoProductSearch; +https://geedo.com/product-search.html) Chrome/134.0.0.0 Safari/537.36"
217.113.194.10 - - [04/Apr/2025:13:30:18 -0400] "GET /product/?page_id=4002&add_to_wishlist=12385&add-to-cart=11143&remove_item=16f8e136ee5693823268874e58795216&_wpnonce=05bc0f6666 HTTP/1.1" 200 18920 "-" "Mozilla/5.0 (compatible; Barkrowler/0.9; +https://babbar.tech/crawler)"
83.99.151.69 - - [04/Apr/2025:13:30:19 -0400] "GET /product/?s=4&post_type=product&producta2z=1 HTTP/1.1" 200 16228 "-" "Mozilla/5.0 (X11; Linux x86_64) AppleWebKit/537.36 (KHTML, like Gecko; GeedoProductSearch; +https://geedo.com/product-search.html) Chrome/134.0.0.0 Safari/537.36"
83.99.151.69 - - [04/Apr/2025:13:30:29 -0400] "GET /product/?product=halo-salt-freedom-juice HTTP/1.1" 200 17356 "-" "Mozilla/5.0 (X11; Linux x86_64) AppleWebKit/537.36 (KHTML, like Gecko; GeedoProductSearch; +https://geedo.com/product-search.html) Chrome/134.0.0.0 Safari/537.36"
217.113.194.7 - - [04/Apr/2025:13:30:34 -0400] "GET /product/?page_id=4002&add_to_wishlist=12385&add-to-cart=11143&remove_item=16f8e136ee5693823268874e58795216&_wpnonce=52eb3ffcf6 HTTP/1.1" 200 18924 "-" "Mozilla/5.0 (compatible; Barkrowler/0.9; +https://babbar.tech/crawler)"
