203.76.222.170 - - [04/Apr/2025:11:45:58 -0400] "GET /product/wp-content/themes/wp_oswad_market/wp_oswad_market/images/media/icon_payment_visa.png HTTP/1.1" 200 1370 "http://vapecompany.com.bd/product/?product_cat=atomizer-tanks-coilsaccessories" "Mozilla/5.0 (Windows NT 10.0; Win64; x64) AppleWebKit/537.36 (KHTML, like Gecko) Chrome/134.0.0.0 Safari/537.36"
203.76.222.170 - - [04/Apr/2025:11:45:58 -0400] "GET /product/wp-content/themes/wp_oswad_market/wp_oswad_market/images/media/icon_american_visa.png HTTP/1.1" 200 1423 "http://vapecompany.com.bd/product/?product_cat=atomizer-tanks-coilsaccessories" "Mozilla/5.0 (Windows NT 10.0; Win64; x64) AppleWebKit/537.36 (KHTML, like Gecko) Chrome/134.0.0.0 Safari/537.36"
203.76.222.170 - - [04/Apr/2025:11:45:58 -0400] "GET /product/wp-content/themes/wp_oswad_market/wp_oswad_market/images/media/icon_payment_master_card.png HTTP/1.1" 200 1680 "http://vapecompany.com.bd/product/?product_cat=atomizer-tanks-coilsaccessories" "Mozilla/5.0 (Windows NT 10.0; Win64; x64) AppleWebKit/537.36 (KHTML, like Gecko) Chrome/134.0.0.0 Safari/537.36"
203.76.222.170 - - [04/Apr/2025:11:45:58 -0400] "GET /product/wp-content/themes/wp_oswad_market/wp_oswad_market/images/media/icon_dhl_visa.png HTTP/1.1" 200 1480 "http://vapecompany.com.bd/product/?product_cat=atomizer-tanks-coilsaccessories" "Mozilla/5.0 (Windows NT 10.0; Win64; x64) AppleWebKit/537.36 (KHTML, like Gecko) Chrome/134.0.0.0 Safari/537.36"
203.76.222.170 - - [04/Apr/2025:11:45:58 -0400] "GET /product/wp-content/themes/wp_oswad_market/wp_oswad_market/images/media/icon_fed_visa.png HTTP/1.1" 200 1283 "http://vapecompany.com.bd/product/?product_cat=atomizer-tanks-coilsaccessories" "Mozilla/5.0 (Windows NT 10.0; Win64; x64) AppleWebKit/537.36 (KHTML, like Gecko) Chrome/134.0.0.0 Safari/537.36"
203.76.222.170 - - [04/Apr/2025:11:45:58 -0400] "POST /product/wp-admin/admin-ajax.php HTTP/1.1" 200 275 "http://vapecompany.com.bd/product/?product_cat=atomizer-tanks-coilsaccessories" "Mozilla/5.0 (Windows NT 10.0; Win64; x64) AppleWebKit/537.36 (KHTML, like Gecko) Chrome/134.0.0.0 Safari/537.36"
203.76.222.170 - - [04/Apr/2025:11:45:58 -0400] "GET /product/wp-content/themes/wp_oswad_market/wp_oswad_market/images/media/bg-footer.jpg HTTP/1.1" 200 222316 "http://vapecompany.com.bd/product/?product_cat=atomizer-tanks-coilsaccessories" "Mozilla/5.0 (Windows NT 10.0; Win64; x64) AppleWebKit/537.36 (KHTML, like Gecko) Chrome/134.0.0.0 Safari/537.36"
203.76.222.170 - - [04/Apr/2025:11:45:58 -0400] "GET /product/wp-content/plugins/contact-form-7/images/ajax-loader.gif HTTP/1.1" 200 847 "http://vapecompany.com.bd/product/?product_cat=atomizer-tanks-coilsaccessories" "Mozilla/5.0 (Windows NT 10.0; Win64; x64) AppleWebKit/537.36 (KHTML, like Gecko) Chrome/134.0.0.0 Safari/537.36"
203.76.222.170 - - [04/Apr/2025:11:45:59 -0400] "GET /product/wp-content/themes/wp_oswad_market/wp_oswad_market/images/ic-fiter-price.png HTTP/1.1" 200 1650 "http://vapecompany.com.bd/product/wp-content/themes/wp_oswad_market/wp_oswad_market/css/base.css?ver=5.6.14" "Mozilla/5.0 (Windows NT 10.0; Win64; x64) AppleWebKit/537.36 (KHTML, like Gecko) Chrome/134.0.0.0 Safari/537.36"
203.76.222.170 - - [04/Apr/2025:11:45:58 -0400] "POST /product/wp-admin/admin-ajax.php HTTP/1.1" 200 968 "http://vapecompany.com.bd/" "Mozilla/5.0 (Windows NT 10.0; Win64; x64) AppleWebKit/537.36 (KHTML, like Gecko) Chrome/134.0.0.0 Safari/537.36"
203.76.222.170 - - [04/Apr/2025:11:45:59 -0400] "GET /product/wp-content/plugins/woocommerce/assets/css/woocommerce-smallscreen.css?ver=2.3.10 HTTP/1.1" 200 957 "http://vapecompany.com.bd/product/?product_cat=atomizer-tanks-coilsaccessories" "Mozilla/5.0 (Windows NT 10.0; Win64; x64) AppleWebKit/537.36 (KHTML, like Gecko) Chrome/134.0.0.0 Safari/537.36"
217.113.194.6 - - [04/Apr/2025:11:46:02 -0400] "GET /product/?page_id=4002&add_to_wishlist=5294&add-to-cart=5391&remove_item=956058422500de80654a14d89ca9a010&_wpnonce=3552740808 HTTP/1.1" 200 19138 "-" "Mozilla/5.0 (compatible; Barkrowler/0.9; +https://babbar.tech/crawler)"
203.76.222.170 - - [04/Apr/2025:11:46:13 -0400] "GET /product/wp-content/themes/wp_oswad_market/wp_oswad_market/images/o_line-border-top.png HTTP/1.1" 200 1076 "http://vapecompany.com.bd/product/wp-content/themes/wp_oswad_market/wp_oswad_market/css/base.css?ver=5.6.14" "Mozilla/5.0 (Windows NT 10.0; Win64; x64) AppleWebKit/537.36 (KHTML, like Gecko) Chrome/134.0.0.0 Safari/537.36"
203.76.222.170 - - [04/Apr/2025:11:46:13 -0400] "GET /product/wp-content/themes/wp_oswad_market/wp_oswad_market/images/bottom-left-shadow.png HTTP/1.1" 200 3302 "http://vapecompany.com.bd/product/wp-content/themes/wp_oswad_market/wp_oswad_market/css/base.css?ver=5.6.14" "Mozilla/5.0 (Windows NT 10.0; Win64; x64) AppleWebKit/537.36 (KHTML, like Gecko) Chrome/134.0.0.0 Safari/537.36"
203.76.222.170 - - [04/Apr/2025:11:46:13 -0400] "GET /product/wp-content/themes/wp_oswad_market/wp_oswad_market/images/top-right-shadow.png HTTP/1.1" 200 1340 "http://vapecompany.com.bd/product/wp-content/themes/wp_oswad_market/wp_oswad_market/css/base.css?ver=5.6.14" "Mozilla/5.0 (Windows NT 10.0; Win64; x64) AppleWebKit/537.36 (KHTML, like Gecko) Chrome/134.0.0.0 Safari/537.36"
203.76.222.170 - - [04/Apr/2025:11:46:13 -0400] "GET /product/wp-content/themes/wp_oswad_market/wp_oswad_market/images/o_line-border-bottom.png HTTP/1.1" 200 1096 "http://vapecompany.com.bd/product/wp-content/themes/wp_oswad_market/wp_oswad_market/css/base.css?ver=5.6.14" "Mozilla/5.0 (Windows NT 10.0; Win64; x64) AppleWebKit/537.36 (KHTML, like Gecko) Chrome/134.0.0.0 Safari/537.36"
217.113.194.5 - - [04/Apr/2025:11:46:19 -0400] "GET /product/?page_id=4002&add_to_wishlist=5294&add-to-cart=4646&remove_item=84f2798f05d595273de40e3046329309&_wpnonce=657d745317 HTTP/1.1" 200 19044 "-" "Mozilla/5.0 (compatible; Barkrowler/0.9; +https://babbar.tech/crawler)"
217.113.194.9 - - [04/Apr/2025:11:46:35 -0400] "GET /product/?page_id=4002&add_to_wishlist=5294&add-to-cart=4666&remove_item=8074856808ebec0c49403ce3589b28de&_wpnonce=3184299014 HTTP/1.1" 200 19069 "-" "Mozilla/5.0 (compatible; Barkrowler/0.9; +https://babbar.tech/crawler)"
185.191.171.1 - - [04/Apr/2025:11:47:08 -0400] "GET /product/?lost-password&product=coil-master-521-mini-tab-v2 HTTP/1.1" 200 17843 "-" "Mozilla/5.0 (compatible; SemrushBot/7~bl; +http://www.semrush.com/bot.html)"
217.113.194.11 - - [04/Apr/2025:11:47:08 -0400] "GET /product/?page_id=4002&add_to_wishlist=5294&add-to-cart=5415&remove_item=69783ee76a92567d446143b811519068&_wpnonce=5030101520 HTTP/1.1" 200 18988 "-" "Mozilla/5.0 (compatible; Barkrowler/0.9; +https://babbar.tech/crawler)"
217.113.194.8 - - [04/Apr/2025:11:47:25 -0400] "GET /product/?page_id=4002&add_to_wishlist=5294&add-to-cart=12024&remove_item=69783ee76a92567d446143b811519068&_wpnonce=5030101520 HTTP/1.1" 200 19077 "-" "Mozilla/5.0 (compatible; Barkrowler/0.9; +https://babbar.tech/crawler)"
51.222.253.10 - - [04/Apr/2025:11:47:23 -0400] "GET /product/?s=W&post_type=product&add_to_wishlist=12091&paged=43 HTTP/1.1" 200 22356 "-" "Mozilla/5.0 (compatible; AhrefsBot/7.0; +http://ahrefs.com/robot/)"
217.113.194.4 - - [04/Apr/2025:11:47:41 -0400] "GET /product/?page_id=4002&add_to_wishlist=5294&add-to-cart=12081&remove_item=7cecfe41e1394109d7b8620ca3926166&_wpnonce=520b097658 HTTP/1.1" 200 19098 "-" "Mozilla/5.0 (compatible; Barkrowler/0.9; +https://babbar.tech/crawler)"
217.113.194.7 - - [04/Apr/2025:11:47:57 -0400] "GET /product/?page_id=4002&add_to_wishlist=5294&add-to-cart=12081&remove_item=7cecfe41e1394109d7b8620ca3926166&_wpnonce=6254060f8b HTTP/1.1" 200 19099 "-" "Mozilla/5.0 (compatible; Barkrowler/0.9; +https://babbar.tech/crawler)"
217.113.194.5 - - [04/Apr/2025:11:48:14 -0400] "GET /product/?page_id=4002&add_to_wishlist=5294&add-to-cart=5648&remove_item=84f2798f05d595273de40e3046329309&_wpnonce=ae63218667 HTTP/1.1" 200 19044 "-" "Mozilla/5.0 (compatible; Barkrowler/0.9; +https://babbar.tech/crawler)"
37.111.206.16 - - [04/Apr/2025:11:48:23 -0400] "GET /product/wp-includes/css/dist/block-library/style.min.css?ver=5.6.14 HTTP/1.1" 200 7849 "-" "Mozilla/5.0 (Linux; Android 10; K) AppleWebKit/537.36 (KHTML, like Gecko) Chrome/134.0.0.0 Mobile Safari/537.36"
37.111.206.16 - - [04/Apr/2025:11:48:23 -0400] "GET /product/wp-content/plugins/contact-form-7/includes/css/styles.css?ver=4.1.2 HTTP/1.1" 200 469 "-" "Mozilla/5.0 (Linux; Android 10; K) AppleWebKit/537.36 (KHTML, like Gecko) Chrome/134.0.0.0 Mobile Safari/537.36"
37.111.206.16 - - [04/Apr/2025:11:48:23 -0400] "GET /product/wp-content/plugins/revslider/public/assets/css/rs6.css?ver=6.2.9 HTTP/1.1" 200 12614 "-" "Mozilla/5.0 (Linux; Android 10; K) AppleWebKit/537.36 (KHTML, like Gecko) Chrome/134.0.0.0 Mobile Safari/537.36"
37.111.206.16 - - [04/Apr/2025:11:48:23 -0400] "GET /product/wp-content/plugins/wd_shortcode/css/bootstrap-theme.css?ver=5.6.14 HTTP/1.1" 200 1790 "-" "Mozilla/5.0 (Linux; Android 10; K) AppleWebKit/537.36 (KHTML, like Gecko) Chrome/134.0.0.0 Mobile Safari/537.36"
37.111.206.16 - - [04/Apr/2025:11:48:23 -0400] "GET /product/wp-content/plugins/wd_shortcode/css/shortcode.css?ver=5.6.14 HTTP/1.1" 200 20236 "-" "Mozilla/5.0 (Linux; Android 10; K) AppleWebKit/537.36 (KHTML, like Gecko) Chrome/134.0.0.0 Mobile Safari/537.36"
66.249.66.78 - - [04/Apr/2025:11:48:23 -0400] "GET /product/?product_cat=pod-mods&add_to_wishlist=12018 HTTP/1.1" 200 23038 "-" "Mozilla/5.0 (Linux; Android 6.0.1; Nexus 5X Build/MMB29P) AppleWebKit/537.36 (KHTML, like Gecko) Chrome/134.0.6998.165 Mobile Safari/537.36 (compatible; Googlebot/2.1; +http://www.google.com/bot.html)"
37.111.206.16 - - [04/Apr/2025:11:48:23 -0400] "GET /product/wp-content/plugins/wd_shortcode/css/bootstrap.css?ver=5.6.14 HTTP/1.1" 200 19955 "-" "Mozilla/5.0 (Linux; Android 10; K) AppleWebKit/537.36 (KHTML, like Gecko) Chrome/134.0.0.0 Mobile Safari/537.36"
37.111.206.16 - - [04/Apr/2025:11:48:23 -0400] "GET /product/wp-content/plugins/js_composer/assets/lib/bower/font-awesome/css/font-awesome.min.css?ver=4.11.2.1 HTTP/1.1" 200 6265 "-" "Mozilla/5.0 (Linux; Android 10; K) AppleWebKit/537.36 (KHTML, like Gecko) Chrome/134.0.0.0 Mobile Safari/537.36"
37.111.206.16 - - [04/Apr/2025:11:48:24 -0400] "GET /product/wp-content/plugins/wd_shortcode/css/owl.carousel.css?ver=5.6.14 HTTP/1.1" 200 613 "-" "Mozilla/5.0 (Linux; Android 10; K) AppleWebKit/537.36 (KHTML, like Gecko) Chrome/134.0.0.0 Mobile Safari/537.36"
37.111.206.16 - - [04/Apr/2025:11:48:24 -0400] "GET /product/wp-content/plugins/woocommerce/assets/css/woocommerce-layout.css?ver=2.3.10 HTTP/1.1" 200 1874 "-" "Mozilla/5.0 (Linux; Android 10; K) AppleWebKit/537.36 (KHTML, like Gecko) Chrome/134.0.0.0 Mobile Safari/537.36"
37.111.206.16 - - [04/Apr/2025:11:48:24 -0400] "GET /product/wp-content/plugins/woocommerce/assets/css/woocommerce-smallscreen.css?ver=2.3.10 HTTP/1.1" 200 957 "-" "Mozilla/5.0 (Linux; Android 10; K) AppleWebKit/537.36 (KHTML, like Gecko) Chrome/134.0.0.0 Mobile Safari/537.36"
37.111.206.16 - - [04/Apr/2025:11:48:23 -0400] "GET /product/?s=V&post_type=product&producta2z=1 HTTP/1.1" 200 22342 "-" "Mozilla/5.0 (Linux; Android 10; K) AppleWebKit/537.36 (KHTML, like Gecko) Chrome/134.0.0.0 Mobile Safari/537.36"
37.111.206.16 - - [04/Apr/2025:11:48:24 -0400] "GET /product/wp-content/plugins/woocommerce/assets/css/woocommerce.css?ver=2.3.10 HTTP/1.1" 200 6469 "http://vapecompany.com.bd/product/?s=V&post_type=product&producta2z=1" "Mozilla/5.0 (Linux; Android 10; K) AppleWebKit/537.36 (KHTML, like Gecko) Chrome/134.0.0.0 Mobile Safari/537.36"
37.111.206.16 - - [04/Apr/2025:11:48:24 -0400] "GET /product/wp-content/plugins/wp-live-chat-support/css/font-awesome.min.css?ver=5.6.14 HTTP/1.1" 200 6669 "http://vapecompany.com.bd/product/?s=V&post_type=product&producta2z=1" "Mozilla/5.0 (Linux; Android 10; K) AppleWebKit/537.36 (KHTML, like Gecko) Chrome/134.0.0.0 Mobile Safari/537.36"
37.111.206.16 - - [04/Apr/2025:11:48:24 -0400] "GET /product/wp-content/plugins/wp-live-chat-support/css/themes/theme-2.css?ver=5.6.14 HTTP/1.1" 200 199 "http://vapecompany.com.bd/product/?s=V&post_type=product&producta2z=1" "Mozilla/5.0 (Linux; Android 10; K) AppleWebKit/537.36 (KHTML, like Gecko) Chrome/134.0.0.0 Mobile Safari/537.36"
37.111.206.16 - - [04/Apr/2025:11:48:24 -0400] "GET /product/wp-content/plugins/wp-live-chat-support/css/wplcstyle.css?ver=5.6.14 HTTP/1.1" 200 4 "http://vapecompany.com.bd/product/?s=V&post_type=product&producta2z=1" "Mozilla/5.0 (Linux; Android 10; K) AppleWebKit/537.36 (KHTML, like Gecko) Chrome/134.0.0.0 Mobile Safari/537.36"
37.111.206.16 - - [04/Apr/2025:11:48:24 -0400] "GET /product/wp-content/plugins/wp-live-chat-support/css/themes/classic.css?ver=5.6.14 HTTP/1.1" 200 2346 "http://vapecompany.com.bd/product/?s=V&post_type=product&producta2z=1" "Mozilla/5.0 (Linux; Android 10; K) AppleWebKit/537.36 (KHTML, like Gecko) Chrome/134.0.0.0 Mobile Safari/537.36"
37.111.206.16 - - [04/Apr/2025:11:48:25 -0400] "GET /product/wp-content/plugins/wp-live-chat-support/css/themes/position-bottom-right.css?ver=5.6.14 HTTP/1.1" 200 44 "http://vapecompany.com.bd/product/?s=V&post_type=product&producta2z=1" "Mozilla/5.0 (Linux; Android 10; K) AppleWebKit/537.36 (KHTML, like Gecko) Chrome/134.0.0.0 Mobile Safari/537.36"
37.111.206.16 - - [04/Apr/2025:11:48:25 -0400] "GET /product/wp-content/plugins/yith-woocommerce-wishlist/assets/css/jquery.selectBox.css?ver=5.6.14 HTTP/1.1" 200 1027 "http://vapecompany.com.bd/product/?s=V&post_type=product&producta2z=1" "Mozilla/5.0 (Linux; Android 10; K) AppleWebKit/537.36 (KHTML, like Gecko) Chrome/134.0.0.0 Mobile Safari/537.36"
37.111.206.16 - - [04/Apr/2025:11:48:25 -0400] "GET /product/wp-content/plugins/woocommerce/assets/css/prettyPhoto.css?ver=5.6.14 HTTP/1.1" 200 1936 "http://vapecompany.com.bd/product/?s=V&post_type=product&producta2z=1" "Mozilla/5.0 (Linux; Android 10; K) AppleWebKit/537.36 (KHTML, like Gecko) Chrome/134.0.0.0 Mobile Safari/537.36"
37.111.206.16 - - [04/Apr/2025:11:48:25 -0400] "GET /product/wp-content/plugins/yith-woocommerce-compare/assets/css/colorbox.css?ver=5.6.14 HTTP/1.1" 200 1230 "http://vapecompany.com.bd/product/?s=V&post_type=product&producta2z=1" "Mozilla/5.0 (Linux; Android 10; K) AppleWebKit/537.36 (KHTML, like Gecko) Chrome/134.0.0.0 Mobile Safari/537.36"
37.111.206.16 - - [04/Apr/2025:11:48:25 -0400] "GET /product/wp-content/plugins/yith-woocommerce-wishlist/assets/css/style.css?ver=5.6.14 HTTP/1.1" 200 2796 "http://vapecompany.com.bd/product/?s=V&post_type=product&producta2z=1" "Mozilla/5.0 (Linux; Android 10; K) AppleWebKit/537.36 (KHTML, like Gecko) Chrome/134.0.0.0 Mobile Safari/537.36"
37.111.206.16 - - [04/Apr/2025:11:48:25 -0400] "GET /product/wp-content/plugins/yith-woocommerce-wishlist/assets/css/font-awesome.min.css?ver=5.6.14 HTTP/1.1" 200 5443 "http://vapecompany.com.bd/product/?s=V&post_type=product&producta2z=1" "Mozilla/5.0 (Linux; Android 10; K) AppleWebKit/537.36 (KHTML, like Gecko) Chrome/134.0.0.0 Mobile Safari/537.36"
37.111.206.16 - - [04/Apr/2025:11:48:25 -0400] "GET /product/wp-content/themes/wp_oswad_market/wp_oswad_market/style.css?ver=5.6.14 HTTP/1.1" 200 36662 "http://vapecompany.com.bd/product/?s=V&post_type=product&producta2z=1" "Mozilla/5.0 (Linux; Android 10; K) AppleWebKit/537.36 (KHTML, like Gecko) Chrome/134.0.0.0 Mobile Safari/537.36"
37.111.206.16 - - [04/Apr/2025:11:48:25 -0400] "GET /product/wp-content/themes/wp_oswad_market/wp_oswad_market/css/base.css?ver=5.6.14 HTTP/1.1" 200 43549 "http://vapecompany.com.bd/product/?s=V&post_type=product&producta2z=1" "Mozilla/5.0 (Linux; Android 10; K) AppleWebKit/537.36 (KHTML, like Gecko) Chrome/134.0.0.0 Mobile Safari/537.36"
37.111.206.16 - - [04/Apr/2025:11:48:25 -0400] "GET /product/wp-content/plugins/js_composer/assets/css/js_composer.min.css?ver=4.11.2.1 HTTP/1.1" 200 58357 "http://vapecompany.com.bd/product/?s=V&post_type=product&producta2z=1" "Mozilla/5.0 (Linux; Android 10; K) AppleWebKit/537.36 (KHTML, like Gecko) Chrome/134.0.0.0 Mobile Safari/537.36"
37.111.206.16 - - [04/Apr/2025:11:48:25 -0400] "GET /product/wp-content/themes/wp_oswad_market/wp_oswad_market/css/wd_menu_front.css?ver=5.6.14 HTTP/1.1" 200 7269 "http://vapecompany.com.bd/product/?s=V&post_type=product&producta2z=1" "Mozilla/5.0 (Linux; Android 10; K) AppleWebKit/537.36 (KHTML, like Gecko) Chrome/134.0.0.0 Mobile Safari/537.36"
37.111.206.16 - - [04/Apr/2025:11:48:25 -0400] "GET /product/wp-content/plugins/woocommerce-grid-list-toggle/assets/css/style.css?ver=5.6.14 HTTP/1.1" 200 374 "http://vapecompany.com.bd/product/?s=V&post_type=product&producta2z=1" "Mozilla/5.0 (Linux; Android 10; K) AppleWebKit/537.36 (KHTML, like Gecko) Chrome/134.0.0.0 Mobile Safari/537.36"
37.111.206.16 - - [04/Apr/2025:11:48:25 -0400] "GET /product/wp-content/themes/wp_oswad_market/wp_oswad_market/css/responsive.css?ver=5.6.14 HTTP/1.1" 200 22947 "http://vapecompany.com.bd/product/?s=V&post_type=product&producta2z=1" "Mozilla/5.0 (Linux; Android 10; K) AppleWebKit/537.36 (KHTML, like Gecko) Chrome/134.0.0.0 Mobile Safari/537.36"
37.111.206.16 - - [04/Apr/2025:11:48:25 -0400] "GET /product/wp-content/plugins/woocommerce-grid-list-toggle/assets/css/button.css?ver=5.6.14 HTTP/1.1" 200 398 "http://vapecompany.com.bd/product/?s=V&post_type=product&producta2z=1" "Mozilla/5.0 (Linux; Android 10; K) AppleWebKit/537.36 (KHTML, like Gecko) Chrome/134.0.0.0 Mobile Safari/537.36"
37.111.206.16 - - [04/Apr/2025:11:48:25 -0400] "GET /product/wp-includes/css/dashicons.min.css?ver=5.6.14 HTTP/1.1" 200 35730 "http://vapecompany.com.bd/product/?s=V&post_type=product&producta2z=1" "Mozilla/5.0 (Linux; Android 10; K) AppleWebKit/537.36 (KHTML, like Gecko) Chrome/134.0.0.0 Mobile Safari/537.36"
178.18.254.165 - - [04/Apr/2025:11:48:25 -0400] "GET /product/?s=K&post_type=product&producta2z&add_to_wishlist=11290&paged=38 HTTP/1.1" 200 21957 "-" "Mozilla/5.0 (compatible; MJ12bot/v1.4.8; http://mj12bot.com/)"
37.111.206.16 - - [04/Apr/2025:11:48:26 -0400] "GET /product/wp-content/plugins/wd_quickshop/css/prettyPhoto.css?ver=5.6.14 HTTP/1.1" 200 1780 "http://vapecompany.com.bd/product/?s=V&post_type=product&producta2z=1" "Mozilla/5.0 (Linux; Android 10; K) AppleWebKit/537.36 (KHTML, like Gecko) Chrome/134.0.0.0 Mobile Safari/537.36"
37.111.206.16 - - [04/Apr/2025:11:48:26 -0400] "GET /product/wp-content/plugins/wd_quickshop/css/cloud-zoom.css?ver=5.6.14 HTTP/1.1" 200 401 "http://vapecompany.com.bd/product/?s=V&post_type=product&producta2z=1" "Mozilla/5.0 (Linux; Android 10; K) AppleWebKit/537.36 (KHTML, like Gecko) Chrome/134.0.0.0 Mobile Safari/537.36"
37.111.206.16 - - [04/Apr/2025:11:48:26 -0400] "GET /product/wp-includes/js/jquery/jquery.min.js?ver=3.5.1 HTTP/1.1" 200 30916 "http://vapecompany.com.bd/product/?s=V&post_type=product&producta2z=1" "Mozilla/5.0 (Linux; Android 10; K) AppleWebKit/537.36 (KHTML, like Gecko) Chrome/134.0.0.0 Mobile Safari/537.36"
37.111.206.16 - - [04/Apr/2025:11:48:26 -0400] "GET /product/wp-includes/js/jquery/jquery-migrate.min.js?ver=3.3.2 HTTP/1.1" 200 4169 "http://vapecompany.com.bd/product/?s=V&post_type=product&producta2z=1" "Mozilla/5.0 (Linux; Android 10; K) AppleWebKit/537.36 (KHTML, like Gecko) Chrome/134.0.0.0 Mobile Safari/537.36"
37.111.206.16 - - [04/Apr/2025:11:48:26 -0400] "GET /product/wp-content/plugins/wp-live-chat-support/js/wplc_u.js?ver=6.2.10 HTTP/1.1" 200 6105 "http://vapecompany.com.bd/product/?s=V&post_type=product&producta2z=1" "Mozilla/5.0 (Linux; Android 10; K) AppleWebKit/537.36 (KHTML, like Gecko) Chrome/134.0.0.0 Mobile Safari/537.36"
37.111.206.16 - - [04/Apr/2025:11:48:26 -0400] "GET /product/wp-content/plugins/wp-live-chat-support/js/themes/classic.js?ver=6.2.10 HTTP/1.1" 200 883 "http://vapecompany.com.bd/product/?s=V&post_type=product&producta2z=1" "Mozilla/5.0 (Linux; Android 10; K) AppleWebKit/537.36 (KHTML, like Gecko) Chrome/134.0.0.0 Mobile Safari/537.36"
37.111.206.16 - - [04/Apr/2025:11:48:26 -0400] "GET /product/wp-content/plugins/wp-live-chat-support/js/md5.js?ver=6.2.10 HTTP/1.1" 200 2193 "http://vapecompany.com.bd/product/?s=V&post_type=product&producta2z=1" "Mozilla/5.0 (Linux; Android 10; K) AppleWebKit/537.36 (KHTML, like Gecko) Chrome/134.0.0.0 Mobile Safari/537.36"
37.111.206.16 - - [04/Apr/2025:11:48:26 -0400] "GET /product/wp-content/plugins/wp-live-chat-support/js/jquery-cookie.js?ver=5.6.14 HTTP/1.1" 200 1401 "http://vapecompany.com.bd/product/?s=V&post_type=product&producta2z=1" "Mozilla/5.0 (Linux; Android 10; K) AppleWebKit/537.36 (KHTML, like Gecko) Chrome/134.0.0.0 Mobile Safari/537.36"
37.111.206.16 - - [04/Apr/2025:11:48:26 -0400] "GET /product/wp-content/plugins/revslider/public/assets/js/rbtools.min.js?ver=6.0.5 HTTP/1.1" 200 45119 "http://vapecompany.com.bd/product/?s=V&post_type=product&producta2z=1" "Mozilla/5.0 (Linux; Android 10; K) AppleWebKit/537.36 (KHTML, like Gecko) Chrome/134.0.0.0 Mobile Safari/537.36"
37.111.206.16 - - [04/Apr/2025:11:48:26 -0400] "GET /product/wp-content/plugins/revslider/public/assets/js/rs6.min.js?ver=6.2.9 HTTP/1.1" 200 81865 "http://vapecompany.com.bd/product/?s=V&post_type=product&producta2z=1" "Mozilla/5.0 (Linux; Android 10; K) AppleWebKit/537.36 (KHTML, like Gecko) Chrome/134.0.0.0 Mobile Safari/537.36"
51.222.253.18 - - [04/Apr/2025:11:48:25 -0400] "GET /product/?post_type=product&add_to_wishlist=11960&paged=20 HTTP/1.1" 200 21996 "-" "Mozilla/5.0 (compatible; AhrefsBot/7.0; +http://ahrefs.com/robot/)"
37.111.206.16 - - [04/Apr/2025:11:48:26 -0400] "GET /product/wp-content/themes/wp_oswad_market/wp_oswad_market/js/wd_menu_front.js?ver=5.6.14 HTTP/1.1" 200 4274 "http://vapecompany.com.bd/product/?s=V&post_type=product&producta2z=1" "Mozilla/5.0 (Linux; Android 10; K) AppleWebKit/537.36 (KHTML, like Gecko) Chrome/134.0.0.0 Mobile Safari/537.36"
37.111.206.16 - - [04/Apr/2025:11:48:26 -0400] "GET /product/wp-content/themes/wp_oswad_market/wp_oswad_market/js/jquery.hoverIntent.js?ver=5.6.14 HTTP/1.1" 200 1629 "http://vapecompany.com.bd/product/?s=V&post_type=product&producta2z=1" "Mozilla/5.0 (Linux; Android 10; K) AppleWebKit/537.36 (KHTML, like Gecko) Chrome/134.0.0.0 Mobile Safari/537.36"
37.111.206.16 - - [04/Apr/2025:11:48:26 -0400] "GET /product/wp-content/plugins/woocommerce-grid-list-toggle/assets/js/jquery.cookie.min.js?ver=5.6.14 HTTP/1.1" 200 649 "http://vapecompany.com.bd/product/?s=V&post_type=product&producta2z=1" "Mozilla/5.0 (Linux; Android 10; K) AppleWebKit/537.36 (KHTML, like Gecko) Chrome/134.0.0.0 Mobile Safari/537.36"
37.111.206.16 - - [04/Apr/2025:11:48:26 -0400] "GET /product/wp-content/plugins/woocommerce-grid-list-toggle/assets/js/jquery.gridlistview.min.js?ver=5.6.14 HTTP/1.1" 200 312 "http://vapecompany.com.bd/product/?s=V&post_type=product&producta2z=1" "Mozilla/5.0 (Linux; Android 10; K) AppleWebKit/537.36 (KHTML, like Gecko) Chrome/134.0.0.0 Mobile Safari/537.36"
37.111.206.16 - - [04/Apr/2025:11:48:26 -0400] "GET /product/wp-content/uploads/2014/01/Vape-Company-Logo-1.png HTTP/1.1" 200 34702 "http://vapecompany.com.bd/product/?s=V&post_type=product&producta2z=1" "Mozilla/5.0 (Linux; Android 10; K) AppleWebKit/537.36 (KHTML, like Gecko) Chrome/134.0.0.0 Mobile Safari/537.36"
37.111.206.16 - - [04/Apr/2025:11:48:26 -0400] "GET /product/wp-content/themes/wp_oswad_market/wp_oswad_market/images/quickshop.png HTTP/1.1" 200 1246 "http://vapecompany.com.bd/product/?s=V&post_type=product&producta2z=1" "Mozilla/5.0 (Linux; Android 10; K) AppleWebKit/537.36 (KHTML, like Gecko) Chrome/134.0.0.0 Mobile Safari/537.36"
37.111.206.16 - - [04/Apr/2025:11:48:27 -0400] "GET /product/wp-includes/js/jquery/ui/core.min.js?ver=1.12.1 HTTP/1.1" 200 6865 "http://vapecompany.com.bd/product/?s=V&post_type=product&producta2z=1" "Mozilla/5.0 (Linux; Android 10; K) AppleWebKit/537.36 (KHTML, like Gecko) Chrome/134.0.0.0 Mobile Safari/537.36"
37.111.206.16 - - [04/Apr/2025:11:48:27 -0400] "GET /product/wp-includes/js/jquery/ui/mouse.min.js?ver=1.12.1 HTTP/1.1" 200 1070 "http://vapecompany.com.bd/product/?s=V&post_type=product&producta2z=1" "Mozilla/5.0 (Linux; Android 10; K) AppleWebKit/537.36 (KHTML, like Gecko) Chrome/134.0.0.0 Mobile Safari/537.36"
37.111.206.16 - - [04/Apr/2025:11:48:27 -0400] "GET /product/wp-content/plugins/contact-form-7/includes/js/jquery.form.min.js?ver=3.51.0-2014.06.20 HTTP/1.1" 200 5860 "http://vapecompany.com.bd/product/?s=V&post_type=product&producta2z=1" "Mozilla/5.0 (Linux; Android 10; K) AppleWebKit/537.36 (KHTML, like Gecko) Chrome/134.0.0.0 Mobile Safari/537.36"
37.111.206.16 - - [04/Apr/2025:11:48:27 -0400] "GET /product/wp-includes/js/jquery/ui/draggable.min.js?ver=1.12.1 HTTP/1.1" 200 4826 "http://vapecompany.com.bd/product/?s=V&post_type=product&producta2z=1" "Mozilla/5.0 (Linux; Android 10; K) AppleWebKit/537.36 (KHTML, like Gecko) Chrome/134.0.0.0 Mobile Safari/537.36"
37.111.206.16 - - [04/Apr/2025:11:48:27 -0400] "GET /product/wp-content/plugins/yith-woocommerce-wishlist/assets/fontawesome/fontawesome-webfont.woff2?v=4.3.0 HTTP/1.1" 200 56780 "http://vapecompany.com.bd/product/wp-content/plugins/yith-woocommerce-wishlist/assets/css/font-awesome.min.css?ver=5.6.14" "Mozilla/5.0 (Linux; Android 10; K) AppleWebKit/537.36 (KHTML, like Gecko) Chrome/134.0.0.0 Mobile Safari/537.36"
37.111.206.16 - - [04/Apr/2025:11:48:27 -0400] "GET /product/wp-content/themes/wp_oswad_market/wp_oswad_market/images/bg_shadow_menu_phone.png HTTP/1.1" 200 973 "http://vapecompany.com.bd/product/wp-content/themes/wp_oswad_market/wp_oswad_market/css/wd_menu_front.css?ver=5.6.14" "Mozilla/5.0 (Linux; Android 10; K) AppleWebKit/537.36 (KHTML, like Gecko) Chrome/134.0.0.0 Mobile Safari/537.36"
37.111.206.16 - - [04/Apr/2025:11:48:27 -0400] "GET /product/wp-content/themes/wp_oswad_market/wp_oswad_market/images/default-background.png HTTP/1.1" 200 898 "http://vapecompany.com.bd/product/?s=V&post_type=product&producta2z=1" "Mozilla/5.0 (Linux; Android 10; K) AppleWebKit/537.36 (KHTML, like Gecko) Chrome/134.0.0.0 Mobile Safari/537.36"
37.111.206.16 - - [04/Apr/2025:11:48:27 -0400] "GET /product/wp-content/themes/wp_oswad_market/wp_oswad_market/images/media/bg-breadcrumb.jpg HTTP/1.1" 200 34868 "http://vapecompany.com.bd/product/?s=V&post_type=product&producta2z=1" "Mozilla/5.0 (Linux; Android 10; K) AppleWebKit/537.36 (KHTML, like Gecko) Chrome/134.0.0.0 Mobile Safari/537.36"
37.111.206.16 - - [04/Apr/2025:11:48:27 -0400] "GET /product/wp-content/plugins/wd_shortcode/js/wd_shortcode.js?ver=5.6.14 HTTP/1.1" 200 1606 "http://vapecompany.com.bd/product/?s=V&post_type=product&producta2z=1" "Mozilla/5.0 (Linux; Android 10; K) AppleWebKit/537.36 (KHTML, like Gecko) Chrome/134.0.0.0 Mobile Safari/537.36"
37.111.206.16 - - [04/Apr/2025:11:48:27 -0400] "GET /product/wp-content/plugins/wd_shortcode/js/bootstrap.js?ver=5.6.14 HTTP/1.1" 200 11112 "http://vapecompany.com.bd/product/?s=V&post_type=product&producta2z=1" "Mozilla/5.0 (Linux; Android 10; K) AppleWebKit/537.36 (KHTML, like Gecko) Chrome/134.0.0.0 Mobile Safari/537.36"
37.111.206.16 - - [04/Apr/2025:11:48:27 -0400] "GET /product/wp-content/plugins/wp-live-chat-support/fonts/fontawesome-webfont.woff2?v=4.6.3 HTTP/1.1" 200 71896 "http://vapecompany.com.bd/product/wp-content/plugins/wp-live-chat-support/css/font-awesome.min.css?ver=5.6.14" "Mozilla/5.0 (Linux; Android 10; K) AppleWebKit/537.36 (KHTML, like Gecko) Chrome/134.0.0.0 Mobile Safari/537.36"
37.111.206.16 - - [04/Apr/2025:11:48:27 -0400] "GET /product/wp-content/plugins/woocommerce/assets/js/jquery-blockui/jquery.blockUI.min.js?ver=2.60 HTTP/1.1" 200 3548 "http://vapecompany.com.bd/product/?s=V&post_type=product&producta2z=1" "Mozilla/5.0 (Linux; Android 10; K) AppleWebKit/537.36 (KHTML, like Gecko) Chrome/134.0.0.0 Mobile Safari/537.36"
37.111.206.16 - - [04/Apr/2025:11:48:27 -0400] "GET /product/wp-content/plugins/wd_shortcode/js/jquery.imagesloaded.min.js?ver=5.6.14 HTTP/1.1" 200 2202 "http://vapecompany.com.bd/product/?s=V&post_type=product&producta2z=1" "Mozilla/5.0 (Linux; Android 10; K) AppleWebKit/537.36 (KHTML, like Gecko) Chrome/134.0.0.0 Mobile Safari/537.36"
37.111.206.16 - - [04/Apr/2025:11:48:27 -0400] "GET /product/wp-content/plugins/woocommerce/assets/js/frontend/woocommerce.min.js?ver=2.3.10 HTTP/1.1" 200 202 "http://vapecompany.com.bd/product/?s=V&post_type=product&producta2z=1" "Mozilla/5.0 (Linux; Android 10; K) AppleWebKit/537.36 (KHTML, like Gecko) Chrome/134.0.0.0 Mobile Safari/537.36"
37.111.206.16 - - [04/Apr/2025:11:48:27 -0400] "GET /product/wp-content/plugins/woocommerce/assets/js/jquery-cookie/jquery.cookie.min.js?ver=1.4.1 HTTP/1.1" 200 775 "http://vapecompany.com.bd/product/?s=V&post_type=product&producta2z=1" "Mozilla/5.0 (Linux; Android 10; K) AppleWebKit/537.36 (KHTML, like Gecko) Chrome/134.0.0.0 Mobile Safari/537.36"
37.111.206.16 - - [04/Apr/2025:11:48:27 -0400] "GET /product/wp-content/plugins/woocommerce/assets/js/frontend/cart-fragments.min.js?ver=2.3.10 HTTP/1.1" 200 609 "http://vapecompany.com.bd/product/?s=V&post_type=product&producta2z=1" "Mozilla/5.0 (Linux; Android 10; K) AppleWebKit/537.36 (KHTML, like Gecko) Chrome/134.0.0.0 Mobile Safari/537.36"
37.111.206.16 - - [04/Apr/2025:11:48:28 -0400] "GET /product/wp-content/plugins/yith-woocommerce-compare/assets/js/woocompare.min.js?ver=2.4.4 HTTP/1.1" 200 1322 "http://vapecompany.com.bd/product/?s=V&post_type=product&producta2z=1" "Mozilla/5.0 (Linux; Android 10; K) AppleWebKit/537.36 (KHTML, like Gecko) Chrome/134.0.0.0 Mobile Safari/537.36"
37.111.206.16 - - [04/Apr/2025:11:48:28 -0400] "GET /product/wp-content/plugins/woocommerce/assets/js/prettyPhoto/jquery.prettyPhoto.init.min.js?ver=2.3.10 HTTP/1.1" 200 177 "http://vapecompany.com.bd/product/?s=V&post_type=product&producta2z=1" "Mozilla/5.0 (Linux; Android 10; K) AppleWebKit/537.36 (KHTML, like Gecko) Chrome/134.0.0.0 Mobile Safari/537.36"
37.111.206.16 - - [04/Apr/2025:11:48:28 -0400] "GET /product/wp-content/plugins/woocommerce/assets/js/prettyPhoto/jquery.prettyPhoto.min.js?ver=3.1.5 HTTP/1.1" 200 5941 "http://vapecompany.com.bd/product/?s=V&post_type=product&producta2z=1" "Mozilla/5.0 (Linux; Android 10; K) AppleWebKit/537.36 (KHTML, like Gecko) Chrome/134.0.0.0 Mobile Safari/537.36"
37.111.206.16 - - [04/Apr/2025:11:48:28 -0400] "GET /product/wp-content/plugins/yith-woocommerce-compare/assets/js/jquery.colorbox-min.js?ver=1.4.21 HTTP/1.1" 200 4711 "http://vapecompany.com.bd/product/?s=V&post_type=product&producta2z=1" "Mozilla/5.0 (Linux; Android 10; K) AppleWebKit/537.36 (KHTML, like Gecko) Chrome/134.0.0.0 Mobile Safari/537.36"
37.111.206.16 - - [04/Apr/2025:11:48:28 -0400] "GET /product/wp-content/plugins/yith-woocommerce-wishlist/assets/js/jquery.selectBox.min.js?ver=5.6.14 HTTP/1.1" 200 4006 "http://vapecompany.com.bd/product/?s=V&post_type=product&producta2z=1" "Mozilla/5.0 (Linux; Android 10; K) AppleWebKit/537.36 (KHTML, like Gecko) Chrome/134.0.0.0 Mobile Safari/537.36"
178.18.254.165 - - [04/Apr/2025:11:48:27 -0400] "GET /product/?s=K&post_type=product&producta2z&add_to_wishlist=11290&paged=39 HTTP/1.1" 200 22531 "-" "Mozilla/5.0 (compatible; MJ12bot/v1.4.8; http://mj12bot.com/)"
37.111.206.16 - - [04/Apr/2025:11:48:28 -0400] "GET /product/wp-content/plugins/yith-woocommerce-wishlist/assets/js/jquery.yith-wcwl.js?ver=2.0 HTTP/1.1" 200 2568 "http://vapecompany.com.bd/product/?s=V&post_type=product&producta2z=1" "Mozilla/5.0 (Linux; Android 10; K) AppleWebKit/537.36 (KHTML, like Gecko) Chrome/134.0.0.0 Mobile Safari/537.36"
37.111.206.16 - - [04/Apr/2025:11:48:28 -0400] "GET /product/wp-content/themes/wp_oswad_market/wp_oswad_market/framework/js/TweenMax.js?ver=5.6.14 HTTP/1.1" 200 30802 "http://vapecompany.com.bd/product/?s=V&post_type=product&producta2z=1" "Mozilla/5.0 (Linux; Android 10; K) AppleWebKit/537.36 (KHTML, like Gecko) Chrome/134.0.0.0 Mobile Safari/537.36"
37.111.206.16 - - [04/Apr/2025:11:48:28 -0400] "GET /product/wp-content/plugins/js_composer/assets/lib/bower/font-awesome/fonts/fontawesome-webfont.woff2?v=4.5.0 HTTP/1.1" 200 66624 "http://vapecompany.com.bd/product/wp-content/plugins/js_composer/assets/lib/bower/font-awesome/css/font-awesome.min.css?ver=4.11.2.1" "Mozilla/5.0 (Linux; Android 10; K) AppleWebKit/537.36 (KHTML, like Gecko) Chrome/134.0.0.0 Mobile Safari/537.36"
37.111.206.16 - - [04/Apr/2025:11:48:28 -0400] "GET /product/wp-includes/js/jquery/ui/tabs.min.js?ver=1.12.1 HTTP/1.1" 200 3909 "http://vapecompany.com.bd/product/?s=V&post_type=product&producta2z=1" "Mozilla/5.0 (Linux; Android 10; K) AppleWebKit/537.36 (KHTML, like Gecko) Chrome/134.0.0.0 Mobile Safari/537.36"
37.111.206.16 - - [04/Apr/2025:11:48:28 -0400] "GET /product/wp-includes/js/jquery/ui/accordion.min.js?ver=1.12.1 HTTP/1.1" 200 2717 "http://vapecompany.com.bd/product/?s=V&post_type=product&producta2z=1" "Mozilla/5.0 (Linux; Android 10; K) AppleWebKit/537.36 (KHTML, like Gecko) Chrome/134.0.0.0 Mobile Safari/537.36"
37.111.206.16 - - [04/Apr/2025:11:48:28 -0400] "GET /product/wp-includes/js/jquery/ui/effect.min.js?ver=1.12.1 HTTP/1.1" 200 6384 "http://vapecompany.com.bd/product/?s=V&post_type=product&producta2z=1" "Mozilla/5.0 (Linux; Android 10; K) AppleWebKit/537.36 (KHTML, like Gecko) Chrome/134.0.0.0 Mobile Safari/537.36"
37.111.206.16 - - [04/Apr/2025:11:48:28 -0400] "GET /product/wp-content/themes/wp_oswad_market/wp_oswad_market/framework/js/jquery.touchSwipe.js?ver=5.6.14 HTTP/1.1" 200 15562 "http://vapecompany.com.bd/product/?s=V&post_type=product&producta2z=1" "Mozilla/5.0 (Linux; Android 10; K) AppleWebKit/537.36 (KHTML, like Gecko) Chrome/134.0.0.0 Mobile Safari/537.36"
37.111.206.16 - - [04/Apr/2025:11:48:28 -0400] "GET /product/wp-content/themes/wp_oswad_market/wp_oswad_market/js/jquery.prettyPhoto.init.min.js?ver=5.6.14 HTTP/1.1" 200 240 "http://vapecompany.com.bd/product/?s=V&post_type=product&producta2z=1" "Mozilla/5.0 (Linux; Android 10; K) AppleWebKit/537.36 (KHTML, like Gecko) Chrome/134.0.0.0 Mobile Safari/537.36"
37.111.206.16 - - [04/Apr/2025:11:48:28 -0400] "GET /product/wp-content/plugins/wd_quickshop/js/add-to-cart-variation.min.js?ver=5.6.14 HTTP/1.1" 200 1813 "http://vapecompany.com.bd/product/?s=V&post_type=product&producta2z=1" "Mozilla/5.0 (Linux; Android 10; K) AppleWebKit/537.36 (KHTML, like Gecko) Chrome/134.0.0.0 Mobile Safari/537.36"
37.111.206.16 - - [04/Apr/2025:11:48:28 -0400] "GET /product/wp-content/themes/wp_oswad_market/wp_oswad_market/js/jquery.prettyPhoto.min.js?ver=5.6.14 HTTP/1.1" 200 5958 "http://vapecompany.com.bd/product/?s=V&post_type=product&producta2z=1" "Mozilla/5.0 (Linux; Android 10; K) AppleWebKit/537.36 (KHTML, like Gecko) Chrome/134.0.0.0 Mobile Safari/537.36"
37.111.206.16 - - [04/Apr/2025:11:48:28 -0400] "GET /product/wp-content/themes/wp_oswad_market/wp_oswad_market/js/oswadmarket.js?ver=5.6.14 HTTP/1.1" 200 10225 "http://vapecompany.com.bd/product/?s=V&post_type=product&producta2z=1" "Mozilla/5.0 (Linux; Android 10; K) AppleWebKit/537.36 (KHTML, like Gecko) Chrome/134.0.0.0 Mobile Safari/537.36"
37.111.206.16 - - [04/Apr/2025:11:48:28 -0400] "GET /product/wp-content/themes/wp_oswad_market/wp_oswad_market/framework/js/include-script.js?ver=5.6.14 HTTP/1.1" 200 26590 "http://vapecompany.com.bd/product/?s=V&post_type=product&producta2z=1" "Mozilla/5.0 (Linux; Android 10; K) AppleWebKit/537.36 (KHTML, like Gecko) Chrome/134.0.0.0 Mobile Safari/537.36"
37.111.206.16 - - [04/Apr/2025:11:48:28 -0400] "GET /product/wp-content/plugins/wd_quickshop/js/quickshop.js?ver=5.6.14 HTTP/1.1" 200 1798 "http://vapecompany.com.bd/product/?s=V&post_type=product&producta2z=1" "Mozilla/5.0 (Linux; Android 10; K) AppleWebKit/537.36 (KHTML, like Gecko) Chrome/134.0.0.0 Mobile Safari/537.36"
37.111.206.16 - - [04/Apr/2025:11:48:29 -0400] "GET /product/wp-content/plugins/wd_quickshop/js/cloud-zoom.1.0.2.js?ver=5.6.14 HTTP/1.1" 200 4532 "http://vapecompany.com.bd/product/?s=V&post_type=product&producta2z=1" "Mozilla/5.0 (Linux; Android 10; K) AppleWebKit/537.36 (KHTML, like Gecko) Chrome/134.0.0.0 Mobile Safari/537.36"
37.111.206.16 - - [04/Apr/2025:11:48:29 -0400] "GET /product/wp-includes/js/wp-embed.min.js?ver=5.6.14 HTTP/1.1" 200 804 "http://vapecompany.com.bd/product/?s=V&post_type=product&producta2z=1" "Mozilla/5.0 (Linux; Android 10; K) AppleWebKit/537.36 (KHTML, like Gecko) Chrome/134.0.0.0 Mobile Safari/537.36"
37.111.206.16 - - [04/Apr/2025:11:48:29 -0400] "GET /product/wp-includes/js/jquery/ui/slider.min.js?ver=1.12.1 HTTP/1.1" 200 3111 "http://vapecompany.com.bd/product/?s=V&post_type=product&producta2z=1" "Mozilla/5.0 (Linux; Android 10; K) AppleWebKit/537.36 (KHTML, like Gecko) Chrome/134.0.0.0 Mobile Safari/537.36"
37.111.206.16 - - [04/Apr/2025:11:48:29 -0400] "GET /product/wp-content/plugins/woocommerce/assets/js/frontend/jquery-ui-touch-punch.min.js?ver=2.3.10 HTTP/1.1" 200 599 "http://vapecompany.com.bd/product/?s=V&post_type=product&producta2z=1" "Mozilla/5.0 (Linux; Android 10; K) AppleWebKit/537.36 (KHTML, like Gecko) Chrome/134.0.0.0 Mobile Safari/537.36"
37.111.206.16 - - [04/Apr/2025:11:48:29 -0400] "GET /product/wp-content/plugins/woocommerce/assets/js/frontend/price-slider.min.js?ver=2.3.10 HTTP/1.1" 200 522 "http://vapecompany.com.bd/product/?s=V&post_type=product&producta2z=1" "Mozilla/5.0 (Linux; Android 10; K) AppleWebKit/537.36 (KHTML, like Gecko) Chrome/134.0.0.0 Mobile Safari/537.36"
37.111.206.16 - - [04/Apr/2025:11:48:29 -0400] "GET /product/wp-includes/js/wp-emoji-release.min.js?ver=5.6.14 HTTP/1.1" 200 4662 "http://vapecompany.com.bd/product/?s=V&post_type=product&producta2z=1" "Mozilla/5.0 (Linux; Android 10; K) AppleWebKit/537.36 (KHTML, like Gecko) Chrome/134.0.0.0 Mobile Safari/537.36"
37.111.206.16 - - [04/Apr/2025:11:48:29 -0400] "GET /product/wp-content/themes/wp_oswad_market/wp_oswad_market/images/media/icon_payment_paypal.png HTTP/1.1" 200 1347 "http://vapecompany.com.bd/product/?s=V&post_type=product&producta2z=1" "Mozilla/5.0 (Linux; Android 10; K) AppleWebKit/537.36 (KHTML, like Gecko) Chrome/134.0.0.0 Mobile Safari/537.36"
37.111.206.16 - - [04/Apr/2025:11:48:29 -0400] "GET /product/wp-content/themes/wp_oswad_market/wp_oswad_market/images/media/icon_payment_visa.png HTTP/1.1" 200 1370 "http://vapecompany.com.bd/product/?s=V&post_type=product&producta2z=1" "Mozilla/5.0 (Linux; Android 10; K) AppleWebKit/537.36 (KHTML, like Gecko) Chrome/134.0.0.0 Mobile Safari/537.36"
37.111.206.16 - - [04/Apr/2025:11:48:29 -0400] "GET /product/wp-content/themes/wp_oswad_market/wp_oswad_market/images/media/icon_payment_master_card.png HTTP/1.1" 200 1680 "http://vapecompany.com.bd/product/?s=V&post_type=product&producta2z=1" "Mozilla/5.0 (Linux; Android 10; K) AppleWebKit/537.36 (KHTML, like Gecko) Chrome/134.0.0.0 Mobile Safari/537.36"
37.111.206.16 - - [04/Apr/2025:11:48:29 -0400] "GET /product/wp-content/themes/wp_oswad_market/wp_oswad_market/images/media/icon_american_visa.png HTTP/1.1" 200 1423 "http://vapecompany.com.bd/product/?s=V&post_type=product&producta2z=1" "Mozilla/5.0 (Linux; Android 10; K) AppleWebKit/537.36 (KHTML, like Gecko) Chrome/134.0.0.0 Mobile Safari/537.36"
37.111.206.16 - - [04/Apr/2025:11:48:29 -0400] "GET /product/wp-content/themes/wp_oswad_market/wp_oswad_market/images/media/icon_dhl_visa.png HTTP/1.1" 200 1480 "http://vapecompany.com.bd/product/?s=V&post_type=product&producta2z=1" "Mozilla/5.0 (Linux; Android 10; K) AppleWebKit/537.36 (KHTML, like Gecko) Chrome/134.0.0.0 Mobile Safari/537.36"
37.111.206.16 - - [04/Apr/2025:11:48:29 -0400] "GET /product/wp-content/themes/wp_oswad_market/wp_oswad_market/images/media/icon_fed_visa.png HTTP/1.1" 200 1283 "http://vapecompany.com.bd/product/?s=V&post_type=product&producta2z=1" "Mozilla/5.0 (Linux; Android 10; K) AppleWebKit/537.36 (KHTML, like Gecko) Chrome/134.0.0.0 Mobile Safari/537.36"
37.111.206.16 - - [04/Apr/2025:11:48:30 -0400] "GET /product/wp-content/themes/wp_oswad_market/wp_oswad_market/images/images.png HTTP/1.1" 200 10523 "http://vapecompany.com.bd/product/wp-content/themes/wp_oswad_market/wp_oswad_market/css/base.css?ver=5.6.14" "Mozilla/5.0 (Linux; Android 10; K) AppleWebKit/537.36 (KHTML, like Gecko) Chrome/134.0.0.0 Mobile Safari/537.36"
37.111.206.16 - - [04/Apr/2025:11:48:30 -0400] "GET /product/wp-content/themes/wp_oswad_market/wp_oswad_market/images/media/bg-footer.jpg HTTP/1.1" 200 222316 "http://vapecompany.com.bd/product/?s=V&post_type=product&producta2z=1" "Mozilla/5.0 (Linux; Android 10; K) AppleWebKit/537.36 (KHTML, like Gecko) Chrome/134.0.0.0 Mobile Safari/537.36"
37.111.206.16 - - [04/Apr/2025:11:48:30 -0400] "GET /product/wp-content/plugins/contact-form-7/images/ajax-loader.gif HTTP/1.1" 200 847 "http://vapecompany.com.bd/product/?s=V&post_type=product&producta2z=1" "Mozilla/5.0 (Linux; Android 10; K) AppleWebKit/537.36 (KHTML, like Gecko) Chrome/134.0.0.0 Mobile Safari/537.36"
37.111.206.16 - - [04/Apr/2025:11:48:30 -0400] "GET /product/wp-content/themes/wp_oswad_market/wp_oswad_market/images/ic-fiter-price.png HTTP/1.1" 200 1650 "http://vapecompany.com.bd/product/wp-content/themes/wp_oswad_market/wp_oswad_market/css/base.css?ver=5.6.14" "Mozilla/5.0 (Linux; Android 10; K) AppleWebKit/537.36 (KHTML, like Gecko) Chrome/134.0.0.0 Mobile Safari/537.36"
217.113.194.9 - - [04/Apr/2025:11:48:30 -0400] "GET /product/?page_id=4002&add_to_wishlist=5294&add-to-cart=5648&remove_item=84f2798f05d595273de40e3046329309&_wpnonce=a374134840 HTTP/1.1" 200 19098 "-" "Mozilla/5.0 (compatible; Barkrowler/0.9; +https://babbar.tech/crawler)"
37.111.206.16 - - [04/Apr/2025:11:48:41 -0400] "GET /product/wp-content/themes/wp_oswad_market/wp_oswad_market/images/o_line-border-top.png HTTP/1.1" 200 1076 "http://vapecompany.com.bd/product/wp-content/themes/wp_oswad_market/wp_oswad_market/css/base.css?ver=5.6.14" "Mozilla/5.0 (Linux; Android 10; K) AppleWebKit/537.36 (KHTML, like Gecko) Chrome/134.0.0.0 Mobile Safari/537.36"
37.111.206.16 - - [04/Apr/2025:11:48:41 -0400] "GET /product/wp-content/themes/wp_oswad_market/wp_oswad_market/images/top-right-shadow.png HTTP/1.1" 200 1340 "http://vapecompany.com.bd/product/wp-content/themes/wp_oswad_market/wp_oswad_market/css/base.css?ver=5.6.14" "Mozilla/5.0 (Linux; Android 10; K) AppleWebKit/537.36 (KHTML, like Gecko) Chrome/134.0.0.0 Mobile Safari/537.36"
37.111.206.16 - - [04/Apr/2025:11:48:41 -0400] "GET /product/wp-content/themes/wp_oswad_market/wp_oswad_market/images/o_line-border-bottom.png HTTP/1.1" 200 1096 "http://vapecompany.com.bd/product/wp-content/themes/wp_oswad_market/wp_oswad_market/css/base.css?ver=5.6.14" "Mozilla/5.0 (Linux; Android 10; K) AppleWebKit/537.36 (KHTML, like Gecko) Chrome/134.0.0.0 Mobile Safari/537.36"
37.111.206.16 - - [04/Apr/2025:11:48:41 -0400] "GET /product/wp-content/themes/wp_oswad_market/wp_oswad_market/images/bottom-left-shadow.png HTTP/1.1" 200 3302 "http://vapecompany.com.bd/product/wp-content/themes/wp_oswad_market/wp_oswad_market/css/base.css?ver=5.6.14" "Mozilla/5.0 (Linux; Android 10; K) AppleWebKit/537.36 (KHTML, like Gecko) Chrome/134.0.0.0 Mobile Safari/537.36"
51.222.253.20 - - [04/Apr/2025:11:48:45 -0400] "GET /product/?s=J&post_type=product&add_to_wishlist=7529&paged=16 HTTP/1.1" 200 22217 "-" "Mozilla/5.0 (compatible; AhrefsBot/7.0; +http://ahrefs.com/robot/)"
178.18.254.165 - - [04/Apr/2025:11:48:45 -0400] "GET /product/?s=K&post_type=product&producta2z&add_to_wishlist=11351&paged=10 HTTP/1.1" 200 21934 "-" "Mozilla/5.0 (compatible; MJ12bot/v1.4.8; http://mj12bot.com/)"
217.113.194.9 - - [04/Apr/2025:11:48:46 -0400] "GET /product/?page_id=4002&add_to_wishlist=5294&add-to-cart=5648&remove_item=84f2798f05d595273de40e3046329309&_wpnonce=657d745317 HTTP/1.1" 200 19067 "-" "Mozilla/5.0 (compatible; Barkrowler/0.9; +https://babbar.tech/crawler)"
216.244.66.234 - - [04/Apr/2025:11:48:49 -0400] "GET /product/?post_type=product&add_to_wishlist=8184&paged=28 HTTP/1.1" 200 178239 "-" "Mozilla/5.0 (compatible; DotBot/1.2; +https://opensiteexplorer.org/dotbot; help@moz.com)"
217.113.194.3 - - [04/Apr/2025:11:49:03 -0400] "GET /product/?page_id=4002&add_to_wishlist=5294&add-to-cart=5648&remove_item=84f2798f05d595273de40e3046329309&_wpnonce=3a57131195 HTTP/1.1" 200 19077 "-" "Mozilla/5.0 (compatible; Barkrowler/0.9; +https://babbar.tech/crawler)"
52.190.143.129 - - [04/Apr/2025:11:49:10 -0400] "GET / HTTP/1.1" 200 10859 "-" "Python/3.9 aiohttp/3.10.6"
217.113.194.8 - - [04/Apr/2025:11:49:19 -0400] "GET /product/?page_id=4002&add_to_wishlist=5294&add-to-cart=5648&remove_item=84f2798f05d595273de40e3046329309&_wpnonce=6231adc253 HTTP/1.1" 200 19140 "-" "Mozilla/5.0 (compatible; Barkrowler/0.9; +https://babbar.tech/crawler)"
18.188.80.46 - - [04/Apr/2025:11:49:34 -0400] "GET /product/?add_to_wishlist=5204&product=eleaf-istick-2030w-silicone-case-blackbluered HTTP/1.1" 200 17093 "-" "Mozilla/5.0 AppleWebKit/537.36 (KHTML, like Gecko; compatible; ClaudeBot/1.0; +claudebot@anthropic.com)"
178.18.254.165 - - [04/Apr/2025:11:49:34 -0400] "GET /product/?s=K&post_type=product&producta2z&add_to_wishlist=11560&paged=39 HTTP/1.1" 200 22531 "-" "Mozilla/5.0 (compatible; MJ12bot/v1.4.8; http://mj12bot.com/)"
18.188.80.46 - - [04/Apr/2025:11:49:35 -0400] "GET /product/?add_to_wishlist=8742&product=eleaf-istick-2030w-silicone-case-blackbluered HTTP/1.1" 200 17137 "-" "Mozilla/5.0 AppleWebKit/537.36 (KHTML, like Gecko; compatible; ClaudeBot/1.0; +claudebot@anthropic.com)"
18.188.80.46 - - [04/Apr/2025:11:49:35 -0400] "GET /product/?add_to_wishlist=5198&product=eleaf-istick-2030w-silicone-case-blackbluered HTTP/1.1" 200 17132 "-" "Mozilla/5.0 AppleWebKit/537.36 (KHTML, like Gecko; compatible; ClaudeBot/1.0; +claudebot@anthropic.com)"
217.113.194.7 - - [04/Apr/2025:11:50:09 -0400] "GET /product/?page_id=4002&add_to_wishlist=5298&add-to-cart=5648&remove_item=84f2798f05d595273de40e3046329309&_wpnonce=657d745317 HTTP/1.1" 200 19090 "-" "Mozilla/5.0 (compatible; Barkrowler/0.9; +https://babbar.tech/crawler)"
217.113.194.5 - - [04/Apr/2025:11:50:25 -0400] "GET /product/?page_id=4002&add_to_wishlist=5298&add-to-cart=5648&remove_item=84f2798f05d595273de40e3046329309&_wpnonce=6231adc253 HTTP/1.1" 200 19065 "-" "Mozilla/5.0 (compatible; Barkrowler/0.9; +https://babbar.tech/crawler)"
217.113.194.10 - - [04/Apr/2025:11:50:42 -0400] "GET /product/?page_id=4002&add_to_wishlist=5298&add-to-cart=5371&remove_item=84f2798f05d595273de40e3046329309&_wpnonce=657d745317 HTTP/1.1" 200 18956 "-" "Mozilla/5.0 (compatible; Barkrowler/0.9; +https://babbar.tech/crawler)"
217.113.194.2 - - [04/Apr/2025:11:50:58 -0400] "GET /product/?page_id=4002&add_to_wishlist=5298&add-to-cart=4662&remove_item=69783ee76a92567d446143b811519068&_wpnonce=41254726a3 HTTP/1.1" 200 19132 "-" "Mozilla/5.0 (compatible; Barkrowler/0.9; +https://babbar.tech/crawler)"
85.208.96.194 - - [04/Apr/2025:11:51:03 -0400] "GET /product/?product=geekvape-aegis-boost-replacement-pod HTTP/1.1" 404 61597 "-" "Mozilla/5.0 (compatible; SemrushBot/7~bl; +http://www.semrush.com/bot.html)"
217.113.194.11 - - [04/Apr/2025:11:51:14 -0400] "GET /product/?page_id=4002&add_to_wishlist=5298&add-to-cart=12348&remove_item=84f2798f05d595273de40e3046329309&_wpnonce=657d745317 HTTP/1.1" 200 19226 "-" "Mozilla/5.0 (compatible; Barkrowler/0.9; +https://babbar.tech/crawler)"
217.113.194.9 - - [04/Apr/2025:11:51:30 -0400] "GET /product/?page_id=4002&add_to_wishlist=5298&add-to-cart=12333&remove_item=84f2798f05d595273de40e3046329309&_wpnonce=657d745317 HTTP/1.1" 200 19122 "-" "Mozilla/5.0 (compatible; Barkrowler/0.9; +https://babbar.tech/crawler)"
154.54.249.193 - - [04/Apr/2025:11:51:47 -0400] "GET /product/?page_id=4002&add_to_wishlist=5298&add-to-cart=4742&remove_item=69783ee76a92567d446143b811519068&_wpnonce=41254726a3 HTTP/1.1" 200 19066 "-" "Mozilla/5.0 (compatible; Barkrowler/0.9; +https://babbar.tech/crawler)"
217.113.194.10 - - [04/Apr/2025:11:52:03 -0400] "GET /product/?page_id=4002&add_to_wishlist=5298&add-to-cart=4769&remove_item=69783ee76a92567d446143b811519068&_wpnonce=41254726a3 HTTP/1.1" 200 19323 "-" "Mozilla/5.0 (compatible; Barkrowler/0.9; +https://babbar.tech/crawler)"
217.113.194.6 - - [04/Apr/2025:11:52:19 -0400] "GET /product/?page_id=4002&add_to_wishlist=5298&add-to-cart=5049&remove_item=69783ee76a92567d446143b811519068&_wpnonce=41254726a3 HTTP/1.1" 200 19079 "-" "Mozilla/5.0 (compatible; Barkrowler/0.9; +https://babbar.tech/crawler)"
217.113.194.10 - - [04/Apr/2025:11:52:35 -0400] "GET /product/?page_id=4002&add_to_wishlist=5298&add-to-cart=5070&remove_item=8074856808ebec0c49403ce3589b28de&_wpnonce=7977323894 HTTP/1.1" 200 19002 "-" "Mozilla/5.0 (compatible; Barkrowler/0.9; +https://babbar.tech/crawler)"
217.113.194.8 - - [04/Apr/2025:11:52:51 -0400] "GET /product/?page_id=4002&add_to_wishlist=5298&add-to-cart=5070&remove_item=8074856808ebec0c49403ce3589b28de&_wpnonce=3184299014 HTTP/1.1" 200 19120 "-" "Mozilla/5.0 (compatible; Barkrowler/0.9; +https://babbar.tech/crawler)"
217.113.194.5 - - [04/Apr/2025:11:53:08 -0400] "GET /product/?page_id=4002&add_to_wishlist=5298&add-to-cart=5892&remove_item=69783ee76a92567d446143b811519068&_wpnonce=41254726a3 HTTP/1.1" 200 19079 "-" "Mozilla/5.0 (compatible; Barkrowler/0.9; +https://babbar.tech/crawler)"
217.113.194.10 - - [04/Apr/2025:11:53:24 -0400] "GET /product/?page_id=4002&add_to_wishlist=5290&add-to-cart=4713&remove_item=84f2798f05d595273de40e3046329309&_wpnonce=657d745317 HTTP/1.1" 200 19232 "-" "Mozilla/5.0 (compatible; Barkrowler/0.9; +https://babbar.tech/crawler)"
217.113.194.7 - - [04/Apr/2025:11:53:40 -0400] "GET /product/?page_id=4002&add_to_wishlist=5290&add-to-cart=4713&remove_item=69783ee76a92567d446143b811519068&_wpnonce=52420611ea HTTP/1.1" 200 18941 "-" "Mozilla/5.0 (compatible; Barkrowler/0.9; +https://babbar.tech/crawler)"
216.244.66.234 - - [04/Apr/2025:11:54:05 -0400] "GET /product/?post_type=product&add_to_wishlist=11608&paged=28 HTTP/1.1" 200 178260 "-" "Mozilla/5.0 (compatible; DotBot/1.2; +https://opensiteexplorer.org/dotbot; help@moz.com)"
