217.113.194.3 - - [04/Apr/2025:12:45:41 -0400] "GET /product/?page_id=4002&add_to_wishlist=12385&add-to-cart=5411&remove_item=956058422500de80654a14d89ca9a010&_wpnonce=3552740808 HTTP/1.1" 200 19189 "-" "Mozilla/5.0 (compatible; Barkrowler/0.9; +https://babbar.tech/crawler)"
83.99.151.69 - - [04/Apr/2025:12:45:45 -0400] "GET /product/?product_cat=aqua HTTP/1.1" 200 19525 "-" "Mozilla/5.0 (X11; Linux x86_64) AppleWebKit/537.36 (KHTML, like Gecko; GeedoProductSearch; +https://geedo.com/product-search.html) Chrome/134.0.0.0 Safari/537.36"
83.99.151.69 - - [04/Apr/2025:12:45:56 -0400] "GET /product/?product_cat=pod-devices HTTP/1.1" 200 21957 "-" "Mozilla/5.0 (X11; Linux x86_64) AppleWebKit/537.36 (KHTML, like Gecko; GeedoProductSearch; +https://geedo.com/product-search.html) Chrome/134.0.0.0 Safari/537.36"
217.113.194.9 - - [04/Apr/2025:12:45:58 -0400] "GET /product/?page_id=4002&add_to_wishlist=12385&add-to-cart=6016&remove_item=84f2798f05d595273de40e3046329309&_wpnonce=ae63218667 HTTP/1.1" 200 19044 "-" "Mozilla/5.0 (compatible; Barkrowler/0.9; +https://babbar.tech/crawler)"
83.99.151.67 - - [04/Apr/2025:12:46:05 -0400] "GET /product/?product=district-one-21-salts-black-water HTTP/1.1" 200 17331 "-" "Mozilla/5.0 (X11; Linux x86_64) AppleWebKit/537.36 (KHTML, like Gecko; GeedoProductSearch; +https://geedo.com/product-search.html) Chrome/134.0.0.0 Safari/537.36"
217.113.194.11 - - [04/Apr/2025:12:46:14 -0400] "GET /product/?page_id=4002&add_to_wishlist=12385&add-to-cart=6018&remove_item=84f2798f05d595273de40e3046329309&_wpnonce=657d745317 HTTP/1.1" 200 18905 "-" "Mozilla/5.0 (compatible; Barkrowler/0.9; +https://babbar.tech/crawler)"
83.99.151.69 - - [04/Apr/2025:12:46:15 -0400] "GET /product/?product=cleito-rta-system&lost-password HTTP/1.1" 200 17956 "-" "Mozilla/5.0 (X11; Linux x86_64) AppleWebKit/537.36 (KHTML, like Gecko; GeedoProductSearch; +https://geedo.com/product-search.html) Chrome/134.0.0.0 Safari/537.36"
83.99.151.64 - - [04/Apr/2025:12:46:26 -0400] "GET /product/?product=ud-510-atomizer-stand HTTP/1.1" 200 17429 "-" "Mozilla/5.0 (X11; Linux x86_64) AppleWebKit/537.36 (KHTML, like Gecko; GeedoProductSearch; +https://geedo.com/product-search.html) Chrome/134.0.0.0 Safari/537.36"
217.113.194.2 - - [04/Apr/2025:12:46:30 -0400] "GET /product/?page_id=4002&add_to_wishlist=12385&add-to-cart=5174&remove_item=956058422500de80654a14d89ca9a010&_wpnonce=619f916367 HTTP/1.1" 200 19149 "-" "Mozilla/5.0 (compatible; Barkrowler/0.9; +https://babbar.tech/crawler)"
83.99.151.69 - - [04/Apr/2025:12:46:35 -0400] "GET /product/?product=dripbox-0-2-ohm-coils HTTP/1.1" 200 17154 "-" "Mozilla/5.0 (X11; Linux x86_64) AppleWebKit/537.36 (KHTML, like Gecko; GeedoProductSearch; +https://geedo.com/product-search.html) Chrome/134.0.0.0 Safari/537.36"
217.113.194.11 - - [04/Apr/2025:12:46:46 -0400] "GET /robots.txt HTTP/1.1" 200 69 "-" "Mozilla/5.0 (compatible; Barkrowler/0.9; +https://babbar.tech/crawler)"
83.99.151.67 - - [04/Apr/2025:12:46:56 -0400] "GET /product/?product=geek-vape-ss316l-28awg HTTP/1.1" 200 16925 "-" "Mozilla/5.0 (X11; Linux x86_64) AppleWebKit/537.36 (KHTML, like Gecko; GeedoProductSearch; +https://geedo.com/product-search.html) Chrome/134.0.0.0 Safari/537.36"
217.113.194.10 - - [04/Apr/2025:12:47:02 -0400] "GET /product/?page_id=4002&add_to_wishlist=12385&add-to-cart=5178&remove_item=84f2798f05d595273de40e3046329309&_wpnonce=657d745317 HTTP/1.1" 200 19076 "-" "Mozilla/5.0 (compatible; Barkrowler/0.9; +https://babbar.tech/crawler)"
83.99.151.67 - - [04/Apr/2025:12:47:05 -0400] "GET /product/?product=demon-killer-0-2-ohm-notch-coils HTTP/1.1" 200 16805 "-" "Mozilla/5.0 (X11; Linux x86_64) AppleWebKit/537.36 (KHTML, like Gecko; GeedoProductSearch; +https://geedo.com/product-search.html) Chrome/134.0.0.0 Safari/537.36"
83.99.151.67 - - [04/Apr/2025:12:47:15 -0400] "GET /product/?product=geek-vape-juggernaut-ka1-2838-x-2-ribbon-38-x-24-awg-wire HTTP/1.1" 200 17033 "-" "Mozilla/5.0 (X11; Linux x86_64) AppleWebKit/537.36 (KHTML, like Gecko; GeedoProductSearch; +https://geedo.com/product-search.html) Chrome/134.0.0.0 Safari/537.36"
83.99.151.67 - - [04/Apr/2025:12:47:25 -0400] "GET /product/?product=halo-longhorn-60ml HTTP/1.1" 200 17001 "-" "Mozilla/5.0 (X11; Linux x86_64) AppleWebKit/537.36 (KHTML, like Gecko; GeedoProductSearch; +https://geedo.com/product-search.html) Chrome/134.0.0.0 Safari/537.36"
217.113.194.10 - - [04/Apr/2025:12:47:35 -0400] "GET /product/?page_id=4002&add_to_wishlist=12385&add-to-cart=5049&remove_item=956058422500de80654a14d89ca9a010&_wpnonce=619f916367 HTTP/1.1" 200 18903 "-" "Mozilla/5.0 (compatible; Barkrowler/0.9; +https://babbar.tech/crawler)"
83.99.151.67 - - [04/Apr/2025:12:47:36 -0400] "GET /product/?product=coil-master-black-ceramic-tweezers HTTP/1.1" 200 17418 "-" "Mozilla/5.0 (X11; Linux x86_64) AppleWebKit/537.36 (KHTML, like Gecko; GeedoProductSearch; +https://geedo.com/product-search.html) Chrome/134.0.0.0 Safari/537.36"
74.125.212.138 - - [04/Apr/2025:12:47:50 -0400] "GET /product/?post_type=product HTTP/1.1" 200 21726 "-" "Mozilla/5.0 (Linux; Android 7.0; SM-G930V Build/NRD90M) AppleWebKit/537.36 (KHTML, like Gecko) Chrome/59.0.3071.125 Mobile Safari/537.36 (compatible; Google-Read-Aloud; +https://support.google.com/webmasters/answer/1061943)"
217.113.194.5 - - [04/Apr/2025:12:48:07 -0400] "GET /product/?page_id=4002&add_to_wishlist=12385&add-to-cart=5049&remove_item=84f2798f05d595273de40e3046329309&_wpnonce=657d745317 HTTP/1.1" 200 19033 "-" "Mozilla/5.0 (compatible; Barkrowler/0.9; +https://babbar.tech/crawler)"
195.2.67.184 - - [04/Apr/2025:12:48:10 -0400] "POST /wp-content/themes/vapor/sendcontact.php HTTP/1.0" 200 1491 "http://vapecompany.com.bd/" "Mozilla/5.0 (Windows NT 10.0; Win64; x64) AppleWebKit/537.36 (KHTML, like Gecko) Chrome/130.0.0.0 Safari/537.36 CCleaner/130.0.0.0"
195.2.67.184 - - [04/Apr/2025:12:48:10 -0400] "POST /wp-content/themes/vapor/sendcontact.php HTTP/1.0" 200 1089 "http://vapecompany.com.bd/" "Mozilla/5.0 (Windows NT 10.0; Win64; x64) AppleWebKit/537.36 (KHTML, like Gecko) Chrome/129.0.0.0 Safari/537.36"
195.2.67.184 - - [04/Apr/2025:12:48:11 -0400] "POST /wp-content/themes/vapor/sendcontact.php HTTP/1.0" 200 8521 "http://vapecompany.com.bd/" "Mozilla/5.0 (Windows NT 10.0; Win64; x64) AppleWebKit/537.36 (KHTML, like Gecko) Chrome/131.0.0.0 Safari/537.36"
217.113.194.5 - - [04/Apr/2025:12:48:23 -0400] "GET /product/?page_id=4002&add_to_wishlist=12385&add-to-cart=4810&remove_item=69783ee76a92567d446143b811519068&_wpnonce=41254726a3 HTTP/1.1" 200 18941 "-" "Mozilla/5.0 (compatible; Barkrowler/0.9; +https://babbar.tech/crawler)"
83.99.151.67 - - [04/Apr/2025:12:48:28 -0400] "GET /product/?product_cat=high-end-mods HTTP/1.1" 200 18094 "-" "Mozilla/5.0 (X11; Linux x86_64) AppleWebKit/537.36 (KHTML, like Gecko; GeedoProductSearch; +https://geedo.com/product-search.html) Chrome/134.0.0.0 Safari/537.36"
83.99.151.67 - - [04/Apr/2025:12:48:38 -0400] "GET /product/?product_cat=26650-batteries HTTP/1.1" 200 18126 "-" "Mozilla/5.0 (X11; Linux x86_64) AppleWebKit/537.36 (KHTML, like Gecko; GeedoProductSearch; +https://geedo.com/product-search.html) Chrome/134.0.0.0 Safari/537.36"
217.113.194.11 - - [04/Apr/2025:12:48:40 -0400] "GET /product/?page_id=4002&add_to_wishlist=12385&add-to-cart=4810&remove_item=8074856808ebec0c49403ce3589b28de&_wpnonce=7977323894 HTTP/1.1" 200 19167 "-" "Mozilla/5.0 (compatible; Barkrowler/0.9; +https://babbar.tech/crawler)"
83.99.151.67 - - [04/Apr/2025:12:48:49 -0400] "GET /product/?product_cat=five-pawns-original-series-salts HTTP/1.1" 200 18094 "-" "Mozilla/5.0 (X11; Linux x86_64) AppleWebKit/537.36 (KHTML, like Gecko; GeedoProductSearch; +https://geedo.com/product-search.html) Chrome/134.0.0.0 Safari/537.36"
217.113.194.11 - - [04/Apr/2025:12:48:57 -0400] "GET /product/?page_id=4002&add_to_wishlist=12385&add-to-cart=5978&remove_item=956058422500de80654a14d89ca9a010&_wpnonce=619f916367 HTTP/1.1" 200 19189 "-" "Mozilla/5.0 (compatible; Barkrowler/0.9; +https://babbar.tech/crawler)"
83.99.151.67 - - [04/Apr/2025:12:48:59 -0400] "GET /product/?product_cat=vandyvape HTTP/1.1" 200 17512 "-" "Mozilla/5.0 (X11; Linux x86_64) AppleWebKit/537.36 (KHTML, like Gecko; GeedoProductSearch; +https://geedo.com/product-search.html) Chrome/134.0.0.0 Safari/537.36"
217.113.194.242 - - [04/Apr/2025:12:49:13 -0400] "GET /product/?page_id=4002&add_to_wishlist=12385&add-to-cart=4754&remove_item=84f2798f05d595273de40e3046329309&_wpnonce=657d745317 HTTP/1.1" 200 19138 "-" "Mozilla/5.0 (compatible; Barkrowler/0.9; +https://babbar.tech/crawler)"
83.99.151.69 - - [04/Apr/2025:12:49:21 -0400] "GET /product/?product=coil-master-pbag&lost-password HTTP/1.1" 200 15965 "-" "Mozilla/5.0 (X11; Linux x86_64) AppleWebKit/537.36 (KHTML, like Gecko; GeedoProductSearch; +https://geedo.com/product-search.html) Chrome/134.0.0.0 Safari/537.36"
217.113.194.3 - - [04/Apr/2025:12:49:29 -0400] "GET /product/?page_id=4002&add_to_wishlist=12385&add-to-cart=4751&remove_item=9914464f0e6bdfa960015601578bcf2c&_wpnonce=6118783996 HTTP/1.1" 200 19142 "-" "Mozilla/5.0 (compatible; Barkrowler/0.9; +https://babbar.tech/crawler)"
85.208.96.202 - - [04/Apr/2025:12:49:29 -0400] "GET /product/?product=coil-master-b2-battery-carrier HTTP/1.1" 200 18431 "-" "Mozilla/5.0 (compatible; SemrushBot/7~bl; +http://www.semrush.com/bot.html)"
83.99.151.69 - - [04/Apr/2025:12:49:31 -0400] "GET /product/?product=geek-vape-kanthal-a1-28awg HTTP/1.1" 200 16957 "-" "Mozilla/5.0 (X11; Linux x86_64) AppleWebKit/537.36 (KHTML, like Gecko; GeedoProductSearch; +https://geedo.com/product-search.html) Chrome/134.0.0.0 Safari/537.36"
83.99.151.69 - - [04/Apr/2025:12:49:41 -0400] "GET /product/?product=aspire-zelos-x-kit-with-nautilus-3-22mm-tank&lost-password HTTP/1.1" 200 16600 "-" "Mozilla/5.0 (X11; Linux x86_64) AppleWebKit/537.36 (KHTML, like Gecko; GeedoProductSearch; +https://geedo.com/product-search.html) Chrome/134.0.0.0 Safari/537.36"
217.113.194.242 - - [04/Apr/2025:12:49:45 -0400] "GET /product/?page_id=4002&add_to_wishlist=12385&add-to-cart=4751&remove_item=956058422500de80654a14d89ca9a010&_wpnonce=619f916367 HTTP/1.1" 200 19180 "-" "Mozilla/5.0 (compatible; Barkrowler/0.9; +https://babbar.tech/crawler)"
83.99.151.70 - - [04/Apr/2025:12:49:51 -0400] "GET /product/?product=geek-vape-ss316l-26awg HTTP/1.1" 200 16921 "-" "Mozilla/5.0 (X11; Linux x86_64) AppleWebKit/537.36 (KHTML, like Gecko; GeedoProductSearch; +https://geedo.com/product-search.html) Chrome/134.0.0.0 Safari/537.36"
217.113.194.3 - - [04/Apr/2025:12:50:01 -0400] "GET /product/?page_id=4002&add_to_wishlist=12385&add-to-cart=4751&remove_item=41263b9a46f6f8f22668476661614478&_wpnonce=64e3332387 HTTP/1.1" 200 18923 "-" "Mozilla/5.0 (compatible; Barkrowler/0.9; +https://babbar.tech/crawler)"
83.99.151.69 - - [04/Apr/2025:12:50:02 -0400] "GET /product/?product_cat=geekvape-wires&paged=2 HTTP/1.1" 200 19075 "-" "Mozilla/5.0 (X11; Linux x86_64) AppleWebKit/537.36 (KHTML, like Gecko; GeedoProductSearch; +https://geedo.com/product-search.html) Chrome/134.0.0.0 Safari/537.36"
83.99.151.69 - - [04/Apr/2025:12:50:11 -0400] "GET /product/?product=halo-freedom-juice-50ml&lost-password HTTP/1.1" 200 16992 "-" "Mozilla/5.0 (X11; Linux x86_64) AppleWebKit/537.36 (KHTML, like Gecko; GeedoProductSearch; +https://geedo.com/product-search.html) Chrome/134.0.0.0 Safari/537.36"
217.113.194.8 - - [04/Apr/2025:12:50:17 -0400] "GET /product/?page_id=4002&add_to_wishlist=12385&add-to-cart=5391&remove_item=84f2798f05d595273de40e3046329309&_wpnonce=85e20e8904 HTTP/1.1" 200 19149 "-" "Mozilla/5.0 (compatible; Barkrowler/0.9; +https://babbar.tech/crawler)"
83.99.151.67 - - [04/Apr/2025:12:50:34 -0400] "GET /product/?product=coil-master-black-ceramic-tweezers&lost-password HTTP/1.1" 200 17440 "-" "Mozilla/5.0 (X11; Linux x86_64) AppleWebKit/537.36 (KHTML, like Gecko; GeedoProductSearch; +https://geedo.com/product-search.html) Chrome/134.0.0.0 Safari/537.36"
217.113.194.2 - - [04/Apr/2025:12:50:34 -0400] "GET /product/?page_id=4002&add_to_wishlist=12385&add-to-cart=5395&remove_item=69783ee76a92567d446143b811519068&_wpnonce=8116e87184 HTTP/1.1" 200 19145 "-" "Mozilla/5.0 (compatible; Barkrowler/0.9; +https://babbar.tech/crawler)"
83.99.151.65 - - [04/Apr/2025:12:50:43 -0400] "GET /product/?product=halo-salt-torque-56 HTTP/1.1" 200 17297 "-" "Mozilla/5.0 (X11; Linux x86_64) AppleWebKit/537.36 (KHTML, like Gecko; GeedoProductSearch; +https://geedo.com/product-search.html) Chrome/134.0.0.0 Safari/537.36"
217.113.194.4 - - [04/Apr/2025:12:50:50 -0400] "GET /product/?page_id=4002&add_to_wishlist=12385&add-to-cart=5395&remove_item=8074856808ebec0c49403ce3589b28de&_wpnonce=242d7cd617 HTTP/1.1" 200 18916 "-" "Mozilla/5.0 (compatible; Barkrowler/0.9; +https://babbar.tech/crawler)"
83.99.151.65 - - [04/Apr/2025:12:50:53 -0400] "GET /product/?product_cat=voltbar-switch-12k HTTP/1.1" 200 17586 "-" "Mozilla/5.0 (X11; Linux x86_64) AppleWebKit/537.36 (KHTML, like Gecko; GeedoProductSearch; +https://geedo.com/product-search.html) Chrome/134.0.0.0 Safari/537.36"
83.99.151.65 - - [04/Apr/2025:12:51:03 -0400] "GET /product/?s=P&post_type=product&producta2z=1 HTTP/1.1" 200 19795 "-" "Mozilla/5.0 (X11; Linux x86_64) AppleWebKit/537.36 (KHTML, like Gecko; GeedoProductSearch; +https://geedo.com/product-search.html) Chrome/134.0.0.0 Safari/537.36"
217.113.194.8 - - [04/Apr/2025:12:51:06 -0400] "GET /product/?page_id=4002&add_to_wishlist=12385&add-to-cart=4804&remove_item=956058422500de80654a14d89ca9a010&_wpnonce=6146cf2412 HTTP/1.1" 200 18989 "-" "Mozilla/5.0 (compatible; Barkrowler/0.9; +https://babbar.tech/crawler)"
217.113.194.8 - - [04/Apr/2025:12:51:23 -0400] "GET /product/?page_id=4002&add_to_wishlist=12385&add-to-cart=5421&remove_item=9914464f0e6bdfa960015601578bcf2c&_wpnonce=6118783996 HTTP/1.1" 200 19119 "-" "Mozilla/5.0 (compatible; Barkrowler/0.9; +https://babbar.tech/crawler)"
83.99.151.65 - - [04/Apr/2025:12:51:23 -0400] "GET /product/?product=voopoo-argus-p2-30w-pod-kit HTTP/1.1" 200 18571 "-" "Mozilla/5.0 (X11; Linux x86_64) AppleWebKit/537.36 (KHTML, like Gecko; GeedoProductSearch; +https://geedo.com/product-search.html) Chrome/134.0.0.0 Safari/537.36"
217.113.194.7 - - [04/Apr/2025:12:51:39 -0400] "GET /product/?page_id=4002&add_to_wishlist=12385&add-to-cart=5421&remove_item=41263b9a46f6f8f22668476661614478&_wpnonce=64e3332387 HTTP/1.1" 200 19064 "-" "Mozilla/5.0 (compatible; Barkrowler/0.9; +https://babbar.tech/crawler)"
83.99.151.65 - - [04/Apr/2025:12:51:46 -0400] "GET /product/?product=aqua-marina-vape-pure-ice HTTP/1.1" 200 17143 "-" "Mozilla/5.0 (X11; Linux x86_64) AppleWebKit/537.36 (KHTML, like Gecko; GeedoProductSearch; +https://geedo.com/product-search.html) Chrome/134.0.0.0 Safari/537.36"
217.113.194.9 - - [04/Apr/2025:12:51:55 -0400] "GET /product/?page_id=4002&add_to_wishlist=12385&add-to-cart=5426&remove_item=84f2798f05d595273de40e3046329309&_wpnonce=657d745317 HTTP/1.1" 200 19025 "-" "Mozilla/5.0 (compatible; Barkrowler/0.9; +https://babbar.tech/crawler)"
83.99.151.65 - - [04/Apr/2025:12:51:56 -0400] "GET /product/?s=5&post_type=product&producta2z=1 HTTP/1.1" 302 - "-" "Mozilla/5.0 (X11; Linux x86_64) AppleWebKit/537.36 (KHTML, like Gecko; GeedoProductSearch; +https://geedo.com/product-search.html) Chrome/134.0.0.0 Safari/537.36"
83.99.151.68 - - [04/Apr/2025:12:52:06 -0400] "GET /product/?product_cat=tuxedo-salts HTTP/1.1" 200 16101 "-" "Mozilla/5.0 (X11; Linux x86_64) AppleWebKit/537.36 (KHTML, like Gecko; GeedoProductSearch; +https://geedo.com/product-search.html) Chrome/134.0.0.0 Safari/537.36"
154.54.249.193 - - [04/Apr/2025:12:52:11 -0400] "GET /product/?page_id=4002&add_to_wishlist=12385&add-to-cart=5198&remove_item=69783ee76a92567d446143b811519068&_wpnonce=41254726a3 HTTP/1.1" 200 19046 "-" "Mozilla/5.0 (compatible; Barkrowler/0.9; +https://babbar.tech/crawler)"
83.99.151.65 - - [04/Apr/2025:12:52:16 -0400] "GET /product/?s=V&post_type=product&producta2z=1&paged=3 HTTP/1.1" 200 22294 "-" "Mozilla/5.0 (X11; Linux x86_64) AppleWebKit/537.36 (KHTML, like Gecko; GeedoProductSearch; +https://geedo.com/product-search.html) Chrome/134.0.0.0 Safari/537.36"
47.128.18.201 - - [04/Apr/2025:12:52:19 -0400] "GET /product/?product=aspire-quad-flex-survival-kit HTTP/1.1" 404 61447 "-" "Mozilla/5.0 (Linux; Android 5.0) AppleWebKit/537.36 (KHTML, like Gecko) Mobile Safari/537.36 (compatible; Bytespider; spider-feedback@bytedance.com)"
47.128.18.201 - - [04/Apr/2025:12:52:22 -0400] "GET /product/wp-content/plugins/contact-form-7/includes/css/styles.css?ver=4.1.2 HTTP/1.1" 200 469 "http://vapecompany.com.bd/product/?product=aspire-quad-flex-survival-kit" "Mozilla/5.0 (Linux; Android 5.0) AppleWebKit/537.36 (KHTML, like Gecko) Mobile Safari/537.36 (compatible; Bytespider; spider-feedback@bytedance.com)"
47.128.18.201 - - [04/Apr/2025:12:52:22 -0400] "GET /product/wp-includes/css/dist/block-library/style.min.css?ver=5.6.14 HTTP/1.1" 200 7849 "http://vapecompany.com.bd/product/?product=aspire-quad-flex-survival-kit" "Mozilla/5.0 (Linux; Android 5.0) AppleWebKit/537.36 (KHTML, like Gecko) Mobile Safari/537.36 (compatible; Bytespider; spider-feedback@bytedance.com)"
47.128.18.201 - - [04/Apr/2025:12:52:22 -0400] "GET /product/wp-content/plugins/revslider/public/assets/css/rs6.css?ver=6.2.9 HTTP/1.1" 200 12614 "http://vapecompany.com.bd/product/?product=aspire-quad-flex-survival-kit" "Mozilla/5.0 (Linux; Android 5.0) AppleWebKit/537.36 (KHTML, like Gecko) Mobile Safari/537.36 (compatible; Bytespider; spider-feedback@bytedance.com)"
47.128.18.201 - - [04/Apr/2025:12:52:22 -0400] "GET /product/wp-content/plugins/wd_shortcode/css/shortcode.css?ver=5.6.14 HTTP/1.1" 200 20236 "http://vapecompany.com.bd/product/?product=aspire-quad-flex-survival-kit" "Mozilla/5.0 (Linux; Android 5.0) AppleWebKit/537.36 (KHTML, like Gecko) Mobile Safari/537.36 (compatible; Bytespider; spider-feedback@bytedance.com)"
47.128.18.201 - - [04/Apr/2025:12:52:22 -0400] "GET /product/wp-content/plugins/wd_shortcode/css/bootstrap-theme.css?ver=5.6.14 HTTP/1.1" 200 1790 "http://vapecompany.com.bd/product/?product=aspire-quad-flex-survival-kit" "Mozilla/5.0 (Linux; Android 5.0) AppleWebKit/537.36 (KHTML, like Gecko) Mobile Safari/537.36 (compatible; Bytespider; spider-feedback@bytedance.com)"
47.128.18.201 - - [04/Apr/2025:12:52:22 -0400] "GET /product/wp-content/plugins/wd_shortcode/css/bootstrap.css?ver=5.6.14 HTTP/1.1" 200 19955 "http://vapecompany.com.bd/product/?product=aspire-quad-flex-survival-kit" "Mozilla/5.0 (Linux; Android 5.0) AppleWebKit/537.36 (KHTML, like Gecko) Mobile Safari/537.36 (compatible; Bytespider; spider-feedback@bytedance.com)"
47.128.18.201 - - [04/Apr/2025:12:52:22 -0400] "GET /product/wp-content/plugins/wd_shortcode/css/owl.carousel.css?ver=5.6.14 HTTP/1.1" 200 613 "http://vapecompany.com.bd/product/?product=aspire-quad-flex-survival-kit" "Mozilla/5.0 (Linux; Android 5.0) AppleWebKit/537.36 (KHTML, like Gecko) Mobile Safari/537.36 (compatible; Bytespider; spider-feedback@bytedance.com)"
47.128.18.201 - - [04/Apr/2025:12:52:22 -0400] "GET /product/wp-content/plugins/js_composer/assets/lib/bower/font-awesome/css/font-awesome.min.css?ver=4.11.2.1 HTTP/1.1" 200 6265 "http://vapecompany.com.bd/product/?product=aspire-quad-flex-survival-kit" "Mozilla/5.0 (Linux; Android 5.0) AppleWebKit/537.36 (KHTML, like Gecko) Mobile Safari/537.36 (compatible; Bytespider; spider-feedback@bytedance.com)"
47.128.18.201 - - [04/Apr/2025:12:52:22 -0400] "GET /product/wp-content/plugins/woocommerce/assets/css/woocommerce-smallscreen.css?ver=2.3.10 HTTP/1.1" 200 957 "http://vapecompany.com.bd/product/?product=aspire-quad-flex-survival-kit" "Mozilla/5.0 (Linux; Android 5.0) AppleWebKit/537.36 (KHTML, like Gecko) Mobile Safari/537.36 (compatible; Bytespider; spider-feedback@bytedance.com)"
47.128.18.201 - - [04/Apr/2025:12:52:22 -0400] "GET /product/wp-content/plugins/woocommerce/assets/css/woocommerce-layout.css?ver=2.3.10 HTTP/1.1" 200 1874 "http://vapecompany.com.bd/product/?product=aspire-quad-flex-survival-kit" "Mozilla/5.0 (Linux; Android 5.0) AppleWebKit/537.36 (KHTML, like Gecko) Mobile Safari/537.36 (compatible; Bytespider; spider-feedback@bytedance.com)"
47.128.18.201 - - [04/Apr/2025:12:52:22 -0400] "GET /product/wp-content/plugins/wp-live-chat-support/css/font-awesome.min.css?ver=5.6.14 HTTP/1.1" 200 6669 "http://vapecompany.com.bd/product/?product=aspire-quad-flex-survival-kit" "Mozilla/5.0 (Linux; Android 5.0) AppleWebKit/537.36 (KHTML, like Gecko) Mobile Safari/537.36 (compatible; Bytespider; spider-feedback@bytedance.com)"
47.128.18.201 - - [04/Apr/2025:12:52:22 -0400] "GET /product/wp-content/plugins/woocommerce/assets/css/woocommerce.css?ver=2.3.10 HTTP/1.1" 200 6469 "http://vapecompany.com.bd/product/?product=aspire-quad-flex-survival-kit" "Mozilla/5.0 (Linux; Android 5.0) AppleWebKit/537.36 (KHTML, like Gecko) Mobile Safari/537.36 (compatible; Bytespider; spider-feedback@bytedance.com)"
47.128.18.201 - - [04/Apr/2025:12:52:22 -0400] "GET /product/wp-content/plugins/wp-live-chat-support/css/themes/theme-2.css?ver=5.6.14 HTTP/1.1" 200 199 "http://vapecompany.com.bd/product/?product=aspire-quad-flex-survival-kit" "Mozilla/5.0 (Linux; Android 5.0) AppleWebKit/537.36 (KHTML, like Gecko) Mobile Safari/537.36 (compatible; Bytespider; spider-feedback@bytedance.com)"
47.128.18.201 - - [04/Apr/2025:12:52:22 -0400] "GET /product/wp-content/plugins/wp-live-chat-support/css/wplcstyle.css?ver=5.6.14 HTTP/1.1" 200 4 "http://vapecompany.com.bd/product/?product=aspire-quad-flex-survival-kit" "Mozilla/5.0 (Linux; Android 5.0) AppleWebKit/537.36 (KHTML, like Gecko) Mobile Safari/537.36 (compatible; Bytespider; spider-feedback@bytedance.com)"
47.128.18.201 - - [04/Apr/2025:12:52:22 -0400] "GET /product/wp-content/plugins/wp-live-chat-support/css/themes/position-bottom-right.css?ver=5.6.14 HTTP/1.1" 200 44 "http://vapecompany.com.bd/product/?product=aspire-quad-flex-survival-kit" "Mozilla/5.0 (Linux; Android 5.0) AppleWebKit/537.36 (KHTML, like Gecko) Mobile Safari/537.36 (compatible; Bytespider; spider-feedback@bytedance.com)"
47.128.18.201 - - [04/Apr/2025:12:52:22 -0400] "GET /product/wp-content/plugins/wp-live-chat-support/css/themes/classic.css?ver=5.6.14 HTTP/1.1" 200 2346 "http://vapecompany.com.bd/product/?product=aspire-quad-flex-survival-kit" "Mozilla/5.0 (Linux; Android 5.0) AppleWebKit/537.36 (KHTML, like Gecko) Mobile Safari/537.36 (compatible; Bytespider; spider-feedback@bytedance.com)"
47.128.18.201 - - [04/Apr/2025:12:52:23 -0400] "GET /product/wp-content/plugins/woocommerce/assets/css/prettyPhoto.css?ver=5.6.14 HTTP/1.1" 200 1936 "http://vapecompany.com.bd/product/?product=aspire-quad-flex-survival-kit" "Mozilla/5.0 (Linux; Android 5.0) AppleWebKit/537.36 (KHTML, like Gecko) Mobile Safari/537.36 (compatible; Bytespider; spider-feedback@bytedance.com)"
47.128.18.201 - - [04/Apr/2025:12:52:23 -0400] "GET /product/wp-content/plugins/yith-woocommerce-compare/assets/css/colorbox.css?ver=5.6.14 HTTP/1.1" 200 1230 "http://vapecompany.com.bd/product/?product=aspire-quad-flex-survival-kit" "Mozilla/5.0 (Linux; Android 5.0) AppleWebKit/537.36 (KHTML, like Gecko) Mobile Safari/537.36 (compatible; Bytespider; spider-feedback@bytedance.com)"
47.128.18.201 - - [04/Apr/2025:12:52:23 -0400] "GET /product/wp-content/plugins/yith-woocommerce-wishlist/assets/css/style.css?ver=5.6.14 HTTP/1.1" 200 2796 "http://vapecompany.com.bd/product/?product=aspire-quad-flex-survival-kit" "Mozilla/5.0 (Linux; Android 5.0) AppleWebKit/537.36 (KHTML, like Gecko) Mobile Safari/537.36 (compatible; Bytespider; spider-feedback@bytedance.com)"
47.128.18.201 - - [04/Apr/2025:12:52:23 -0400] "GET /product/wp-content/plugins/yith-woocommerce-wishlist/assets/css/jquery.selectBox.css?ver=5.6.14 HTTP/1.1" 200 1027 "http://vapecompany.com.bd/product/?product=aspire-quad-flex-survival-kit" "Mozilla/5.0 (Linux; Android 5.0) AppleWebKit/537.36 (KHTML, like Gecko) Mobile Safari/537.36 (compatible; Bytespider; spider-feedback@bytedance.com)"
47.128.18.201 - - [04/Apr/2025:12:52:23 -0400] "GET /product/wp-content/plugins/yith-woocommerce-wishlist/assets/css/font-awesome.min.css?ver=5.6.14 HTTP/1.1" 200 5443 "http://vapecompany.com.bd/product/?product=aspire-quad-flex-survival-kit" "Mozilla/5.0 (Linux; Android 5.0) AppleWebKit/537.36 (KHTML, like Gecko) Mobile Safari/537.36 (compatible; Bytespider; spider-feedback@bytedance.com)"
47.128.18.201 - - [04/Apr/2025:12:52:23 -0400] "GET /product/wp-content/themes/wp_oswad_market/wp_oswad_market/style.css?ver=5.6.14 HTTP/1.1" 200 36662 "http://vapecompany.com.bd/product/?product=aspire-quad-flex-survival-kit" "Mozilla/5.0 (Linux; Android 5.0) AppleWebKit/537.36 (KHTML, like Gecko) Mobile Safari/537.36 (compatible; Bytespider; spider-feedback@bytedance.com)"
47.128.18.201 - - [04/Apr/2025:12:52:23 -0400] "GET /product/wp-content/themes/wp_oswad_market/wp_oswad_market/css/base.css?ver=5.6.14 HTTP/1.1" 200 43549 "http://vapecompany.com.bd/product/?product=aspire-quad-flex-survival-kit" "Mozilla/5.0 (Linux; Android 5.0) AppleWebKit/537.36 (KHTML, like Gecko) Mobile Safari/537.36 (compatible; Bytespider; spider-feedback@bytedance.com)"
47.128.18.201 - - [04/Apr/2025:12:52:23 -0400] "GET /product/wp-content/themes/wp_oswad_market/wp_oswad_market/css/wd_menu_front.css?ver=5.6.14 HTTP/1.1" 200 7269 "http://vapecompany.com.bd/product/?product=aspire-quad-flex-survival-kit" "Mozilla/5.0 (Linux; Android 5.0) AppleWebKit/537.36 (KHTML, like Gecko) Mobile Safari/537.36 (compatible; Bytespider; spider-feedback@bytedance.com)"
47.128.18.201 - - [04/Apr/2025:12:52:23 -0400] "GET /product/wp-content/plugins/js_composer/assets/css/js_composer.min.css?ver=4.11.2.1 HTTP/1.1" 200 58357 "http://vapecompany.com.bd/product/?product=aspire-quad-flex-survival-kit" "Mozilla/5.0 (Linux; Android 5.0) AppleWebKit/537.36 (KHTML, like Gecko) Mobile Safari/537.36 (compatible; Bytespider; spider-feedback@bytedance.com)"
47.128.18.201 - - [04/Apr/2025:12:52:23 -0400] "GET /product/wp-content/themes/wp_oswad_market/wp_oswad_market/css/responsive.css?ver=5.6.14 HTTP/1.1" 200 22947 "http://vapecompany.com.bd/product/?product=aspire-quad-flex-survival-kit" "Mozilla/5.0 (Linux; Android 5.0) AppleWebKit/537.36 (KHTML, like Gecko) Mobile Safari/537.36 (compatible; Bytespider; spider-feedback@bytedance.com)"
47.128.18.201 - - [04/Apr/2025:12:52:23 -0400] "GET /product/wp-content/plugins/wd_quickshop/css/cloud-zoom.css?ver=5.6.14 HTTP/1.1" 200 401 "http://vapecompany.com.bd/product/?product=aspire-quad-flex-survival-kit" "Mozilla/5.0 (Linux; Android 5.0) AppleWebKit/537.36 (KHTML, like Gecko) Mobile Safari/537.36 (compatible; Bytespider; spider-feedback@bytedance.com)"
47.128.18.201 - - [04/Apr/2025:12:52:23 -0400] "GET /product/wp-content/plugins/wd_quickshop/css/prettyPhoto.css?ver=5.6.14 HTTP/1.1" 200 1780 "http://vapecompany.com.bd/product/?product=aspire-quad-flex-survival-kit" "Mozilla/5.0 (Linux; Android 5.0) AppleWebKit/537.36 (KHTML, like Gecko) Mobile Safari/537.36 (compatible; Bytespider; spider-feedback@bytedance.com)"
217.113.194.7 - - [04/Apr/2025:12:52:23 -0400] "GET /product/?product=uwell-nunchaku-mesh-un2-0-14-ohm-coils&add_to_wishlist=4646 HTTP/1.1" 200 17920 "-" "Mozilla/5.0 (compatible; Barkrowler/0.9; +https://babbar.tech/crawler)"
47.128.18.201 - - [04/Apr/2025:12:52:24 -0400] "GET /product/wp-content/uploads/2014/01/Vape-Company-Logo-1.png HTTP/1.1" 206 500 "http://vapecompany.com.bd/product/?product=aspire-quad-flex-survival-kit" "Mozilla/5.0 (Linux; Android 5.0) AppleWebKit/537.36 (KHTML, like Gecko) Mobile Safari/537.36 (compatible; Bytespider; spider-feedback@bytedance.com)"
47.128.18.201 - - [04/Apr/2025:12:52:24 -0400] "GET /product/wp-content/themes/wp_oswad_market/wp_oswad_market/images/media/icon_payment_paypal.png HTTP/1.1" 206 500 "http://vapecompany.com.bd/product/?product=aspire-quad-flex-survival-kit" "Mozilla/5.0 (Linux; Android 5.0) AppleWebKit/537.36 (KHTML, like Gecko) Mobile Safari/537.36 (compatible; Bytespider; spider-feedback@bytedance.com)"
47.128.18.201 - - [04/Apr/2025:12:52:24 -0400] "GET /product/wp-content/themes/wp_oswad_market/wp_oswad_market/images/media/icon_american_visa.png HTTP/1.1" 206 500 "http://vapecompany.com.bd/product/?product=aspire-quad-flex-survival-kit" "Mozilla/5.0 (Linux; Android 5.0) AppleWebKit/537.36 (KHTML, like Gecko) Mobile Safari/537.36 (compatible; Bytespider; spider-feedback@bytedance.com)"
47.128.18.201 - - [04/Apr/2025:12:52:24 -0400] "GET /product/wp-content/themes/wp_oswad_market/wp_oswad_market/images/media/icon_payment_visa.png HTTP/1.1" 206 500 "http://vapecompany.com.bd/product/?product=aspire-quad-flex-survival-kit" "Mozilla/5.0 (Linux; Android 5.0) AppleWebKit/537.36 (KHTML, like Gecko) Mobile Safari/537.36 (compatible; Bytespider; spider-feedback@bytedance.com)"
47.128.18.201 - - [04/Apr/2025:12:52:24 -0400] "GET /product/wp-content/themes/wp_oswad_market/wp_oswad_market/images/media/icon_payment_master_card.png HTTP/1.1" 206 500 "http://vapecompany.com.bd/product/?product=aspire-quad-flex-survival-kit" "Mozilla/5.0 (Linux; Android 5.0) AppleWebKit/537.36 (KHTML, like Gecko) Mobile Safari/537.36 (compatible; Bytespider; spider-feedback@bytedance.com)"
47.128.18.201 - - [04/Apr/2025:12:52:24 -0400] "GET /product/wp-content/themes/wp_oswad_market/wp_oswad_market/images/media/icon_dhl_visa.png HTTP/1.1" 206 500 "http://vapecompany.com.bd/product/?product=aspire-quad-flex-survival-kit" "Mozilla/5.0 (Linux; Android 5.0) AppleWebKit/537.36 (KHTML, like Gecko) Mobile Safari/537.36 (compatible; Bytespider; spider-feedback@bytedance.com)"
47.128.18.201 - - [04/Apr/2025:12:52:24 -0400] "GET /product/wp-content/themes/wp_oswad_market/wp_oswad_market/images/default-background.png HTTP/1.1" 206 500 "http://vapecompany.com.bd/product/?product=aspire-quad-flex-survival-kit" "Mozilla/5.0 (Linux; Android 5.0) AppleWebKit/537.36 (KHTML, like Gecko) Mobile Safari/537.36 (compatible; Bytespider; spider-feedback@bytedance.com)"
47.128.18.201 - - [04/Apr/2025:12:52:24 -0400] "GET /product/wp-content/themes/wp_oswad_market/wp_oswad_market/images/media/bg-breadcrumb.jpg HTTP/1.1" 206 500 "http://vapecompany.com.bd/product/?product=aspire-quad-flex-survival-kit" "Mozilla/5.0 (Linux; Android 5.0) AppleWebKit/537.36 (KHTML, like Gecko) Mobile Safari/537.36 (compatible; Bytespider; spider-feedback@bytedance.com)"
47.128.18.201 - - [04/Apr/2025:12:52:24 -0400] "GET /product/wp-content/themes/wp_oswad_market/wp_oswad_market/images/media/bg-footer.jpg HTTP/1.1" 206 500 "http://vapecompany.com.bd/product/?product=aspire-quad-flex-survival-kit" "Mozilla/5.0 (Linux; Android 5.0) AppleWebKit/537.36 (KHTML, like Gecko) Mobile Safari/537.36 (compatible; Bytespider; spider-feedback@bytedance.com)"
47.128.18.201 - - [04/Apr/2025:12:52:24 -0400] "GET /product/wp-content/themes/wp_oswad_market/wp_oswad_market/images/bg_shadow_menu_phone.png HTTP/1.1" 206 500 "http://vapecompany.com.bd/product/wp-content/themes/wp_oswad_market/wp_oswad_market/css/wd_menu_front.css?ver=5.6.14" "Mozilla/5.0 (Linux; Android 5.0) AppleWebKit/537.36 (KHTML, like Gecko) Mobile Safari/537.36 (compatible; Bytespider; spider-feedback@bytedance.com)"
47.128.18.201 - - [04/Apr/2025:12:52:24 -0400] "GET /product/wp-content/themes/wp_oswad_market/wp_oswad_market/images/media/icon_fed_visa.png HTTP/1.1" 206 500 "http://vapecompany.com.bd/product/?product=aspire-quad-flex-survival-kit" "Mozilla/5.0 (Linux; Android 5.0) AppleWebKit/537.36 (KHTML, like Gecko) Mobile Safari/537.36 (compatible; Bytespider; spider-feedback@bytedance.com)"
83.99.151.65 - - [04/Apr/2025:12:52:27 -0400] "GET /product/?product=tfv4-mini-tf-rca-rba-coil HTTP/1.1" 200 17827 "-" "Mozilla/5.0 (X11; Linux x86_64) AppleWebKit/537.36 (KHTML, like Gecko; GeedoProductSearch; +https://geedo.com/product-search.html) Chrome/134.0.0.0 Safari/537.36"
217.113.194.5 - - [04/Apr/2025:12:52:28 -0400] "GET /product/?page_id=4002&add_to_wishlist=12385&add-to-cart=5198&remove_item=8074856808ebec0c49403ce3589b28de&_wpnonce=7977323894 HTTP/1.1" 200 19174 "-" "Mozilla/5.0 (compatible; Barkrowler/0.9; +https://babbar.tech/crawler)"
83.99.151.65 - - [04/Apr/2025:12:52:36 -0400] "GET /product/?product=bp-mods-lightsaber-model-l-kit HTTP/1.1" 200 18549 "-" "Mozilla/5.0 (X11; Linux x86_64) AppleWebKit/537.36 (KHTML, like Gecko; GeedoProductSearch; +https://geedo.com/product-search.html) Chrome/134.0.0.0 Safari/537.36"
217.113.194.11 - - [04/Apr/2025:12:52:44 -0400] "GET /product/?page_id=4002&add_to_wishlist=12385&add-to-cart=7333&remove_item=69783ee76a92567d446143b811519068&_wpnonce=7217fe4610 HTTP/1.1" 200 19022 "-" "Mozilla/5.0 (compatible; Barkrowler/0.9; +https://babbar.tech/crawler)"
85.208.96.196 - - [04/Apr/2025:12:52:53 -0400] "GET /product/?product=coil-master-ss-316l-24262830-ga-wire-roll HTTP/1.1" 200 16997 "-" "Mozilla/5.0 (compatible; SemrushBot/7~bl; +http://www.semrush.com/bot.html)"
83.99.151.67 - - [04/Apr/2025:12:52:58 -0400] "GET /product/?product=rofvape-alien-wire-shots-118mm HTTP/1.1" 200 16801 "-" "Mozilla/5.0 (X11; Linux x86_64) AppleWebKit/537.36 (KHTML, like Gecko; GeedoProductSearch; +https://geedo.com/product-search.html) Chrome/134.0.0.0 Safari/537.36"
217.113.194.7 - - [04/Apr/2025:12:53:00 -0400] "GET /product/?page_id=4002&add_to_wishlist=12385&add-to-cart=4662&remove_item=956058422500de80654a14d89ca9a010&_wpnonce=619f916367 HTTP/1.1" 200 19097 "-" "Mozilla/5.0 (compatible; Barkrowler/0.9; +https://babbar.tech/crawler)"
118.179.178.131 - - [04/Apr/2025:12:53:06 -0400] "GET /product/?product_cat=us-premium-e-liquids&paged=6 HTTP/1.1" 200 21437 "https://vapecompany.com.bd/product/?product_cat=us-premium-e-liquids&paged=5" "Mozilla/5.0 (iPhone; CPU iPhone OS 18_3_2 like Mac OS X) AppleWebKit/605.1.15 (KHTML, like Gecko) Version/18.3.1 Mobile/15E148 Safari/604.1"
83.99.151.67 - - [04/Apr/2025:12:53:07 -0400] "GET /product/?product_cat=pod-devices&paged=16 HTTP/1.1" 200 18789 "-" "Mozilla/5.0 (X11; Linux x86_64) AppleWebKit/537.36 (KHTML, like Gecko; GeedoProductSearch; +https://geedo.com/product-search.html) Chrome/134.0.0.0 Safari/537.36"
217.113.194.242 - - [04/Apr/2025:12:53:16 -0400] "GET /product/?page_id=4002&add_to_wishlist=12385&add-to-cart=4666&remove_item=84f2798f05d595273de40e3046329309&_wpnonce=657d745317 HTTP/1.1" 200 18962 "-" "Mozilla/5.0 (compatible; Barkrowler/0.9; +https://babbar.tech/crawler)"
83.99.151.66 - - [04/Apr/2025:12:53:17 -0400] "GET /product/?product_cat=saucy-la-salts HTTP/1.1" 200 18870 "-" "Mozilla/5.0 (X11; Linux x86_64) AppleWebKit/537.36 (KHTML, like Gecko; GeedoProductSearch; +https://geedo.com/product-search.html) Chrome/134.0.0.0 Safari/537.36"
217.113.194.10 - - [04/Apr/2025:12:53:28 -0400] "GET /product/?product=ijoy-dm-dm-0-15-ohm-coils&lost-password&add_to_wishlist=4633 HTTP/1.1" 200 17149 "-" "Mozilla/5.0 (compatible; Barkrowler/0.9; +https://babbar.tech/crawler)"
83.99.151.67 - - [04/Apr/2025:12:53:28 -0400] "GET /product/?product_cat=don-cristo HTTP/1.1" 200 18574 "-" "Mozilla/5.0 (X11; Linux x86_64) AppleWebKit/537.36 (KHTML, like Gecko; GeedoProductSearch; +https://geedo.com/product-search.html) Chrome/134.0.0.0 Safari/537.36"
217.113.194.5 - - [04/Apr/2025:12:53:32 -0400] "GET /product/?page_id=4002&add_to_wishlist=12385&add-to-cart=6109&remove_item=69783ee76a92567d446143b811519068&_wpnonce=7217fe4610 HTTP/1.1" 200 18855 "-" "Mozilla/5.0 (compatible; Barkrowler/0.9; +https://babbar.tech/crawler)"
83.99.151.67 - - [04/Apr/2025:12:53:37 -0400] "GET /product/?product_cat=kings-crest-salts HTTP/1.1" 200 20129 "-" "Mozilla/5.0 (X11; Linux x86_64) AppleWebKit/537.36 (KHTML, like Gecko; GeedoProductSearch; +https://geedo.com/product-search.html) Chrome/134.0.0.0 Safari/537.36"
83.99.151.67 - - [04/Apr/2025:12:53:48 -0400] "GET /product/?post_type=product HTTP/1.1" 200 21771 "-" "Mozilla/5.0 (X11; Linux x86_64) AppleWebKit/537.36 (KHTML, like Gecko; GeedoProductSearch; +https://geedo.com/product-search.html) Chrome/134.0.0.0 Safari/537.36"
217.113.194.8 - - [04/Apr/2025:12:53:49 -0400] "GET /product/?page_id=4002&add_to_wishlist=12385&add-to-cart=4685&remove_item=956058422500de80654a14d89ca9a010&_wpnonce=6146cf2412 HTTP/1.1" 200 19057 "-" "Mozilla/5.0 (compatible; Barkrowler/0.9; +https://babbar.tech/crawler)"
66.249.66.194 - - [04/Apr/2025:12:54:00 -0400] "GET /product/wp-content/uploads/2017/10/Blue-Label-Frisco-Ice_opt.jpg HTTP/1.1" 404 25963 "-" "Googlebot-Image/1.0"
66.249.66.194 - - [04/Apr/2025:12:54:00 -0400] "GET /robots.txt HTTP/1.1" 200 69 "-" "Mozilla/5.0 (compatible; Googlebot/2.1; +http://www.google.com/bot.html)"
217.113.194.5 - - [04/Apr/2025:12:54:05 -0400] "GET /product/?page_id=4002&add_to_wishlist=12385&add-to-cart=4918&remove_item=84f2798f05d595273de40e3046329309&_wpnonce=657d745317 HTTP/1.1" 200 18971 "-" "Mozilla/5.0 (compatible; Barkrowler/0.9; +https://babbar.tech/crawler)"
83.99.151.70 - - [04/Apr/2025:12:54:09 -0400] "GET /product/?product_cat=vaporesso-eleaf-istick HTTP/1.1" 200 18788 "-" "Mozilla/5.0 (X11; Linux x86_64) AppleWebKit/537.36 (KHTML, like Gecko; GeedoProductSearch; +https://geedo.com/product-search.html) Chrome/134.0.0.0 Safari/537.36"
83.99.151.70 - - [04/Apr/2025:12:54:20 -0400] "GET /product/?product=vaporesso-xros-corex-2-0-1-2-ohm-replacement-pods HTTP/1.1" 200 17661 "-" "Mozilla/5.0 (X11; Linux x86_64) AppleWebKit/537.36 (KHTML, like Gecko; GeedoProductSearch; +https://geedo.com/product-search.html) Chrome/134.0.0.0 Safari/537.36"
118.179.178.131 - - [04/Apr/2025:12:54:23 -0400] "POST /product/wp-admin/admin-ajax.php HTTP/1.1" 200 969 "https://vapecompany.com.bd/product/?product_cat=us-premium-e-liquids&paged=2" "Mozilla/5.0 (iPhone; CPU iPhone OS 18_3_2 like Mac OS X) AppleWebKit/605.1.15 (KHTML, like Gecko) Version/18.3.1 Mobile/15E148 Safari/604.1"
217.113.194.2 - - [04/Apr/2025:12:54:24 -0400] "GET /product/?page_id=4002&add_to_wishlist=12385&add-to-cart=4918&remove_item=84f2798f05d595273de40e3046329309&_wpnonce=6231adc253 HTTP/1.1" 200 19110 "-" "Mozilla/5.0 (compatible; Barkrowler/0.9; +https://babbar.tech/crawler)"
83.99.151.70 - - [04/Apr/2025:12:54:29 -0400] "GET /product/?product_cat=tobeco-clone HTTP/1.1" 404 61696 "-" "Mozilla/5.0 (X11; Linux x86_64) AppleWebKit/537.36 (KHTML, like Gecko; GeedoProductSearch; +https://geedo.com/product-search.html) Chrome/134.0.0.0 Safari/537.36"
83.99.151.70 - - [04/Apr/2025:12:54:40 -0400] "GET /product/?product=vandyvape-bskr-mtl-1-5-ohm-coils HTTP/1.1" 200 17380 "-" "Mozilla/5.0 (X11; Linux x86_64) AppleWebKit/537.36 (KHTML, like Gecko; GeedoProductSearch; +https://geedo.com/product-search.html) Chrome/134.0.0.0 Safari/537.36"
217.113.194.4 - - [04/Apr/2025:12:54:40 -0400] "GET /product/?page_id=4002&add_to_wishlist=12385&add-to-cart=4834&remove_item=84f2798f05d595273de40e3046329309&_wpnonce=657d745317 HTTP/1.1" 200 19082 "-" "Mozilla/5.0 (compatible; Barkrowler/0.9; +https://babbar.tech/crawler)"
83.99.151.68 - - [04/Apr/2025:12:54:49 -0400] "GET /product/?product_cat=glas-basix HTTP/1.1" 200 16078 "-" "Mozilla/5.0 (X11; Linux x86_64) AppleWebKit/537.36 (KHTML, like Gecko; GeedoProductSearch; +https://geedo.com/product-search.html) Chrome/134.0.0.0 Safari/537.36"
51.222.253.13 - - [04/Apr/2025:12:54:56 -0400] "GET /product/?s=A&post_type=product&add_to_wishlist=4813&paged=41 HTTP/1.1" 200 22269 "-" "Mozilla/5.0 (compatible; AhrefsBot/7.0; +http://ahrefs.com/robot/)"
217.113.194.8 - - [04/Apr/2025:12:54:57 -0400] "GET /product/?page_id=4002&add_to_wishlist=12385&add-to-cart=5330&remove_item=956058422500de80654a14d89ca9a010&_wpnonce=619f916367 HTTP/1.1" 200 19130 "-" "Mozilla/5.0 (compatible; Barkrowler/0.9; +https://babbar.tech/crawler)"
83.99.151.70 - - [04/Apr/2025:12:54:59 -0400] "GET /product/?product=saucy-la-nic-salts-apple-mint-tobacco HTTP/1.1" 200 17372 "-" "Mozilla/5.0 (X11; Linux x86_64) AppleWebKit/537.36 (KHTML, like Gecko; GeedoProductSearch; +https://geedo.com/product-search.html) Chrome/134.0.0.0 Safari/537.36"
217.113.194.8 - - [04/Apr/2025:12:55:13 -0400] "GET /product/?page_id=4002&add_to_wishlist=12385&add-to-cart=7211&remove_item=84f2798f05d595273de40e3046329309&_wpnonce=ae63218667 HTTP/1.1" 200 18911 "-" "Mozilla/5.0 (compatible; Barkrowler/0.9; +https://babbar.tech/crawler)"
83.99.151.67 - - [04/Apr/2025:12:55:21 -0400] "GET /product/?product=saucy-la-nic-salts-banana HTTP/1.1" 200 17228 "-" "Mozilla/5.0 (X11; Linux x86_64) AppleWebKit/537.36 (KHTML, like Gecko; GeedoProductSearch; +https://geedo.com/product-search.html) Chrome/134.0.0.0 Safari/537.36"
217.113.194.3 - - [04/Apr/2025:12:55:29 -0400] "GET /product/?page_id=4002&add_to_wishlist=12385&add-to-cart=4736&remove_item=956058422500de80654a14d89ca9a010&_wpnonce=6146cf2412 HTTP/1.1" 200 19310 "-" "Mozilla/5.0 (compatible; Barkrowler/0.9; +https://babbar.tech/crawler)"
83.99.151.67 - - [04/Apr/2025:12:55:30 -0400] "GET /product/?product=geek-vape-ss316l-24awg HTTP/1.1" 200 16944 "-" "Mozilla/5.0 (X11; Linux x86_64) AppleWebKit/537.36 (KHTML, like Gecko; GeedoProductSearch; +https://geedo.com/product-search.html) Chrome/134.0.0.0 Safari/537.36"
83.99.151.67 - - [04/Apr/2025:12:55:40 -0400] "GET /product/?product_cat=ofrf HTTP/1.1" 200 16075 "-" "Mozilla/5.0 (X11; Linux x86_64) AppleWebKit/537.36 (KHTML, like Gecko; GeedoProductSearch; +https://geedo.com/product-search.html) Chrome/134.0.0.0 Safari/537.36"
83.99.151.67 - - [04/Apr/2025:12:55:50 -0400] "GET /product HTTP/1.1" 301 242 "-" "Mozilla/5.0 (X11; Linux x86_64) AppleWebKit/537.36 (KHTML, like Gecko; GeedoProductSearch; +https://geedo.com/product-search.html) Chrome/134.0.0.0 Safari/537.36"
83.99.151.67 - - [04/Apr/2025:12:55:50 -0400] "GET /product/ HTTP/1.1" 200 16227 "-" "Mozilla/5.0 (X11; Linux x86_64) AppleWebKit/537.36 (KHTML, like Gecko; GeedoProductSearch; +https://geedo.com/product-search.html) Chrome/134.0.0.0 Safari/537.36"
83.99.151.67 - - [04/Apr/2025:12:56:01 -0400] "GET /product/?product_cat=gold-leaf HTTP/1.1" 200 16073 "-" "Mozilla/5.0 (X11; Linux x86_64) AppleWebKit/537.36 (KHTML, like Gecko; GeedoProductSearch; +https://geedo.com/product-search.html) Chrome/134.0.0.0 Safari/537.36"
217.113.194.242 - - [04/Apr/2025:12:56:02 -0400] "GET /product/?page_id=4002&add_to_wishlist=12385&add-to-cart=4723&remove_item=69783ee76a92567d446143b811519068&_wpnonce=8116e87184 HTTP/1.1" 200 19012 "-" "Mozilla/5.0 (compatible; Barkrowler/0.9; +https://babbar.tech/crawler)"
83.99.151.67 - - [04/Apr/2025:12:56:11 -0400] "GET /product/?product=voopoo-argus-p2-30w-pod-kit&lost-password HTTP/1.1" 200 18536 "-" "Mozilla/5.0 (X11; Linux x86_64) AppleWebKit/537.36 (KHTML, like Gecko; GeedoProductSearch; +https://geedo.com/product-search.html) Chrome/134.0.0.0 Safari/537.36"
217.113.194.8 - - [04/Apr/2025:12:56:18 -0400] "GET /product/?page_id=4002&add_to_wishlist=12385&add-to-cart=4723&remove_item=8074856808ebec0c49403ce3589b28de&_wpnonce=242d7cd617 HTTP/1.1" 200 19033 "-" "Mozilla/5.0 (compatible; Barkrowler/0.9; +https://babbar.tech/crawler)"
83.99.151.67 - - [04/Apr/2025:12:56:32 -0400] "GET /product/?post_type=product&paged=48 HTTP/1.1" 200 21982 "-" "Mozilla/5.0 (X11; Linux x86_64) AppleWebKit/537.36 (KHTML, like Gecko; GeedoProductSearch; +https://geedo.com/product-search.html) Chrome/134.0.0.0 Safari/537.36"
217.113.194.11 - - [04/Apr/2025:12:56:34 -0400] "GET /product/?page_id=4002&add_to_wishlist=12385&add-to-cart=6256&remove_item=84f2798f05d595273de40e3046329309&_wpnonce=657d745317 HTTP/1.1" 200 19055 "-" "Mozilla/5.0 (compatible; Barkrowler/0.9; +https://babbar.tech/crawler)"
83.99.151.65 - - [04/Apr/2025:12:56:42 -0400] "GET /product/?product=voopoo-vmate-v2-0-7-ohm-replacement-pods HTTP/1.1" 200 17492 "-" "Mozilla/5.0 (X11; Linux x86_64) AppleWebKit/537.36 (KHTML, like Gecko; GeedoProductSearch; +https://geedo.com/product-search.html) Chrome/134.0.0.0 Safari/537.36"
217.113.194.5 - - [04/Apr/2025:12:56:50 -0400] "GET /product/?page_id=4002&add_to_wishlist=12385&add-to-cart=4742&remove_item=84f2798f05d595273de40e3046329309&_wpnonce=657d745317 HTTP/1.1" 200 18935 "-" "Mozilla/5.0 (compatible; Barkrowler/0.9; +https://babbar.tech/crawler)"
83.99.151.65 - - [04/Apr/2025:12:56:53 -0400] "GET /product/?product=saucy-la-nic-salts-white-grape HTTP/1.1" 200 17285 "-" "Mozilla/5.0 (X11; Linux x86_64) AppleWebKit/537.36 (KHTML, like Gecko; GeedoProductSearch; +https://geedo.com/product-search.html) Chrome/134.0.0.0 Safari/537.36"
83.99.151.70 - - [04/Apr/2025:12:57:02 -0400] "GET /product/?product=et-s-bvc-kit-bluepurplered&lost-password HTTP/1.1" 200 17761 "-" "Mozilla/5.0 (X11; Linux x86_64) AppleWebKit/537.36 (KHTML, like Gecko; GeedoProductSearch; +https://geedo.com/product-search.html) Chrome/134.0.0.0 Safari/537.36"
217.113.194.9 - - [04/Apr/2025:12:57:07 -0400] "GET /product/?page_id=4002&add_to_wishlist=12385&add-to-cart=4742&remove_item=8074856808ebec0c49403ce3589b28de&_wpnonce=3184299014 HTTP/1.1" 200 19103 "-" "Mozilla/5.0 (compatible; Barkrowler/0.9; +https://babbar.tech/crawler)"
83.99.151.68 - - [04/Apr/2025:12:57:12 -0400] "GET /product/?product=vaporesso-moti-x-mini-pod-kit HTTP/1.1" 200 18668 "-" "Mozilla/5.0 (X11; Linux x86_64) AppleWebKit/537.36 (KHTML, like Gecko; GeedoProductSearch; +https://geedo.com/product-search.html) Chrome/134.0.0.0 Safari/537.36"
83.99.151.65 - - [04/Apr/2025:12:57:22 -0400] "GET /product/?product=aspire-nautilus-3-22mm-atomizer-tank HTTP/1.1" 200 18891 "-" "Mozilla/5.0 (X11; Linux x86_64) AppleWebKit/537.36 (KHTML, like Gecko; GeedoProductSearch; +https://geedo.com/product-search.html) Chrome/134.0.0.0 Safari/537.36"
217.113.194.3 - - [04/Apr/2025:12:57:23 -0400] "GET /product/?page_id=4002&add_to_wishlist=12385&add-to-cart=4742&remove_item=956058422500de80654a14d89ca9a010&_wpnonce=619f916367 HTTP/1.1" 200 19164 "-" "Mozilla/5.0 (compatible; Barkrowler/0.9; +https://babbar.tech/crawler)"
217.113.194.10 - - [04/Apr/2025:12:57:39 -0400] "GET /product/?page_id=4002&add_to_wishlist=12385&add-to-cart=4742&remove_item=956058422500de80654a14d89ca9a010&_wpnonce=3552740808 HTTP/1.1" 200 19124 "-" "Mozilla/5.0 (compatible; Barkrowler/0.9; +https://babbar.tech/crawler)"
83.99.151.64 - - [04/Apr/2025:12:57:44 -0400] "GET /product/?product_cat=glas-basix&lost-password HTTP/1.1" 200 16089 "-" "Mozilla/5.0 (X11; Linux x86_64) AppleWebKit/537.36 (KHTML, like Gecko; GeedoProductSearch; +https://geedo.com/product-search.html) Chrome/134.0.0.0 Safari/537.36"
83.99.151.71 - - [04/Apr/2025:12:57:55 -0400] "GET /product/?product=vandy-vape-kylin-rta-pyrex-replacement-glass&lost-password HTTP/1.1" 200 16950 "-" "Mozilla/5.0 (X11; Linux x86_64) AppleWebKit/537.36 (KHTML, like Gecko; GeedoProductSearch; +https://geedo.com/product-search.html) Chrome/134.0.0.0 Safari/537.36"
217.113.194.4 - - [04/Apr/2025:12:57:56 -0400] "GET /product/?page_id=4002&add_to_wishlist=12385&add-to-cart=5760&remove_item=84f2798f05d595273de40e3046329309&_wpnonce=657d745317 HTTP/1.1" 200 19206 "-" "Mozilla/5.0 (compatible; Barkrowler/0.9; +https://babbar.tech/crawler)"
216.244.66.234 - - [04/Apr/2025:12:57:58 -0400] "GET /robots.txt HTTP/1.1" 200 67 "-" "Mozilla/5.0 (compatible; DotBot/1.2; +https://opensiteexplorer.org/dotbot; help@moz.com)"
83.99.151.71 - - [04/Apr/2025:12:58:04 -0400] "GET /product/?product=atlantis-kanthal-0-5-ohm HTTP/1.1" 200 17255 "-" "Mozilla/5.0 (X11; Linux x86_64) AppleWebKit/537.36 (KHTML, like Gecko; GeedoProductSearch; +https://geedo.com/product-search.html) Chrome/134.0.0.0 Safari/537.36"
40.77.167.64 - - [04/Apr/2025:12:58:05 -0400] "GET /product/wp-content/uploads/2018/08/Beard-42_opt-550x550.jpg HTTP/1.1" 200 11658 "-" "Mozilla/5.0 AppleWebKit/537.36 (KHTML, like Gecko; compatible; bingbot/2.0; +http://www.bing.com/bingbot.htm) Chrome/116.0.1938.76 Safari/537.36"
51.222.253.15 - - [04/Apr/2025:12:58:12 -0400] "GET /product/?product_cat=eleaf-istick&add_to_wishlist=7745&paged=1 HTTP/1.1" 200 21271 "-" "Mozilla/5.0 (compatible; AhrefsBot/7.0; +http://ahrefs.com/robot/)"
217.113.194.242 - - [04/Apr/2025:12:58:12 -0400] "GET /product/?page_id=4002&add_to_wishlist=12385&add-to-cart=4708&remove_item=84f2798f05d595273de40e3046329309&_wpnonce=657d745317 HTTP/1.1" 200 18983 "-" "Mozilla/5.0 (compatible; Barkrowler/0.9; +https://babbar.tech/crawler)"
83.99.151.68 - - [04/Apr/2025:12:58:14 -0400] "GET /product/?product_cat=pod-mods HTTP/1.1" 200 23045 "-" "Mozilla/5.0 (X11; Linux x86_64) AppleWebKit/537.36 (KHTML, like Gecko; GeedoProductSearch; +https://geedo.com/product-search.html) Chrome/134.0.0.0 Safari/537.36"
83.99.151.69 - - [04/Apr/2025:12:58:24 -0400] "GET /product/?product=kings-crest-duchess-60ml HTTP/1.1" 200 17182 "-" "Mozilla/5.0 (X11; Linux x86_64) AppleWebKit/537.36 (KHTML, like Gecko; GeedoProductSearch; +https://geedo.com/product-search.html) Chrome/134.0.0.0 Safari/537.36"
217.113.194.242 - - [04/Apr/2025:12:58:28 -0400] "GET /product/?page_id=4002&add_to_wishlist=12385&add-to-cart=5285&remove_item=956058422500de80654a14d89ca9a010&_wpnonce=6146cf2412 HTTP/1.1" 200 18910 "-" "Mozilla/5.0 (compatible; Barkrowler/0.9; +https://babbar.tech/crawler)"
40.77.167.54 - - [04/Apr/2025:12:58:32 -0400] "GET /product/?product_cat=uwell HTTP/1.1" 200 21267 "-" "Mozilla/5.0 AppleWebKit/537.36 (KHTML, like Gecko; compatible; bingbot/2.0; +http://www.bing.com/bingbot.htm) Chrome/116.0.1938.76 Safari/537.36"
83.99.151.71 - - [04/Apr/2025:12:58:35 -0400] "GET /product/?product_cat=royal-seven HTTP/1.1" 200 18343 "-" "Mozilla/5.0 (X11; Linux x86_64) AppleWebKit/537.36 (KHTML, like Gecko; GeedoProductSearch; +https://geedo.com/product-search.html) Chrome/134.0.0.0 Safari/537.36"
217.113.194.7 - - [04/Apr/2025:12:58:44 -0400] "GET /product/?page_id=4002&add_to_wishlist=12385&add-to-cart=4587&remove_item=84f2798f05d595273de40e3046329309&_wpnonce=6231adc253 HTTP/1.1" 200 19133 "-" "Mozilla/5.0 (compatible; Barkrowler/0.9; +https://babbar.tech/crawler)"
