![]() System : Linux host44.registrar-servers.com 4.18.0-513.18.1.lve.2.el8.x86_64 #1 SMP Sat Mar 30 15:36:11 UTC 2024 x86_64 User : vapecompany ( 2719) PHP Version : 7.4.33 Disable Function : NONE Directory : /home/vapecompany/access-logs/ |
Upload File : |
217.113.194.10 - - [04/Apr/2025:08:16:55 -0400] "GET /product/?page_id=4002&add_to_wishlist=5387&add-to-cart=5648&remove_item=84f2798f05d595273de40e3046329309&_wpnonce=3a57131195 HTTP/1.1" 200 19135 "-" "Mozilla/5.0 (compatible; Barkrowler/0.9; +https://babbar.tech/crawler)"
217.113.194.4 - - [04/Apr/2025:08:17:11 -0400] "GET /product/?page_id=4002&add_to_wishlist=5387&add-to-cart=5648&remove_item=84f2798f05d595273de40e3046329309&_wpnonce=6231adc253 HTTP/1.1" 200 19137 "-" "Mozilla/5.0 (compatible; Barkrowler/0.9; +https://babbar.tech/crawler)"
217.113.194.7 - - [04/Apr/2025:08:17:27 -0400] "GET /product/?page_id=4002&add_to_wishlist=5006&add-to-cart=5648&remove_item=84f2798f05d595273de40e3046329309&_wpnonce=ae63218667 HTTP/1.1" 200 19182 "-" "Mozilla/5.0 (compatible; Barkrowler/0.9; +https://babbar.tech/crawler)"
217.113.194.6 - - [04/Apr/2025:08:17:43 -0400] "GET /product/?page_id=4002&add_to_wishlist=5006&add-to-cart=5648&remove_item=84f2798f05d595273de40e3046329309&_wpnonce=657d745317 HTTP/1.1" 200 19011 "-" "Mozilla/5.0 (compatible; Barkrowler/0.9; +https://babbar.tech/crawler)"
85.208.96.194 - - [04/Apr/2025:08:17:53 -0400] "GET /product/?product=yachtvape-pandora-v2-mtl-rta HTTP/1.1" 404 61580 "-" "Mozilla/5.0 (compatible; SemrushBot/7~bl; +http://www.semrush.com/bot.html)"
217.113.194.5 - - [04/Apr/2025:08:17:59 -0400] "GET /product/?page_id=4002&add_to_wishlist=5006&add-to-cart=12339&remove_item=84f2798f05d595273de40e3046329309&_wpnonce=657d745317 HTTP/1.1" 200 19222 "-" "Mozilla/5.0 (compatible; Barkrowler/0.9; +https://babbar.tech/crawler)"
51.222.253.10 - - [04/Apr/2025:08:18:15 -0400] "GET /product/?s=W&post_type=product&add_to_wishlist=7529&paged=42 HTTP/1.1" 200 21040 "-" "Mozilla/5.0 (compatible; AhrefsBot/7.0; +http://ahrefs.com/robot/)"
217.113.194.10 - - [04/Apr/2025:08:18:16 -0400] "GET /product/?page_id=4002&add_to_wishlist=5006&add-to-cart=5070&remove_item=8074856808ebec0c49403ce3589b28de&_wpnonce=7977323894 HTTP/1.1" 200 19123 "-" "Mozilla/5.0 (compatible; Barkrowler/0.9; +https://babbar.tech/crawler)"
154.54.249.193 - - [04/Apr/2025:08:18:32 -0400] "GET /product/?page_id=4002&add_to_wishlist=5006&add-to-cart=12108&remove_item=84f2798f05d595273de40e3046329309&_wpnonce=657d745317 HTTP/1.1" 200 19336 "-" "Mozilla/5.0 (compatible; Barkrowler/0.9; +https://babbar.tech/crawler)"
217.113.194.2 - - [04/Apr/2025:08:19:05 -0400] "GET /product/?page_id=4002&add_to_wishlist=8005&add-to-cart=12331&remove_item=84f2798f05d595273de40e3046329309&_wpnonce=657d745317 HTTP/1.1" 200 19102 "-" "Mozilla/5.0 (compatible; Barkrowler/0.9; +https://babbar.tech/crawler)"
217.113.194.4 - - [04/Apr/2025:08:19:21 -0400] "GET /product/?page_id=4002&add_to_wishlist=8005&add-to-cart=5648&remove_item=84f2798f05d595273de40e3046329309&_wpnonce=657d745317 HTTP/1.1" 200 19075 "-" "Mozilla/5.0 (compatible; Barkrowler/0.9; +https://babbar.tech/crawler)"
217.113.194.2 - - [04/Apr/2025:08:19:39 -0400] "GET /product/?page_id=4002&add_to_wishlist=4810&add-to-cart=12366&remove_item=84f2798f05d595273de40e3046329309&_wpnonce=657d745317 HTTP/1.1" 200 19128 "-" "Mozilla/5.0 (compatible; Barkrowler/0.9; +https://babbar.tech/crawler)"
217.113.194.4 - - [04/Apr/2025:08:19:56 -0400] "GET /product/?page_id=4002&add_to_wishlist=4810&add-to-cart=12383&remove_item=84f2798f05d595273de40e3046329309&_wpnonce=657d745317 HTTP/1.1" 200 19108 "-" "Mozilla/5.0 (compatible; Barkrowler/0.9; +https://babbar.tech/crawler)"
217.113.194.9 - - [04/Apr/2025:08:20:12 -0400] "GET /product/?page_id=4002&add_to_wishlist=4810&add-to-cart=5648&remove_item=84f2798f05d595273de40e3046329309&_wpnonce=657d745317 HTTP/1.1" 200 19032 "-" "Mozilla/5.0 (compatible; Barkrowler/0.9; +https://babbar.tech/crawler)"
217.113.194.8 - - [04/Apr/2025:08:20:28 -0400] "GET /product/?page_id=4002&add_to_wishlist=4810&add-to-cart=5648&remove_item=84f2798f05d595273de40e3046329309&_wpnonce=6231adc253 HTTP/1.1" 200 19076 "-" "Mozilla/5.0 (compatible; Barkrowler/0.9; +https://babbar.tech/crawler)"
217.113.194.4 - - [04/Apr/2025:08:21:01 -0400] "GET /product/?page_id=4002&add_to_wishlist=4810&add-to-cart=5070&remove_item=8074856808ebec0c49403ce3589b28de&_wpnonce=3184299014 HTTP/1.1" 200 19080 "-" "Mozilla/5.0 (compatible; Barkrowler/0.9; +https://babbar.tech/crawler)"
216.244.66.234 - - [04/Apr/2025:08:21:09 -0400] "GET /product/?post_type=product&add_to_wishlist=10380&paged=29 HTTP/1.1" 200 179852 "-" "Mozilla/5.0 (compatible; DotBot/1.2; +https://opensiteexplorer.org/dotbot; help@moz.com)"
216.244.66.234 - - [04/Apr/2025:08:21:11 -0400] "GET /product/?post_type=product&add_to_wishlist=11704&paged=3 HTTP/1.1" 200 172124 "-" "Mozilla/5.0 (compatible; DotBot/1.2; +https://opensiteexplorer.org/dotbot; help@moz.com)"
216.244.66.234 - - [04/Apr/2025:08:21:13 -0400] "GET /product/?post_type=product&add_to_wishlist=6016&paged=33 HTTP/1.1" 200 177421 "-" "Mozilla/5.0 (compatible; DotBot/1.2; +https://opensiteexplorer.org/dotbot; help@moz.com)"
216.244.66.234 - - [04/Apr/2025:08:21:15 -0400] "GET /product/?post_type=product&add_to_wishlist=8173&paged=50 HTTP/1.1" 404 61641 "-" "Mozilla/5.0 (compatible; DotBot/1.2; +https://opensiteexplorer.org/dotbot; help@moz.com)"
216.244.66.234 - - [04/Apr/2025:08:21:17 -0400] "GET /product/?product_cat=us-premium-e-liquids&add_to_wishlist=11658&paged=2 HTTP/1.1" 200 172411 "-" "Mozilla/5.0 (compatible; DotBot/1.2; +https://opensiteexplorer.org/dotbot; help@moz.com)"
217.113.194.242 - - [04/Apr/2025:08:21:17 -0400] "GET /product/?page_id=4002&add_to_wishlist=4810&add-to-cart=6224&remove_item=69783ee76a92567d446143b811519068&_wpnonce=41254726a3 HTTP/1.1" 200 19054 "-" "Mozilla/5.0 (compatible; Barkrowler/0.9; +https://babbar.tech/crawler)"
185.191.171.11 - - [04/Apr/2025:08:21:24 -0400] "GET /product/?paged=12&product_cat=pod-devices HTTP/1.1" 200 21958 "-" "Mozilla/5.0 (compatible; SemrushBot/7~bl; +http://www.semrush.com/bot.html)"
217.113.194.4 - - [04/Apr/2025:08:21:33 -0400] "GET /product/?page_id=4002&add_to_wishlist=4810&add-to-cart=6224&remove_item=69783ee76a92567d446143b811519068&_wpnonce=7217fe4610 HTTP/1.1" 200 19043 "-" "Mozilla/5.0 (compatible; Barkrowler/0.9; +https://babbar.tech/crawler)"
195.2.67.184 - - [04/Apr/2025:08:21:41 -0400] "GET / HTTP/1.0" 200 63571 "http://vapecompany.com.bd/" "Mozilla/5.0 (Windows NT 10.0; Win64; x64) AppleWebKit/537.36 (KHTML, like Gecko) Chrome/130.0.0.0 Safari/537.36 CCleaner/130.0.0.0"
195.2.67.184 - - [04/Apr/2025:08:21:45 -0400] "POST /wp-content/themes/vapor/sendcontact.php HTTP/1.0" 200 2956 "http://vapecompany.com.bd/" "Mozilla/5.0 (Windows NT 10.0; Win64; x64) AppleWebKit/537.36 (KHTML, like Gecko) Chrome/130.0.0.0 Safari/537.36 CCleaner/130.0.0.0"
217.113.194.7 - - [04/Apr/2025:08:21:49 -0400] "GET /product/?page_id=4002&add_to_wishlist=4810&add-to-cart=12331&remove_item=84f2798f05d595273de40e3046329309&_wpnonce=657d745317 HTTP/1.1" 200 19039 "-" "Mozilla/5.0 (compatible; Barkrowler/0.9; +https://babbar.tech/crawler)"
217.113.194.4 - - [04/Apr/2025:08:22:05 -0400] "GET /product/?page_id=4002&add_to_wishlist=4810&add-to-cart=12333&remove_item=84f2798f05d595273de40e3046329309&_wpnonce=657d745317 HTTP/1.1" 200 18966 "-" "Mozilla/5.0 (compatible; Barkrowler/0.9; +https://babbar.tech/crawler)"
217.113.194.8 - - [04/Apr/2025:08:22:22 -0400] "GET /product/?page_id=4002&add_to_wishlist=4813&add-to-cart=5648&remove_item=84f2798f05d595273de40e3046329309&_wpnonce=657d745317 HTTP/1.1" 200 19045 "-" "Mozilla/5.0 (compatible; Barkrowler/0.9; +https://babbar.tech/crawler)"
103.204.246.110 - - [04/Apr/2025:08:22:34 -0400] "GET / HTTP/1.1" 200 10859 "-" "Mozilla/5.0 (Windows NT 10.0; Win64; x64; rv:137.0) Gecko/20100101 Firefox/137.0"
217.113.194.2 - - [04/Apr/2025:08:22:38 -0400] "GET /product/?page_id=4002&add_to_wishlist=4813&add-to-cart=5070&remove_item=8074856808ebec0c49403ce3589b28de&_wpnonce=10276543cf HTTP/1.1" 200 19014 "-" "Mozilla/5.0 (compatible; Barkrowler/0.9; +https://babbar.tech/crawler)"
217.113.194.3 - - [04/Apr/2025:08:22:54 -0400] "GET /product/?page_id=4002&add_to_wishlist=4813&add-to-cart=5070&remove_item=8074856808ebec0c49403ce3589b28de&_wpnonce=7977323894 HTTP/1.1" 200 19017 "-" "Mozilla/5.0 (compatible; Barkrowler/0.9; +https://babbar.tech/crawler)"
217.113.194.8 - - [04/Apr/2025:08:23:10 -0400] "GET /product/?page_id=4002&add_to_wishlist=4813&add-to-cart=12394&remove_item=84f2798f05d595273de40e3046329309&_wpnonce=657d745317 HTTP/1.1" 200 19127 "-" "Mozilla/5.0 (compatible; Barkrowler/0.9; +https://babbar.tech/crawler)"
217.113.194.11 - - [04/Apr/2025:08:23:26 -0400] "GET /product/?page_id=4002&add_to_wishlist=4813&add-to-cart=12383&remove_item=84f2798f05d595273de40e3046329309&_wpnonce=657d745317 HTTP/1.1" 200 19064 "-" "Mozilla/5.0 (compatible; Barkrowler/0.9; +https://babbar.tech/crawler)"
217.113.194.3 - - [04/Apr/2025:08:23:43 -0400] "GET /product/?page_id=4002&add_to_wishlist=4813&add-to-cart=12351&remove_item=84f2798f05d595273de40e3046329309&_wpnonce=657d745317 HTTP/1.1" 200 18968 "-" "Mozilla/5.0 (compatible; Barkrowler/0.9; +https://babbar.tech/crawler)"
217.113.194.10 - - [04/Apr/2025:08:23:59 -0400] "GET /product/?page_id=4002&add_to_wishlist=5978&add-to-cart=5648&remove_item=84f2798f05d595273de40e3046329309&_wpnonce=657d745317 HTTP/1.1" 200 19094 "-" "Mozilla/5.0 (compatible; Barkrowler/0.9; +https://babbar.tech/crawler)"
52.167.144.184 - - [04/Apr/2025:08:24:09 -0400] "GET /product/?product=atomic-nic-salts-tobacco-bliss HTTP/1.1" 200 17334 "-" "Mozilla/5.0 AppleWebKit/537.36 (KHTML, like Gecko; compatible; bingbot/2.0; +http://www.bing.com/bingbot.htm) Chrome/116.0.1938.76 Safari/537.36"
217.113.194.3 - - [04/Apr/2025:08:24:15 -0400] "GET /product/?page_id=4002&add_to_wishlist=5978&add-to-cart=5648&remove_item=84f2798f05d595273de40e3046329309&_wpnonce=6231adc253 HTTP/1.1" 200 19190 "-" "Mozilla/5.0 (compatible; Barkrowler/0.9; +https://babbar.tech/crawler)"
52.167.144.184 - - [04/Apr/2025:08:24:18 -0400] "GET /product/wp-content/plugins/woocommerce/assets/js/prettyPhoto/jquery.prettyPhoto.min.js?ver=3.1.6 HTTP/1.1" 200 5941 "-" "Mozilla/5.0 AppleWebKit/537.36 (KHTML, like Gecko; compatible; bingbot/2.0; +http://www.bing.com/bingbot.htm) Chrome/116.0.1938.76 Safari/537.36"
52.167.144.205 - - [04/Apr/2025:08:24:22 -0400] "GET /product/wp-content/plugins/wd_portfolio/js/jquery.quicksand.js?ver=5.6.14 HTTP/1.1" 200 4254 "-" "Mozilla/5.0 AppleWebKit/537.36 (KHTML, like Gecko; compatible; bingbot/2.0; +http://www.bing.com/bingbot.htm) Chrome/116.0.1938.76 Safari/537.36"
52.167.144.205 - - [04/Apr/2025:08:24:22 -0400] "GET /product/wp-content/plugins/wd_team/css/team.css?ver=5.6.14 HTTP/1.1" 200 1430 "-" "Mozilla/5.0 AppleWebKit/537.36 (KHTML, like Gecko; compatible; bingbot/2.0; +http://www.bing.com/bingbot.htm) Chrome/116.0.1938.76 Safari/537.36"
103.204.246.110 - - [04/Apr/2025:08:24:22 -0400] "GET /product/?product_cat=cream-team HTTP/1.1" 200 17494 "https://vapecompany.com.bd/product/?product_cat=halo" "Mozilla/5.0 (Windows NT 10.0; Win64; x64; rv:137.0) Gecko/20100101 Firefox/137.0"
40.77.167.230 - - [04/Apr/2025:08:24:27 -0400] "GET /product/wp-content/plugins/wd_portfolio/css/wd.portfolio.css?ver=5.6.14 HTTP/1.1" 200 3028 "-" "Mozilla/5.0 AppleWebKit/537.36 (KHTML, like Gecko; compatible; bingbot/2.0; +http://www.bing.com/bingbot.htm) Chrome/116.0.1938.76 Safari/537.36"
40.77.167.230 - - [04/Apr/2025:08:24:27 -0400] "GET /product/wp-includes/js/comment-reply.min.js?ver=5.6.14 HTTP/1.1" 200 1346 "-" "Mozilla/5.0 AppleWebKit/537.36 (KHTML, like Gecko; compatible; bingbot/2.0; +http://www.bing.com/bingbot.htm) Chrome/116.0.1938.76 Safari/537.36"
217.113.194.10 - - [04/Apr/2025:08:24:31 -0400] "GET /product/?page_id=4002&add_to_wishlist=5978&add-to-cart=5371&remove_item=84f2798f05d595273de40e3046329309&_wpnonce=657d745317 HTTP/1.1" 200 19113 "-" "Mozilla/5.0 (compatible; Barkrowler/0.9; +https://babbar.tech/crawler)"
217.113.194.9 - - [04/Apr/2025:08:24:47 -0400] "GET /product/?page_id=4002&add_to_wishlist=5978&add-to-cart=5070&remove_item=8074856808ebec0c49403ce3589b28de&_wpnonce=7977323894 HTTP/1.1" 200 19022 "-" "Mozilla/5.0 (compatible; Barkrowler/0.9; +https://babbar.tech/crawler)"
217.113.194.11 - - [04/Apr/2025:08:25:04 -0400] "GET /product/?page_id=4002&add_to_wishlist=5978&add-to-cart=5070&remove_item=8074856808ebec0c49403ce3589b28de&_wpnonce=3184299014 HTTP/1.1" 200 19079 "-" "Mozilla/5.0 (compatible; Barkrowler/0.9; +https://babbar.tech/crawler)"
217.113.194.5 - - [04/Apr/2025:08:25:20 -0400] "GET /product/?page_id=4002&add_to_wishlist=4751&add-to-cart=12348&remove_item=84f2798f05d595273de40e3046329309&_wpnonce=657d745317 HTTP/1.1" 200 19246 "-" "Mozilla/5.0 (compatible; Barkrowler/0.9; +https://babbar.tech/crawler)"
217.113.194.3 - - [04/Apr/2025:08:25:37 -0400] "GET /product/?page_id=4002&add_to_wishlist=4751&add-to-cart=4742&remove_item=84f2798f05d595273de40e3046329309&_wpnonce=657d745317 HTTP/1.1" 200 18866 "-" "Mozilla/5.0 (compatible; Barkrowler/0.9; +https://babbar.tech/crawler)"
217.113.194.8 - - [04/Apr/2025:08:25:53 -0400] "GET /product/?page_id=4002&add_to_wishlist=4751&add-to-cart=5070&remove_item=8074856808ebec0c49403ce3589b28de&_wpnonce=4537271786 HTTP/1.1" 200 19114 "-" "Mozilla/5.0 (compatible; Barkrowler/0.9; +https://babbar.tech/crawler)"
217.113.194.5 - - [04/Apr/2025:08:26:09 -0400] "GET /product/?page_id=4002&add_to_wishlist=4751&add-to-cart=5371&remove_item=84f2798f05d595273de40e3046329309&_wpnonce=657d745317 HTTP/1.1" 200 19217 "-" "Mozilla/5.0 (compatible; Barkrowler/0.9; +https://babbar.tech/crawler)"
217.113.194.5 - - [04/Apr/2025:08:26:25 -0400] "GET /product/?page_id=4002&add_to_wishlist=4751&add-to-cart=4813&remove_item=84f2798f05d595273de40e3046329309&_wpnonce=657d745317 HTTP/1.1" 200 18925 "-" "Mozilla/5.0 (compatible; Barkrowler/0.9; +https://babbar.tech/crawler)"
217.113.194.10 - - [04/Apr/2025:08:26:41 -0400] "GET /product/?page_id=4002&add_to_wishlist=4751&add-to-cart=4666&remove_item=84f2798f05d595273de40e3046329309&_wpnonce=657d745317 HTTP/1.1" 200 19115 "-" "Mozilla/5.0 (compatible; Barkrowler/0.9; +https://babbar.tech/crawler)"
217.113.194.9 - - [04/Apr/2025:08:26:58 -0400] "GET /product/?page_id=4002&add_to_wishlist=4751&add-to-cart=12335&remove_item=84f2798f05d595273de40e3046329309&_wpnonce=657d745317 HTTP/1.1" 200 19126 "-" "Mozilla/5.0 (compatible; Barkrowler/0.9; +https://babbar.tech/crawler)"
217.113.194.4 - - [04/Apr/2025:08:27:14 -0400] "GET /product/?page_id=4002&add_to_wishlist=4751&add-to-cart=12331&remove_item=84f2798f05d595273de40e3046329309&_wpnonce=657d745317 HTTP/1.1" 200 19185 "-" "Mozilla/5.0 (compatible; Barkrowler/0.9; +https://babbar.tech/crawler)"
217.113.194.8 - - [04/Apr/2025:08:27:30 -0400] "GET /product/?page_id=4002&add_to_wishlist=4751&add-to-cart=5648&remove_item=84f2798f05d595273de40e3046329309&_wpnonce=657d745317 HTTP/1.1" 200 19308 "-" "Mozilla/5.0 (compatible; Barkrowler/0.9; +https://babbar.tech/crawler)"
217.113.194.5 - - [04/Apr/2025:08:28:03 -0400] "GET /product/?page_id=4002&add_to_wishlist=4754&add-to-cart=12385&remove_item=84f2798f05d595273de40e3046329309&_wpnonce=657d745317 HTTP/1.1" 200 19110 "-" "Mozilla/5.0 (compatible; Barkrowler/0.9; +https://babbar.tech/crawler)"
217.113.194.11 - - [04/Apr/2025:08:28:19 -0400] "GET /product/?page_id=4002&add_to_wishlist=4754&add-to-cart=12251&remove_item=956058422500de80654a14d89ca9a010&_wpnonce=3552740808 HTTP/1.1" 200 18887 "-" "Mozilla/5.0 (compatible; Barkrowler/0.9; +https://babbar.tech/crawler)"
217.113.194.2 - - [04/Apr/2025:08:28:35 -0400] "GET /product/?page_id=4002&add_to_wishlist=4754&add-to-cart=5070&remove_item=8074856808ebec0c49403ce3589b28de&_wpnonce=7977323894 HTTP/1.1" 200 19206 "-" "Mozilla/5.0 (compatible; Barkrowler/0.9; +https://babbar.tech/crawler)"
217.113.194.5 - - [04/Apr/2025:08:28:51 -0400] "GET /product/?page_id=4002&add_to_wishlist=4754&add-to-cart=5070&remove_item=8074856808ebec0c49403ce3589b28de&_wpnonce=3184299014 HTTP/1.1" 200 19115 "-" "Mozilla/5.0 (compatible; Barkrowler/0.9; +https://babbar.tech/crawler)"
217.113.194.5 - - [04/Apr/2025:08:29:08 -0400] "GET /product/?page_id=4002&add_to_wishlist=4754&add-to-cart=5648&remove_item=84f2798f05d595273de40e3046329309&_wpnonce=657d745317 HTTP/1.1" 200 19106 "-" "Mozilla/5.0 (compatible; Barkrowler/0.9; +https://babbar.tech/crawler)"
154.54.249.193 - - [04/Apr/2025:08:29:24 -0400] "GET /product/?page_id=4002&add_to_wishlist=4754&add-to-cart=5648&remove_item=84f2798f05d595273de40e3046329309&_wpnonce=ae63218667 HTTP/1.1" 200 19096 "-" "Mozilla/5.0 (compatible; Barkrowler/0.9; +https://babbar.tech/crawler)"
101.2.163.66 - - [04/Apr/2025:08:29:40 -0400] "GET /product/wp-content/uploads/2014/01/Vape-Company-Logo-1.png HTTP/1.1" 200 34702 "-" "Mozilla/5.0 (iPhone; CPU iPhone OS 16_3_1 like Mac OS X) AppleWebKit/605.1.15 (KHTML, like Gecko) CriOS/134.0.6998.99 Mobile/15E148 Safari/604.1"
217.113.194.3 - - [04/Apr/2025:08:29:57 -0400] "GET /product/?page_id=4002&add_to_wishlist=4662&add-to-cart=4723&remove_item=53420bd6e6798761679772a7dd012674&_wpnonce=16913293cb HTTP/1.1" 200 18960 "-" "Mozilla/5.0 (compatible; Barkrowler/0.9; +https://babbar.tech/crawler)"
114.119.133.138 - - [04/Apr/2025:08:30:08 -0400] "GET /wp-content/uploads/2021/01?C=S%3BO%3DA HTTP/1.1" 301 273 "http://vapecompany.com.bd/wp-content/uploads/2021/01?C=M%3BO%3DA" "Mozilla/5.0 (Linux; Android 7.0;) AppleWebKit/537.36 (KHTML, like Gecko) Mobile Safari/537.36 (compatible; PetalBot;+https://webmaster.petalsearch.com/site/petalbot)"
114.119.133.138 - - [04/Apr/2025:08:30:09 -0400] "GET /wp-content/uploads/2021/01/?C=S%3BO%3DA HTTP/1.1" 200 402 "http://vapecompany.com.bd/wp-content/uploads/2021/01?C=M%3BO%3DA" "Mozilla/5.0 (Linux; Android 7.0;) AppleWebKit/537.36 (KHTML, like Gecko) Mobile Safari/537.36 (compatible; PetalBot;+https://webmaster.petalsearch.com/site/petalbot)"
217.113.194.7 - - [04/Apr/2025:08:30:13 -0400] "GET /product/?page_id=4002&add_to_wishlist=4662&add-to-cart=12381&remove_item=84f2798f05d595273de40e3046329309&_wpnonce=657d745317 HTTP/1.1" 200 19107 "-" "Mozilla/5.0 (compatible; Barkrowler/0.9; +https://babbar.tech/crawler)"
217.113.194.5 - - [04/Apr/2025:08:30:29 -0400] "GET /product/?page_id=4002&add_to_wishlist=4662&add-to-cart=12333&remove_item=84f2798f05d595273de40e3046329309&_wpnonce=657d745317 HTTP/1.1" 200 19200 "-" "Mozilla/5.0 (compatible; Barkrowler/0.9; +https://babbar.tech/crawler)"
217.113.194.242 - - [04/Apr/2025:08:30:45 -0400] "GET /product/?page_id=4002&add_to_wishlist=4662&add-to-cart=12251&remove_item=956058422500de80654a14d89ca9a010&_wpnonce=619f916367 HTTP/1.1" 200 18531 "-" "Mozilla/5.0 (compatible; Barkrowler/0.9; +https://babbar.tech/crawler)"
216.244.66.234 - - [04/Apr/2025:08:30:58 -0400] "GET /robots.txt HTTP/1.1" 200 67 "-" "Mozilla/5.0 (compatible; DotBot/1.2; +https://opensiteexplorer.org/dotbot; help@moz.com)"
217.113.194.7 - - [04/Apr/2025:08:31:01 -0400] "GET /product/?page_id=4002&add_to_wishlist=4662&add-to-cart=12251&remove_item=956058422500de80654a14d89ca9a010&_wpnonce=3552740808 HTTP/1.1" 200 18658 "-" "Mozilla/5.0 (compatible; Barkrowler/0.9; +https://babbar.tech/crawler)"
95.108.213.117 - - [04/Apr/2025:08:31:30 -0400] "GET /robots.txt HTTP/1.1" 200 67 "-" "Mozilla/5.0 (compatible; YandexBot/3.0; +http://yandex.com/bots)"
217.113.194.11 - - [04/Apr/2025:08:31:34 -0400] "GET /product/?page_id=4002&add_to_wishlist=4662&add-to-cart=5290&remove_item=69783ee76a92567d446143b811519068&_wpnonce=41254726a3 HTTP/1.1" 200 19261 "-" "Mozilla/5.0 (compatible; Barkrowler/0.9; +https://babbar.tech/crawler)"
217.113.194.10 - - [04/Apr/2025:08:31:50 -0400] "GET /product/?page_id=4002&add_to_wishlist=4662&add-to-cart=5070&remove_item=8074856808ebec0c49403ce3589b28de&_wpnonce=7977323894 HTTP/1.1" 200 19057 "-" "Mozilla/5.0 (compatible; Barkrowler/0.9; +https://babbar.tech/crawler)"
217.113.194.242 - - [04/Apr/2025:08:32:06 -0400] "GET /robots.txt HTTP/1.1" 200 69 "-" "Mozilla/5.0 (compatible; Barkrowler/0.9; +https://babbar.tech/crawler)"
66.249.66.193 - - [04/Apr/2025:08:32:18 -0400] "GET /product/?product=uwell-caliburn-a3s-pod-kit&add_to_wishlist=7299 HTTP/1.1" 200 18556 "-" "Mozilla/5.0 (Linux; Android 6.0.1; Nexus 5X Build/MMB29P) AppleWebKit/537.36 (KHTML, like Gecko) Chrome/134.0.6998.165 Mobile Safari/537.36 (compatible; Googlebot/2.1; +http://www.google.com/bot.html)"
217.113.194.10 - - [04/Apr/2025:08:32:22 -0400] "GET /product/?page_id=4002&add_to_wishlist=4662&add-to-cart=5070&remove_item=8074856808ebec0c49403ce3589b28de&_wpnonce=3184299014 HTTP/1.1" 200 18999 "-" "Mozilla/5.0 (compatible; Barkrowler/0.9; +https://babbar.tech/crawler)"
217.113.194.2 - - [04/Apr/2025:08:32:38 -0400] "GET /product/?page_id=4002&add_to_wishlist=4662&add-to-cart=5070&remove_item=8074856808ebec0c49403ce3589b28de&_wpnonce=242d7cd617 HTTP/1.1" 200 19057 "-" "Mozilla/5.0 (compatible; Barkrowler/0.9; +https://babbar.tech/crawler)"
217.113.194.6 - - [04/Apr/2025:08:32:54 -0400] "GET /product/?page_id=4002&add_to_wishlist=4662&add-to-cart=5648&remove_item=84f2798f05d595273de40e3046329309&_wpnonce=657d745317 HTTP/1.1" 200 19068 "-" "Mozilla/5.0 (compatible; Barkrowler/0.9; +https://babbar.tech/crawler)"
217.113.194.5 - - [04/Apr/2025:08:33:11 -0400] "GET /product/?page_id=4002&add_to_wishlist=4662&add-to-cart=5648&remove_item=84f2798f05d595273de40e3046329309&_wpnonce=ae63218667 HTTP/1.1" 200 19113 "-" "Mozilla/5.0 (compatible; Barkrowler/0.9; +https://babbar.tech/crawler)"
66.249.66.194 - - [04/Apr/2025:08:33:14 -0400] "GET / HTTP/1.1" 200 10859 "-" "Mozilla/5.0 (compatible; Googlebot/2.1; +http://www.google.com/bot.html)"
217.113.194.7 - - [04/Apr/2025:08:33:27 -0400] "GET /product/?page_id=4002&add_to_wishlist=4662&add-to-cart=5648&remove_item=84f2798f05d595273de40e3046329309&_wpnonce=6231adc253 HTTP/1.1" 200 18922 "-" "Mozilla/5.0 (compatible; Barkrowler/0.9; +https://babbar.tech/crawler)"
217.113.194.2 - - [04/Apr/2025:08:33:43 -0400] "GET /product/?page_id=4002&add_to_wishlist=4666&add-to-cart=5648&remove_item=84f2798f05d595273de40e3046329309&_wpnonce=657d745317 HTTP/1.1" 200 19067 "-" "Mozilla/5.0 (compatible; Barkrowler/0.9; +https://babbar.tech/crawler)"
185.191.171.11 - - [04/Apr/2025:08:34:12 -0400] "GET /product/?product=geekvape-aegis-pod-g-mesh-0-8-ohm-coils HTTP/1.1" 200 17380 "-" "Mozilla/5.0 (compatible; SemrushBot/7~bl; +http://www.semrush.com/bot.html)"
217.113.194.9 - - [04/Apr/2025:08:34:15 -0400] "GET /product/?page_id=4002&add_to_wishlist=6551&add-to-cart=5648&remove_item=84f2798f05d595273de40e3046329309&_wpnonce=657d745317 HTTP/1.1" 200 19126 "-" "Mozilla/5.0 (compatible; Barkrowler/0.9; +https://babbar.tech/crawler)"
217.113.194.9 - - [04/Apr/2025:08:34:31 -0400] "GET /product/?page_id=4002&add_to_wishlist=6551&add-to-cart=5648&remove_item=84f2798f05d595273de40e3046329309&_wpnonce=6231adc253 HTTP/1.1" 200 18907 "-" "Mozilla/5.0 (compatible; Barkrowler/0.9; +https://babbar.tech/crawler)"
217.113.194.7 - - [04/Apr/2025:08:34:48 -0400] "GET /product/?page_id=4002&add_to_wishlist=5184&add-to-cart=4754&remove_item=84f2798f05d595273de40e3046329309&_wpnonce=657d745317 HTTP/1.1" 200 19073 "-" "Mozilla/5.0 (compatible; Barkrowler/0.9; +https://babbar.tech/crawler)"
217.113.194.8 - - [04/Apr/2025:08:35:04 -0400] "GET /product/?page_id=4002&add_to_wishlist=5184&add-to-cart=4772&remove_item=84f2798f05d595273de40e3046329309&_wpnonce=657d745317 HTTP/1.1" 200 19279 "-" "Mozilla/5.0 (compatible; Barkrowler/0.9; +https://babbar.tech/crawler)"
217.113.194.10 - - [04/Apr/2025:08:35:20 -0400] "GET /product/?page_id=4002&add_to_wishlist=5184&add-to-cart=12331&remove_item=84f2798f05d595273de40e3046329309&_wpnonce=657d745317 HTTP/1.1" 200 19194 "-" "Mozilla/5.0 (compatible; Barkrowler/0.9; +https://babbar.tech/crawler)"
217.113.194.11 - - [04/Apr/2025:08:35:36 -0400] "GET /product/?page_id=4002&add_to_wishlist=5184&add-to-cart=12383&remove_item=84f2798f05d595273de40e3046329309&_wpnonce=657d745317 HTTP/1.1" 200 19139 "-" "Mozilla/5.0 (compatible; Barkrowler/0.9; +https://babbar.tech/crawler)"
217.113.194.242 - - [04/Apr/2025:08:35:53 -0400] "GET /product/?page_id=4002&add_to_wishlist=5184&add-to-cart=12347&remove_item=84f2798f05d595273de40e3046329309&_wpnonce=657d745317 HTTP/1.1" 200 19062 "-" "Mozilla/5.0 (compatible; Barkrowler/0.9; +https://babbar.tech/crawler)"
217.113.194.2 - - [04/Apr/2025:08:36:09 -0400] "GET /product/?page_id=4002&add_to_wishlist=5184&add-to-cart=12366&remove_item=84f2798f05d595273de40e3046329309&_wpnonce=657d745317 HTTP/1.1" 200 19202 "-" "Mozilla/5.0 (compatible; Barkrowler/0.9; +https://babbar.tech/crawler)"
217.113.194.11 - - [04/Apr/2025:08:36:25 -0400] "GET /product/?page_id=4002&add_to_wishlist=5184&add-to-cart=12333&remove_item=84f2798f05d595273de40e3046329309&_wpnonce=657d745317 HTTP/1.1" 200 19087 "-" "Mozilla/5.0 (compatible; Barkrowler/0.9; +https://babbar.tech/crawler)"
217.113.194.5 - - [04/Apr/2025:08:36:41 -0400] "GET /product/?page_id=4002&add_to_wishlist=5184&add-to-cart=12351&remove_item=84f2798f05d595273de40e3046329309&_wpnonce=657d745317 HTTP/1.1" 200 19132 "-" "Mozilla/5.0 (compatible; Barkrowler/0.9; +https://babbar.tech/crawler)"
217.113.194.7 - - [04/Apr/2025:08:36:57 -0400] "GET /product/?page_id=4002&add_to_wishlist=5184&add-to-cart=5371&remove_item=84f2798f05d595273de40e3046329309&_wpnonce=657d745317 HTTP/1.1" 200 19179 "-" "Mozilla/5.0 (compatible; Barkrowler/0.9; +https://babbar.tech/crawler)"
217.113.194.2 - - [04/Apr/2025:08:37:13 -0400] "GET /product/?page_id=4002&add_to_wishlist=5184&add-to-cart=5070&remove_item=8074856808ebec0c49403ce3589b28de&_wpnonce=7977323894 HTTP/1.1" 200 19051 "-" "Mozilla/5.0 (compatible; Barkrowler/0.9; +https://babbar.tech/crawler)"
151.106.161.79 - - [04/Apr/2025:08:37:17 -0400] "GET /product/wp-content/uploads/2016/12/Coilart-Azeroth-RDTA-210x210.jpeg HTTP/1.1" 404 25967 "-" "Mozilla/5.0 (X11; Ubuntu; Linux x86_64; rv:72.0) Gecko/20100101 Firefox/72.0"
151.106.161.79 - - [04/Apr/2025:08:37:18 -0400] "GET /product/wp-content/uploads/2016/12/Coilart-Azeroth-RDTA-210x210.jpeg HTTP/1.1" 404 25967 "-" "Mozilla/5.0 (X11; Ubuntu; Linux x86_64; rv:72.0) Gecko/20100101 Firefox/72.0"
154.54.249.193 - - [04/Apr/2025:08:37:30 -0400] "GET /product/?page_id=4002&add_to_wishlist=5184&add-to-cart=5070&remove_item=8074856808ebec0c49403ce3589b28de&_wpnonce=3184299014 HTTP/1.1" 200 19024 "-" "Mozilla/5.0 (compatible; Barkrowler/0.9; +https://babbar.tech/crawler)"
217.113.194.5 - - [04/Apr/2025:08:37:46 -0400] "GET /product/?page_id=4002&add_to_wishlist=5184&add-to-cart=5648&remove_item=84f2798f05d595273de40e3046329309&_wpnonce=657d745317 HTTP/1.1" 200 19104 "-" "Mozilla/5.0 (compatible; Barkrowler/0.9; +https://babbar.tech/crawler)"
217.113.194.7 - - [04/Apr/2025:08:38:02 -0400] "GET /product/?page_id=4002&add_to_wishlist=5184&add-to-cart=5648&remove_item=84f2798f05d595273de40e3046329309&_wpnonce=3a57131195 HTTP/1.1" 200 19127 "-" "Mozilla/5.0 (compatible; Barkrowler/0.9; +https://babbar.tech/crawler)"
217.113.194.10 - - [04/Apr/2025:08:38:18 -0400] "GET /product/?page_id=4002&add_to_wishlist=5184&add-to-cart=5648&remove_item=84f2798f05d595273de40e3046329309&_wpnonce=a374134840 HTTP/1.1" 200 19027 "-" "Mozilla/5.0 (compatible; Barkrowler/0.9; +https://babbar.tech/crawler)"
217.113.194.7 - - [04/Apr/2025:08:38:34 -0400] "GET /product/?page_id=4002&add_to_wishlist=4742&add-to-cart=4713&remove_item=84f2798f05d595273de40e3046329309&_wpnonce=657d745317 HTTP/1.1" 200 19186 "-" "Mozilla/5.0 (compatible; Barkrowler/0.9; +https://babbar.tech/crawler)"
217.113.194.10 - - [04/Apr/2025:08:38:50 -0400] "GET /product/?page_id=4002&add_to_wishlist=4742&add-to-cart=12381&remove_item=84f2798f05d595273de40e3046329309&_wpnonce=657d745317 HTTP/1.1" 200 18997 "-" "Mozilla/5.0 (compatible; Barkrowler/0.9; +https://babbar.tech/crawler)"
217.113.194.2 - - [04/Apr/2025:08:39:07 -0400] "GET /product/?page_id=4002&add_to_wishlist=4742&add-to-cart=12385&remove_item=84f2798f05d595273de40e3046329309&_wpnonce=657d745317 HTTP/1.1" 200 19065 "-" "Mozilla/5.0 (compatible; Barkrowler/0.9; +https://babbar.tech/crawler)"
154.54.249.193 - - [04/Apr/2025:08:39:23 -0400] "GET /product/?page_id=4002&add_to_wishlist=4742&add-to-cart=12264&remove_item=84f2798f05d595273de40e3046329309&_wpnonce=657d745317 HTTP/1.1" 200 18980 "-" "Mozilla/5.0 (compatible; Barkrowler/0.9; +https://babbar.tech/crawler)"
217.113.194.11 - - [04/Apr/2025:08:39:39 -0400] "GET /product/?page_id=4002&add_to_wishlist=4742&add-to-cart=12251&remove_item=956058422500de80654a14d89ca9a010&_wpnonce=619f916367 HTTP/1.1" 200 18685 "-" "Mozilla/5.0 (compatible; Barkrowler/0.9; +https://babbar.tech/crawler)"
198.54.115.140 - - [04/Apr/2025:08:39:56 -0400] "POST /product/wp-cron.php?doing_wp_cron=1743770396.2184810638427734375000 HTTP/1.1" 200 - "http://vapecompany.com.bd/product/wp-cron.php?doing_wp_cron=1743770396.2184810638427734375000" "WordPress/5.6.14; https://vapecompany.com.bd/product"
217.113.194.11 - - [04/Apr/2025:08:39:55 -0400] "GET /product/?page_id=4002&add_to_wishlist=4742&add-to-cart=12251&remove_item=956058422500de80654a14d89ca9a010&_wpnonce=3552740808 HTTP/1.1" 200 18732 "-" "Mozilla/5.0 (compatible; Barkrowler/0.9; +https://babbar.tech/crawler)"
217.113.194.9 - - [04/Apr/2025:08:40:12 -0400] "GET /product/?page_id=4002&add_to_wishlist=4742&add-to-cart=5760&remove_item=84f2798f05d595273de40e3046329309&_wpnonce=657d745317 HTTP/1.1" 200 19196 "-" "Mozilla/5.0 (compatible; Barkrowler/0.9; +https://babbar.tech/crawler)"
217.113.194.9 - - [04/Apr/2025:08:40:28 -0400] "GET /product/?page_id=4002&add_to_wishlist=4742&add-to-cart=5892&remove_item=84f2798f05d595273de40e3046329309&_wpnonce=657d745317 HTTP/1.1" 200 19079 "-" "Mozilla/5.0 (compatible; Barkrowler/0.9; +https://babbar.tech/crawler)"
217.113.194.3 - - [04/Apr/2025:08:40:44 -0400] "GET /product/?page_id=4002&add_to_wishlist=4742&add-to-cart=4834&remove_item=84f2798f05d595273de40e3046329309&_wpnonce=657d745317 HTTP/1.1" 200 19105 "-" "Mozilla/5.0 (compatible; Barkrowler/0.9; +https://babbar.tech/crawler)"
217.113.194.4 - - [04/Apr/2025:08:41:00 -0400] "GET /product/?page_id=4002&add_to_wishlist=4742&add-to-cart=5070&remove_item=8074856808ebec0c49403ce3589b28de&_wpnonce=7977323894 HTTP/1.1" 200 18897 "-" "Mozilla/5.0 (compatible; Barkrowler/0.9; +https://babbar.tech/crawler)"
217.113.194.242 - - [04/Apr/2025:08:41:17 -0400] "GET /product/?page_id=4002&add_to_wishlist=4742&add-to-cart=5070&remove_item=8074856808ebec0c49403ce3589b28de&_wpnonce=3184299014 HTTP/1.1" 200 19126 "-" "Mozilla/5.0 (compatible; Barkrowler/0.9; +https://babbar.tech/crawler)"
217.113.194.8 - - [04/Apr/2025:08:41:33 -0400] "GET /product/?page_id=4002&add_to_wishlist=4742&add-to-cart=5648&remove_item=84f2798f05d595273de40e3046329309&_wpnonce=657d745317 HTTP/1.1" 200 19128 "-" "Mozilla/5.0 (compatible; Barkrowler/0.9; +https://babbar.tech/crawler)"
185.191.171.14 - - [04/Apr/2025:08:41:49 -0400] "GET /robots.txt HTTP/1.1" 200 69 "-" "Mozilla/5.0 (compatible; SemrushBot/7~bl; +http://www.semrush.com/bot.html)"
217.113.194.5 - - [04/Apr/2025:08:41:49 -0400] "GET /product/?page_id=4002&add_to_wishlist=4742&add-to-cart=5648&remove_item=84f2798f05d595273de40e3046329309&_wpnonce=a374134840 HTTP/1.1" 200 19145 "-" "Mozilla/5.0 (compatible; Barkrowler/0.9; +https://babbar.tech/crawler)"
185.191.171.10 - - [04/Apr/2025:08:41:50 -0400] "GET /product/?lost-password&product=tens-salts-key-lime-cookie HTTP/1.1" 404 61595 "-" "Mozilla/5.0 (compatible; SemrushBot/7~bl; +http://www.semrush.com/bot.html)"
217.113.194.7 - - [04/Apr/2025:08:42:05 -0400] "GET /product/?page_id=4002&add_to_wishlist=4747&add-to-cart=12347&remove_item=84f2798f05d595273de40e3046329309&_wpnonce=657d745317 HTTP/1.1" 200 19180 "-" "Mozilla/5.0 (compatible; Barkrowler/0.9; +https://babbar.tech/crawler)"
217.113.194.4 - - [04/Apr/2025:08:42:21 -0400] "GET /product/?page_id=4002&add_to_wishlist=4747&add-to-cart=12359&remove_item=84f2798f05d595273de40e3046329309&_wpnonce=657d745317 HTTP/1.1" 200 19054 "-" "Mozilla/5.0 (compatible; Barkrowler/0.9; +https://babbar.tech/crawler)"
217.113.194.11 - - [04/Apr/2025:08:42:37 -0400] "GET /product/?page_id=4002&add_to_wishlist=4747&add-to-cart=12251&remove_item=956058422500de80654a14d89ca9a010&_wpnonce=3552740808 HTTP/1.1" 200 18659 "-" "Mozilla/5.0 (compatible; Barkrowler/0.9; +https://babbar.tech/crawler)"
217.113.194.11 - - [04/Apr/2025:08:42:53 -0400] "GET /product/?page_id=4002&add_to_wishlist=4747&add-to-cart=12289&remove_item=84f2798f05d595273de40e3046329309&_wpnonce=657d745317 HTTP/1.1" 200 19101 "-" "Mozilla/5.0 (compatible; Barkrowler/0.9; +https://babbar.tech/crawler)"
216.244.66.234 - - [04/Apr/2025:08:43:03 -0400] "GET /product/?feed=rss2&p=5655 HTTP/1.1" 301 - "-" "Mozilla/5.0 (compatible; DotBot/1.2; +https://opensiteexplorer.org/dotbot; help@moz.com)"
154.54.249.193 - - [04/Apr/2025:08:43:10 -0400] "GET /product/?page_id=4002&add_to_wishlist=4747&add-to-cart=12329&remove_item=84f2798f05d595273de40e3046329309&_wpnonce=657d745317 HTTP/1.1" 200 19109 "-" "Mozilla/5.0 (compatible; Barkrowler/0.9; +https://babbar.tech/crawler)"
217.113.194.242 - - [04/Apr/2025:08:43:26 -0400] "GET /product/?page_id=4002&add_to_wishlist=4747&add-to-cart=12377&remove_item=84f2798f05d595273de40e3046329309&_wpnonce=657d745317 HTTP/1.1" 200 19069 "-" "Mozilla/5.0 (compatible; Barkrowler/0.9; +https://babbar.tech/crawler)"
217.113.194.10 - - [04/Apr/2025:08:43:42 -0400] "GET /product/?page_id=4002&add_to_wishlist=4747&add-to-cart=12335&remove_item=84f2798f05d595273de40e3046329309&_wpnonce=657d745317 HTTP/1.1" 200 19264 "-" "Mozilla/5.0 (compatible; Barkrowler/0.9; +https://babbar.tech/crawler)"
217.113.194.9 - - [04/Apr/2025:08:43:58 -0400] "GET /product/?page_id=4002&add_to_wishlist=4747&add-to-cart=12190&remove_item=84f2798f05d595273de40e3046329309&_wpnonce=657d745317 HTTP/1.1" 200 19106 "-" "Mozilla/5.0 (compatible; Barkrowler/0.9; +https://babbar.tech/crawler)"
217.113.194.3 - - [04/Apr/2025:08:44:14 -0400] "GET /product/?page_id=4002&add_to_wishlist=4747&add-to-cart=5070&remove_item=8074856808ebec0c49403ce3589b28de&_wpnonce=7977323894 HTTP/1.1" 200 19100 "-" "Mozilla/5.0 (compatible; Barkrowler/0.9; +https://babbar.tech/crawler)"
217.113.194.8 - - [04/Apr/2025:08:44:31 -0400] "GET /product/?page_id=4002&add_to_wishlist=4747&add-to-cart=5070&remove_item=8074856808ebec0c49403ce3589b28de&_wpnonce=3184299014 HTTP/1.1" 200 19082 "-" "Mozilla/5.0 (compatible; Barkrowler/0.9; +https://babbar.tech/crawler)"
217.113.194.8 - - [04/Apr/2025:08:44:47 -0400] "GET /product/?page_id=4002&add_to_wishlist=4747&add-to-cart=5648&remove_item=84f2798f05d595273de40e3046329309&_wpnonce=657d745317 HTTP/1.1" 200 19043 "-" "Mozilla/5.0 (compatible; Barkrowler/0.9; +https://babbar.tech/crawler)"
114.119.155.13 - - [04/Apr/2025:08:44:52 -0400] "GET /product/wp-content/uploads/2020/10/Legato-Kentucky-60ml-600x565.jpg HTTP/1.1" 200 35162 "-" "Mozilla/5.0 (Linux; Android 7.0;) AppleWebKit/537.36 (KHTML, like Gecko) Mobile Safari/537.36 (compatible; PetalBot;+https://webmaster.petalsearch.com/site/petalbot)"
217.113.194.8 - - [04/Apr/2025:08:45:03 -0400] "GET /product/?page_id=4002&add_to_wishlist=4747&add-to-cart=5648&remove_item=84f2798f05d595273de40e3046329309&_wpnonce=ae63218667 HTTP/1.1" 200 19078 "-" "Mozilla/5.0 (compatible; Barkrowler/0.9; +https://babbar.tech/crawler)"
217.113.194.3 - - [04/Apr/2025:08:45:19 -0400] "GET /product/?page_id=4002&add_to_wishlist=4747&add-to-cart=5648&remove_item=84f2798f05d595273de40e3046329309&_wpnonce=6231adc253 HTTP/1.1" 200 19064 "-" "Mozilla/5.0 (compatible; Barkrowler/0.9; +https://babbar.tech/crawler)"
217.113.194.242 - - [04/Apr/2025:08:45:35 -0400] "GET /product/?page_id=4002&add_to_wishlist=4747&add-to-cart=4646&remove_item=84f2798f05d595273de40e3046329309&_wpnonce=657d745317 HTTP/1.1" 200 19092 "-" "Mozilla/5.0 (compatible; Barkrowler/0.9; +https://babbar.tech/crawler)"
217.113.194.11 - - [04/Apr/2025:08:45:51 -0400] "GET /product/?page_id=4002&add_to_wishlist=4708&add-to-cart=5648&remove_item=84f2798f05d595273de40e3046329309&_wpnonce=657d745317 HTTP/1.1" 200 19270 "-" "Mozilla/5.0 (compatible; Barkrowler/0.9; +https://babbar.tech/crawler)"
51.222.253.11 - - [04/Apr/2025:08:46:07 -0400] "GET /product/?s=A&post_type=product&add_to_wishlist=5357&paged=4 HTTP/1.1" 200 22127 "-" "Mozilla/5.0 (compatible; AhrefsBot/7.0; +http://ahrefs.com/robot/)"
217.113.194.2 - - [04/Apr/2025:08:46:08 -0400] "GET /product/?page_id=4002&add_to_wishlist=4708&add-to-cart=5648&remove_item=84f2798f05d595273de40e3046329309&_wpnonce=6231adc253 HTTP/1.1" 200 19268 "-" "Mozilla/5.0 (compatible; Barkrowler/0.9; +https://babbar.tech/crawler)"
154.54.249.193 - - [04/Apr/2025:08:46:24 -0400] "GET /product/?page_id=4002&add_to_wishlist=4708&add-to-cart=5070&remove_item=8074856808ebec0c49403ce3589b28de&_wpnonce=3184299014 HTTP/1.1" 200 18998 "-" "Mozilla/5.0 (compatible; Barkrowler/0.9; +https://babbar.tech/crawler)"
217.113.194.9 - - [04/Apr/2025:08:46:40 -0400] "GET /product/?page_id=4002&add_to_wishlist=5285&add-to-cart=12331&remove_item=84f2798f05d595273de40e3046329309&_wpnonce=657d745317 HTTP/1.1" 200 19042 "-" "Mozilla/5.0 (compatible; Barkrowler/0.9; +https://babbar.tech/crawler)"
217.113.194.10 - - [04/Apr/2025:08:46:56 -0400] "GET /product/?page_id=4002&add_to_wishlist=5285&add-to-cart=12251&remove_item=956058422500de80654a14d89ca9a010&_wpnonce=3552740808 HTTP/1.1" 200 18746 "-" "Mozilla/5.0 (compatible; Barkrowler/0.9; +https://babbar.tech/crawler)"
217.113.194.7 - - [04/Apr/2025:08:47:12 -0400] "GET /product/?page_id=4002&add_to_wishlist=5285&add-to-cart=12406&remove_item=84f2798f05d595273de40e3046329309&_wpnonce=657d745317 HTTP/1.1" 200 18988 "-" "Mozilla/5.0 (compatible; Barkrowler/0.9; +https://babbar.tech/crawler)"
217.113.194.8 - - [04/Apr/2025:08:47:28 -0400] "GET /product/?page_id=4002&add_to_wishlist=5285&add-to-cart=12335&remove_item=84f2798f05d595273de40e3046329309&_wpnonce=657d745317 HTTP/1.1" 200 19145 "-" "Mozilla/5.0 (compatible; Barkrowler/0.9; +https://babbar.tech/crawler)"
217.113.194.242 - - [04/Apr/2025:08:47:45 -0400] "GET /product/?page_id=4002&add_to_wishlist=5285&add-to-cart=12381&remove_item=8074856808ebec0c49403ce3589b28de&_wpnonce=7977323894 HTTP/1.1" 200 19063 "-" "Mozilla/5.0 (compatible; Barkrowler/0.9; +https://babbar.tech/crawler)"
217.113.194.10 - - [04/Apr/2025:08:48:01 -0400] "GET /product/?page_id=4002&add_to_wishlist=5285&add-to-cart=5178&remove_item=84f2798f05d595273de40e3046329309&_wpnonce=657d745317 HTTP/1.1" 200 19006 "-" "Mozilla/5.0 (compatible; Barkrowler/0.9; +https://babbar.tech/crawler)"
217.113.194.11 - - [04/Apr/2025:08:48:17 -0400] "GET /product/?page_id=4002&add_to_wishlist=5285&add-to-cart=5070&remove_item=8074856808ebec0c49403ce3589b28de&_wpnonce=3184299014 HTTP/1.1" 200 19111 "-" "Mozilla/5.0 (compatible; Barkrowler/0.9; +https://babbar.tech/crawler)"
217.113.194.2 - - [04/Apr/2025:08:48:33 -0400] "GET /product/?page_id=4002&add_to_wishlist=5285&add-to-cart=5648&remove_item=84f2798f05d595273de40e3046329309&_wpnonce=657d745317 HTTP/1.1" 200 19015 "-" "Mozilla/5.0 (compatible; Barkrowler/0.9; +https://babbar.tech/crawler)"
217.113.194.8 - - [04/Apr/2025:08:48:50 -0400] "GET /product/?page_id=4002&add_to_wishlist=5285&add-to-cart=5648&remove_item=84f2798f05d595273de40e3046329309&_wpnonce=9235934169 HTTP/1.1" 200 19127 "-" "Mozilla/5.0 (compatible; Barkrowler/0.9; +https://babbar.tech/crawler)"
217.113.194.2 - - [04/Apr/2025:08:49:06 -0400] "GET /product/?page_id=4002&add_to_wishlist=5285&add-to-cart=5648&remove_item=84f2798f05d595273de40e3046329309&_wpnonce=6231adc253 HTTP/1.1" 200 19079 "-" "Mozilla/5.0 (compatible; Barkrowler/0.9; +https://babbar.tech/crawler)"
217.113.194.6 - - [04/Apr/2025:08:49:22 -0400] "GET /product/?page_id=4002&add_to_wishlist=8461&add-to-cart=5648&remove_item=84f2798f05d595273de40e3046329309&_wpnonce=657d745317 HTTP/1.1" 200 19010 "-" "Mozilla/5.0 (compatible; Barkrowler/0.9; +https://babbar.tech/crawler)"
151.106.190.62 - - [04/Apr/2025:08:49:25 -0400] "GET /product/wp-content/uploads/2019/06/Exvape-Expromizer-V4-MTL-RTA-All-Colors_opt-210x210.jpg HTTP/1.1" 404 25989 "-" "Mozilla/5.0 (X11; Ubuntu; Linux x86_64; rv:72.0) Gecko/20100101 Firefox/72.0"
151.106.190.62 - - [04/Apr/2025:08:49:25 -0400] "GET /product/wp-content/uploads/2019/06/Exvape-Expromizer-V4-MTL-RTA-All-Colors_opt-210x210.jpg HTTP/1.1" 404 25989 "-" "Mozilla/5.0 (X11; Ubuntu; Linux x86_64; rv:72.0) Gecko/20100101 Firefox/72.0"
151.106.190.62 - - [04/Apr/2025:08:49:25 -0400] "GET /product/wp-content/uploads/2019/06/Exvape-Expromizer-V4-MTL-RTA-All-Colors_opt-210x210.jpg HTTP/1.1" 404 25989 "-" "Mozilla/5.0 (X11; Ubuntu; Linux x86_64; rv:72.0) Gecko/20100101 Firefox/72.0"
217.113.194.10 - - [04/Apr/2025:08:49:38 -0400] "GET /product/?page_id=4002&add_to_wishlist=8461&add-to-cart=5648&remove_item=84f2798f05d595273de40e3046329309&_wpnonce=6231adc253 HTTP/1.1" 200 19094 "-" "Mozilla/5.0 (compatible; Barkrowler/0.9; +https://babbar.tech/crawler)"
217.113.194.10 - - [04/Apr/2025:08:49:54 -0400] "GET /product/?page_id=4002&add_to_wishlist=6123&add-to-cart=5070&remove_item=8074856808ebec0c49403ce3589b28de&_wpnonce=10276543cf HTTP/1.1" 200 19016 "-" "Mozilla/5.0 (compatible; Barkrowler/0.9; +https://babbar.tech/crawler)"
217.113.194.11 - - [04/Apr/2025:08:50:11 -0400] "GET /product/?page_id=4002&add_to_wishlist=6123&add-to-cart=5070&remove_item=8074856808ebec0c49403ce3589b28de&_wpnonce=7977323894 HTTP/1.1" 200 19281 "-" "Mozilla/5.0 (compatible; Barkrowler/0.9; +https://babbar.tech/crawler)"
217.113.194.10 - - [04/Apr/2025:08:50:27 -0400] "GET /product/?page_id=4002&add_to_wishlist=6123&add-to-cart=12394&remove_item=84f2798f05d595273de40e3046329309&_wpnonce=657d745317 HTTP/1.1" 200 19299 "-" "Mozilla/5.0 (compatible; Barkrowler/0.9; +https://babbar.tech/crawler)"
217.113.194.9 - - [04/Apr/2025:08:50:43 -0400] "GET /product/?page_id=4002&add_to_wishlist=6123&add-to-cart=12351&remove_item=84f2798f05d595273de40e3046329309&_wpnonce=657d745317 HTTP/1.1" 200 19090 "-" "Mozilla/5.0 (compatible; Barkrowler/0.9; +https://babbar.tech/crawler)"
217.113.194.10 - - [04/Apr/2025:08:50:59 -0400] "GET /product/?page_id=4002&add_to_wishlist=5852&add-to-cart=4723&remove_item=53420bd6e6798761679772a7dd012674&_wpnonce=16913293cb HTTP/1.1" 200 18976 "-" "Mozilla/5.0 (compatible; Barkrowler/0.9; +https://babbar.tech/crawler)"
217.113.194.5 - - [04/Apr/2025:08:51:15 -0400] "GET /product/?page_id=4002&add_to_wishlist=5852&add-to-cart=12108&remove_item=84f2798f05d595273de40e3046329309&_wpnonce=657d745317 HTTP/1.1" 200 19144 "-" "Mozilla/5.0 (compatible; Barkrowler/0.9; +https://babbar.tech/crawler)"
217.113.194.11 - - [04/Apr/2025:08:51:32 -0400] "GET /product/?page_id=4002&add_to_wishlist=5852&add-to-cart=5070&remove_item=8074856808ebec0c49403ce3589b28de&_wpnonce=7977323894 HTTP/1.1" 200 18959 "-" "Mozilla/5.0 (compatible; Barkrowler/0.9; +https://babbar.tech/crawler)"
217.113.194.6 - - [04/Apr/2025:08:51:48 -0400] "GET /product/?page_id=4002&add_to_wishlist=5852&add-to-cart=5070&remove_item=8074856808ebec0c49403ce3589b28de&_wpnonce=242d7cd617 HTTP/1.1" 200 19028 "-" "Mozilla/5.0 (compatible; Barkrowler/0.9; +https://babbar.tech/crawler)"
217.113.194.10 - - [04/Apr/2025:08:52:04 -0400] "GET /product/?page_id=4002&add_to_wishlist=5852&add-to-cart=5648&remove_item=84f2798f05d595273de40e3046329309&_wpnonce=657d745317 HTTP/1.1" 200 19075 "-" "Mozilla/5.0 (compatible; Barkrowler/0.9; +https://babbar.tech/crawler)"
217.113.194.5 - - [04/Apr/2025:08:52:20 -0400] "GET /product/?page_id=4002&add_to_wishlist=5852&add-to-cart=5648&remove_item=84f2798f05d595273de40e3046329309&_wpnonce=ae63218667 HTTP/1.1" 200 19038 "-" "Mozilla/5.0 (compatible; Barkrowler/0.9; +https://babbar.tech/crawler)"
66.249.66.194 - - [04/Apr/2025:08:52:29 -0400] "GET /robots.txt HTTP/1.1" 200 69 "-" "Mozilla/5.0 (compatible; Googlebot/2.1; +http://www.google.com/bot.html)"
66.249.66.194 - - [04/Apr/2025:08:52:29 -0400] "GET /product HTTP/1.1" 301 242 "-" "Mozilla/5.0 (compatible; Googlebot/2.1; +http://www.google.com/bot.html)"
66.249.66.192 - - [04/Apr/2025:08:52:29 -0400] "GET /product/ HTTP/1.1" 200 16227 "-" "Mozilla/5.0 (compatible; Googlebot/2.1; +http://www.google.com/bot.html)"
66.249.66.192 - - [04/Apr/2025:08:52:31 -0400] "GET /product/wp-content/plugins/wd_shortcode/css/bootstrap-theme.css?ver=5.6.14 HTTP/1.1" 200 1790 "http://vapecompany.com.bd/product/" "Mozilla/5.0 AppleWebKit/537.36 (KHTML, like Gecko; compatible; Googlebot/2.1; +http://www.google.com/bot.html) Chrome/133.0.6943.141 Safari/537.36"
66.249.66.192 - - [04/Apr/2025:08:52:31 -0400] "GET /product/wp-content/plugins/revslider/public/assets/js/rs6.min.js?ver=6.2.9 HTTP/1.1" 200 81865 "http://vapecompany.com.bd/product/" "Mozilla/5.0 AppleWebKit/537.36 (KHTML, like Gecko; compatible; Googlebot/2.1; +http://www.google.com/bot.html) Chrome/133.0.6943.141 Safari/537.36"
66.249.66.192 - - [04/Apr/2025:08:52:32 -0400] "GET /product/wp-content/plugins/wp-live-chat-support/css/wplcstyle.css?ver=5.6.14 HTTP/1.1" 200 4 "http://vapecompany.com.bd/product/" "Mozilla/5.0 AppleWebKit/537.36 (KHTML, like Gecko; compatible; Googlebot/2.1; +http://www.google.com/bot.html) Chrome/133.0.6943.141 Safari/537.36"
66.249.66.193 - - [04/Apr/2025:08:52:32 -0400] "GET /product/wp-content/plugins/woocommerce/assets/css/prettyPhoto.css?ver=5.6.14 HTTP/1.1" 200 1936 "http://vapecompany.com.bd/product/" "Mozilla/5.0 AppleWebKit/537.36 (KHTML, like Gecko; compatible; Googlebot/2.1; +http://www.google.com/bot.html) Chrome/133.0.6943.141 Safari/537.36"
66.249.66.194 - - [04/Apr/2025:08:52:32 -0400] "GET /product/wp-content/plugins/woocommerce/assets/css/woocommerce-layout.css?ver=2.3.10 HTTP/1.1" 200 1874 "http://vapecompany.com.bd/product/" "Mozilla/5.0 AppleWebKit/537.36 (KHTML, like Gecko; compatible; Googlebot/2.1; +http://www.google.com/bot.html) Chrome/133.0.6943.141 Safari/537.36"
66.249.66.193 - - [04/Apr/2025:08:52:32 -0400] "GET /product/wp-content/plugins/yith-woocommerce-wishlist/assets/css/jquery.selectBox.css?ver=5.6.14 HTTP/1.1" 200 1027 "http://vapecompany.com.bd/product/" "Mozilla/5.0 AppleWebKit/537.36 (KHTML, like Gecko; compatible; Googlebot/2.1; +http://www.google.com/bot.html) Chrome/133.0.6943.141 Safari/537.36"
66.249.66.193 - - [04/Apr/2025:08:52:32 -0400] "GET /product/wp-content/plugins/wd_portfolio/css/wd.portfolio.css?ver=5.6.14 HTTP/1.1" 200 3028 "http://vapecompany.com.bd/product/" "Mozilla/5.0 AppleWebKit/537.36 (KHTML, like Gecko; compatible; Googlebot/2.1; +http://www.google.com/bot.html) Chrome/133.0.6943.141 Safari/537.36"
66.249.66.192 - - [04/Apr/2025:08:52:33 -0400] "GET /product/wp-content/plugins/woocommerce/assets/css/woocommerce.css?ver=2.3.10 HTTP/1.1" 200 6469 "http://vapecompany.com.bd/product/" "Mozilla/5.0 AppleWebKit/537.36 (KHTML, like Gecko; compatible; Googlebot/2.1; +http://www.google.com/bot.html) Chrome/133.0.6943.141 Safari/537.36"
66.249.66.193 - - [04/Apr/2025:08:52:33 -0400] "GET /product/wp-content/themes/wp_oswad_market/wp_oswad_market/js/jquery.hoverIntent.js?ver=5.6.14 HTTP/1.1" 200 1629 "http://vapecompany.com.bd/product/" "Mozilla/5.0 AppleWebKit/537.36 (KHTML, like Gecko; compatible; Googlebot/2.1; +http://www.google.com/bot.html) Chrome/133.0.6943.141 Safari/537.36"
66.249.66.193 - - [04/Apr/2025:08:52:33 -0400] "GET /product/wp-content/plugins/wp-live-chat-support/js/themes/classic.js?ver=6.2.10 HTTP/1.1" 200 883 "http://vapecompany.com.bd/product/" "Mozilla/5.0 AppleWebKit/537.36 (KHTML, like Gecko; compatible; Googlebot/2.1; +http://www.google.com/bot.html) Chrome/133.0.6943.141 Safari/537.36"
66.249.66.192 - - [04/Apr/2025:08:52:33 -0400] "GET /product/wp-content/themes/wp_oswad_market/wp_oswad_market/css/wd_menu_front.css?ver=5.6.14 HTTP/1.1" 200 7269 "http://vapecompany.com.bd/product/" "Mozilla/5.0 AppleWebKit/537.36 (KHTML, like Gecko; compatible; Googlebot/2.1; +http://www.google.com/bot.html) Chrome/133.0.6943.141 Safari/537.36"
66.249.66.193 - - [04/Apr/2025:08:52:33 -0400] "GET /product/wp-includes/js/wp-emoji-release.min.js?ver=5.6.14 HTTP/1.1" 200 4662 "http://vapecompany.com.bd/product/" "Mozilla/5.0 AppleWebKit/537.36 (KHTML, like Gecko; compatible; Googlebot/2.1; +http://www.google.com/bot.html) Chrome/133.0.6943.141 Safari/537.36"
66.249.66.162 - - [04/Apr/2025:08:52:34 -0400] "GET /product/wp-includes/js/jquery/jquery.min.js?ver=3.5.1 HTTP/1.1" 200 30916 "http://vapecompany.com.bd/product/" "Mozilla/5.0 AppleWebKit/537.36 (KHTML, like Gecko; compatible; Googlebot/2.1; +http://www.google.com/bot.html) Chrome/133.0.6943.141 Safari/537.36"
66.249.66.193 - - [04/Apr/2025:08:52:34 -0400] "GET /product/wp-content/plugins/wp-live-chat-support/js/wplc_u.js?ver=6.2.10 HTTP/1.1" 200 6105 "http://vapecompany.com.bd/product/" "Mozilla/5.0 AppleWebKit/537.36 (KHTML, like Gecko; compatible; Googlebot/2.1; +http://www.google.com/bot.html) Chrome/133.0.6943.141 Safari/537.36"
66.249.66.193 - - [04/Apr/2025:08:52:34 -0400] "GET /product/wp-includes/js/jquery/ui/mouse.min.js?ver=1.12.1 HTTP/1.1" 200 1070 "http://vapecompany.com.bd/product/" "Mozilla/5.0 AppleWebKit/537.36 (KHTML, like Gecko; compatible; Googlebot/2.1; +http://www.google.com/bot.html) Chrome/133.0.6943.141 Safari/537.36"
66.249.66.192 - - [04/Apr/2025:08:52:34 -0400] "GET /product/wp-content/plugins/wd_portfolio/js/jquery.quicksand.js?ver=5.6.14 HTTP/1.1" 200 4254 "http://vapecompany.com.bd/product/" "Mozilla/5.0 AppleWebKit/537.36 (KHTML, like Gecko; compatible; Googlebot/2.1; +http://www.google.com/bot.html) Chrome/133.0.6943.141 Safari/537.36"
