103.79.216.98 - - [04/Apr/2025:11:58:57 -0400] "GET /product/wp-content/plugins/yith-woocommerce-compare/assets/css/colorbox.css?ver=5.6.14 HTTP/1.1" 200 1230 "http://vapecompany.com.bd/product/?product_cat=nic-salt-liquids-by-brands&paged=2" "Mozilla/5.0 (Linux; Android 10; K) AppleWebKit/537.36 (KHTML, like Gecko) Chrome/134.0.0.0 Mobile Safari/537.36"
103.79.216.98 - - [04/Apr/2025:11:58:57 -0400] "GET /product/wp-content/plugins/woocommerce/assets/css/prettyPhoto.css?ver=5.6.14 HTTP/1.1" 200 1936 "http://vapecompany.com.bd/product/?product_cat=nic-salt-liquids-by-brands&paged=2" "Mozilla/5.0 (Linux; Android 10; K) AppleWebKit/537.36 (KHTML, like Gecko) Chrome/134.0.0.0 Mobile Safari/537.36"
103.79.216.98 - - [04/Apr/2025:11:58:57 -0400] "GET /product/wp-content/plugins/yith-woocommerce-wishlist/assets/css/jquery.selectBox.css?ver=5.6.14 HTTP/1.1" 200 1027 "http://vapecompany.com.bd/product/?product_cat=nic-salt-liquids-by-brands&paged=2" "Mozilla/5.0 (Linux; Android 10; K) AppleWebKit/537.36 (KHTML, like Gecko) Chrome/134.0.0.0 Mobile Safari/537.36"
103.79.216.98 - - [04/Apr/2025:11:58:57 -0400] "GET /product/wp-content/plugins/yith-woocommerce-wishlist/assets/css/font-awesome.min.css?ver=5.6.14 HTTP/1.1" 200 5443 "http://vapecompany.com.bd/product/?product_cat=nic-salt-liquids-by-brands&paged=2" "Mozilla/5.0 (Linux; Android 10; K) AppleWebKit/537.36 (KHTML, like Gecko) Chrome/134.0.0.0 Mobile Safari/537.36"
103.79.216.98 - - [04/Apr/2025:11:58:57 -0400] "GET /product/wp-content/plugins/yith-woocommerce-wishlist/assets/css/style.css?ver=5.6.14 HTTP/1.1" 200 2796 "http://vapecompany.com.bd/product/?product_cat=nic-salt-liquids-by-brands&paged=2" "Mozilla/5.0 (Linux; Android 10; K) AppleWebKit/537.36 (KHTML, like Gecko) Chrome/134.0.0.0 Mobile Safari/537.36"
103.79.216.98 - - [04/Apr/2025:11:58:57 -0400] "GET /product/wp-content/themes/wp_oswad_market/wp_oswad_market/style.css?ver=5.6.14 HTTP/1.1" 200 36662 "http://vapecompany.com.bd/product/?product_cat=nic-salt-liquids-by-brands&paged=2" "Mozilla/5.0 (Linux; Android 10; K) AppleWebKit/537.36 (KHTML, like Gecko) Chrome/134.0.0.0 Mobile Safari/537.36"
103.79.216.98 - - [04/Apr/2025:11:58:57 -0400] "GET /product/wp-content/plugins/js_composer/assets/css/js_composer.min.css?ver=4.11.2.1 HTTP/1.1" 200 58357 "http://vapecompany.com.bd/product/?product_cat=nic-salt-liquids-by-brands&paged=2" "Mozilla/5.0 (Linux; Android 10; K) AppleWebKit/537.36 (KHTML, like Gecko) Chrome/134.0.0.0 Mobile Safari/537.36"
103.79.216.98 - - [04/Apr/2025:11:58:57 -0400] "GET /product/wp-content/themes/wp_oswad_market/wp_oswad_market/css/base.css?ver=5.6.14 HTTP/1.1" 200 43549 "http://vapecompany.com.bd/product/?product_cat=nic-salt-liquids-by-brands&paged=2" "Mozilla/5.0 (Linux; Android 10; K) AppleWebKit/537.36 (KHTML, like Gecko) Chrome/134.0.0.0 Mobile Safari/537.36"
103.79.216.98 - - [04/Apr/2025:11:58:57 -0400] "GET /product/wp-content/themes/wp_oswad_market/wp_oswad_market/css/responsive.css?ver=5.6.14 HTTP/1.1" 200 22947 "http://vapecompany.com.bd/product/?product_cat=nic-salt-liquids-by-brands&paged=2" "Mozilla/5.0 (Linux; Android 10; K) AppleWebKit/537.36 (KHTML, like Gecko) Chrome/134.0.0.0 Mobile Safari/537.36"
103.79.216.98 - - [04/Apr/2025:11:58:57 -0400] "GET /product/wp-content/plugins/woocommerce-grid-list-toggle/assets/css/style.css?ver=5.6.14 HTTP/1.1" 200 374 "http://vapecompany.com.bd/product/?product_cat=nic-salt-liquids-by-brands&paged=2" "Mozilla/5.0 (Linux; Android 10; K) AppleWebKit/537.36 (KHTML, like Gecko) Chrome/134.0.0.0 Mobile Safari/537.36"
103.79.216.98 - - [04/Apr/2025:11:58:57 -0400] "GET /product/wp-content/themes/wp_oswad_market/wp_oswad_market/css/wd_menu_front.css?ver=5.6.14 HTTP/1.1" 200 7269 "http://vapecompany.com.bd/product/?product_cat=nic-salt-liquids-by-brands&paged=2" "Mozilla/5.0 (Linux; Android 10; K) AppleWebKit/537.36 (KHTML, like Gecko) Chrome/134.0.0.0 Mobile Safari/537.36"
147.135.128.94 - - [04/Apr/2025:11:58:57 -0400] "GET /product/?s=K&post_type=product&producta2z&add_to_wishlist=11564&paged=8 HTTP/1.1" 200 22400 "-" "Mozilla/5.0 (compatible; MJ12bot/v1.4.8; http://mj12bot.com/)"
103.79.216.98 - - [04/Apr/2025:11:58:57 -0400] "GET /product/wp-content/plugins/woocommerce-grid-list-toggle/assets/css/button.css?ver=5.6.14 HTTP/1.1" 200 398 "http://vapecompany.com.bd/product/?product_cat=nic-salt-liquids-by-brands&paged=2" "Mozilla/5.0 (Linux; Android 10; K) AppleWebKit/537.36 (KHTML, like Gecko) Chrome/134.0.0.0 Mobile Safari/537.36"
103.79.216.98 - - [04/Apr/2025:11:58:58 -0400] "GET /product/wp-includes/css/dashicons.min.css?ver=5.6.14 HTTP/1.1" 200 35730 "http://vapecompany.com.bd/product/?product_cat=nic-salt-liquids-by-brands&paged=2" "Mozilla/5.0 (Linux; Android 10; K) AppleWebKit/537.36 (KHTML, like Gecko) Chrome/134.0.0.0 Mobile Safari/537.36"
103.79.216.98 - - [04/Apr/2025:11:58:58 -0400] "GET /product/wp-content/plugins/wd_quickshop/css/prettyPhoto.css?ver=5.6.14 HTTP/1.1" 200 1780 "http://vapecompany.com.bd/product/?product_cat=nic-salt-liquids-by-brands&paged=2" "Mozilla/5.0 (Linux; Android 10; K) AppleWebKit/537.36 (KHTML, like Gecko) Chrome/134.0.0.0 Mobile Safari/537.36"
103.79.216.98 - - [04/Apr/2025:11:58:58 -0400] "GET /product/wp-content/plugins/wd_quickshop/css/cloud-zoom.css?ver=5.6.14 HTTP/1.1" 200 401 "http://vapecompany.com.bd/product/?product_cat=nic-salt-liquids-by-brands&paged=2" "Mozilla/5.0 (Linux; Android 10; K) AppleWebKit/537.36 (KHTML, like Gecko) Chrome/134.0.0.0 Mobile Safari/537.36"
103.79.216.98 - - [04/Apr/2025:11:58:58 -0400] "GET /product/wp-includes/js/jquery/jquery.min.js?ver=3.5.1 HTTP/1.1" 200 30916 "http://vapecompany.com.bd/product/?product_cat=nic-salt-liquids-by-brands&paged=2" "Mozilla/5.0 (Linux; Android 10; K) AppleWebKit/537.36 (KHTML, like Gecko) Chrome/134.0.0.0 Mobile Safari/537.36"
103.79.216.98 - - [04/Apr/2025:11:58:58 -0400] "GET /product/wp-includes/js/jquery/jquery-migrate.min.js?ver=3.3.2 HTTP/1.1" 200 4169 "http://vapecompany.com.bd/product/?product_cat=nic-salt-liquids-by-brands&paged=2" "Mozilla/5.0 (Linux; Android 10; K) AppleWebKit/537.36 (KHTML, like Gecko) Chrome/134.0.0.0 Mobile Safari/537.36"
103.79.216.98 - - [04/Apr/2025:11:58:58 -0400] "GET /product/wp-content/plugins/wp-live-chat-support/js/wplc_u.js?ver=6.2.10 HTTP/1.1" 200 6105 "http://vapecompany.com.bd/product/?product_cat=nic-salt-liquids-by-brands&paged=2" "Mozilla/5.0 (Linux; Android 10; K) AppleWebKit/537.36 (KHTML, like Gecko) Chrome/134.0.0.0 Mobile Safari/537.36"
103.79.216.98 - - [04/Apr/2025:11:58:58 -0400] "GET /product/wp-content/plugins/wp-live-chat-support/js/md5.js?ver=6.2.10 HTTP/1.1" 200 2193 "http://vapecompany.com.bd/product/?product_cat=nic-salt-liquids-by-brands&paged=2" "Mozilla/5.0 (Linux; Android 10; K) AppleWebKit/537.36 (KHTML, like Gecko) Chrome/134.0.0.0 Mobile Safari/537.36"
103.79.216.98 - - [04/Apr/2025:11:58:58 -0400] "GET /product/wp-content/plugins/wp-live-chat-support/js/themes/classic.js?ver=6.2.10 HTTP/1.1" 200 883 "http://vapecompany.com.bd/product/?product_cat=nic-salt-liquids-by-brands&paged=2" "Mozilla/5.0 (Linux; Android 10; K) AppleWebKit/537.36 (KHTML, like Gecko) Chrome/134.0.0.0 Mobile Safari/537.36"
103.79.216.98 - - [04/Apr/2025:11:58:58 -0400] "GET /product/wp-content/plugins/wp-live-chat-support/js/jquery-cookie.js?ver=5.6.14 HTTP/1.1" 200 1401 "http://vapecompany.com.bd/product/?product_cat=nic-salt-liquids-by-brands&paged=2" "Mozilla/5.0 (Linux; Android 10; K) AppleWebKit/537.36 (KHTML, like Gecko) Chrome/134.0.0.0 Mobile Safari/537.36"
103.79.216.98 - - [04/Apr/2025:11:58:58 -0400] "GET /product/wp-content/themes/wp_oswad_market/wp_oswad_market/js/wd_menu_front.js?ver=5.6.14 HTTP/1.1" 200 4274 "http://vapecompany.com.bd/product/?product_cat=nic-salt-liquids-by-brands&paged=2" "Mozilla/5.0 (Linux; Android 10; K) AppleWebKit/537.36 (KHTML, like Gecko) Chrome/134.0.0.0 Mobile Safari/537.36"
103.79.216.98 - - [04/Apr/2025:11:58:58 -0400] "GET /product/wp-content/themes/wp_oswad_market/wp_oswad_market/js/jquery.hoverIntent.js?ver=5.6.14 HTTP/1.1" 200 1629 "http://vapecompany.com.bd/product/?product_cat=nic-salt-liquids-by-brands&paged=2" "Mozilla/5.0 (Linux; Android 10; K) AppleWebKit/537.36 (KHTML, like Gecko) Chrome/134.0.0.0 Mobile Safari/537.36"
103.79.216.98 - - [04/Apr/2025:11:58:58 -0400] "GET /product/wp-content/plugins/woocommerce-grid-list-toggle/assets/js/jquery.cookie.min.js?ver=5.6.14 HTTP/1.1" 200 649 "http://vapecompany.com.bd/product/?product_cat=nic-salt-liquids-by-brands&paged=2" "Mozilla/5.0 (Linux; Android 10; K) AppleWebKit/537.36 (KHTML, like Gecko) Chrome/134.0.0.0 Mobile Safari/537.36"
103.79.216.98 - - [04/Apr/2025:11:58:58 -0400] "GET /product/wp-content/plugins/revslider/public/assets/js/rbtools.min.js?ver=6.0.5 HTTP/1.1" 200 45119 "http://vapecompany.com.bd/product/?product_cat=nic-salt-liquids-by-brands&paged=2" "Mozilla/5.0 (Linux; Android 10; K) AppleWebKit/537.36 (KHTML, like Gecko) Chrome/134.0.0.0 Mobile Safari/537.36"
103.79.216.98 - - [04/Apr/2025:11:58:58 -0400] "GET /product/wp-content/plugins/revslider/public/assets/js/rs6.min.js?ver=6.2.9 HTTP/1.1" 200 81865 "http://vapecompany.com.bd/product/?product_cat=nic-salt-liquids-by-brands&paged=2" "Mozilla/5.0 (Linux; Android 10; K) AppleWebKit/537.36 (KHTML, like Gecko) Chrome/134.0.0.0 Mobile Safari/537.36"
103.79.216.98 - - [04/Apr/2025:11:58:59 -0400] "GET /product/wp-content/uploads/2014/01/Vape-Company-Logo-1.png HTTP/1.1" 200 34702 "http://vapecompany.com.bd/product/?product_cat=nic-salt-liquids-by-brands&paged=2" "Mozilla/5.0 (Linux; Android 10; K) AppleWebKit/537.36 (KHTML, like Gecko) Chrome/134.0.0.0 Mobile Safari/537.36"
103.79.216.98 - - [04/Apr/2025:11:58:59 -0400] "GET /product/wp-content/plugins/woocommerce-grid-list-toggle/assets/js/jquery.gridlistview.min.js?ver=5.6.14 HTTP/1.1" 200 312 "http://vapecompany.com.bd/product/?product_cat=nic-salt-liquids-by-brands&paged=2" "Mozilla/5.0 (Linux; Android 10; K) AppleWebKit/537.36 (KHTML, like Gecko) Chrome/134.0.0.0 Mobile Safari/537.36"
103.79.216.98 - - [04/Apr/2025:11:58:59 -0400] "GET /product/wp-content/themes/wp_oswad_market/wp_oswad_market/images/quickshop.png HTTP/1.1" 200 1246 "http://vapecompany.com.bd/product/?product_cat=nic-salt-liquids-by-brands&paged=2" "Mozilla/5.0 (Linux; Android 10; K) AppleWebKit/537.36 (KHTML, like Gecko) Chrome/134.0.0.0 Mobile Safari/537.36"
103.79.216.98 - - [04/Apr/2025:11:58:59 -0400] "GET /product/wp-includes/js/jquery/ui/core.min.js?ver=1.12.1 HTTP/1.1" 200 6865 "http://vapecompany.com.bd/product/?product_cat=nic-salt-liquids-by-brands&paged=2" "Mozilla/5.0 (Linux; Android 10; K) AppleWebKit/537.36 (KHTML, like Gecko) Chrome/134.0.0.0 Mobile Safari/537.36"
103.79.216.98 - - [04/Apr/2025:11:58:59 -0400] "GET /product/wp-includes/js/jquery/ui/mouse.min.js?ver=1.12.1 HTTP/1.1" 200 1070 "http://vapecompany.com.bd/product/?product_cat=nic-salt-liquids-by-brands&paged=2" "Mozilla/5.0 (Linux; Android 10; K) AppleWebKit/537.36 (KHTML, like Gecko) Chrome/134.0.0.0 Mobile Safari/537.36"
103.79.216.98 - - [04/Apr/2025:11:58:59 -0400] "GET /product/wp-content/plugins/wd_shortcode/js/wd_shortcode.js?ver=5.6.14 HTTP/1.1" 200 1606 "http://vapecompany.com.bd/product/?product_cat=nic-salt-liquids-by-brands&paged=2" "Mozilla/5.0 (Linux; Android 10; K) AppleWebKit/537.36 (KHTML, like Gecko) Chrome/134.0.0.0 Mobile Safari/537.36"
103.79.216.98 - - [04/Apr/2025:11:58:59 -0400] "GET /product/wp-content/plugins/contact-form-7/includes/js/scripts.js?ver=4.1.2 HTTP/1.1" 200 3117 "http://vapecompany.com.bd/product/?product_cat=nic-salt-liquids-by-brands&paged=2" "Mozilla/5.0 (Linux; Android 10; K) AppleWebKit/537.36 (KHTML, like Gecko) Chrome/134.0.0.0 Mobile Safari/537.36"
103.79.216.98 - - [04/Apr/2025:11:58:59 -0400] "GET /product/wp-includes/js/jquery/ui/draggable.min.js?ver=1.12.1 HTTP/1.1" 200 4826 "http://vapecompany.com.bd/product/?product_cat=nic-salt-liquids-by-brands&paged=2" "Mozilla/5.0 (Linux; Android 10; K) AppleWebKit/537.36 (KHTML, like Gecko) Chrome/134.0.0.0 Mobile Safari/537.36"
103.79.216.98 - - [04/Apr/2025:11:58:59 -0400] "GET /product/wp-content/themes/wp_oswad_market/wp_oswad_market/images/bg_shadow_menu_phone.png HTTP/1.1" 200 973 "http://vapecompany.com.bd/product/wp-content/themes/wp_oswad_market/wp_oswad_market/css/wd_menu_front.css?ver=5.6.14" "Mozilla/5.0 (Linux; Android 10; K) AppleWebKit/537.36 (KHTML, like Gecko) Chrome/134.0.0.0 Mobile Safari/537.36"
103.79.216.98 - - [04/Apr/2025:11:58:59 -0400] "GET /product/wp-content/themes/wp_oswad_market/wp_oswad_market/images/media/bg-breadcrumb.jpg HTTP/1.1" 200 34868 "http://vapecompany.com.bd/product/?product_cat=nic-salt-liquids-by-brands&paged=2" "Mozilla/5.0 (Linux; Android 10; K) AppleWebKit/537.36 (KHTML, like Gecko) Chrome/134.0.0.0 Mobile Safari/537.36"
103.79.216.98 - - [04/Apr/2025:11:58:59 -0400] "GET /product/wp-content/plugins/yith-woocommerce-wishlist/assets/fontawesome/fontawesome-webfont.woff2?v=4.3.0 HTTP/1.1" 200 56780 "http://vapecompany.com.bd/product/wp-content/plugins/yith-woocommerce-wishlist/assets/css/font-awesome.min.css?ver=5.6.14" "Mozilla/5.0 (Linux; Android 10; K) AppleWebKit/537.36 (KHTML, like Gecko) Chrome/134.0.0.0 Mobile Safari/537.36"
103.79.216.98 - - [04/Apr/2025:11:58:59 -0400] "GET /product/wp-content/themes/wp_oswad_market/wp_oswad_market/images/default-background.png HTTP/1.1" 200 898 "http://vapecompany.com.bd/product/?product_cat=nic-salt-liquids-by-brands&paged=2" "Mozilla/5.0 (Linux; Android 10; K) AppleWebKit/537.36 (KHTML, like Gecko) Chrome/134.0.0.0 Mobile Safari/537.36"
103.79.216.98 - - [04/Apr/2025:11:58:59 -0400] "GET /product/wp-content/plugins/wd_shortcode/js/bootstrap.js?ver=5.6.14 HTTP/1.1" 200 11112 "http://vapecompany.com.bd/product/?product_cat=nic-salt-liquids-by-brands&paged=2" "Mozilla/5.0 (Linux; Android 10; K) AppleWebKit/537.36 (KHTML, like Gecko) Chrome/134.0.0.0 Mobile Safari/537.36"
103.79.216.98 - - [04/Apr/2025:11:58:59 -0400] "GET /product/wp-content/plugins/wd_shortcode/js/owl.carousel.min.js?ver=5.6.14 HTTP/1.1" 200 10522 "http://vapecompany.com.bd/product/?product_cat=nic-salt-liquids-by-brands&paged=2" "Mozilla/5.0 (Linux; Android 10; K) AppleWebKit/537.36 (KHTML, like Gecko) Chrome/134.0.0.0 Mobile Safari/537.36"
103.79.216.98 - - [04/Apr/2025:11:59:00 -0400] "GET /product/wp-content/plugins/woocommerce/assets/js/frontend/woocommerce.min.js?ver=2.3.10 HTTP/1.1" 200 202 "http://vapecompany.com.bd/product/?product_cat=nic-salt-liquids-by-brands&paged=2" "Mozilla/5.0 (Linux; Android 10; K) AppleWebKit/537.36 (KHTML, like Gecko) Chrome/134.0.0.0 Mobile Safari/537.36"
103.79.216.98 - - [04/Apr/2025:11:59:00 -0400] "GET /product/wp-content/plugins/wd_shortcode/js/jquery.imagesloaded.min.js?ver=5.6.14 HTTP/1.1" 200 2202 "http://vapecompany.com.bd/product/?product_cat=nic-salt-liquids-by-brands&paged=2" "Mozilla/5.0 (Linux; Android 10; K) AppleWebKit/537.36 (KHTML, like Gecko) Chrome/134.0.0.0 Mobile Safari/537.36"
103.79.216.98 - - [04/Apr/2025:11:59:00 -0400] "GET /product/wp-content/plugins/woocommerce/assets/js/jquery-blockui/jquery.blockUI.min.js?ver=2.60 HTTP/1.1" 200 3548 "http://vapecompany.com.bd/product/?product_cat=nic-salt-liquids-by-brands&paged=2" "Mozilla/5.0 (Linux; Android 10; K) AppleWebKit/537.36 (KHTML, like Gecko) Chrome/134.0.0.0 Mobile Safari/537.36"
103.79.216.98 - - [04/Apr/2025:11:59:00 -0400] "GET /product/wp-content/plugins/woocommerce/assets/js/jquery-cookie/jquery.cookie.min.js?ver=1.4.1 HTTP/1.1" 200 775 "http://vapecompany.com.bd/product/?product_cat=nic-salt-liquids-by-brands&paged=2" "Mozilla/5.0 (Linux; Android 10; K) AppleWebKit/537.36 (KHTML, like Gecko) Chrome/134.0.0.0 Mobile Safari/537.36"
103.79.216.98 - - [04/Apr/2025:11:59:00 -0400] "GET /product/wp-content/plugins/woocommerce/assets/js/frontend/cart-fragments.min.js?ver=2.3.10 HTTP/1.1" 200 609 "http://vapecompany.com.bd/product/?product_cat=nic-salt-liquids-by-brands&paged=2" "Mozilla/5.0 (Linux; Android 10; K) AppleWebKit/537.36 (KHTML, like Gecko) Chrome/134.0.0.0 Mobile Safari/537.36"
103.79.216.98 - - [04/Apr/2025:11:59:00 -0400] "GET /product/wp-content/plugins/yith-woocommerce-compare/assets/js/woocompare.min.js?ver=2.4.4 HTTP/1.1" 200 1322 "http://vapecompany.com.bd/product/?product_cat=nic-salt-liquids-by-brands&paged=2" "Mozilla/5.0 (Linux; Android 10; K) AppleWebKit/537.36 (KHTML, like Gecko) Chrome/134.0.0.0 Mobile Safari/537.36"
103.79.216.98 - - [04/Apr/2025:11:59:00 -0400] "GET /product/wp-content/plugins/wp-live-chat-support/fonts/fontawesome-webfont.woff2?v=4.6.3 HTTP/1.1" 200 71896 "http://vapecompany.com.bd/product/wp-content/plugins/wp-live-chat-support/css/font-awesome.min.css?ver=5.6.14" "Mozilla/5.0 (Linux; Android 10; K) AppleWebKit/537.36 (KHTML, like Gecko) Chrome/134.0.0.0 Mobile Safari/537.36"
103.79.216.98 - - [04/Apr/2025:11:59:00 -0400] "GET /product/wp-content/plugins/woocommerce/assets/js/prettyPhoto/jquery.prettyPhoto.min.js?ver=3.1.5 HTTP/1.1" 200 5941 "http://vapecompany.com.bd/product/?product_cat=nic-salt-liquids-by-brands&paged=2" "Mozilla/5.0 (Linux; Android 10; K) AppleWebKit/537.36 (KHTML, like Gecko) Chrome/134.0.0.0 Mobile Safari/537.36"
103.79.216.98 - - [04/Apr/2025:11:59:00 -0400] "GET /product/wp-content/plugins/yith-woocommerce-compare/assets/js/jquery.colorbox-min.js?ver=1.4.21 HTTP/1.1" 200 4711 "http://vapecompany.com.bd/product/?product_cat=nic-salt-liquids-by-brands&paged=2" "Mozilla/5.0 (Linux; Android 10; K) AppleWebKit/537.36 (KHTML, like Gecko) Chrome/134.0.0.0 Mobile Safari/537.36"
103.79.216.98 - - [04/Apr/2025:11:59:00 -0400] "GET /product/wp-content/plugins/woocommerce/assets/js/prettyPhoto/jquery.prettyPhoto.init.min.js?ver=2.3.10 HTTP/1.1" 200 177 "http://vapecompany.com.bd/product/?product_cat=nic-salt-liquids-by-brands&paged=2" "Mozilla/5.0 (Linux; Android 10; K) AppleWebKit/537.36 (KHTML, like Gecko) Chrome/134.0.0.0 Mobile Safari/537.36"
103.79.216.98 - - [04/Apr/2025:11:59:00 -0400] "GET /product/wp-content/plugins/yith-woocommerce-wishlist/assets/js/jquery.selectBox.min.js?ver=5.6.14 HTTP/1.1" 200 4006 "http://vapecompany.com.bd/product/?product_cat=nic-salt-liquids-by-brands&paged=2" "Mozilla/5.0 (Linux; Android 10; K) AppleWebKit/537.36 (KHTML, like Gecko) Chrome/134.0.0.0 Mobile Safari/537.36"
147.135.128.94 - - [04/Apr/2025:11:59:00 -0400] "GET /product/?s=K&post_type=product&producta2z&add_to_wishlist=11564&paged=9 HTTP/1.1" 200 22327 "-" "Mozilla/5.0 (compatible; MJ12bot/v1.4.8; http://mj12bot.com/)"
103.79.216.98 - - [04/Apr/2025:11:59:01 -0400] "GET /product/wp-content/plugins/yith-woocommerce-wishlist/assets/js/jquery.yith-wcwl.js?ver=2.0 HTTP/1.1" 200 2568 "http://vapecompany.com.bd/product/?product_cat=nic-salt-liquids-by-brands&paged=2" "Mozilla/5.0 (Linux; Android 10; K) AppleWebKit/537.36 (KHTML, like Gecko) Chrome/134.0.0.0 Mobile Safari/537.36"
103.79.216.98 - - [04/Apr/2025:11:59:01 -0400] "GET /product/wp-includes/js/jquery/ui/tabs.min.js?ver=1.12.1 HTTP/1.1" 200 3909 "http://vapecompany.com.bd/product/?product_cat=nic-salt-liquids-by-brands&paged=2" "Mozilla/5.0 (Linux; Android 10; K) AppleWebKit/537.36 (KHTML, like Gecko) Chrome/134.0.0.0 Mobile Safari/537.36"
103.79.216.98 - - [04/Apr/2025:11:59:01 -0400] "GET /product/wp-includes/js/jquery/ui/accordion.min.js?ver=1.12.1 HTTP/1.1" 200 2717 "http://vapecompany.com.bd/product/?product_cat=nic-salt-liquids-by-brands&paged=2" "Mozilla/5.0 (Linux; Android 10; K) AppleWebKit/537.36 (KHTML, like Gecko) Chrome/134.0.0.0 Mobile Safari/537.36"
103.79.216.98 - - [04/Apr/2025:11:59:01 -0400] "GET /product/wp-includes/js/jquery/ui/effect.min.js?ver=1.12.1 HTTP/1.1" 200 6384 "http://vapecompany.com.bd/product/?product_cat=nic-salt-liquids-by-brands&paged=2" "Mozilla/5.0 (Linux; Android 10; K) AppleWebKit/537.36 (KHTML, like Gecko) Chrome/134.0.0.0 Mobile Safari/537.36"
103.79.216.98 - - [04/Apr/2025:11:59:01 -0400] "GET /product/wp-content/themes/wp_oswad_market/wp_oswad_market/framework/js/TweenMax.js?ver=5.6.14 HTTP/1.1" 200 30802 "http://vapecompany.com.bd/product/?product_cat=nic-salt-liquids-by-brands&paged=2" "Mozilla/5.0 (Linux; Android 10; K) AppleWebKit/537.36 (KHTML, like Gecko) Chrome/134.0.0.0 Mobile Safari/537.36"
103.79.216.98 - - [04/Apr/2025:11:59:01 -0400] "GET /product/wp-content/themes/wp_oswad_market/wp_oswad_market/framework/js/jquery.touchSwipe.js?ver=5.6.14 HTTP/1.1" 200 15562 "http://vapecompany.com.bd/product/?product_cat=nic-salt-liquids-by-brands&paged=2" "Mozilla/5.0 (Linux; Android 10; K) AppleWebKit/537.36 (KHTML, like Gecko) Chrome/134.0.0.0 Mobile Safari/537.36"
103.79.216.98 - - [04/Apr/2025:11:59:02 -0400] "GET /product/wp-content/plugins/js_composer/assets/lib/bower/font-awesome/fonts/fontawesome-webfont.woff2?v=4.5.0 HTTP/1.1" 200 66624 "http://vapecompany.com.bd/product/wp-content/plugins/js_composer/assets/lib/bower/font-awesome/css/font-awesome.min.css?ver=4.11.2.1" "Mozilla/5.0 (Linux; Android 10; K) AppleWebKit/537.36 (KHTML, like Gecko) Chrome/134.0.0.0 Mobile Safari/537.36"
103.79.216.98 - - [04/Apr/2025:11:59:02 -0400] "GET /product/wp-content/plugins/wd_quickshop/js/add-to-cart-variation.min.js?ver=5.6.14 HTTP/1.1" 200 1813 "http://vapecompany.com.bd/product/?product_cat=nic-salt-liquids-by-brands&paged=2" "Mozilla/5.0 (Linux; Android 10; K) AppleWebKit/537.36 (KHTML, like Gecko) Chrome/134.0.0.0 Mobile Safari/537.36"
103.79.216.98 - - [04/Apr/2025:11:59:02 -0400] "GET /product/wp-content/themes/wp_oswad_market/wp_oswad_market/js/jquery.prettyPhoto.min.js?ver=5.6.14 HTTP/1.1" 200 5958 "http://vapecompany.com.bd/product/?product_cat=nic-salt-liquids-by-brands&paged=2" "Mozilla/5.0 (Linux; Android 10; K) AppleWebKit/537.36 (KHTML, like Gecko) Chrome/134.0.0.0 Mobile Safari/537.36"
103.79.216.98 - - [04/Apr/2025:11:59:02 -0400] "GET /product/wp-content/themes/wp_oswad_market/wp_oswad_market/js/jquery.prettyPhoto.init.min.js?ver=5.6.14 HTTP/1.1" 200 240 "http://vapecompany.com.bd/product/?product_cat=nic-salt-liquids-by-brands&paged=2" "Mozilla/5.0 (Linux; Android 10; K) AppleWebKit/537.36 (KHTML, like Gecko) Chrome/134.0.0.0 Mobile Safari/537.36"
103.79.216.98 - - [04/Apr/2025:11:59:02 -0400] "GET /product/wp-content/themes/wp_oswad_market/wp_oswad_market/js/oswadmarket.js?ver=5.6.14 HTTP/1.1" 200 10225 "http://vapecompany.com.bd/product/?product_cat=nic-salt-liquids-by-brands&paged=2" "Mozilla/5.0 (Linux; Android 10; K) AppleWebKit/537.36 (KHTML, like Gecko) Chrome/134.0.0.0 Mobile Safari/537.36"
103.79.216.98 - - [04/Apr/2025:11:59:02 -0400] "GET /product/wp-content/themes/wp_oswad_market/wp_oswad_market/framework/js/include-script.js?ver=5.6.14 HTTP/1.1" 200 26590 "http://vapecompany.com.bd/product/?product_cat=nic-salt-liquids-by-brands&paged=2" "Mozilla/5.0 (Linux; Android 10; K) AppleWebKit/537.36 (KHTML, like Gecko) Chrome/134.0.0.0 Mobile Safari/537.36"
103.79.216.98 - - [04/Apr/2025:11:59:03 -0400] "GET /product/wp-content/plugins/wd_quickshop/js/quickshop.js?ver=5.6.14 HTTP/1.1" 200 1798 "http://vapecompany.com.bd/product/?product_cat=nic-salt-liquids-by-brands&paged=2" "Mozilla/5.0 (Linux; Android 10; K) AppleWebKit/537.36 (KHTML, like Gecko) Chrome/134.0.0.0 Mobile Safari/537.36"
103.79.216.98 - - [04/Apr/2025:11:59:03 -0400] "GET /product/wp-content/plugins/wd_quickshop/js/cloud-zoom.1.0.2.js?ver=5.6.14 HTTP/1.1" 200 4532 "http://vapecompany.com.bd/product/?product_cat=nic-salt-liquids-by-brands&paged=2" "Mozilla/5.0 (Linux; Android 10; K) AppleWebKit/537.36 (KHTML, like Gecko) Chrome/134.0.0.0 Mobile Safari/537.36"
103.79.216.98 - - [04/Apr/2025:11:59:03 -0400] "GET /product/wp-content/plugins/woocommerce/assets/js/frontend/jquery-ui-touch-punch.min.js?ver=2.3.10 HTTP/1.1" 200 599 "http://vapecompany.com.bd/product/?product_cat=nic-salt-liquids-by-brands&paged=2" "Mozilla/5.0 (Linux; Android 10; K) AppleWebKit/537.36 (KHTML, like Gecko) Chrome/134.0.0.0 Mobile Safari/537.36"
103.79.216.98 - - [04/Apr/2025:11:59:03 -0400] "GET /product/wp-includes/js/jquery/ui/slider.min.js?ver=1.12.1 HTTP/1.1" 200 3111 "http://vapecompany.com.bd/product/?product_cat=nic-salt-liquids-by-brands&paged=2" "Mozilla/5.0 (Linux; Android 10; K) AppleWebKit/537.36 (KHTML, like Gecko) Chrome/134.0.0.0 Mobile Safari/537.36"
103.79.216.98 - - [04/Apr/2025:11:59:03 -0400] "GET /product/wp-includes/js/wp-embed.min.js?ver=5.6.14 HTTP/1.1" 200 804 "http://vapecompany.com.bd/product/?product_cat=nic-salt-liquids-by-brands&paged=2" "Mozilla/5.0 (Linux; Android 10; K) AppleWebKit/537.36 (KHTML, like Gecko) Chrome/134.0.0.0 Mobile Safari/537.36"
103.79.216.98 - - [04/Apr/2025:11:59:03 -0400] "GET /product/wp-content/plugins/woocommerce/assets/js/frontend/price-slider.min.js?ver=2.3.10 HTTP/1.1" 200 522 "http://vapecompany.com.bd/product/?product_cat=nic-salt-liquids-by-brands&paged=2" "Mozilla/5.0 (Linux; Android 10; K) AppleWebKit/537.36 (KHTML, like Gecko) Chrome/134.0.0.0 Mobile Safari/537.36"
103.79.216.98 - - [04/Apr/2025:11:59:05 -0400] "GET /product/wp-content/themes/wp_oswad_market/wp_oswad_market/images/media/icon_payment_paypal.png HTTP/1.1" 200 1347 "http://vapecompany.com.bd/product/?product_cat=nic-salt-liquids-by-brands&paged=2" "Mozilla/5.0 (Linux; Android 10; K) AppleWebKit/537.36 (KHTML, like Gecko) Chrome/134.0.0.0 Mobile Safari/537.36"
103.79.216.98 - - [04/Apr/2025:11:59:05 -0400] "GET /product/wp-content/plugins/woocommerce/assets/images/placeholder.png HTTP/1.1" 200 2816 "http://vapecompany.com.bd/product/?product_cat=nic-salt-liquids-by-brands&paged=2" "Mozilla/5.0 (Linux; Android 10; K) AppleWebKit/537.36 (KHTML, like Gecko) Chrome/134.0.0.0 Mobile Safari/537.36"
103.79.216.98 - - [04/Apr/2025:11:59:05 -0400] "GET /product/wp-content/themes/wp_oswad_market/wp_oswad_market/images/media/icon_payment_master_card.png HTTP/1.1" 200 1680 "http://vapecompany.com.bd/product/?product_cat=nic-salt-liquids-by-brands&paged=2" "Mozilla/5.0 (Linux; Android 10; K) AppleWebKit/537.36 (KHTML, like Gecko) Chrome/134.0.0.0 Mobile Safari/537.36"
103.79.216.98 - - [04/Apr/2025:11:59:05 -0400] "GET /product/wp-content/themes/wp_oswad_market/wp_oswad_market/images/media/icon_american_visa.png HTTP/1.1" 200 1423 "http://vapecompany.com.bd/product/?product_cat=nic-salt-liquids-by-brands&paged=2" "Mozilla/5.0 (Linux; Android 10; K) AppleWebKit/537.36 (KHTML, like Gecko) Chrome/134.0.0.0 Mobile Safari/537.36"
103.79.216.98 - - [04/Apr/2025:11:59:05 -0400] "GET /product/wp-content/themes/wp_oswad_market/wp_oswad_market/images/media/icon_payment_visa.png HTTP/1.1" 200 1370 "http://vapecompany.com.bd/product/?product_cat=nic-salt-liquids-by-brands&paged=2" "Mozilla/5.0 (Linux; Android 10; K) AppleWebKit/537.36 (KHTML, like Gecko) Chrome/134.0.0.0 Mobile Safari/537.36"
103.79.216.98 - - [04/Apr/2025:11:59:05 -0400] "GET /product/wp-includes/js/wp-emoji-release.min.js?ver=5.6.14 HTTP/1.1" 200 4662 "http://vapecompany.com.bd/product/?product_cat=nic-salt-liquids-by-brands&paged=2" "Mozilla/5.0 (Linux; Android 10; K) AppleWebKit/537.36 (KHTML, like Gecko) Chrome/134.0.0.0 Mobile Safari/537.36"
103.79.216.98 - - [04/Apr/2025:11:59:06 -0400] "GET /product/wp-content/themes/wp_oswad_market/wp_oswad_market/images/top-right-shadow.png HTTP/1.1" 200 1340 "http://vapecompany.com.bd/product/wp-content/themes/wp_oswad_market/wp_oswad_market/css/base.css?ver=5.6.14" "Mozilla/5.0 (Linux; Android 10; K) AppleWebKit/537.36 (KHTML, like Gecko) Chrome/134.0.0.0 Mobile Safari/537.36"
103.79.216.98 - - [04/Apr/2025:11:59:06 -0400] "GET /product/wp-content/themes/wp_oswad_market/wp_oswad_market/images/bottom-left-shadow.png HTTP/1.1" 200 3302 "http://vapecompany.com.bd/product/wp-content/themes/wp_oswad_market/wp_oswad_market/css/base.css?ver=5.6.14" "Mozilla/5.0 (Linux; Android 10; K) AppleWebKit/537.36 (KHTML, like Gecko) Chrome/134.0.0.0 Mobile Safari/537.36"
103.79.216.98 - - [04/Apr/2025:11:59:06 -0400] "GET /product/wp-content/themes/wp_oswad_market/wp_oswad_market/images/o_line-border-top.png HTTP/1.1" 200 1076 "http://vapecompany.com.bd/product/wp-content/themes/wp_oswad_market/wp_oswad_market/css/base.css?ver=5.6.14" "Mozilla/5.0 (Linux; Android 10; K) AppleWebKit/537.36 (KHTML, like Gecko) Chrome/134.0.0.0 Mobile Safari/537.36"
103.79.216.98 - - [04/Apr/2025:11:59:06 -0400] "POST /product/wp-admin/admin-ajax.php HTTP/1.1" 200 275 "http://vapecompany.com.bd/product/?product_cat=nic-salt-liquids-by-brands&paged=2" "Mozilla/5.0 (Linux; Android 10; K) AppleWebKit/537.36 (KHTML, like Gecko) Chrome/134.0.0.0 Mobile Safari/537.36"
103.79.216.98 - - [04/Apr/2025:11:59:07 -0400] "GET /product/wp-content/themes/wp_oswad_market/wp_oswad_market/images/media/icon_dhl_visa.png HTTP/1.1" 200 1480 "http://vapecompany.com.bd/product/?product_cat=nic-salt-liquids-by-brands&paged=2" "Mozilla/5.0 (Linux; Android 10; K) AppleWebKit/537.36 (KHTML, like Gecko) Chrome/134.0.0.0 Mobile Safari/537.36"
103.79.216.98 - - [04/Apr/2025:11:59:07 -0400] "GET /product/wp-content/themes/wp_oswad_market/wp_oswad_market/images/images.png HTTP/1.1" 200 10523 "http://vapecompany.com.bd/product/wp-content/themes/wp_oswad_market/wp_oswad_market/css/base.css?ver=5.6.14" "Mozilla/5.0 (Linux; Android 10; K) AppleWebKit/537.36 (KHTML, like Gecko) Chrome/134.0.0.0 Mobile Safari/537.36"
103.79.216.98 - - [04/Apr/2025:11:59:07 -0400] "GET /product/wp-content/themes/wp_oswad_market/wp_oswad_market/images/media/icon_fed_visa.png HTTP/1.1" 200 1283 "http://vapecompany.com.bd/product/?product_cat=nic-salt-liquids-by-brands&paged=2" "Mozilla/5.0 (Linux; Android 10; K) AppleWebKit/537.36 (KHTML, like Gecko) Chrome/134.0.0.0 Mobile Safari/537.36"
103.79.216.98 - - [04/Apr/2025:11:59:07 -0400] "GET /product/wp-content/themes/wp_oswad_market/wp_oswad_market/images/media/bg-footer.jpg HTTP/1.1" 200 222316 "http://vapecompany.com.bd/product/?product_cat=nic-salt-liquids-by-brands&paged=2" "Mozilla/5.0 (Linux; Android 10; K) AppleWebKit/537.36 (KHTML, like Gecko) Chrome/134.0.0.0 Mobile Safari/537.36"
103.79.216.98 - - [04/Apr/2025:11:59:07 -0400] "GET /product/wp-content/plugins/contact-form-7/images/ajax-loader.gif HTTP/1.1" 200 847 "http://vapecompany.com.bd/product/?product_cat=nic-salt-liquids-by-brands&paged=2" "Mozilla/5.0 (Linux; Android 10; K) AppleWebKit/537.36 (KHTML, like Gecko) Chrome/134.0.0.0 Mobile Safari/537.36"
154.54.249.193 - - [04/Apr/2025:11:59:06 -0400] "GET /product/?page_id=4002&add_to_wishlist=5290&add-to-cart=12339&remove_item=84f2798f05d595273de40e3046329309&_wpnonce=657d745317 HTTP/1.1" 200 19358 "-" "Mozilla/5.0 (compatible; Barkrowler/0.9; +https://babbar.tech/crawler)"
103.79.216.98 - - [04/Apr/2025:11:59:08 -0400] "GET /product/wp-content/themes/wp_oswad_market/wp_oswad_market/images/o_line-border-bottom.png HTTP/1.1" 200 1096 "http://vapecompany.com.bd/product/wp-content/themes/wp_oswad_market/wp_oswad_market/css/base.css?ver=5.6.14" "Mozilla/5.0 (Linux; Android 10; K) AppleWebKit/537.36 (KHTML, like Gecko) Chrome/134.0.0.0 Mobile Safari/537.36"
103.79.216.98 - - [04/Apr/2025:11:59:08 -0400] "GET /product/wp-content/themes/wp_oswad_market/wp_oswad_market/images/ic-fiter-price.png HTTP/1.1" 200 1650 "http://vapecompany.com.bd/product/wp-content/themes/wp_oswad_market/wp_oswad_market/css/base.css?ver=5.6.14" "Mozilla/5.0 (Linux; Android 10; K) AppleWebKit/537.36 (KHTML, like Gecko) Chrome/134.0.0.0 Mobile Safari/537.36"
217.113.194.4 - - [04/Apr/2025:11:59:22 -0400] "GET /product/?page_id=4002&add_to_wishlist=5290&add-to-cart=12366&remove_item=69783ee76a92567d446143b811519068&_wpnonce=52420611ea HTTP/1.1" 200 18963 "-" "Mozilla/5.0 (compatible; Barkrowler/0.9; +https://babbar.tech/crawler)"
217.113.194.242 - - [04/Apr/2025:11:59:39 -0400] "GET /product/?page_id=4002&add_to_wishlist=5290&add-to-cart=5783&remove_item=69783ee76a92567d446143b811519068&_wpnonce=52420611ea HTTP/1.1" 200 19098 "-" "Mozilla/5.0 (compatible; Barkrowler/0.9; +https://babbar.tech/crawler)"
216.244.66.234 - - [04/Apr/2025:11:59:42 -0400] "GET /product/?post_type=product&add_to_wishlist=11614&paged=34 HTTP/1.1" 200 174520 "-" "Mozilla/5.0 (compatible; DotBot/1.2; +https://opensiteexplorer.org/dotbot; help@moz.com)"
185.191.171.5 - - [04/Apr/2025:11:59:44 -0400] "GET /product/?product=demon-killer-type-d-3-5-x-6-mm-notch-coil-box HTTP/1.1" 200 16986 "-" "Mozilla/5.0 (compatible; SemrushBot/7~bl; +http://www.semrush.com/bot.html)"
216.244.66.234 - - [04/Apr/2025:11:59:44 -0400] "GET /product/?product_cat=3mg&add_to_wishlist=10255 HTTP/1.1" 200 175229 "-" "Mozilla/5.0 (compatible; DotBot/1.2; +https://opensiteexplorer.org/dotbot; help@moz.com)"
217.113.194.11 - - [04/Apr/2025:11:59:55 -0400] "GET /product/?page_id=4002&add_to_wishlist=5290&add-to-cart=12381&remove_item=84f2798f05d595273de40e3046329309&_wpnonce=657d745317 HTTP/1.1" 200 19254 "-" "Mozilla/5.0 (compatible; Barkrowler/0.9; +https://babbar.tech/crawler)"
217.113.194.4 - - [04/Apr/2025:12:00:11 -0400] "GET /product/?page_id=4002&add_to_wishlist=5290&add-to-cart=12381&remove_item=69783ee76a92567d446143b811519068&_wpnonce=8116e87184 HTTP/1.1" 200 18889 "-" "Mozilla/5.0 (compatible; Barkrowler/0.9; +https://babbar.tech/crawler)"
217.113.194.8 - - [04/Apr/2025:12:00:27 -0400] "GET /product/?page_id=4002&add_to_wishlist=5290&add-to-cart=12389&remove_item=84f2798f05d595273de40e3046329309&_wpnonce=657d745317 HTTP/1.1" 200 19260 "-" "Mozilla/5.0 (compatible; Barkrowler/0.9; +https://babbar.tech/crawler)"
217.113.194.8 - - [04/Apr/2025:12:00:43 -0400] "GET /product/?page_id=4002&add_to_wishlist=5290&add-to-cart=12389&remove_item=69783ee76a92567d446143b811519068&_wpnonce=8116e87184 HTTP/1.1" 200 19058 "-" "Mozilla/5.0 (compatible; Barkrowler/0.9; +https://babbar.tech/crawler)"
217.113.194.9 - - [04/Apr/2025:12:01:00 -0400] "GET /product/?page_id=4002&add_to_wishlist=5290&add-to-cart=12385&remove_item=84f2798f05d595273de40e3046329309&_wpnonce=657d745317 HTTP/1.1" 200 19158 "-" "Mozilla/5.0 (compatible; Barkrowler/0.9; +https://babbar.tech/crawler)"
185.191.171.3 - - [04/Apr/2025:12:01:13 -0400] "GET /product/?lost-password&product=hyde-rebel-pro-5000-disposable-rechargeable-strawberry-ice-cream HTTP/1.1" 404 61672 "-" "Mozilla/5.0 (compatible; SemrushBot/7~bl; +http://www.semrush.com/bot.html)"
217.113.194.7 - - [04/Apr/2025:12:01:16 -0400] "GET /product/?page_id=4002&add_to_wishlist=5290&add-to-cart=12385&remove_item=69783ee76a92567d446143b811519068&_wpnonce=8116e87184 HTTP/1.1" 200 18874 "-" "Mozilla/5.0 (compatible; Barkrowler/0.9; +https://babbar.tech/crawler)"
52.167.144.206 - - [04/Apr/2025:12:01:19 -0400] "GET /product/?product=aspire-nautilus-aio-replacement-pod-with-1-8-ohm-coil&lost-password HTTP/1.1" 200 17292 "-" "Mozilla/5.0 AppleWebKit/537.36 (KHTML, like Gecko; compatible; bingbot/2.0; +http://www.bing.com/bingbot.htm) Chrome/116.0.1938.76 Safari/537.36"
217.113.194.242 - - [04/Apr/2025:12:01:32 -0400] "GET /product/?page_id=4002&add_to_wishlist=5290&add-to-cart=12377&remove_item=84f2798f05d595273de40e3046329309&_wpnonce=657d745317 HTTP/1.1" 200 18958 "-" "Mozilla/5.0 (compatible; Barkrowler/0.9; +https://babbar.tech/crawler)"
217.113.194.6 - - [04/Apr/2025:12:01:48 -0400] "GET /product/?page_id=4002&add_to_wishlist=5290&add-to-cart=12377&remove_item=69783ee76a92567d446143b811519068&_wpnonce=8116e87184 HTTP/1.1" 200 19068 "-" "Mozilla/5.0 (compatible; Barkrowler/0.9; +https://babbar.tech/crawler)"
217.113.194.9 - - [04/Apr/2025:12:02:05 -0400] "GET /product/?page_id=4002&add_to_wishlist=5290&add-to-cart=12383&remove_item=84f2798f05d595273de40e3046329309&_wpnonce=657d745317 HTTP/1.1" 200 19130 "-" "Mozilla/5.0 (compatible; Barkrowler/0.9; +https://babbar.tech/crawler)"
217.113.194.10 - - [04/Apr/2025:12:02:21 -0400] "GET /product/?page_id=4002&add_to_wishlist=5290&add-to-cart=12383&remove_item=69783ee76a92567d446143b811519068&_wpnonce=8116e87184 HTTP/1.1" 200 19109 "-" "Mozilla/5.0 (compatible; Barkrowler/0.9; +https://babbar.tech/crawler)"
217.113.194.11 - - [04/Apr/2025:12:02:37 -0400] "GET /product/?page_id=4002&add_to_wishlist=5290&add-to-cart=12351&remove_item=69783ee76a92567d446143b811519068&_wpnonce=52420611ea HTTP/1.1" 200 19211 "-" "Mozilla/5.0 (compatible; Barkrowler/0.9; +https://babbar.tech/crawler)"
217.113.194.3 - - [04/Apr/2025:12:02:53 -0400] "GET /product/?page_id=4002&add_to_wishlist=5290&add-to-cart=12353&remove_item=69783ee76a92567d446143b811519068&_wpnonce=52420611ea HTTP/1.1" 200 19308 "-" "Mozilla/5.0 (compatible; Barkrowler/0.9; +https://babbar.tech/crawler)"
217.113.194.11 - - [04/Apr/2025:12:03:09 -0400] "GET /product/?page_id=4002&add_to_wishlist=5290&add-to-cart=12359&remove_item=69783ee76a92567d446143b811519068&_wpnonce=52420611ea HTTP/1.1" 200 19069 "-" "Mozilla/5.0 (compatible; Barkrowler/0.9; +https://babbar.tech/crawler)"
217.113.194.8 - - [04/Apr/2025:12:03:26 -0400] "GET /product/?page_id=4002&add_to_wishlist=5290&add-to-cart=5648&remove_item=84f2798f05d595273de40e3046329309&_wpnonce=a374134840 HTTP/1.1" 200 18900 "-" "Mozilla/5.0 (compatible; Barkrowler/0.9; +https://babbar.tech/crawler)"
217.113.194.5 - - [04/Apr/2025:12:03:42 -0400] "GET /product/?page_id=4002&add_to_wishlist=5290&add-to-cart=4918&remove_item=69783ee76a92567d446143b811519068&_wpnonce=52420611ea HTTP/1.1" 200 19186 "-" "Mozilla/5.0 (compatible; Barkrowler/0.9; +https://babbar.tech/crawler)"
217.113.194.9 - - [04/Apr/2025:12:03:58 -0400] "GET /product/?page_id=4002&add_to_wishlist=5290&add-to-cart=12106&remove_item=84f2798f05d595273de40e3046329309&_wpnonce=657d745317 HTTP/1.1" 200 19164 "-" "Mozilla/5.0 (compatible; Barkrowler/0.9; +https://babbar.tech/crawler)"
217.113.194.6 - - [04/Apr/2025:12:04:14 -0400] "GET /product/?page_id=4002&add_to_wishlist=5290&add-to-cart=4834&remove_item=84f2798f05d595273de40e3046329309&_wpnonce=657d745317 HTTP/1.1" 200 19074 "-" "Mozilla/5.0 (compatible; Barkrowler/0.9; +https://babbar.tech/crawler)"
217.113.194.242 - - [04/Apr/2025:12:04:31 -0400] "GET /product/?page_id=4002&add_to_wishlist=5290&add-to-cart=5083&remove_item=84f2798f05d595273de40e3046329309&_wpnonce=657d745317 HTTP/1.1" 200 19149 "-" "Mozilla/5.0 (compatible; Barkrowler/0.9; +https://babbar.tech/crawler)"
217.113.194.9 - - [04/Apr/2025:12:04:47 -0400] "GET /product/?page_id=4002&add_to_wishlist=5290&add-to-cart=12348&remove_item=69783ee76a92567d446143b811519068&_wpnonce=52420611ea HTTP/1.1" 200 19035 "-" "Mozilla/5.0 (compatible; Barkrowler/0.9; +https://babbar.tech/crawler)"
217.113.194.4 - - [04/Apr/2025:12:05:03 -0400] "GET /product/?page_id=4002&add_to_wishlist=5290&add-to-cart=12347&remove_item=69783ee76a92567d446143b811519068&_wpnonce=52420611ea HTTP/1.1" 200 19071 "-" "Mozilla/5.0 (compatible; Barkrowler/0.9; +https://babbar.tech/crawler)"
217.113.194.5 - - [04/Apr/2025:12:05:19 -0400] "GET /product/?page_id=4002&add_to_wishlist=5290&add-to-cart=5421&remove_item=69783ee76a92567d446143b811519068&_wpnonce=8116e87184 HTTP/1.1" 200 19106 "-" "Mozilla/5.0 (compatible; Barkrowler/0.9; +https://babbar.tech/crawler)"
154.54.249.193 - - [04/Apr/2025:12:05:35 -0400] "GET /product/?page_id=4002&add_to_wishlist=5290&add-to-cart=5426&remove_item=84f2798f05d595273de40e3046329309&_wpnonce=657d745317 HTTP/1.1" 200 19143 "-" "Mozilla/5.0 (compatible; Barkrowler/0.9; +https://babbar.tech/crawler)"
217.113.194.4 - - [04/Apr/2025:12:05:52 -0400] "GET /product/?page_id=4002&add_to_wishlist=5290&add-to-cart=4587&remove_item=69783ee76a92567d446143b811519068&_wpnonce=52420611ea HTTP/1.1" 200 18891 "-" "Mozilla/5.0 (compatible; Barkrowler/0.9; +https://babbar.tech/crawler)"
217.113.194.11 - - [04/Apr/2025:12:06:08 -0400] "GET /product/?page_id=4002&add_to_wishlist=5290&add-to-cart=4646&remove_item=84f2798f05d595273de40e3046329309&_wpnonce=657d745317 HTTP/1.1" 200 19004 "-" "Mozilla/5.0 (compatible; Barkrowler/0.9; +https://babbar.tech/crawler)"
217.113.194.6 - - [04/Apr/2025:12:06:24 -0400] "GET /product/?page_id=4002&add_to_wishlist=5290&add-to-cart=5760&remove_item=84f2798f05d595273de40e3046329309&_wpnonce=657d745317 HTTP/1.1" 200 19077 "-" "Mozilla/5.0 (compatible; Barkrowler/0.9; +https://babbar.tech/crawler)"
154.54.249.193 - - [04/Apr/2025:12:06:40 -0400] "GET /product/?page_id=4002&add_to_wishlist=5290&add-to-cart=5298&remove_item=69783ee76a92567d446143b811519068&_wpnonce=8116e87184 HTTP/1.1" 200 18887 "-" "Mozilla/5.0 (compatible; Barkrowler/0.9; +https://babbar.tech/crawler)"
217.113.194.8 - - [04/Apr/2025:12:06:57 -0400] "GET /product/?page_id=4002&add_to_wishlist=5083&add-to-cart=5648&remove_item=84f2798f05d595273de40e3046329309&_wpnonce=ae63218667 HTTP/1.1" 200 19072 "-" "Mozilla/5.0 (compatible; Barkrowler/0.9; +https://babbar.tech/crawler)"
217.113.194.3 - - [04/Apr/2025:12:07:14 -0400] "GET /product/?page_id=4002&add_to_wishlist=5083&add-to-cart=5648&remove_item=84f2798f05d595273de40e3046329309&_wpnonce=657d745317 HTTP/1.1" 200 19140 "-" "Mozilla/5.0 (compatible; Barkrowler/0.9; +https://babbar.tech/crawler)"
217.113.194.7 - - [04/Apr/2025:12:07:30 -0400] "GET /product/?page_id=4002&add_to_wishlist=5083&add-to-cart=12385&remove_item=84f2798f05d595273de40e3046329309&_wpnonce=657d745317 HTTP/1.1" 200 19015 "-" "Mozilla/5.0 (compatible; Barkrowler/0.9; +https://babbar.tech/crawler)"
217.113.194.10 - - [04/Apr/2025:12:07:47 -0400] "GET /product/?page_id=4002&add_to_wishlist=5083&add-to-cart=5070&remove_item=8074856808ebec0c49403ce3589b28de&_wpnonce=7977323894 HTTP/1.1" 200 18896 "-" "Mozilla/5.0 (compatible; Barkrowler/0.9; +https://babbar.tech/crawler)"
217.113.194.9 - - [04/Apr/2025:12:08:03 -0400] "GET /product/?page_id=4002&add_to_wishlist=5083&add-to-cart=5070&remove_item=8074856808ebec0c49403ce3589b28de&_wpnonce=3184299014 HTTP/1.1" 200 19079 "-" "Mozilla/5.0 (compatible; Barkrowler/0.9; +https://babbar.tech/crawler)"
217.113.194.11 - - [04/Apr/2025:12:08:35 -0400] "GET /product/?page_id=4002&add_to_wishlist=12013&add-to-cart=12383&remove_item=956058422500de80654a14d89ca9a010&_wpnonce=9746f01261 HTTP/1.1" 200 19336 "-" "Mozilla/5.0 (compatible; Barkrowler/0.9; +https://babbar.tech/crawler)"
154.54.249.193 - - [04/Apr/2025:12:08:51 -0400] "GET /product/?page_id=4002&add_to_wishlist=12013&add-to-cart=12377&remove_item=956058422500de80654a14d89ca9a010&_wpnonce=9746f01261 HTTP/1.1" 200 19124 "-" "Mozilla/5.0 (compatible; Barkrowler/0.9; +https://babbar.tech/crawler)"
217.113.194.8 - - [04/Apr/2025:12:09:08 -0400] "GET /product/?page_id=4002&add_to_wishlist=12013&add-to-cart=12389&remove_item=956058422500de80654a14d89ca9a010&_wpnonce=9746f01261 HTTP/1.1" 200 19125 "-" "Mozilla/5.0 (compatible; Barkrowler/0.9; +https://babbar.tech/crawler)"
217.113.194.11 - - [04/Apr/2025:12:09:24 -0400] "GET /product/?page_id=4002&add_to_wishlist=12013&add-to-cart=12385&remove_item=956058422500de80654a14d89ca9a010&_wpnonce=9746f01261 HTTP/1.1" 200 18876 "-" "Mozilla/5.0 (compatible; Barkrowler/0.9; +https://babbar.tech/crawler)"
217.113.194.2 - - [04/Apr/2025:12:09:40 -0400] "GET /product/?page_id=4002&add_to_wishlist=12013&add-to-cart=12406&remove_item=956058422500de80654a14d89ca9a010&_wpnonce=9746f01261 HTTP/1.1" 200 18952 "-" "Mozilla/5.0 (compatible; Barkrowler/0.9; +https://babbar.tech/crawler)"
217.113.194.10 - - [04/Apr/2025:12:09:56 -0400] "GET /product/?page_id=4002&add_to_wishlist=12013&add-to-cart=11120&remove_item=2fa8af078803491746235057c546c1b6&_wpnonce=0dff254958 HTTP/1.1" 200 19126 "-" "Mozilla/5.0 (compatible; Barkrowler/0.9; +https://babbar.tech/crawler)"
217.113.194.4 - - [04/Apr/2025:12:10:29 -0400] "GET /product/?page_id=4002&add_to_wishlist=12013&add-to-cart=11762&remove_item=360c19682e81f21d55846685c1701179&_wpnonce=59159e0595 HTTP/1.1" 200 19102 "-" "Mozilla/5.0 (compatible; Barkrowler/0.9; +https://babbar.tech/crawler)"
217.113.194.3 - - [04/Apr/2025:12:10:45 -0400] "GET /product/?page_id=4002&add_to_wishlist=12013&add-to-cart=11762&remove_item=2fa8af078803491746235057c546c1b6&_wpnonce=0dff254958 HTTP/1.1" 200 19163 "-" "Mozilla/5.0 (compatible; Barkrowler/0.9; +https://babbar.tech/crawler)"
217.113.194.3 - - [04/Apr/2025:12:11:01 -0400] "GET /product/?page_id=4002&add_to_wishlist=12013&add-to-cart=11407&remove_item=2fa8af078803491746235057c546c1b6&_wpnonce=0dff254958 HTTP/1.1" 200 19105 "-" "Mozilla/5.0 (compatible; Barkrowler/0.9; +https://babbar.tech/crawler)"
217.113.194.6 - - [04/Apr/2025:12:11:18 -0400] "GET /product/?page_id=4002&add_to_wishlist=12013&add-to-cart=4719&remove_item=956058422500de80654a14d89ca9a010&_wpnonce=9746f01261 HTTP/1.1" 200 19212 "-" "Mozilla/5.0 (compatible; Barkrowler/0.9; +https://babbar.tech/crawler)"
217.113.194.10 - - [04/Apr/2025:12:11:34 -0400] "GET /product/?page_id=4002&add_to_wishlist=12013&add-to-cart=5234&remove_item=956058422500de80654a14d89ca9a010&_wpnonce=9746f01261 HTTP/1.1" 200 19166 "-" "Mozilla/5.0 (compatible; Barkrowler/0.9; +https://babbar.tech/crawler)"
217.113.194.2 - - [04/Apr/2025:12:11:50 -0400] "GET /product/?page_id=4002&add_to_wishlist=12013&add-to-cart=4925&remove_item=956058422500de80654a14d89ca9a010&_wpnonce=9746f01261 HTTP/1.1" 200 19102 "-" "Mozilla/5.0 (compatible; Barkrowler/0.9; +https://babbar.tech/crawler)"
217.113.194.242 - - [04/Apr/2025:12:12:06 -0400] "GET /product/?page_id=4002&add_to_wishlist=12013&add-to-cart=5391&remove_item=956058422500de80654a14d89ca9a010&_wpnonce=9746f01261 HTTP/1.1" 200 19189 "-" "Mozilla/5.0 (compatible; Barkrowler/0.9; +https://babbar.tech/crawler)"
217.113.194.6 - - [04/Apr/2025:12:12:22 -0400] "GET /product/?page_id=4002&add_to_wishlist=12013&add-to-cart=5844&remove_item=956058422500de80654a14d89ca9a010&_wpnonce=9746f01261 HTTP/1.1" 200 19062 "-" "Mozilla/5.0 (compatible; Barkrowler/0.9; +https://babbar.tech/crawler)"
217.113.194.9 - - [04/Apr/2025:12:12:39 -0400] "GET /product/?page_id=4002&add_to_wishlist=12013&add-to-cart=4600&remove_item=956058422500de80654a14d89ca9a010&_wpnonce=9746f01261 HTTP/1.1" 200 18984 "-" "Mozilla/5.0 (compatible; Barkrowler/0.9; +https://babbar.tech/crawler)"
217.113.194.11 - - [04/Apr/2025:12:13:12 -0400] "GET /product/?page_id=4002&add_to_wishlist=12018&add-to-cart=12353&remove_item=151de84cca69258b17375e2f44239191&_wpnonce=1172123427 HTTP/1.1" 200 19370 "-" "Mozilla/5.0 (compatible; Barkrowler/0.9; +https://babbar.tech/crawler)"
217.113.194.5 - - [04/Apr/2025:12:13:28 -0400] "GET /product/?page_id=4002&add_to_wishlist=12018&add-to-cart=12385&remove_item=b49b0133825194a67e0660a5557deb0a&_wpnonce=244f546521 HTTP/1.1" 200 18983 "-" "Mozilla/5.0 (compatible; Barkrowler/0.9; +https://babbar.tech/crawler)"
217.113.194.10 - - [04/Apr/2025:12:13:44 -0400] "GET /product/?page_id=4002&add_to_wishlist=12018&add-to-cart=12383&remove_item=b49b0133825194a67e0660a5557deb0a&_wpnonce=244f546521 HTTP/1.1" 200 19092 "-" "Mozilla/5.0 (compatible; Barkrowler/0.9; +https://babbar.tech/crawler)"
159.138.107.3 - - [04/Apr/2025:12:13:58 -0400] "GET /product/?product=no-frills-tobak-salts-vanilla-tobacco&add_to_wishlist=11679 HTTP/1.1" 404 61653 "http://vapecompany.com.bd/product/?product=no-frills-tobak-salts-vanilla-tobacco&add_to_wishlist=11679" "Mozilla/5.0 (Windows NT 10.0; Win64; x64) AppleWebKit/537.36 (KHTML, like Gecko) Chrome/101.0.4951.67 Safari/537.36"
217.113.194.2 - - [04/Apr/2025:12:14:00 -0400] "GET /product/?page_id=4002&add_to_wishlist=12018&add-to-cart=12389&remove_item=b49b0133825194a67e0660a5557deb0a&_wpnonce=244f546521 HTTP/1.1" 200 19025 "-" "Mozilla/5.0 (compatible; Barkrowler/0.9; +https://babbar.tech/crawler)"
216.244.66.234 - - [04/Apr/2025:12:14:15 -0400] "GET /robots.txt HTTP/1.1" 200 67 "-" "Mozilla/5.0 (compatible; DotBot/1.2; +https://opensiteexplorer.org/dotbot; help@moz.com)"
217.113.194.10 - - [04/Apr/2025:12:14:16 -0400] "GET /product/?page_id=4002&add_to_wishlist=12018&add-to-cart=12377&remove_item=b49b0133825194a67e0660a5557deb0a&_wpnonce=244f546521 HTTP/1.1" 200 18960 "-" "Mozilla/5.0 (compatible; Barkrowler/0.9; +https://babbar.tech/crawler)"
217.113.194.7 - - [04/Apr/2025:12:14:32 -0400] "GET /product/?page_id=4002&add_to_wishlist=12018&add-to-cart=12406&remove_item=b49b0133825194a67e0660a5557deb0a&_wpnonce=244f546521 HTTP/1.1" 200 18922 "-" "Mozilla/5.0 (compatible; Barkrowler/0.9; +https://babbar.tech/crawler)"
217.113.194.2 - - [04/Apr/2025:12:14:49 -0400] "GET /product/?page_id=4002&add_to_wishlist=12018&add-to-cart=6123&remove_item=b49b0133825194a67e0660a5557deb0a&_wpnonce=244f546521 HTTP/1.1" 200 19248 "-" "Mozilla/5.0 (compatible; Barkrowler/0.9; +https://babbar.tech/crawler)"
51.222.253.11 - - [04/Apr/2025:12:15:04 -0400] "GET /product/?product_cat=6mg&add_to_wishlist=12156&paged=6 HTTP/1.1" 404 61708 "-" "Mozilla/5.0 (compatible; AhrefsBot/7.0; +http://ahrefs.com/robot/)"
217.113.194.8 - - [04/Apr/2025:12:15:05 -0400] "GET /product/?page_id=4002&add_to_wishlist=12018&add-to-cart=4813&remove_item=b49b0133825194a67e0660a5557deb0a&_wpnonce=244f546521 HTTP/1.1" 200 19047 "-" "Mozilla/5.0 (compatible; Barkrowler/0.9; +https://babbar.tech/crawler)"
217.113.194.3 - - [04/Apr/2025:12:15:21 -0400] "GET /product/?page_id=4002&add_to_wishlist=12018&add-to-cart=5317&remove_item=41263b9a46f6f8f22668476661614478&_wpnonce=469978123a HTTP/1.1" 200 19082 "-" "Mozilla/5.0 (compatible; Barkrowler/0.9; +https://babbar.tech/crawler)"
217.113.194.8 - - [04/Apr/2025:12:15:37 -0400] "GET /product/?page_id=4002&add_to_wishlist=12018&add-to-cart=5732&remove_item=b49b0133825194a67e0660a5557deb0a&_wpnonce=244f546521 HTTP/1.1" 200 19068 "-" "Mozilla/5.0 (compatible; Barkrowler/0.9; +https://babbar.tech/crawler)"
217.113.194.10 - - [04/Apr/2025:12:15:53 -0400] "GET /product/?page_id=4002&add_to_wishlist=12018&add-to-cart=6224&remove_item=69783ee76a92567d446143b811519068&_wpnonce=151febf7fa HTTP/1.1" 200 19067 "-" "Mozilla/5.0 (compatible; Barkrowler/0.9; +https://babbar.tech/crawler)"
217.113.194.7 - - [04/Apr/2025:12:16:10 -0400] "GET /product/?page_id=4002&add_to_wishlist=12018&add-to-cart=6224&remove_item=69783ee76a92567d446143b811519068&_wpnonce=808b189eba HTTP/1.1" 200 19067 "-" "Mozilla/5.0 (compatible; Barkrowler/0.9; +https://babbar.tech/crawler)"
