3.133.153.107 - - [04/Apr/2025:10:22:35 -0400] "GET /product/?product=eleaf-ec-s-0-6-ohm-coils&feed=rss2 HTTP/1.1" 200 450 "https://vapecompany.com.bd/product/?feed=rss2&p=9067" "Mozilla/5.0 AppleWebKit/537.36 (KHTML, like Gecko; compatible; ClaudeBot/1.0; +claudebot@anthropic.com)"
217.113.194.2 - - [04/Apr/2025:10:22:36 -0400] "GET /product/?page_id=4002&add_to_wishlist=5760&add-to-cart=5070&remove_item=8074856808ebec0c49403ce3589b28de&_wpnonce=3184299014 HTTP/1.1" 200 19182 "-" "Mozilla/5.0 (compatible; Barkrowler/0.9; +https://babbar.tech/crawler)"
217.113.194.9 - - [04/Apr/2025:10:22:52 -0400] "GET /product/?page_id=4002&add_to_wishlist=5760&add-to-cart=6224&remove_item=69783ee76a92567d446143b811519068&_wpnonce=275cf34863 HTTP/1.1" 200 19195 "-" "Mozilla/5.0 (compatible; Barkrowler/0.9; +https://babbar.tech/crawler)"
3.144.235.139 - - [04/Apr/2025:10:23:26 -0400] "GET /product/?product=micro-tfv4-stc2-0-25-ohm-coil&feed=rss2 HTTP/1.1" 200 467 "https://vapecompany.com.bd/product/?feed=rss2&p=4761" "Mozilla/5.0 AppleWebKit/537.36 (KHTML, like Gecko; compatible; ClaudeBot/1.0; +claudebot@anthropic.com)"
217.113.194.11 - - [04/Apr/2025:10:23:26 -0400] "GET /product/?page_id=4002&add_to_wishlist=5760&add-to-cart=12348&remove_item=84f2798f05d595273de40e3046329309&_wpnonce=657d745317 HTTP/1.1" 200 19084 "-" "Mozilla/5.0 (compatible; Barkrowler/0.9; +https://babbar.tech/crawler)"
40.77.167.54 - - [04/Apr/2025:10:23:40 -0400] "GET /product/?product_cat=eleaf-eleaf-istick HTTP/1.1" 200 21228 "-" "Mozilla/5.0 AppleWebKit/537.36 (KHTML, like Gecko; compatible; bingbot/2.0; +http://www.bing.com/bingbot.htm) Chrome/116.0.1938.76 Safari/537.36"
217.113.194.242 - - [04/Apr/2025:10:23:43 -0400] "GET /product/?page_id=4002&add_to_wishlist=5234&add-to-cart=4723&remove_item=53420bd6e6798761679772a7dd012674&_wpnonce=16913293cb HTTP/1.1" 200 18837 "-" "Mozilla/5.0 (compatible; Barkrowler/0.9; +https://babbar.tech/crawler)"
217.113.194.6 - - [04/Apr/2025:10:23:59 -0400] "GET /product/?page_id=4002&add_to_wishlist=5234&add-to-cart=12333&remove_item=84f2798f05d595273de40e3046329309&_wpnonce=657d745317 HTTP/1.1" 200 19165 "-" "Mozilla/5.0 (compatible; Barkrowler/0.9; +https://babbar.tech/crawler)"
217.113.194.5 - - [04/Apr/2025:10:24:16 -0400] "GET /product/?page_id=4002&add_to_wishlist=5234&add-to-cart=12251&remove_item=956058422500de80654a14d89ca9a010&_wpnonce=3552740808 HTTP/1.1" 200 18529 "-" "Mozilla/5.0 (compatible; Barkrowler/0.9; +https://babbar.tech/crawler)"
217.113.194.242 - - [04/Apr/2025:10:24:35 -0400] "GET /product/?page_id=4002&add_to_wishlist=5234&add-to-cart=12329&remove_item=84f2798f05d595273de40e3046329309&_wpnonce=657d745317 HTTP/1.1" 200 19109 "-" "Mozilla/5.0 (compatible; Barkrowler/0.9; +https://babbar.tech/crawler)"
217.113.194.8 - - [04/Apr/2025:10:24:52 -0400] "GET /product/?page_id=4002&add_to_wishlist=5234&add-to-cart=12389&remove_item=84f2798f05d595273de40e3046329309&_wpnonce=657d745317 HTTP/1.1" 200 18923 "-" "Mozilla/5.0 (compatible; Barkrowler/0.9; +https://babbar.tech/crawler)"
217.113.194.9 - - [04/Apr/2025:10:25:08 -0400] "GET /product/?page_id=4002&add_to_wishlist=5234&add-to-cart=12353&remove_item=84f2798f05d595273de40e3046329309&_wpnonce=657d745317 HTTP/1.1" 200 19143 "-" "Mozilla/5.0 (compatible; Barkrowler/0.9; +https://babbar.tech/crawler)"
217.113.194.8 - - [04/Apr/2025:10:25:25 -0400] "GET /product/?page_id=4002&add_to_wishlist=5234&add-to-cart=5379&remove_item=84f2798f05d595273de40e3046329309&_wpnonce=657d745317 HTTP/1.1" 200 19214 "-" "Mozilla/5.0 (compatible; Barkrowler/0.9; +https://babbar.tech/crawler)"
216.244.66.234 - - [04/Apr/2025:10:25:30 -0400] "GET /product/?post_type=product&add_to_wishlist=10808&paged=27 HTTP/1.1" 200 184253 "-" "Mozilla/5.0 (compatible; DotBot/1.2; +https://opensiteexplorer.org/dotbot; help@moz.com)"
216.244.66.234 - - [04/Apr/2025:10:25:38 -0400] "GET /product/?post_type=product&add_to_wishlist=4768&paged=32 HTTP/1.1" 200 177815 "-" "Mozilla/5.0 (compatible; DotBot/1.2; +https://opensiteexplorer.org/dotbot; help@moz.com)"
216.244.66.234 - - [04/Apr/2025:10:25:41 -0400] "GET /product/?product=drifter-salts-lemon-lime-10ml&lost-password HTTP/1.1" 200 114434 "-" "Mozilla/5.0 (compatible; DotBot/1.2; +https://opensiteexplorer.org/dotbot; help@moz.com)"
217.113.194.3 - - [04/Apr/2025:10:25:41 -0400] "GET /product/?page_id=4002&add_to_wishlist=5234&add-to-cart=5330&remove_item=956058422500de80654a14d89ca9a010&_wpnonce=619f916367 HTTP/1.1" 200 19148 "-" "Mozilla/5.0 (compatible; Barkrowler/0.9; +https://babbar.tech/crawler)"
216.244.66.234 - - [04/Apr/2025:10:25:43 -0400] "GET /product/?product_cat=kings-crest&paged=1&add_to_wishlist=10756 HTTP/1.1" 200 137516 "-" "Mozilla/5.0 (compatible; DotBot/1.2; +https://opensiteexplorer.org/dotbot; help@moz.com)"
216.244.66.234 - - [04/Apr/2025:10:25:46 -0400] "GET /product/wp-content/uploads/2024/11/Voopoo-Argus-A-Pod-Kit-Packaging.jpg HTTP/1.1" 200 19928 "-" "Mozilla/5.0 (compatible; DotBot/1.2; +https://opensiteexplorer.org/dotbot; help@moz.com)"
216.244.66.234 - - [04/Apr/2025:10:25:47 -0400] "GET /product/wp-content/uploads/2024/12/Skwezed-NS-Blue-Raspberry-Ice.jpg HTTP/1.1" 200 35651 "-" "Mozilla/5.0 (compatible; DotBot/1.2; +https://opensiteexplorer.org/dotbot; help@moz.com)"
217.113.194.242 - - [04/Apr/2025:10:25:57 -0400] "GET /product/?page_id=4002&add_to_wishlist=5234&add-to-cart=5070&remove_item=8074856808ebec0c49403ce3589b28de&_wpnonce=3184299014 HTTP/1.1" 200 19091 "-" "Mozilla/5.0 (compatible; Barkrowler/0.9; +https://babbar.tech/crawler)"
18.190.25.53 - - [04/Apr/2025:10:26:13 -0400] "GET /product/?add_to_wishlist=4644&product=gs-0-75-ohm-coils HTTP/1.1" 200 17065 "-" "Mozilla/5.0 AppleWebKit/537.36 (KHTML, like Gecko; compatible; ClaudeBot/1.0; +claudebot@anthropic.com)"
185.191.171.6 - - [04/Apr/2025:10:26:19 -0400] "GET /product/?product=kangertech-pangu-pgocc-0-5-ohm-coils HTTP/1.1" 200 17283 "-" "Mozilla/5.0 (compatible; SemrushBot/7~bl; +http://www.semrush.com/bot.html)"
18.190.25.53 - - [04/Apr/2025:10:26:29 -0400] "GET /product/?add_to_wishlist=5215&product=ss-bent-drip-tip HTTP/1.1" 200 16535 "-" "Mozilla/5.0 AppleWebKit/537.36 (KHTML, like Gecko; compatible; ClaudeBot/1.0; +claudebot@anthropic.com)"
217.113.194.9 - - [04/Apr/2025:10:26:29 -0400] "GET /product/?page_id=4002&add_to_wishlist=5234&add-to-cart=5648&remove_item=84f2798f05d595273de40e3046329309&_wpnonce=6231adc253 HTTP/1.1" 200 19098 "-" "Mozilla/5.0 (compatible; Barkrowler/0.9; +https://babbar.tech/crawler)"
154.54.249.193 - - [04/Apr/2025:10:26:45 -0400] "GET /product/?page_id=4002&add_to_wishlist=5732&add-to-cart=4723&remove_item=53420bd6e6798761679772a7dd012674&_wpnonce=16913293cb HTTP/1.1" 200 19070 "-" "Mozilla/5.0 (compatible; Barkrowler/0.9; +https://babbar.tech/crawler)"
185.191.171.8 - - [04/Apr/2025:10:26:51 -0400] "GET /product/?product_cat=geekvape HTTP/1.1" 200 17584 "-" "Mozilla/5.0 (compatible; SemrushBot/7~bl; +http://www.semrush.com/bot.html)"
217.113.194.10 - - [04/Apr/2025:10:27:02 -0400] "GET /product/?page_id=4002&add_to_wishlist=5732&add-to-cart=12359&remove_item=84f2798f05d595273de40e3046329309&_wpnonce=657d745317 HTTP/1.1" 200 19310 "-" "Mozilla/5.0 (compatible; Barkrowler/0.9; +https://babbar.tech/crawler)"
217.113.194.11 - - [04/Apr/2025:10:27:18 -0400] "GET /product/?page_id=4002&add_to_wishlist=5732&add-to-cart=12331&remove_item=84f2798f05d595273de40e3046329309&_wpnonce=657d745317 HTTP/1.1" 200 19227 "-" "Mozilla/5.0 (compatible; Barkrowler/0.9; +https://babbar.tech/crawler)"
154.54.249.193 - - [04/Apr/2025:10:27:50 -0400] "GET /product/?page_id=4002&add_to_wishlist=5732&add-to-cart=12156&remove_item=84f2798f05d595273de40e3046329309&_wpnonce=657d745317 HTTP/1.1" 200 19129 "-" "Mozilla/5.0 (compatible; Barkrowler/0.9; +https://babbar.tech/crawler)"
85.208.96.199 - - [04/Apr/2025:10:28:00 -0400] "GET /product/?product_cat=joyetech-mods HTTP/1.1" 404 61698 "-" "Mozilla/5.0 (compatible; SemrushBot/7~bl; +http://www.semrush.com/bot.html)"
217.113.194.11 - - [04/Apr/2025:10:28:06 -0400] "GET /product/?page_id=4002&add_to_wishlist=5732&add-to-cart=12251&remove_item=956058422500de80654a14d89ca9a010&_wpnonce=3552740808 HTTP/1.1" 200 18714 "-" "Mozilla/5.0 (compatible; Barkrowler/0.9; +https://babbar.tech/crawler)"
18.188.212.154 - - [04/Apr/2025:10:28:22 -0400] "GET /product/?add_to_wishlist=7764&product=drifter-salts-grape HTTP/1.1" 200 17289 "-" "Mozilla/5.0 AppleWebKit/537.36 (KHTML, like Gecko; compatible; ClaudeBot/1.0; +claudebot@anthropic.com)"
157.230.33.184 - - [04/Apr/2025:10:28:27 -0400] "GET /product/wp-content/uploads/2017/08/Aspire-Athos-A3-Coil_opt-210x210.jpg HTTP/1.1" 200 5758 "-" "Mozilla/5.0 (Windows NT 10.0; Win64; x64) AppleWebKit/537.36 (KHTML, like Gecko) Chrome/121.0.0.0 Safari/537.36 Edg/121.0.0.0"
18.188.212.154 - - [04/Apr/2025:10:28:27 -0400] "GET /product/?add_to_wishlist=9737&product=got-salts-blood-sun HTTP/1.1" 200 17309 "-" "Mozilla/5.0 AppleWebKit/537.36 (KHTML, like Gecko; compatible; ClaudeBot/1.0; +claudebot@anthropic.com)"
217.113.194.9 - - [04/Apr/2025:10:28:39 -0400] "GET /product/?page_id=4002&add_to_wishlist=5732&add-to-cart=12394&remove_item=84f2798f05d595273de40e3046329309&_wpnonce=657d745317 HTTP/1.1" 200 19068 "-" "Mozilla/5.0 (compatible; Barkrowler/0.9; +https://babbar.tech/crawler)"
217.113.194.7 - - [04/Apr/2025:10:28:55 -0400] "GET /product/?page_id=4002&add_to_wishlist=5732&add-to-cart=12377&remove_item=84f2798f05d595273de40e3046329309&_wpnonce=657d745317 HTTP/1.1" 200 18943 "-" "Mozilla/5.0 (compatible; Barkrowler/0.9; +https://babbar.tech/crawler)"
66.249.66.194 - - [04/Apr/2025:10:29:06 -0400] "GET /robots.txt HTTP/1.1" 200 69 "-" "Mozilla/5.0 (compatible; Googlebot/2.1; +http://www.google.com/bot.html)"
66.249.66.193 - - [04/Apr/2025:10:29:06 -0400] "GET /product/?product_cat=tesla HTTP/1.1" 404 61546 "-" "Mozilla/5.0 (Linux; Android 6.0.1; Nexus 5X Build/MMB29P) AppleWebKit/537.36 (KHTML, like Gecko) Chrome/134.0.6998.165 Mobile Safari/537.36 (compatible; Googlebot/2.1; +http://www.google.com/bot.html)"
18.224.21.26 - - [04/Apr/2025:10:29:11 -0400] "GET /product/?add_to_wishlist=6978&product=drifter-pink-lemonade HTTP/1.1" 200 17073 "-" "Mozilla/5.0 AppleWebKit/537.36 (KHTML, like Gecko; compatible; ClaudeBot/1.0; +claudebot@anthropic.com)"
217.113.194.10 - - [04/Apr/2025:10:29:11 -0400] "GET /product/?page_id=4002&add_to_wishlist=5732&add-to-cart=12335&remove_item=84f2798f05d595273de40e3046329309&_wpnonce=657d745317 HTTP/1.1" 200 19062 "-" "Mozilla/5.0 (compatible; Barkrowler/0.9; +https://babbar.tech/crawler)"
217.113.194.11 - - [04/Apr/2025:10:29:45 -0400] "GET /product/?page_id=4002&add_to_wishlist=5732&add-to-cart=5070&remove_item=8074856808ebec0c49403ce3589b28de&_wpnonce=10276543cf HTTP/1.1" 200 19080 "-" "Mozilla/5.0 (compatible; Barkrowler/0.9; +https://babbar.tech/crawler)"
217.113.194.7 - - [04/Apr/2025:10:30:01 -0400] "GET /product/?page_id=4002&add_to_wishlist=5732&add-to-cart=5070&remove_item=8074856808ebec0c49403ce3589b28de&_wpnonce=242d7cd617 HTTP/1.1" 200 19026 "-" "Mozilla/5.0 (compatible; Barkrowler/0.9; +https://babbar.tech/crawler)"
217.113.194.9 - - [04/Apr/2025:10:30:18 -0400] "GET /product/?page_id=4002&add_to_wishlist=5732&add-to-cart=5648&remove_item=84f2798f05d595273de40e3046329309&_wpnonce=ae63218667 HTTP/1.1" 200 19010 "-" "Mozilla/5.0 (compatible; Barkrowler/0.9; +https://babbar.tech/crawler)"
217.113.194.242 - - [04/Apr/2025:10:30:34 -0400] "GET /product/?page_id=4002&add_to_wishlist=6979&add-to-cart=5648&remove_item=84f2798f05d595273de40e3046329309&_wpnonce=ae63218667 HTTP/1.1" 200 19266 "-" "Mozilla/5.0 (compatible; Barkrowler/0.9; +https://babbar.tech/crawler)"
217.113.194.11 - - [04/Apr/2025:10:30:51 -0400] "GET /product/?page_id=4002&add_to_wishlist=5359&add-to-cart=12347&remove_item=84f2798f05d595273de40e3046329309&_wpnonce=657d745317 HTTP/1.1" 200 19004 "-" "Mozilla/5.0 (compatible; Barkrowler/0.9; +https://babbar.tech/crawler)"
217.113.194.8 - - [04/Apr/2025:10:31:07 -0400] "GET /product/?page_id=4002&add_to_wishlist=5359&add-to-cart=12366&remove_item=84f2798f05d595273de40e3046329309&_wpnonce=657d745317 HTTP/1.1" 200 19256 "-" "Mozilla/5.0 (compatible; Barkrowler/0.9; +https://babbar.tech/crawler)"
154.54.249.193 - - [04/Apr/2025:10:31:23 -0400] "GET /product/?page_id=4002&add_to_wishlist=5359&add-to-cart=12333&remove_item=84f2798f05d595273de40e3046329309&_wpnonce=657d745317 HTTP/1.1" 200 19141 "-" "Mozilla/5.0 (compatible; Barkrowler/0.9; +https://babbar.tech/crawler)"
217.113.194.8 - - [04/Apr/2025:10:31:40 -0400] "GET /product/?page_id=4002&add_to_wishlist=5359&add-to-cart=12331&remove_item=84f2798f05d595273de40e3046329309&_wpnonce=657d745317 HTTP/1.1" 200 19115 "-" "Mozilla/5.0 (compatible; Barkrowler/0.9; +https://babbar.tech/crawler)"
217.113.194.242 - - [04/Apr/2025:10:31:56 -0400] "GET /product/?page_id=4002&add_to_wishlist=5359&add-to-cart=12351&remove_item=84f2798f05d595273de40e3046329309&_wpnonce=657d745317 HTTP/1.1" 200 19089 "-" "Mozilla/5.0 (compatible; Barkrowler/0.9; +https://babbar.tech/crawler)"
217.113.194.11 - - [04/Apr/2025:10:32:12 -0400] "GET /product/?page_id=4002&add_to_wishlist=5359&add-to-cart=12383&remove_item=84f2798f05d595273de40e3046329309&_wpnonce=657d745317 HTTP/1.1" 200 19108 "-" "Mozilla/5.0 (compatible; Barkrowler/0.9; +https://babbar.tech/crawler)"
154.54.249.193 - - [04/Apr/2025:10:32:28 -0400] "GET /product/?page_id=4002&add_to_wishlist=5359&add-to-cart=5371&remove_item=84f2798f05d595273de40e3046329309&_wpnonce=657d745317 HTTP/1.1" 200 18948 "-" "Mozilla/5.0 (compatible; Barkrowler/0.9; +https://babbar.tech/crawler)"
217.113.194.2 - - [04/Apr/2025:10:32:44 -0400] "GET /product/?page_id=4002&add_to_wishlist=5359&add-to-cart=5070&remove_item=8074856808ebec0c49403ce3589b28de&_wpnonce=7977323894 HTTP/1.1" 200 18884 "-" "Mozilla/5.0 (compatible; Barkrowler/0.9; +https://babbar.tech/crawler)"
217.113.194.10 - - [04/Apr/2025:10:33:01 -0400] "GET /product/?page_id=4002&add_to_wishlist=5359&add-to-cart=5070&remove_item=8074856808ebec0c49403ce3589b28de&_wpnonce=3184299014 HTTP/1.1" 200 19258 "-" "Mozilla/5.0 (compatible; Barkrowler/0.9; +https://babbar.tech/crawler)"
217.113.194.6 - - [04/Apr/2025:10:33:17 -0400] "GET /product/?page_id=4002&add_to_wishlist=5359&add-to-cart=5648&remove_item=84f2798f05d595273de40e3046329309&_wpnonce=657d745317 HTTP/1.1" 200 18909 "-" "Mozilla/5.0 (compatible; Barkrowler/0.9; +https://babbar.tech/crawler)"
217.113.194.7 - - [04/Apr/2025:10:33:33 -0400] "GET /product/?page_id=4002&add_to_wishlist=5359&add-to-cart=4754&remove_item=84f2798f05d595273de40e3046329309&_wpnonce=657d745317 HTTP/1.1" 200 19189 "-" "Mozilla/5.0 (compatible; Barkrowler/0.9; +https://babbar.tech/crawler)"
217.113.194.242 - - [04/Apr/2025:10:33:49 -0400] "GET /product/?page_id=4002&add_to_wishlist=5359&add-to-cart=4772&remove_item=84f2798f05d595273de40e3046329309&_wpnonce=657d745317 HTTP/1.1" 200 19023 "-" "Mozilla/5.0 (compatible; Barkrowler/0.9; +https://babbar.tech/crawler)"
217.113.194.4 - - [04/Apr/2025:10:34:05 -0400] "GET /product/?page_id=4002&add_to_wishlist=5355&add-to-cart=12251&remove_item=956058422500de80654a14d89ca9a010&_wpnonce=3552740808 HTTP/1.1" 200 18756 "-" "Mozilla/5.0 (compatible; Barkrowler/0.9; +https://babbar.tech/crawler)"
217.113.194.5 - - [04/Apr/2025:10:34:21 -0400] "GET /product/?page_id=4002&add_to_wishlist=5355&add-to-cart=12329&remove_item=84f2798f05d595273de40e3046329309&_wpnonce=657d745317 HTTP/1.1" 200 18993 "-" "Mozilla/5.0 (compatible; Barkrowler/0.9; +https://babbar.tech/crawler)"
217.113.194.11 - - [04/Apr/2025:10:34:38 -0400] "GET /product/?page_id=4002&add_to_wishlist=5355&add-to-cart=12335&remove_item=84f2798f05d595273de40e3046329309&_wpnonce=657d745317 HTTP/1.1" 200 18988 "-" "Mozilla/5.0 (compatible; Barkrowler/0.9; +https://babbar.tech/crawler)"
217.113.194.2 - - [04/Apr/2025:10:34:54 -0400] "GET /product/?page_id=4002&add_to_wishlist=5355&add-to-cart=5049&remove_item=84f2798f05d595273de40e3046329309&_wpnonce=657d745317 HTTP/1.1" 200 19002 "-" "Mozilla/5.0 (compatible; Barkrowler/0.9; +https://babbar.tech/crawler)"
217.113.194.4 - - [04/Apr/2025:10:35:10 -0400] "GET /product/?page_id=4002&add_to_wishlist=5355&add-to-cart=5070&remove_item=8074856808ebec0c49403ce3589b28de&_wpnonce=3184299014 HTTP/1.1" 200 19147 "-" "Mozilla/5.0 (compatible; Barkrowler/0.9; +https://babbar.tech/crawler)"
217.113.194.5 - - [04/Apr/2025:10:35:26 -0400] "GET /product/?page_id=4002&add_to_wishlist=5355&add-to-cart=5648&remove_item=84f2798f05d595273de40e3046329309&_wpnonce=657d745317 HTTP/1.1" 200 18909 "-" "Mozilla/5.0 (compatible; Barkrowler/0.9; +https://babbar.tech/crawler)"
217.113.194.8 - - [04/Apr/2025:10:35:43 -0400] "GET /product/?page_id=4002&add_to_wishlist=5355&add-to-cart=5648&remove_item=84f2798f05d595273de40e3046329309&_wpnonce=ae63218667 HTTP/1.1" 200 19160 "-" "Mozilla/5.0 (compatible; Barkrowler/0.9; +https://babbar.tech/crawler)"
18.191.66.109 - - [04/Apr/2025:10:35:59 -0400] "GET /product/?add_to_wishlist=7768&product=bar-none-salts-gummy-beary HTTP/1.1" 200 16641 "-" "Mozilla/5.0 AppleWebKit/537.36 (KHTML, like Gecko; compatible; ClaudeBot/1.0; +claudebot@anthropic.com)"
217.113.194.11 - - [04/Apr/2025:10:35:59 -0400] "GET /product/?page_id=4002&add_to_wishlist=7302&add-to-cart=12333&remove_item=84f2798f05d595273de40e3046329309&_wpnonce=657d745317 HTTP/1.1" 200 18976 "-" "Mozilla/5.0 (compatible; Barkrowler/0.9; +https://babbar.tech/crawler)"
43.130.57.46 - - [04/Apr/2025:10:36:13 -0400] "GET / HTTP/1.1" 200 10859 "-" "Mozilla/5.0 (iPhone; CPU iPhone OS 13_2_3 like Mac OS X) AppleWebKit/605.1.15 (KHTML, like Gecko) Version/13.0.3 Mobile/15E148 Safari/604.1"
18.191.66.109 - - [04/Apr/2025:10:36:13 -0400] "GET /product/?add_to_wishlist=8736&product=smok-nord-2-silicone-cover HTTP/1.1" 200 17615 "-" "Mozilla/5.0 AppleWebKit/537.36 (KHTML, like Gecko; compatible; ClaudeBot/1.0; +claudebot@anthropic.com)"
217.113.194.11 - - [04/Apr/2025:10:36:15 -0400] "GET /product/?page_id=4002&add_to_wishlist=4713&add-to-cart=5648&remove_item=84f2798f05d595273de40e3046329309&_wpnonce=657d745317 HTTP/1.1" 200 18964 "-" "Mozilla/5.0 (compatible; Barkrowler/0.9; +https://babbar.tech/crawler)"
217.113.194.7 - - [04/Apr/2025:10:36:31 -0400] "GET /product/?page_id=4002&add_to_wishlist=4713&add-to-cart=5648&remove_item=84f2798f05d595273de40e3046329309&_wpnonce=6231adc253 HTTP/1.1" 200 19048 "-" "Mozilla/5.0 (compatible; Barkrowler/0.9; +https://babbar.tech/crawler)"
217.113.194.2 - - [04/Apr/2025:10:36:48 -0400] "GET /product/?page_id=4002&add_to_wishlist=4713&add-to-cart=5070&remove_item=8074856808ebec0c49403ce3589b28de&_wpnonce=7977323894 HTTP/1.1" 200 18926 "-" "Mozilla/5.0 (compatible; Barkrowler/0.9; +https://babbar.tech/crawler)"
217.113.194.10 - - [04/Apr/2025:10:37:20 -0400] "GET /product/?page_id=4002&add_to_wishlist=4713&add-to-cart=12339&remove_item=84f2798f05d595273de40e3046329309&_wpnonce=657d745317 HTTP/1.1" 200 18998 "-" "Mozilla/5.0 (compatible; Barkrowler/0.9; +https://babbar.tech/crawler)"
217.113.194.10 - - [04/Apr/2025:10:37:52 -0400] "GET /product/?page_id=4002&add_to_wishlist=4713&add-to-cart=12373&remove_item=84f2798f05d595273de40e3046329309&_wpnonce=657d745317 HTTP/1.1" 200 19057 "-" "Mozilla/5.0 (compatible; Barkrowler/0.9; +https://babbar.tech/crawler)"
154.54.249.193 - - [04/Apr/2025:10:38:09 -0400] "GET /product/?page_id=4002&add_to_wishlist=4719&add-to-cart=12333&remove_item=84f2798f05d595273de40e3046329309&_wpnonce=657d745317 HTTP/1.1" 200 19162 "-" "Mozilla/5.0 (compatible; Barkrowler/0.9; +https://babbar.tech/crawler)"
217.113.194.242 - - [04/Apr/2025:10:38:41 -0400] "GET /product/?page_id=4002&add_to_wishlist=4719&add-to-cart=12389&remove_item=84f2798f05d595273de40e3046329309&_wpnonce=657d745317 HTTP/1.1" 200 19127 "-" "Mozilla/5.0 (compatible; Barkrowler/0.9; +https://babbar.tech/crawler)"
217.113.194.7 - - [04/Apr/2025:10:38:57 -0400] "GET /product/?page_id=4002&add_to_wishlist=4719&add-to-cart=12353&remove_item=84f2798f05d595273de40e3046329309&_wpnonce=657d745317 HTTP/1.1" 200 19242 "-" "Mozilla/5.0 (compatible; Barkrowler/0.9; +https://babbar.tech/crawler)"
18.119.132.241 - - [04/Apr/2025:10:39:13 -0400] "GET /product/?add_to_wishlist=7735&paged=2&product_cat=replacement-pods HTTP/1.1" 200 21671 "-" "Mozilla/5.0 AppleWebKit/537.36 (KHTML, like Gecko; compatible; ClaudeBot/1.0; +claudebot@anthropic.com)"
217.113.194.5 - - [04/Apr/2025:10:39:13 -0400] "GET /product/?page_id=4002&add_to_wishlist=4719&add-to-cart=5379&remove_item=84f2798f05d595273de40e3046329309&_wpnonce=657d745317 HTTP/1.1" 200 19120 "-" "Mozilla/5.0 (compatible; Barkrowler/0.9; +https://babbar.tech/crawler)"
217.113.194.9 - - [04/Apr/2025:10:39:30 -0400] "GET /product/?page_id=4002&add_to_wishlist=4719&add-to-cart=5070&remove_item=8074856808ebec0c49403ce3589b28de&_wpnonce=3184299014 HTTP/1.1" 200 19127 "-" "Mozilla/5.0 (compatible; Barkrowler/0.9; +https://babbar.tech/crawler)"
217.113.194.242 - - [04/Apr/2025:10:39:46 -0400] "GET /product/?page_id=4002&add_to_wishlist=4719&add-to-cart=5648&remove_item=84f2798f05d595273de40e3046329309&_wpnonce=657d745317 HTTP/1.1" 200 19139 "-" "Mozilla/5.0 (compatible; Barkrowler/0.9; +https://babbar.tech/crawler)"
198.54.115.140 - - [04/Apr/2025:10:40:03 -0400] "POST /product/wp-cron.php?doing_wp_cron=1743777603.6107170581817626953125 HTTP/1.1" 200 - "http://vapecompany.com.bd/product/wp-cron.php?doing_wp_cron=1743777603.6107170581817626953125" "WordPress/5.6.14; https://vapecompany.com.bd/product"
217.113.194.3 - - [04/Apr/2025:10:40:03 -0400] "GET /product/?page_id=4002&add_to_wishlist=4719&add-to-cart=5648&remove_item=84f2798f05d595273de40e3046329309&_wpnonce=6231adc253 HTTP/1.1" 200 19028 "-" "Mozilla/5.0 (compatible; Barkrowler/0.9; +https://babbar.tech/crawler)"
217.113.194.10 - - [04/Apr/2025:10:40:19 -0400] "GET /product/?page_id=4002&add_to_wishlist=5070&add-to-cart=5371&remove_item=84f2798f05d595273de40e3046329309&_wpnonce=657d745317 HTTP/1.1" 200 19142 "-" "Mozilla/5.0 (compatible; Barkrowler/0.9; +https://babbar.tech/crawler)"
217.113.194.10 - - [04/Apr/2025:10:40:36 -0400] "GET /product/?page_id=4002&add_to_wishlist=5070&add-to-cart=4813&remove_item=84f2798f05d595273de40e3046329309&_wpnonce=657d745317 HTTP/1.1" 200 19158 "-" "Mozilla/5.0 (compatible; Barkrowler/0.9; +https://babbar.tech/crawler)"
217.113.194.9 - - [04/Apr/2025:10:40:52 -0400] "GET /product/?page_id=4002&add_to_wishlist=5070&add-to-cart=12329&remove_item=84f2798f05d595273de40e3046329309&_wpnonce=657d745317 HTTP/1.1" 200 19095 "-" "Mozilla/5.0 (compatible; Barkrowler/0.9; +https://babbar.tech/crawler)"
217.113.194.11 - - [04/Apr/2025:10:41:08 -0400] "GET /product/?page_id=4002&add_to_wishlist=5070&add-to-cart=5648&remove_item=84f2798f05d595273de40e3046329309&_wpnonce=657d745317 HTTP/1.1" 200 19072 "-" "Mozilla/5.0 (compatible; Barkrowler/0.9; +https://babbar.tech/crawler)"
217.113.194.11 - - [04/Apr/2025:10:41:25 -0400] "GET /product/?page_id=4002&add_to_wishlist=5070&add-to-cart=5648&remove_item=84f2798f05d595273de40e3046329309&_wpnonce=6231adc253 HTTP/1.1" 200 19095 "-" "Mozilla/5.0 (compatible; Barkrowler/0.9; +https://babbar.tech/crawler)"
217.113.194.10 - - [04/Apr/2025:10:41:41 -0400] "GET /product/?page_id=4002&add_to_wishlist=5070&add-to-cart=5070&remove_item=8074856808ebec0c49403ce3589b28de&_wpnonce=7977323894 HTTP/1.1" 200 19178 "-" "Mozilla/5.0 (compatible; Barkrowler/0.9; +https://babbar.tech/crawler)"
217.113.194.7 - - [04/Apr/2025:10:42:13 -0400] "GET /product/?page_id=4002&add_to_wishlist=5070&add-to-cart=6224&remove_item=69783ee76a92567d446143b811519068&_wpnonce=8116e87184 HTTP/1.1" 200 19023 "-" "Mozilla/5.0 (compatible; Barkrowler/0.9; +https://babbar.tech/crawler)"
3.145.88.233 - - [04/Apr/2025:10:42:29 -0400] "GET /product/?add_to_wishlist=4674&product=melo-3-tank-replacement-glass HTTP/1.1" 200 16828 "-" "Mozilla/5.0 AppleWebKit/537.36 (KHTML, like Gecko; compatible; ClaudeBot/1.0; +claudebot@anthropic.com)"
217.113.194.8 - - [04/Apr/2025:10:42:29 -0400] "GET /product/?page_id=4002&add_to_wishlist=5070&add-to-cart=12348&remove_item=84f2798f05d595273de40e3046329309&_wpnonce=657d745317 HTTP/1.1" 200 19259 "-" "Mozilla/5.0 (compatible; Barkrowler/0.9; +https://babbar.tech/crawler)"
217.113.194.10 - - [04/Apr/2025:10:42:45 -0400] "GET /product/?page_id=4002&add_to_wishlist=5070&add-to-cart=12335&remove_item=84f2798f05d595273de40e3046329309&_wpnonce=657d745317 HTTP/1.1" 200 19094 "-" "Mozilla/5.0 (compatible; Barkrowler/0.9; +https://babbar.tech/crawler)"
217.113.194.11 - - [04/Apr/2025:10:43:01 -0400] "GET /product/?page_id=4002&add_to_wishlist=5070&add-to-cart=12331&remove_item=84f2798f05d595273de40e3046329309&_wpnonce=657d745317 HTTP/1.1" 200 19184 "-" "Mozilla/5.0 (compatible; Barkrowler/0.9; +https://babbar.tech/crawler)"
217.113.194.9 - - [04/Apr/2025:10:43:18 -0400] "GET /product/?page_id=4002&add_to_wishlist=5070&add-to-cart=12333&remove_item=84f2798f05d595273de40e3046329309&_wpnonce=657d745317 HTTP/1.1" 200 19301 "-" "Mozilla/5.0 (compatible; Barkrowler/0.9; +https://babbar.tech/crawler)"
217.113.194.9 - - [04/Apr/2025:10:43:34 -0400] "GET /product/?page_id=4002&add_to_wishlist=5371&add-to-cart=12366&remove_item=8074856808ebec0c49403ce3589b28de&_wpnonce=7977323894 HTTP/1.1" 200 19033 "-" "Mozilla/5.0 (compatible; Barkrowler/0.9; +https://babbar.tech/crawler)"
217.113.194.4 - - [04/Apr/2025:10:43:50 -0400] "GET /product/?page_id=4002&add_to_wishlist=5371&add-to-cart=5285&remove_item=8074856808ebec0c49403ce3589b28de&_wpnonce=7977323894 HTTP/1.1" 200 19126 "-" "Mozilla/5.0 (compatible; Barkrowler/0.9; +https://babbar.tech/crawler)"
217.113.194.10 - - [04/Apr/2025:10:44:06 -0400] "GET /product/?page_id=4002&add_to_wishlist=5371&add-to-cart=12389&remove_item=8074856808ebec0c49403ce3589b28de&_wpnonce=7977323894 HTTP/1.1" 200 19030 "-" "Mozilla/5.0 (compatible; Barkrowler/0.9; +https://babbar.tech/crawler)"
3.15.5.51 - - [04/Apr/2025:10:44:22 -0400] "GET /product/?add_to_wishlist=11968&product=dr-vapes-salts-black-custard HTTP/1.1" 200 17369 "-" "Mozilla/5.0 AppleWebKit/537.36 (KHTML, like Gecko; compatible; ClaudeBot/1.0; +claudebot@anthropic.com)"
217.113.194.7 - - [04/Apr/2025:10:44:22 -0400] "GET /product/?page_id=4002&add_to_wishlist=5371&add-to-cart=12383&remove_item=8074856808ebec0c49403ce3589b28de&_wpnonce=7977323894 HTTP/1.1" 200 19274 "-" "Mozilla/5.0 (compatible; Barkrowler/0.9; +https://babbar.tech/crawler)"
217.113.194.4 - - [04/Apr/2025:10:44:38 -0400] "GET /product/?page_id=4002&add_to_wishlist=5371&add-to-cart=12385&remove_item=8074856808ebec0c49403ce3589b28de&_wpnonce=7977323894 HTTP/1.1" 200 18909 "-" "Mozilla/5.0 (compatible; Barkrowler/0.9; +https://babbar.tech/crawler)"
217.113.194.5 - - [04/Apr/2025:10:44:55 -0400] "GET /product/?page_id=4002&add_to_wishlist=5371&add-to-cart=12351&remove_item=8074856808ebec0c49403ce3589b28de&_wpnonce=7977323894 HTTP/1.1" 200 19015 "-" "Mozilla/5.0 (compatible; Barkrowler/0.9; +https://babbar.tech/crawler)"
217.113.194.11 - - [04/Apr/2025:10:45:11 -0400] "GET /product/?page_id=4002&add_to_wishlist=5371&add-to-cart=10971&remove_item=8074856808ebec0c49403ce3589b28de&_wpnonce=7977323894 HTTP/1.1" 200 19064 "-" "Mozilla/5.0 (compatible; Barkrowler/0.9; +https://babbar.tech/crawler)"
18.224.44.53 - - [04/Apr/2025:10:45:43 -0400] "GET /product/?add_to_wishlist=11397&product=atomic-nic-salts-lemon-freeze HTTP/1.1" 200 17406 "-" "Mozilla/5.0 AppleWebKit/537.36 (KHTML, like Gecko; compatible; ClaudeBot/1.0; +claudebot@anthropic.com)"
217.113.194.9 - - [04/Apr/2025:10:45:43 -0400] "GET /product/?page_id=4002&add_to_wishlist=5371&add-to-cart=5411&remove_item=69783ee76a92567d446143b811519068&_wpnonce=8116e87184 HTTP/1.1" 200 18983 "-" "Mozilla/5.0 (compatible; Barkrowler/0.9; +https://babbar.tech/crawler)"
52.167.144.193 - - [04/Apr/2025:10:45:51 -0400] "GET /product/wp-content/uploads/2023/04/Gold-Leaf-FB-Acapulco-400x400.jpg HTTP/1.1" 200 31101 "-" "Mozilla/5.0 AppleWebKit/537.36 (KHTML, like Gecko; compatible; bingbot/2.0; +http://www.bing.com/bingbot.htm) Chrome/116.0.1938.76 Safari/537.36"
18.224.44.53 - - [04/Apr/2025:10:45:51 -0400] "GET /product/?add_to_wishlist=10051&paged=11&product_cat=replacement-pods HTTP/1.1" 200 22148 "-" "Mozilla/5.0 AppleWebKit/537.36 (KHTML, like Gecko; compatible; ClaudeBot/1.0; +claudebot@anthropic.com)"
217.113.194.5 - - [04/Apr/2025:10:45:59 -0400] "GET /product/?page_id=4002&add_to_wishlist=5371&add-to-cart=5648&remove_item=84f2798f05d595273de40e3046329309&_wpnonce=657d745317 HTTP/1.1" 200 19096 "-" "Mozilla/5.0 (compatible; Barkrowler/0.9; +https://babbar.tech/crawler)"
217.113.194.5 - - [04/Apr/2025:10:46:16 -0400] "GET /product/?page_id=4002&add_to_wishlist=5373&add-to-cart=5070&remove_item=8074856808ebec0c49403ce3589b28de&_wpnonce=10276543cf HTTP/1.1" 200 19124 "-" "Mozilla/5.0 (compatible; Barkrowler/0.9; +https://babbar.tech/crawler)"
217.113.194.9 - - [04/Apr/2025:10:46:32 -0400] "GET /product/?page_id=4002&add_to_wishlist=5373&add-to-cart=5070&remove_item=8074856808ebec0c49403ce3589b28de&_wpnonce=7977323894 HTTP/1.1" 200 18973 "-" "Mozilla/5.0 (compatible; Barkrowler/0.9; +https://babbar.tech/crawler)"
217.113.194.242 - - [04/Apr/2025:10:46:48 -0400] "GET /product/?page_id=4002&add_to_wishlist=5373&add-to-cart=12394&remove_item=84f2798f05d595273de40e3046329309&_wpnonce=657d745317 HTTP/1.1" 200 19274 "-" "Mozilla/5.0 (compatible; Barkrowler/0.9; +https://babbar.tech/crawler)"
217.113.194.8 - - [04/Apr/2025:10:47:04 -0400] "GET /product/?page_id=4002&add_to_wishlist=5373&add-to-cart=12383&remove_item=84f2798f05d595273de40e3046329309&_wpnonce=657d745317 HTTP/1.1" 200 19172 "-" "Mozilla/5.0 (compatible; Barkrowler/0.9; +https://babbar.tech/crawler)"
217.113.194.8 - - [04/Apr/2025:10:47:21 -0400] "GET /product/?page_id=4002&add_to_wishlist=5373&add-to-cart=12351&remove_item=84f2798f05d595273de40e3046329309&_wpnonce=657d745317 HTTP/1.1" 200 19237 "-" "Mozilla/5.0 (compatible; Barkrowler/0.9; +https://babbar.tech/crawler)"
217.113.194.5 - - [04/Apr/2025:10:47:37 -0400] "GET /product/?page_id=4002&add_to_wishlist=5379&add-to-cart=12348&remove_item=84f2798f05d595273de40e3046329309&_wpnonce=657d745317 HTTP/1.1" 200 19271 "-" "Mozilla/5.0 (compatible; Barkrowler/0.9; +https://babbar.tech/crawler)"
18.116.74.246 - - [04/Apr/2025:10:47:53 -0400] "GET /product/?add_to_wishlist=7662&product=dr-vapes-salts-pink-frozen-crazy HTTP/1.1" 200 17337 "-" "Mozilla/5.0 AppleWebKit/537.36 (KHTML, like Gecko; compatible; ClaudeBot/1.0; +claudebot@anthropic.com)"
217.113.194.6 - - [04/Apr/2025:10:47:54 -0400] "GET /product/?page_id=4002&add_to_wishlist=5379&add-to-cart=5070&remove_item=8074856808ebec0c49403ce3589b28de&_wpnonce=3184299014 HTTP/1.1" 200 19147 "-" "Mozilla/5.0 (compatible; Barkrowler/0.9; +https://babbar.tech/crawler)"
217.113.194.7 - - [04/Apr/2025:10:48:10 -0400] "GET /product/?page_id=4002&add_to_wishlist=5379&add-to-cart=5648&remove_item=84f2798f05d595273de40e3046329309&_wpnonce=657d745317 HTTP/1.1" 200 19039 "-" "Mozilla/5.0 (compatible; Barkrowler/0.9; +https://babbar.tech/crawler)"
217.113.194.242 - - [04/Apr/2025:10:48:43 -0400] "GET /product/?page_id=4002&add_to_wishlist=5204&add-to-cart=4723&remove_item=53420bd6e6798761679772a7dd012674&_wpnonce=16913293cb HTTP/1.1" 200 18872 "-" "Mozilla/5.0 (compatible; Barkrowler/0.9; +https://babbar.tech/crawler)"
217.113.194.8 - - [04/Apr/2025:10:48:59 -0400] "GET /product/?page_id=4002&add_to_wishlist=5204&add-to-cart=12348&remove_item=84f2798f05d595273de40e3046329309&_wpnonce=657d745317 HTTP/1.1" 200 19293 "-" "Mozilla/5.0 (compatible; Barkrowler/0.9; +https://babbar.tech/crawler)"
51.222.253.5 - - [04/Apr/2025:10:49:47 -0400] "GET /product/?product_cat=eleaf-istick&add_to_wishlist=5031&paged=10 HTTP/1.1" 200 21724 "-" "Mozilla/5.0 (compatible; AhrefsBot/7.0; +http://ahrefs.com/robot/)"
217.113.194.5 - - [04/Apr/2025:10:49:47 -0400] "GET /product/?page_id=4002&add_to_wishlist=5204&add-to-cart=12331&remove_item=84f2798f05d595273de40e3046329309&_wpnonce=657d745317 HTTP/1.1" 200 19320 "-" "Mozilla/5.0 (compatible; Barkrowler/0.9; +https://babbar.tech/crawler)"
217.113.194.5 - - [04/Apr/2025:10:50:03 -0400] "GET /product/?page_id=4002&add_to_wishlist=5204&add-to-cart=12383&remove_item=84f2798f05d595273de40e3046329309&_wpnonce=657d745317 HTTP/1.1" 200 19176 "-" "Mozilla/5.0 (compatible; Barkrowler/0.9; +https://babbar.tech/crawler)"
217.113.194.9 - - [04/Apr/2025:10:50:36 -0400] "GET /product/?page_id=4002&add_to_wishlist=5204&add-to-cart=12366&remove_item=84f2798f05d595273de40e3046329309&_wpnonce=657d745317 HTTP/1.1" 200 19076 "-" "Mozilla/5.0 (compatible; Barkrowler/0.9; +https://babbar.tech/crawler)"
217.113.194.9 - - [04/Apr/2025:10:50:52 -0400] "GET /product/?page_id=4002&add_to_wishlist=5204&add-to-cart=12156&remove_item=84f2798f05d595273de40e3046329309&_wpnonce=657d745317 HTTP/1.1" 200 19133 "-" "Mozilla/5.0 (compatible; Barkrowler/0.9; +https://babbar.tech/crawler)"
217.113.194.4 - - [04/Apr/2025:10:51:08 -0400] "GET /product/?page_id=4002&add_to_wishlist=5204&add-to-cart=12251&remove_item=956058422500de80654a14d89ca9a010&_wpnonce=3552740808 HTTP/1.1" 200 18721 "-" "Mozilla/5.0 (compatible; Barkrowler/0.9; +https://babbar.tech/crawler)"
217.113.194.9 - - [04/Apr/2025:10:51:24 -0400] "GET /product/?page_id=4002&add_to_wishlist=5204&add-to-cart=12351&remove_item=84f2798f05d595273de40e3046329309&_wpnonce=657d745317 HTTP/1.1" 200 19159 "-" "Mozilla/5.0 (compatible; Barkrowler/0.9; +https://babbar.tech/crawler)"
18.117.87.50 - - [04/Apr/2025:10:51:41 -0400] "GET /product/?add_to_wishlist=12130&product=coastal-clouds-salts-apple-watermelon HTTP/1.1" 200 17264 "-" "Mozilla/5.0 AppleWebKit/537.36 (KHTML, like Gecko; compatible; ClaudeBot/1.0; +claudebot@anthropic.com)"
217.113.194.8 - - [04/Apr/2025:10:51:41 -0400] "GET /product/?page_id=4002&add_to_wishlist=5204&add-to-cart=12394&remove_item=84f2798f05d595273de40e3046329309&_wpnonce=657d745317 HTTP/1.1" 200 19216 "-" "Mozilla/5.0 (compatible; Barkrowler/0.9; +https://babbar.tech/crawler)"
217.113.194.5 - - [04/Apr/2025:10:51:57 -0400] "GET /product/?page_id=4002&add_to_wishlist=5204&add-to-cart=12154&remove_item=84f2798f05d595273de40e3046329309&_wpnonce=657d745317 HTTP/1.1" 200 19185 "-" "Mozilla/5.0 (compatible; Barkrowler/0.9; +https://babbar.tech/crawler)"
217.113.194.8 - - [04/Apr/2025:10:52:13 -0400] "GET /product/?page_id=4002&add_to_wishlist=5204&add-to-cart=12377&remove_item=84f2798f05d595273de40e3046329309&_wpnonce=657d745317 HTTP/1.1" 200 18960 "-" "Mozilla/5.0 (compatible; Barkrowler/0.9; +https://babbar.tech/crawler)"
52.14.150.165 - - [04/Apr/2025:10:52:12 -0400] "GET /product/?p=6391 HTTP/1.1" 301 - "-" "Mozilla/5.0 AppleWebKit/537.36 (KHTML, like Gecko; compatible; ClaudeBot/1.0; +claudebot@anthropic.com)"
217.113.194.6 - - [04/Apr/2025:10:52:45 -0400] "GET /product/?page_id=4002&add_to_wishlist=5204&add-to-cart=12335&remove_item=84f2798f05d595273de40e3046329309&_wpnonce=657d745317 HTTP/1.1" 200 19026 "-" "Mozilla/5.0 (compatible; Barkrowler/0.9; +https://babbar.tech/crawler)"
18.191.178.88 - - [04/Apr/2025:10:53:17 -0400] "GET /product/?product=joyetech-atopack-penguin-jvic2-0-60-ohm-coil HTTP/1.1" 200 17795 "https://vapecompany.com.bd/product/?p=6129" "Mozilla/5.0 AppleWebKit/537.36 (KHTML, like Gecko; compatible; ClaudeBot/1.0; +claudebot@anthropic.com)"
217.113.194.11 - - [04/Apr/2025:10:53:18 -0400] "GET /product/?page_id=4002&add_to_wishlist=5204&add-to-cart=11968&remove_item=84f2798f05d595273de40e3046329309&_wpnonce=657d745317 HTTP/1.1" 200 19087 "-" "Mozilla/5.0 (compatible; Barkrowler/0.9; +https://babbar.tech/crawler)"
185.191.171.1 - - [04/Apr/2025:10:53:30 -0400] "GET /product/?lost-password&product=demon-killer-spaced-clapton-coils-0-35-ohm HTTP/1.1" 404 61627 "-" "Mozilla/5.0 (compatible; SemrushBot/7~bl; +http://www.semrush.com/bot.html)"
217.113.194.5 - - [04/Apr/2025:10:53:34 -0400] "GET /product/?page_id=4002&add_to_wishlist=5204&add-to-cart=5070&remove_item=8074856808ebec0c49403ce3589b28de&_wpnonce=7977323894 HTTP/1.1" 200 19029 "-" "Mozilla/5.0 (compatible; Barkrowler/0.9; +https://babbar.tech/crawler)"
217.113.194.10 - - [04/Apr/2025:10:53:50 -0400] "GET /product/?page_id=4002&add_to_wishlist=5204&add-to-cart=5070&remove_item=8074856808ebec0c49403ce3589b28de&_wpnonce=10276543cf HTTP/1.1" 200 19128 "-" "Mozilla/5.0 (compatible; Barkrowler/0.9; +https://babbar.tech/crawler)"
217.113.194.3 - - [04/Apr/2025:10:54:06 -0400] "GET /product/?page_id=4002&add_to_wishlist=5204&add-to-cart=5070&remove_item=8074856808ebec0c49403ce3589b28de&_wpnonce=242d7cd617 HTTP/1.1" 200 19131 "-" "Mozilla/5.0 (compatible; Barkrowler/0.9; +https://babbar.tech/crawler)"
154.54.249.193 - - [04/Apr/2025:10:54:22 -0400] "GET /product/?page_id=4002&add_to_wishlist=5204&add-to-cart=5648&remove_item=84f2798f05d595273de40e3046329309&_wpnonce=ae63218667 HTTP/1.1" 200 19230 "-" "Mozilla/5.0 (compatible; Barkrowler/0.9; +https://babbar.tech/crawler)"
217.113.194.2 - - [04/Apr/2025:10:54:38 -0400] "GET /product/?page_id=4002&add_to_wishlist=5204&add-to-cart=12079&remove_item=84f2798f05d595273de40e3046329309&_wpnonce=657d745317 HTTP/1.1" 200 19104 "-" "Mozilla/5.0 (compatible; Barkrowler/0.9; +https://babbar.tech/crawler)"
217.113.194.8 - - [04/Apr/2025:10:54:55 -0400] "GET /product/?page_id=4002&add_to_wishlist=4696&add-to-cart=4609&remove_item=84f2798f05d595273de40e3046329309&_wpnonce=657d745317 HTTP/1.1" 200 19201 "-" "Mozilla/5.0 (compatible; Barkrowler/0.9; +https://babbar.tech/crawler)"
52.167.144.196 - - [04/Apr/2025:10:55:19 -0400] "GET /product/wp-content/uploads/2017/01/Beard-24-Salted-Caramel-300x300.jpg HTTP/1.1" 200 13602 "-" "Mozilla/5.0 AppleWebKit/537.36 (KHTML, like Gecko; compatible; bingbot/2.0; +http://www.bing.com/bingbot.htm) Chrome/116.0.1938.76 Safari/537.36"
18.191.181.186 - - [04/Apr/2025:10:55:18 -0400] "GET /product/?product=aspire-breeze-2-u-tech-1-0-ohm-coils HTTP/1.1" 200 17360 "https://vapecompany.com.bd/product/?p=7299" "Mozilla/5.0 AppleWebKit/537.36 (KHTML, like Gecko; compatible; ClaudeBot/1.0; +claudebot@anthropic.com)"
18.191.181.186 - - [04/Apr/2025:10:55:18 -0400] "GET /product/?product=rofvape-alien-wire-shots-118mm HTTP/1.1" 200 16793 "https://vapecompany.com.bd/product/?p=5285" "Mozilla/5.0 AppleWebKit/537.36 (KHTML, like Gecko; compatible; ClaudeBot/1.0; +claudebot@anthropic.com)"
217.113.194.7 - - [04/Apr/2025:10:55:28 -0400] "GET /product/?page_id=4002&add_to_wishlist=4696&add-to-cart=4723&remove_item=84f2798f05d595273de40e3046329309&_wpnonce=657d745317 HTTP/1.1" 200 18979 "-" "Mozilla/5.0 (compatible; Barkrowler/0.9; +https://babbar.tech/crawler)"
217.113.194.8 - - [04/Apr/2025:10:55:44 -0400] "GET /product/?page_id=4002&add_to_wishlist=4696&add-to-cart=9145&remove_item=84f2798f05d595273de40e3046329309&_wpnonce=657d745317 HTTP/1.1" 200 19042 "-" "Mozilla/5.0 (compatible; Barkrowler/0.9; +https://babbar.tech/crawler)"
217.113.194.11 - - [04/Apr/2025:10:56:00 -0400] "GET /product/?page_id=4002&add_to_wishlist=4696&add-to-cart=5395&remove_item=84f2798f05d595273de40e3046329309&_wpnonce=657d745317 HTTP/1.1" 200 19092 "-" "Mozilla/5.0 (compatible; Barkrowler/0.9; +https://babbar.tech/crawler)"
3.135.208.215 - - [04/Apr/2025:10:56:16 -0400] "GET /product/?product=coil-master-gremlin-bf-silicone-bottle&feed=rss2 HTTP/1.1" 200 458 "https://vapecompany.com.bd/product/?feed=rss2&p=7126" "Mozilla/5.0 AppleWebKit/537.36 (KHTML, like Gecko; compatible; ClaudeBot/1.0; +claudebot@anthropic.com)"
216.244.66.234 - - [04/Apr/2025:10:56:27 -0400] "GET /product/?post_type=product&add_to_wishlist=10738&paged=26 HTTP/1.1" 200 179511 "-" "Mozilla/5.0 (compatible; DotBot/1.2; +https://opensiteexplorer.org/dotbot; help@moz.com)"
217.113.194.8 - - [04/Apr/2025:10:56:33 -0400] "GET /product/?page_id=4002&add_to_wishlist=4696&add-to-cart=5070&remove_item=8074856808ebec0c49403ce3589b28de&_wpnonce=10276543cf HTTP/1.1" 200 19178 "-" "Mozilla/5.0 (compatible; Barkrowler/0.9; +https://babbar.tech/crawler)"
154.54.249.193 - - [04/Apr/2025:10:56:49 -0400] "GET /product/?page_id=4002&add_to_wishlist=4696&add-to-cart=5070&remove_item=8074856808ebec0c49403ce3589b28de&_wpnonce=7977323894 HTTP/1.1" 200 19026 "-" "Mozilla/5.0 (compatible; Barkrowler/0.9; +https://babbar.tech/crawler)"
217.113.194.11 - - [04/Apr/2025:10:57:06 -0400] "GET /product/?page_id=4002&add_to_wishlist=5683&add-to-cart=5648&remove_item=84f2798f05d595273de40e3046329309&_wpnonce=657d745317 HTTP/1.1" 200 18900 "-" "Mozilla/5.0 (compatible; Barkrowler/0.9; +https://babbar.tech/crawler)"
217.113.194.2 - - [04/Apr/2025:10:57:22 -0400] "GET /product/?page_id=4002&add_to_wishlist=4761&add-to-cart=12347&remove_item=84f2798f05d595273de40e3046329309&_wpnonce=657d745317 HTTP/1.1" 200 19056 "-" "Mozilla/5.0 (compatible; Barkrowler/0.9; +https://babbar.tech/crawler)"
85.208.96.199 - - [04/Apr/2025:10:57:24 -0400] "GET /product/?product=smok-rpm80-rgc-replacement-pods HTTP/1.1" 200 17445 "-" "Mozilla/5.0 (compatible; SemrushBot/7~bl; +http://www.semrush.com/bot.html)"
154.54.249.193 - - [04/Apr/2025:10:57:38 -0400] "GET /product/?page_id=4002&add_to_wishlist=4761&add-to-cart=4813&remove_item=84f2798f05d595273de40e3046329309&_wpnonce=657d745317 HTTP/1.1" 200 19115 "-" "Mozilla/5.0 (compatible; Barkrowler/0.9; +https://babbar.tech/crawler)"
217.113.194.8 - - [04/Apr/2025:10:57:54 -0400] "GET /product/?page_id=4002&add_to_wishlist=4761&add-to-cart=4708&remove_item=84f2798f05d595273de40e3046329309&_wpnonce=657d745317 HTTP/1.1" 200 19198 "-" "Mozilla/5.0 (compatible; Barkrowler/0.9; +https://babbar.tech/crawler)"
18.118.30.3 - - [04/Apr/2025:10:58:10 -0400] "GET /product/?product=eleaf-melo-4-d25-replacement-glass&feed=rss2 HTTP/1.1" 200 457 "https://vapecompany.com.bd/product/?feed=rss2&p=8731" "Mozilla/5.0 AppleWebKit/537.36 (KHTML, like Gecko; compatible; ClaudeBot/1.0; +claudebot@anthropic.com)"
217.113.194.10 - - [04/Apr/2025:10:58:10 -0400] "GET /product/?page_id=4002&add_to_wishlist=4761&add-to-cart=12381&remove_item=84f2798f05d595273de40e3046329309&_wpnonce=657d745317 HTTP/1.1" 200 18995 "-" "Mozilla/5.0 (compatible; Barkrowler/0.9; +https://babbar.tech/crawler)"
18.118.30.3 - - [04/Apr/2025:10:58:26 -0400] "GET /product/?product=geekvape-mesh-z1-0-4-ohm-a1-coil&feed=rss2 HTTP/1.1" 200 462 "https://vapecompany.com.bd/product/?feed=rss2&p=9100" "Mozilla/5.0 AppleWebKit/537.36 (KHTML, like Gecko; compatible; ClaudeBot/1.0; +claudebot@anthropic.com)"
217.113.194.3 - - [04/Apr/2025:10:58:26 -0400] "GET /product/?page_id=4002&add_to_wishlist=4761&add-to-cart=12394&remove_item=84f2798f05d595273de40e3046329309&_wpnonce=657d745317 HTTP/1.1" 200 19138 "-" "Mozilla/5.0 (compatible; Barkrowler/0.9; +https://babbar.tech/crawler)"
217.113.194.8 - - [04/Apr/2025:10:58:42 -0400] "GET /product/?page_id=4002&add_to_wishlist=4761&add-to-cart=12331&remove_item=84f2798f05d595273de40e3046329309&_wpnonce=657d745317 HTTP/1.1" 200 19228 "-" "Mozilla/5.0 (compatible; Barkrowler/0.9; +https://babbar.tech/crawler)"
154.54.249.193 - - [04/Apr/2025:10:58:59 -0400] "GET /product/?page_id=4002&add_to_wishlist=4769&add-to-cart=12385&remove_item=8074856808ebec0c49403ce3589b28de&_wpnonce=3184299014 HTTP/1.1" 200 19242 "-" "Mozilla/5.0 (compatible; Barkrowler/0.9; +https://babbar.tech/crawler)"
18.191.41.29 - - [04/Apr/2025:10:59:15 -0400] "GET /product/?feed=rss2&p=12168 HTTP/1.1" 301 - "-" "Mozilla/5.0 AppleWebKit/537.36 (KHTML, like Gecko; compatible; ClaudeBot/1.0; +claudebot@anthropic.com)"
18.191.41.29 - - [04/Apr/2025:10:59:31 -0400] "GET /product/?feed=rss2&p=11596 HTTP/1.1" 301 - "-" "Mozilla/5.0 AppleWebKit/537.36 (KHTML, like Gecko; compatible; ClaudeBot/1.0; +claudebot@anthropic.com)"
217.113.194.8 - - [04/Apr/2025:10:59:31 -0400] "GET /product/?page_id=4002&add_to_wishlist=4769&add-to-cart=12251&remove_item=956058422500de80654a14d89ca9a010&_wpnonce=3552740808 HTTP/1.1" 200 18756 "-" "Mozilla/5.0 (compatible; Barkrowler/0.9; +https://babbar.tech/crawler)"
18.191.41.29 - - [04/Apr/2025:10:59:47 -0400] "GET /product/?feed=rss2&p=12295 HTTP/1.1" 301 - "-" "Mozilla/5.0 AppleWebKit/537.36 (KHTML, like Gecko; compatible; ClaudeBot/1.0; +claudebot@anthropic.com)"
51.222.253.17 - - [04/Apr/2025:10:59:47 -0400] "GET /product/?post_type=product&add_to_wishlist=11702&paged=13 HTTP/1.1" 200 21572 "-" "Mozilla/5.0 (compatible; AhrefsBot/7.0; +http://ahrefs.com/robot/)"
217.113.194.5 - - [04/Apr/2025:10:59:47 -0400] "GET /product/?page_id=4002&add_to_wishlist=4769&add-to-cart=12329&remove_item=84f2798f05d595273de40e3046329309&_wpnonce=657d745317 HTTP/1.1" 200 19097 "-" "Mozilla/5.0 (compatible; Barkrowler/0.9; +https://babbar.tech/crawler)"
51.222.253.17 - - [04/Apr/2025:11:00:04 -0400] "GET /product/?s=H&post_type=product&add_to_wishlist=11159&paged=38 HTTP/1.1" 200 22257 "-" "Mozilla/5.0 (compatible; AhrefsBot/7.0; +http://ahrefs.com/robot/)"
217.113.194.3 - - [04/Apr/2025:11:00:04 -0400] "GET /product/?page_id=4002&add_to_wishlist=4769&add-to-cart=12406&remove_item=8074856808ebec0c49403ce3589b28de&_wpnonce=3184299014 HTTP/1.1" 200 19007 "-" "Mozilla/5.0 (compatible; Barkrowler/0.9; +https://babbar.tech/crawler)"
217.113.194.242 - - [04/Apr/2025:11:00:20 -0400] "GET /product/?page_id=4002&add_to_wishlist=4769&add-to-cart=12377&remove_item=8074856808ebec0c49403ce3589b28de&_wpnonce=3184299014 HTTP/1.1" 200 18842 "-" "Mozilla/5.0 (compatible; Barkrowler/0.9; +https://babbar.tech/crawler)"
217.113.194.242 - - [04/Apr/2025:11:00:37 -0400] "GET /product/?page_id=4002&add_to_wishlist=4769&add-to-cart=12389&remove_item=8074856808ebec0c49403ce3589b28de&_wpnonce=3184299014 HTTP/1.1" 200 18943 "-" "Mozilla/5.0 (compatible; Barkrowler/0.9; +https://babbar.tech/crawler)"
216.244.66.234 - - [04/Apr/2025:11:00:45 -0400] "GET /product/?feed=rss2&p=7977 HTTP/1.1" 301 - "-" "Mozilla/5.0 (compatible; DotBot/1.2; +https://opensiteexplorer.org/dotbot; help@moz.com)"
217.113.194.11 - - [04/Apr/2025:11:00:49 -0400] "GET /product/?product=smok-rpm40-mesh-0-4-ohm-replacement-coils&add_to_wishlist=7104 HTTP/1.1" 200 17944 "-" "Mozilla/5.0 (compatible; Barkrowler/0.9; +https://babbar.tech/crawler)"
216.244.66.234 - - [04/Apr/2025:11:00:49 -0400] "GET /product/?feed=rss2&p=9797 HTTP/1.1" 301 - "-" "Mozilla/5.0 (compatible; DotBot/1.2; +https://opensiteexplorer.org/dotbot; help@moz.com)"
217.113.194.8 - - [04/Apr/2025:11:00:53 -0400] "GET /product/?page_id=4002&add_to_wishlist=4769&add-to-cart=12383&remove_item=8074856808ebec0c49403ce3589b28de&_wpnonce=3184299014 HTTP/1.1" 200 19106 "-" "Mozilla/5.0 (compatible; Barkrowler/0.9; +https://babbar.tech/crawler)"
85.208.96.195 - - [04/Apr/2025:11:01:24 -0400] "GET /product/?product=no-hype-vapors-butter-pecan-ice-cream-120ml HTTP/1.1" 404 61610 "-" "Mozilla/5.0 (compatible; SemrushBot/7~bl; +http://www.semrush.com/bot.html)"
217.113.194.8 - - [04/Apr/2025:11:01:25 -0400] "GET /product/?page_id=4002&add_to_wishlist=4769&add-to-cart=5290&remove_item=69783ee76a92567d446143b811519068&_wpnonce=41254726a3 HTTP/1.1" 200 18905 "-" "Mozilla/5.0 (compatible; Barkrowler/0.9; +https://babbar.tech/crawler)"
217.113.194.242 - - [04/Apr/2025:11:01:41 -0400] "GET /product/?page_id=4002&add_to_wishlist=4769&add-to-cart=5369&remove_item=8074856808ebec0c49403ce3589b28de&_wpnonce=3184299014 HTTP/1.1" 200 19251 "-" "Mozilla/5.0 (compatible; Barkrowler/0.9; +https://babbar.tech/crawler)"
154.54.249.193 - - [04/Apr/2025:11:01:58 -0400] "GET /product/?page_id=4002&add_to_wishlist=4769&add-to-cart=5070&remove_item=8074856808ebec0c49403ce3589b28de&_wpnonce=7977323894 HTTP/1.1" 200 19028 "-" "Mozilla/5.0 (compatible; Barkrowler/0.9; +https://babbar.tech/crawler)"
217.113.194.9 - - [04/Apr/2025:11:02:14 -0400] "GET /product/?page_id=4002&add_to_wishlist=4769&add-to-cart=5673&remove_item=8074856808ebec0c49403ce3589b28de&_wpnonce=3184299014 HTTP/1.1" 200 19067 "-" "Mozilla/5.0 (compatible; Barkrowler/0.9; +https://babbar.tech/crawler)"
217.113.194.9 - - [04/Apr/2025:11:02:30 -0400] "GET /product/?page_id=4002&add_to_wishlist=4769&add-to-cart=5648&remove_item=84f2798f05d595273de40e3046329309&_wpnonce=657d745317 HTTP/1.1" 200 18907 "-" "Mozilla/5.0 (compatible; Barkrowler/0.9; +https://babbar.tech/crawler)"
217.113.194.8 - - [04/Apr/2025:11:02:46 -0400] "GET /product/?page_id=4002&add_to_wishlist=4769&add-to-cart=5648&remove_item=84f2798f05d595273de40e3046329309&_wpnonce=ae63218667 HTTP/1.1" 200 19041 "-" "Mozilla/5.0 (compatible; Barkrowler/0.9; +https://babbar.tech/crawler)"
217.113.194.9 - - [04/Apr/2025:11:03:02 -0400] "GET /product/?page_id=4002&add_to_wishlist=4769&add-to-cart=5648&remove_item=84f2798f05d595273de40e3046329309&_wpnonce=6231adc253 HTTP/1.1" 200 19013 "-" "Mozilla/5.0 (compatible; Barkrowler/0.9; +https://babbar.tech/crawler)"
217.113.194.7 - - [04/Apr/2025:11:03:19 -0400] "GET /product/?page_id=4002&add_to_wishlist=4769&add-to-cart=4644&remove_item=8074856808ebec0c49403ce3589b28de&_wpnonce=3184299014 HTTP/1.1" 200 19223 "-" "Mozilla/5.0 (compatible; Barkrowler/0.9; +https://babbar.tech/crawler)"
216.244.66.234 - - [04/Apr/2025:11:03:19 -0400] "GET /product/?post_type=product&add_to_wishlist=11614&paged=24 HTTP/1.1" 200 174117 "-" "Mozilla/5.0 (compatible; DotBot/1.2; +https://opensiteexplorer.org/dotbot; help@moz.com)"
217.113.194.2 - - [04/Apr/2025:11:03:35 -0400] "GET /product/?page_id=4002&add_to_wishlist=8961&add-to-cart=12377&remove_item=84f2798f05d595273de40e3046329309&_wpnonce=657d745317 HTTP/1.1" 200 19204 "-" "Mozilla/5.0 (compatible; Barkrowler/0.9; +https://babbar.tech/crawler)"
217.113.194.10 - - [04/Apr/2025:11:03:51 -0400] "GET /product/?page_id=4002&add_to_wishlist=8961&add-to-cart=12331&remove_item=84f2798f05d595273de40e3046329309&_wpnonce=657d745317 HTTP/1.1" 200 19178 "-" "Mozilla/5.0 (compatible; Barkrowler/0.9; +https://babbar.tech/crawler)"
217.113.194.10 - - [04/Apr/2025:11:04:07 -0400] "GET /product/?page_id=4002&add_to_wishlist=8961&add-to-cart=5648&remove_item=84f2798f05d595273de40e3046329309&_wpnonce=657d745317 HTTP/1.1" 200 19038 "-" "Mozilla/5.0 (compatible; Barkrowler/0.9; +https://babbar.tech/crawler)"
