103.126.217.247 - - [19/Apr/2025:16:26:32 -0400] "GET /product/wp-content/plugins/contact-form-7/images/ajax-loader.gif HTTP/1.1" 200 847 "http://vapecompany.com.bd/product/?s=V&post_type=product&producta2z=1&paged=1" "Mozilla/5.0 (iPhone; CPU iPhone OS 18_1_1 like Mac OS X) AppleWebKit/605.1.15 (KHTML, like Gecko) GSA/364.0.744893471 Mobile/15E148 Safari/604.1"
51.222.253.10 - - [19/Apr/2025:16:26:31 -0400] "GET /product/?post_type=product&add_to_wishlist=11429&paged=33 HTTP/1.1" 200 21857 "-" "Mozilla/5.0 (compatible; AhrefsBot/7.0; +http://ahrefs.com/robot/)"
52.167.144.21 - - [19/Apr/2025:16:32:32 -0400] "GET /product/?product_cat=pod-devices&paged=5 HTTP/1.1" 200 22158 "-" "Mozilla/5.0 AppleWebKit/537.36 (KHTML, like Gecko; compatible; bingbot/2.0; +http://www.bing.com/bingbot.htm) Chrome/116.0.1938.76 Safari/537.36"
114.119.136.160 - - [19/Apr/2025:16:34:55 -0400] "GET /product?product_cat=rta HTTP/1.1" 301 258 "http://vapecompany.com.bd/product?post_type=product&paged=23" "Mozilla/5.0 (Linux; Android 7.0;) AppleWebKit/537.36 (KHTML, like Gecko) Mobile Safari/537.36 (compatible; PetalBot;+https://webmaster.petalsearch.com/site/petalbot)"
114.119.136.160 - - [19/Apr/2025:16:34:55 -0400] "GET /product/?product_cat=rta HTTP/1.1" 200 17617 "http://vapecompany.com.bd/product?post_type=product&paged=23" "Mozilla/5.0 (Linux; Android 7.0;) AppleWebKit/537.36 (KHTML, like Gecko) Mobile Safari/537.36 (compatible; PetalBot;+https://webmaster.petalsearch.com/site/petalbot)"
85.208.96.208 - - [19/Apr/2025:16:34:56 -0400] "GET /product/?product=vandyvape-jackaroo-70w-aio-pod-kit HTTP/1.1" 200 19163 "-" "Mozilla/5.0 (compatible; SemrushBot/7~bl; +http://www.semrush.com/bot.html)"
114.119.142.125 - - [19/Apr/2025:16:36:23 -0400] "GET /product?product=nautilus-mini-assy-hollowed-out-sleeve&lost-password HTTP/1.1" 301 307 "http://vapecompany.com.bd/product/?product=nautilus-mini-assy-hollowed-out-sleeve" "Mozilla/5.0 (Linux; Android 7.0;) AppleWebKit/537.36 (KHTML, like Gecko) Mobile Safari/537.36 (compatible; PetalBot;+https://webmaster.petalsearch.com/site/petalbot)"
114.119.142.125 - - [19/Apr/2025:16:36:23 -0400] "GET /product/?product=nautilus-mini-assy-hollowed-out-sleeve&lost-password HTTP/1.1" 200 16914 "http://vapecompany.com.bd/product/?product=nautilus-mini-assy-hollowed-out-sleeve" "Mozilla/5.0 (Linux; Android 7.0;) AppleWebKit/537.36 (KHTML, like Gecko) Mobile Safari/537.36 (compatible; PetalBot;+https://webmaster.petalsearch.com/site/petalbot)"
114.119.157.54 - - [19/Apr/2025:16:37:53 -0400] "GET /product?product=gs-0-75-ohm-coils&lost-password HTTP/1.1" 301 286 "http://vapecompany.com.bd/product/?product=gs-0-75-ohm-coils" "Mozilla/5.0 (Linux; Android 7.0;) AppleWebKit/537.36 (KHTML, like Gecko) Mobile Safari/537.36 (compatible; PetalBot;+https://webmaster.petalsearch.com/site/petalbot)"
114.119.157.54 - - [19/Apr/2025:16:37:56 -0400] "GET /product/?product=gs-0-75-ohm-coils&lost-password HTTP/1.1" 200 17000 "http://vapecompany.com.bd/product/?product=gs-0-75-ohm-coils" "Mozilla/5.0 (Linux; Android 7.0;) AppleWebKit/537.36 (KHTML, like Gecko) Mobile Safari/537.36 (compatible; PetalBot;+https://webmaster.petalsearch.com/site/petalbot)"
114.119.137.38 - - [19/Apr/2025:16:39:05 -0400] "GET /product/wp-content/uploads/2022/03/Vaporesso-LUXE-80-Intro_opt-210x210.jpg HTTP/1.1" 404 25973 "-" "Mozilla/5.0 (Linux; Android 7.0;) AppleWebKit/537.36 (KHTML, like Gecko) Mobile Safari/537.36 (compatible; PetalBot;+https://webmaster.petalsearch.com/site/petalbot)"
114.119.155.13 - - [19/Apr/2025:16:40:31 -0400] "GET /product/?product=kings-crest-premium-nic-salt-don-juan-tobaco-honey&lost-password HTTP/1.1" 200 17333 "http://vapecompany.com.bd/product/?product=kings-crest-premium-nic-salt-don-juan-tobaco-honey" "Mozilla/5.0 (Linux; Android 7.0;) AppleWebKit/537.36 (KHTML, like Gecko) Mobile Safari/537.36 (compatible; PetalBot;+https://webmaster.petalsearch.com/site/petalbot)"
216.244.66.234 - - [19/Apr/2025:16:42:16 -0400] "GET /robots.txt HTTP/1.1" 200 67 "-" "Mozilla/5.0 (compatible; DotBot/1.2; +https://opensiteexplorer.org/dotbot; help@moz.com)"
85.208.96.207 - - [19/Apr/2025:16:43:21 -0400] "GET /product/?product=gas-mods-refill-bottle-15ml HTTP/1.1" 200 16650 "-" "Mozilla/5.0 (compatible; SemrushBot/7~bl; +http://www.semrush.com/bot.html)"
185.191.171.12 - - [19/Apr/2025:16:47:33 -0400] "GET /product/?product=aspire-cleito-replacement-pyrex-glass HTTP/1.1" 200 16808 "-" "Mozilla/5.0 (compatible; SemrushBot/7~bl; +http://www.semrush.com/bot.html)"
116.204.142.138 - - [19/Apr/2025:16:47:57 -0400] "GET /product/wp-content/plugins/contact-form-7/includes/css/styles.css?ver=4.1.2 HTTP/1.1" 200 469 "-" "Mozilla/5.0 (Linux; Android 10; K) AppleWebKit/537.36 (KHTML, like Gecko) Chrome/135.0.0.0 Mobile Safari/537.36"
116.204.142.138 - - [19/Apr/2025:16:47:58 -0400] "GET /product/wp-includes/css/dist/block-library/style.min.css?ver=5.6.14 HTTP/1.1" 200 7849 "-" "Mozilla/5.0 (Linux; Android 10; K) AppleWebKit/537.36 (KHTML, like Gecko) Chrome/135.0.0.0 Mobile Safari/537.36"
116.204.142.138 - - [19/Apr/2025:16:47:58 -0400] "GET /product/wp-content/plugins/revslider/public/assets/css/rs6.css?ver=6.2.9 HTTP/1.1" 200 12614 "-" "Mozilla/5.0 (Linux; Android 10; K) AppleWebKit/537.36 (KHTML, like Gecko) Chrome/135.0.0.0 Mobile Safari/537.36"
116.204.142.138 - - [19/Apr/2025:16:47:58 -0400] "GET /product/wp-content/plugins/wd_shortcode/css/bootstrap-theme.css?ver=5.6.14 HTTP/1.1" 200 1790 "-" "Mozilla/5.0 (Linux; Android 10; K) AppleWebKit/537.36 (KHTML, like Gecko) Chrome/135.0.0.0 Mobile Safari/537.36"
116.204.142.138 - - [19/Apr/2025:16:47:58 -0400] "GET /product/wp-content/plugins/wd_shortcode/css/shortcode.css?ver=5.6.14 HTTP/1.1" 200 20236 "-" "Mozilla/5.0 (Linux; Android 10; K) AppleWebKit/537.36 (KHTML, like Gecko) Chrome/135.0.0.0 Mobile Safari/537.36"
116.204.142.138 - - [19/Apr/2025:16:47:58 -0400] "GET /product/wp-content/plugins/wd_shortcode/css/bootstrap.css?ver=5.6.14 HTTP/1.1" 200 19955 "-" "Mozilla/5.0 (Linux; Android 10; K) AppleWebKit/537.36 (KHTML, like Gecko) Chrome/135.0.0.0 Mobile Safari/537.36"
116.204.142.138 - - [19/Apr/2025:16:47:58 -0400] "GET /product/wp-content/plugins/js_composer/assets/lib/bower/font-awesome/css/font-awesome.min.css?ver=4.11.2.1 HTTP/1.1" 200 6265 "-" "Mozilla/5.0 (Linux; Android 10; K) AppleWebKit/537.36 (KHTML, like Gecko) Chrome/135.0.0.0 Mobile Safari/537.36"
116.204.142.138 - - [19/Apr/2025:16:47:58 -0400] "GET /product/wp-content/plugins/wd_shortcode/css/owl.carousel.css?ver=5.6.14 HTTP/1.1" 200 613 "-" "Mozilla/5.0 (Linux; Android 10; K) AppleWebKit/537.36 (KHTML, like Gecko) Chrome/135.0.0.0 Mobile Safari/537.36"
116.204.142.138 - - [19/Apr/2025:16:47:58 -0400] "GET /product/wp-content/plugins/woocommerce/assets/css/woocommerce-layout.css?ver=2.3.10 HTTP/1.1" 200 1874 "-" "Mozilla/5.0 (Linux; Android 10; K) AppleWebKit/537.36 (KHTML, like Gecko) Chrome/135.0.0.0 Mobile Safari/537.36"
116.204.142.138 - - [19/Apr/2025:16:47:58 -0400] "GET /product/wp-content/plugins/woocommerce/assets/css/woocommerce-smallscreen.css?ver=2.3.10 HTTP/1.1" 200 957 "-" "Mozilla/5.0 (Linux; Android 10; K) AppleWebKit/537.36 (KHTML, like Gecko) Chrome/135.0.0.0 Mobile Safari/537.36"
116.204.142.138 - - [19/Apr/2025:16:47:58 -0400] "GET /product/?product_cat=us-premium-e-liquids HTTP/1.1" 200 21400 "https://www.google.com/" "Mozilla/5.0 (Linux; Android 10; K) AppleWebKit/537.36 (KHTML, like Gecko) Chrome/135.0.0.0 Mobile Safari/537.36"
216.244.66.234 - - [19/Apr/2025:16:49:54 -0400] "GET /product/?post_type=product&add_to_wishlist=5555&paged=26 HTTP/1.1" 200 186279 "-" "Mozilla/5.0 (compatible; DotBot/1.2; +https://opensiteexplorer.org/dotbot; help@moz.com)"
52.167.144.140 - - [19/Apr/2025:16:51:27 -0400] "GET /product/?product_cat=nic-salt-liquids-by-brands&paged=3 HTTP/1.1" 200 21365 "-" "Mozilla/5.0 AppleWebKit/537.36 (KHTML, like Gecko; compatible; bingbot/2.0; +http://www.bing.com/bingbot.htm) Chrome/116.0.1938.76 Safari/537.36"
85.208.96.211 - - [19/Apr/2025:16:52:02 -0400] "GET /product/?lost-password&product_cat=product-categories-9 HTTP/1.1" 200 16075 "-" "Mozilla/5.0 (compatible; SemrushBot/7~bl; +http://www.semrush.com/bot.html)"
216.244.66.234 - - [19/Apr/2025:16:52:31 -0400] "GET /product/?feed=rss2&p=11767 HTTP/1.1" 301 - "-" "Mozilla/5.0 (compatible; DotBot/1.2; +https://opensiteexplorer.org/dotbot; help@moz.com)"
216.244.66.234 - - [19/Apr/2025:16:52:35 -0400] "GET /product/?post_type=product&add_to_wishlist=5413&paged=16 HTTP/1.1" 200 169535 "-" "Mozilla/5.0 (compatible; DotBot/1.2; +https://opensiteexplorer.org/dotbot; help@moz.com)"
216.244.66.234 - - [19/Apr/2025:16:52:40 -0400] "GET /product/?product_cat=3mg&add_to_wishlist=12108&paged=1 HTTP/1.1" 200 174828 "-" "Mozilla/5.0 (compatible; DotBot/1.2; +https://opensiteexplorer.org/dotbot; help@moz.com)"
66.249.73.100 - - [19/Apr/2025:16:54:18 -0400] "GET /product/wp-content/plugins/wd_quickshop/css/cloud-zoom.css?ver=5.6.14 HTTP/1.1" 200 401 "https://vapecompany.com.bd/product/?product=lost-vape-thelema-elite-art-40-pod-kit&add_to_wishlist=7304" "Mozilla/5.0 (Linux; Android 6.0.1; Nexus 5X Build/MMB29P) AppleWebKit/537.36 (KHTML, like Gecko) Chrome/134.0.6998.165 Mobile Safari/537.36 (compatible; Googlebot/2.1; +http://www.google.com/bot.html)"
216.244.66.234 - - [19/Apr/2025:16:54:36 -0400] "GET /product/?post_type=product&add_to_wishlist=11116&paged=39 HTTP/1.1" 200 182596 "-" "Mozilla/5.0 (compatible; DotBot/1.2; +https://opensiteexplorer.org/dotbot; help@moz.com)"
216.244.66.234 - - [19/Apr/2025:16:54:41 -0400] "GET /product/?post_type=product&add_to_wishlist=4742&paged=21 HTTP/1.1" 200 185100 "-" "Mozilla/5.0 (compatible; DotBot/1.2; +https://opensiteexplorer.org/dotbot; help@moz.com)"
216.244.66.234 - - [19/Apr/2025:16:54:44 -0400] "GET /product/?product_cat=nicotine-salt&add_to_wishlist=8958&paged=1 HTTP/1.1" 200 115169 "-" "Mozilla/5.0 (compatible; DotBot/1.2; +https://opensiteexplorer.org/dotbot; help@moz.com)"
185.191.171.19 - - [19/Apr/2025:16:55:53 -0400] "GET /robots.txt HTTP/1.1" 200 69 "-" "Mozilla/5.0 (compatible; SemrushBot/7~bl; +http://www.semrush.com/bot.html)"
185.191.171.16 - - [19/Apr/2025:16:55:55 -0400] "GET /product/?product=eleaf-icare-ic-replacement-coil HTTP/1.1" 200 17223 "-" "Mozilla/5.0 (compatible; SemrushBot/7~bl; +http://www.semrush.com/bot.html)"
152.53.225.138 - - [19/Apr/2025:16:57:02 -0400] "GET /style.php HTTP/1.1" 404 25903 "www.google.com" "Mozlila/5.0 (Linux; Android 7.0; SM-G892A Bulid/NRD90M; wv) AppleWebKit/537.36 (KHTML, like Gecko) Version/4.0 Chrome/60.0.3112.107 Moblie Safari/537.36"
216.244.66.234 - - [19/Apr/2025:16:57:20 -0400] "GET /product/?post_type=product&add_to_wishlist=11853&paged=39 HTTP/1.1" 200 182592 "-" "Mozilla/5.0 (compatible; DotBot/1.2; +https://opensiteexplorer.org/dotbot; help@moz.com)"
216.244.66.234 - - [19/Apr/2025:16:57:25 -0400] "GET /product/?post_type=product&add_to_wishlist=8006&paged=1 HTTP/1.1" 200 171390 "-" "Mozilla/5.0 (compatible; DotBot/1.2; +https://opensiteexplorer.org/dotbot; help@moz.com)"
52.167.144.170 - - [19/Apr/2025:16:57:27 -0400] "GET /product/?product=royal-seven-ultra-smooth HTTP/1.1" 404 61572 "-" "Mozilla/5.0 AppleWebKit/537.36 (KHTML, like Gecko; compatible; bingbot/2.0; +http://www.bing.com/bingbot.htm) Chrome/116.0.1938.76 Safari/537.36"
216.244.66.234 - - [19/Apr/2025:16:57:28 -0400] "GET /product/?product=aqua-marina-vape-pure-ice&add_to_wishlist=6845 HTTP/1.1" 200 113922 "-" "Mozilla/5.0 (compatible; DotBot/1.2; +https://opensiteexplorer.org/dotbot; help@moz.com)"
216.244.66.234 - - [19/Apr/2025:16:57:32 -0400] "GET /product/?product=kumiho-thoth-t-pod-kit&add_to_wishlist=7435 HTTP/1.1" 200 120604 "-" "Mozilla/5.0 (compatible; DotBot/1.2; +https://opensiteexplorer.org/dotbot; help@moz.com)"
216.244.66.234 - - [19/Apr/2025:16:57:35 -0400] "GET /product/?product_cat=6mg&add_to_wishlist=12260&paged=6 HTTP/1.1" 404 61635 "-" "Mozilla/5.0 (compatible; DotBot/1.2; +https://opensiteexplorer.org/dotbot; help@moz.com)"
66.249.73.101 - - [19/Apr/2025:16:59:45 -0400] "GET /product/wp-content/uploads/2017/10/Blue-Label-Frisco-2_opt.jpg HTTP/1.1" 404 25961 "-" "Googlebot-Image/1.0"
27.34.65.49 - - [19/Apr/2025:17:02:25 -0400] "GET /product/wp-content/plugins/contact-form-7/includes/css/styles.css?ver=4.1.2 HTTP/1.1" 200 469 "-" "Mozilla/5.0 (Linux; Android 10; K) AppleWebKit/537.36 (KHTML, like Gecko) Chrome/135.0.0.0 Mobile Safari/537.36"
27.34.65.49 - - [19/Apr/2025:17:02:25 -0400] "GET /product/wp-includes/css/dist/block-library/style.min.css?ver=5.6.14 HTTP/1.1" 200 7849 "-" "Mozilla/5.0 (Linux; Android 10; K) AppleWebKit/537.36 (KHTML, like Gecko) Chrome/135.0.0.0 Mobile Safari/537.36"
27.34.65.49 - - [19/Apr/2025:17:02:25 -0400] "GET /product/wp-content/plugins/revslider/public/assets/css/rs6.css?ver=6.2.9 HTTP/1.1" 200 12614 "-" "Mozilla/5.0 (Linux; Android 10; K) AppleWebKit/537.36 (KHTML, like Gecko) Chrome/135.0.0.0 Mobile Safari/537.36"
27.34.65.49 - - [19/Apr/2025:17:02:25 -0400] "GET /product/wp-content/plugins/wd_shortcode/css/shortcode.css?ver=5.6.14 HTTP/1.1" 200 20236 "-" "Mozilla/5.0 (Linux; Android 10; K) AppleWebKit/537.36 (KHTML, like Gecko) Chrome/135.0.0.0 Mobile Safari/537.36"
27.34.65.49 - - [19/Apr/2025:17:02:25 -0400] "GET /product/wp-content/plugins/wd_shortcode/css/bootstrap-theme.css?ver=5.6.14 HTTP/1.1" 200 1790 "-" "Mozilla/5.0 (Linux; Android 10; K) AppleWebKit/537.36 (KHTML, like Gecko) Chrome/135.0.0.0 Mobile Safari/537.36"
27.34.65.49 - - [19/Apr/2025:17:02:25 -0400] "GET /product/wp-content/plugins/js_composer/assets/lib/bower/font-awesome/css/font-awesome.min.css?ver=4.11.2.1 HTTP/1.1" 200 6265 "-" "Mozilla/5.0 (Linux; Android 10; K) AppleWebKit/537.36 (KHTML, like Gecko) Chrome/135.0.0.0 Mobile Safari/537.36"
27.34.65.49 - - [19/Apr/2025:17:02:25 -0400] "GET /product/wp-content/plugins/wd_shortcode/css/bootstrap.css?ver=5.6.14 HTTP/1.1" 200 19955 "-" "Mozilla/5.0 (Linux; Android 10; K) AppleWebKit/537.36 (KHTML, like Gecko) Chrome/135.0.0.0 Mobile Safari/537.36"
27.34.65.49 - - [19/Apr/2025:17:02:26 -0400] "GET /product/wp-content/plugins/woocommerce/assets/css/woocommerce-layout.css?ver=2.3.10 HTTP/1.1" 200 1874 "-" "Mozilla/5.0 (Linux; Android 10; K) AppleWebKit/537.36 (KHTML, like Gecko) Chrome/135.0.0.0 Mobile Safari/537.36"
27.34.65.49 - - [19/Apr/2025:17:02:26 -0400] "GET /product/wp-content/plugins/wd_shortcode/css/owl.carousel.css?ver=5.6.14 HTTP/1.1" 200 613 "-" "Mozilla/5.0 (Linux; Android 10; K) AppleWebKit/537.36 (KHTML, like Gecko) Chrome/135.0.0.0 Mobile Safari/537.36"
27.34.65.49 - - [19/Apr/2025:17:02:26 -0400] "GET /product/wp-content/plugins/woocommerce/assets/css/woocommerce-smallscreen.css?ver=2.3.10 HTTP/1.1" 200 957 "-" "Mozilla/5.0 (Linux; Android 10; K) AppleWebKit/537.36 (KHTML, like Gecko) Chrome/135.0.0.0 Mobile Safari/537.36"
27.34.65.49 - - [19/Apr/2025:17:02:25 -0400] "GET /product/?product_cat=replacement-glass-for-tank HTTP/1.1" 200 20986 "https://www.google.com/" "Mozilla/5.0 (Linux; Android 10; K) AppleWebKit/537.36 (KHTML, like Gecko) Chrome/135.0.0.0 Mobile Safari/537.36"
27.34.65.49 - - [19/Apr/2025:17:02:26 -0400] "GET /product/wp-content/plugins/wp-live-chat-support/css/font-awesome.min.css?ver=5.6.14 HTTP/1.1" 200 6669 "http://vapecompany.com.bd/product/?product_cat=replacement-glass-for-tank" "Mozilla/5.0 (Linux; Android 10; K) AppleWebKit/537.36 (KHTML, like Gecko) Chrome/135.0.0.0 Mobile Safari/537.36"
27.34.65.49 - - [19/Apr/2025:17:02:26 -0400] "GET /product/wp-content/plugins/woocommerce/assets/css/woocommerce.css?ver=2.3.10 HTTP/1.1" 200 6469 "http://vapecompany.com.bd/product/?product_cat=replacement-glass-for-tank" "Mozilla/5.0 (Linux; Android 10; K) AppleWebKit/537.36 (KHTML, like Gecko) Chrome/135.0.0.0 Mobile Safari/537.36"
27.34.65.49 - - [19/Apr/2025:17:02:26 -0400] "GET /product/wp-content/plugins/wp-live-chat-support/css/wplcstyle.css?ver=5.6.14 HTTP/1.1" 200 4 "http://vapecompany.com.bd/product/?product_cat=replacement-glass-for-tank" "Mozilla/5.0 (Linux; Android 10; K) AppleWebKit/537.36 (KHTML, like Gecko) Chrome/135.0.0.0 Mobile Safari/537.36"
27.34.65.49 - - [19/Apr/2025:17:02:26 -0400] "GET /product/wp-content/plugins/wp-live-chat-support/css/themes/theme-2.css?ver=5.6.14 HTTP/1.1" 200 199 "http://vapecompany.com.bd/product/?product_cat=replacement-glass-for-tank" "Mozilla/5.0 (Linux; Android 10; K) AppleWebKit/537.36 (KHTML, like Gecko) Chrome/135.0.0.0 Mobile Safari/537.36"
27.34.65.49 - - [19/Apr/2025:17:02:27 -0400] "GET /product/wp-content/plugins/wp-live-chat-support/css/themes/classic.css?ver=5.6.14 HTTP/1.1" 200 2346 "http://vapecompany.com.bd/product/?product_cat=replacement-glass-for-tank" "Mozilla/5.0 (Linux; Android 10; K) AppleWebKit/537.36 (KHTML, like Gecko) Chrome/135.0.0.0 Mobile Safari/537.36"
27.34.65.49 - - [19/Apr/2025:17:02:27 -0400] "GET /product/wp-content/plugins/wp-live-chat-support/css/themes/position-bottom-right.css?ver=5.6.14 HTTP/1.1" 200 44 "http://vapecompany.com.bd/product/?product_cat=replacement-glass-for-tank" "Mozilla/5.0 (Linux; Android 10; K) AppleWebKit/537.36 (KHTML, like Gecko) Chrome/135.0.0.0 Mobile Safari/537.36"
27.34.65.49 - - [19/Apr/2025:17:02:27 -0400] "GET /product/wp-content/plugins/yith-woocommerce-compare/assets/css/colorbox.css?ver=5.6.14 HTTP/1.1" 200 1230 "http://vapecompany.com.bd/product/?product_cat=replacement-glass-for-tank" "Mozilla/5.0 (Linux; Android 10; K) AppleWebKit/537.36 (KHTML, like Gecko) Chrome/135.0.0.0 Mobile Safari/537.36"
27.34.65.49 - - [19/Apr/2025:17:02:27 -0400] "GET /product/wp-content/plugins/yith-woocommerce-wishlist/assets/css/jquery.selectBox.css?ver=5.6.14 HTTP/1.1" 200 1027 "http://vapecompany.com.bd/product/?product_cat=replacement-glass-for-tank" "Mozilla/5.0 (Linux; Android 10; K) AppleWebKit/537.36 (KHTML, like Gecko) Chrome/135.0.0.0 Mobile Safari/537.36"
27.34.65.49 - - [19/Apr/2025:17:02:27 -0400] "GET /product/wp-content/plugins/woocommerce/assets/css/prettyPhoto.css?ver=5.6.14 HTTP/1.1" 200 1936 "http://vapecompany.com.bd/product/?product_cat=replacement-glass-for-tank" "Mozilla/5.0 (Linux; Android 10; K) AppleWebKit/537.36 (KHTML, like Gecko) Chrome/135.0.0.0 Mobile Safari/537.36"
27.34.65.49 - - [19/Apr/2025:17:02:27 -0400] "GET /product/wp-content/plugins/yith-woocommerce-wishlist/assets/css/style.css?ver=5.6.14 HTTP/1.1" 200 2796 "http://vapecompany.com.bd/product/?product_cat=replacement-glass-for-tank" "Mozilla/5.0 (Linux; Android 10; K) AppleWebKit/537.36 (KHTML, like Gecko) Chrome/135.0.0.0 Mobile Safari/537.36"
51.222.253.5 - - [19/Apr/2025:17:02:26 -0400] "GET /product/?s=X&post_type=product&add_to_wishlist=10637&paged=25 HTTP/1.1" 404 61732 "-" "Mozilla/5.0 (compatible; AhrefsBot/7.0; +http://ahrefs.com/robot/)"
27.34.65.49 - - [19/Apr/2025:17:02:27 -0400] "GET /product/wp-content/plugins/yith-woocommerce-wishlist/assets/css/font-awesome.min.css?ver=5.6.14 HTTP/1.1" 200 5443 "http://vapecompany.com.bd/product/?product_cat=replacement-glass-for-tank" "Mozilla/5.0 (Linux; Android 10; K) AppleWebKit/537.36 (KHTML, like Gecko) Chrome/135.0.0.0 Mobile Safari/537.36"
27.34.65.49 - - [19/Apr/2025:17:02:27 -0400] "GET /product/wp-content/themes/wp_oswad_market/wp_oswad_market/css/responsive.css?ver=5.6.14 HTTP/1.1" 200 22947 "http://vapecompany.com.bd/product/?product_cat=replacement-glass-for-tank" "Mozilla/5.0 (Linux; Android 10; K) AppleWebKit/537.36 (KHTML, like Gecko) Chrome/135.0.0.0 Mobile Safari/537.36"
27.34.65.49 - - [19/Apr/2025:17:02:27 -0400] "GET /product/wp-content/themes/wp_oswad_market/wp_oswad_market/css/base.css?ver=5.6.14 HTTP/1.1" 200 43549 "http://vapecompany.com.bd/product/?product_cat=replacement-glass-for-tank" "Mozilla/5.0 (Linux; Android 10; K) AppleWebKit/537.36 (KHTML, like Gecko) Chrome/135.0.0.0 Mobile Safari/537.36"
27.34.65.49 - - [19/Apr/2025:17:02:27 -0400] "GET /product/wp-content/plugins/js_composer/assets/css/js_composer.min.css?ver=4.11.2.1 HTTP/1.1" 200 58357 "http://vapecompany.com.bd/product/?product_cat=replacement-glass-for-tank" "Mozilla/5.0 (Linux; Android 10; K) AppleWebKit/537.36 (KHTML, like Gecko) Chrome/135.0.0.0 Mobile Safari/537.36"
27.34.65.49 - - [19/Apr/2025:17:02:27 -0400] "GET /product/wp-content/themes/wp_oswad_market/wp_oswad_market/css/wd_menu_front.css?ver=5.6.14 HTTP/1.1" 200 7269 "http://vapecompany.com.bd/product/?product_cat=replacement-glass-for-tank" "Mozilla/5.0 (Linux; Android 10; K) AppleWebKit/537.36 (KHTML, like Gecko) Chrome/135.0.0.0 Mobile Safari/537.36"
27.34.65.49 - - [19/Apr/2025:17:02:27 -0400] "GET /product/wp-content/plugins/woocommerce-grid-list-toggle/assets/css/style.css?ver=5.6.14 HTTP/1.1" 200 374 "http://vapecompany.com.bd/product/?product_cat=replacement-glass-for-tank" "Mozilla/5.0 (Linux; Android 10; K) AppleWebKit/537.36 (KHTML, like Gecko) Chrome/135.0.0.0 Mobile Safari/537.36"
27.34.65.49 - - [19/Apr/2025:17:02:27 -0400] "GET /product/wp-content/plugins/woocommerce-grid-list-toggle/assets/css/button.css?ver=5.6.14 HTTP/1.1" 200 398 "http://vapecompany.com.bd/product/?product_cat=replacement-glass-for-tank" "Mozilla/5.0 (Linux; Android 10; K) AppleWebKit/537.36 (KHTML, like Gecko) Chrome/135.0.0.0 Mobile Safari/537.36"
27.34.65.49 - - [19/Apr/2025:17:02:27 -0400] "GET /product/wp-includes/css/dashicons.min.css?ver=5.6.14 HTTP/1.1" 200 35730 "http://vapecompany.com.bd/product/?product_cat=replacement-glass-for-tank" "Mozilla/5.0 (Linux; Android 10; K) AppleWebKit/537.36 (KHTML, like Gecko) Chrome/135.0.0.0 Mobile Safari/537.36"
27.34.65.49 - - [19/Apr/2025:17:02:27 -0400] "GET /product/wp-content/plugins/wd_quickshop/css/prettyPhoto.css?ver=5.6.14 HTTP/1.1" 200 1780 "http://vapecompany.com.bd/product/?product_cat=replacement-glass-for-tank" "Mozilla/5.0 (Linux; Android 10; K) AppleWebKit/537.36 (KHTML, like Gecko) Chrome/135.0.0.0 Mobile Safari/537.36"
27.34.65.49 - - [19/Apr/2025:17:02:27 -0400] "GET /product/wp-content/plugins/wd_quickshop/css/cloud-zoom.css?ver=5.6.14 HTTP/1.1" 200 401 "http://vapecompany.com.bd/product/?product_cat=replacement-glass-for-tank" "Mozilla/5.0 (Linux; Android 10; K) AppleWebKit/537.36 (KHTML, like Gecko) Chrome/135.0.0.0 Mobile Safari/537.36"
27.34.65.49 - - [19/Apr/2025:17:02:28 -0400] "GET /product/wp-content/themes/wp_oswad_market/wp_oswad_market/images/default-background.png HTTP/1.1" 200 898 "http://vapecompany.com.bd/product/?product_cat=replacement-glass-for-tank" "Mozilla/5.0 (Linux; Android 10; K) AppleWebKit/537.36 (KHTML, like Gecko) Chrome/135.0.0.0 Mobile Safari/537.36"
27.34.65.49 - - [19/Apr/2025:17:02:28 -0400] "GET /product/wp-content/uploads/2014/01/Vape-Company-Logo-1.png HTTP/1.1" 200 34702 "http://vapecompany.com.bd/product/?product_cat=replacement-glass-for-tank" "Mozilla/5.0 (Linux; Android 10; K) AppleWebKit/537.36 (KHTML, like Gecko) Chrome/135.0.0.0 Mobile Safari/537.36"
27.34.65.49 - - [19/Apr/2025:17:02:28 -0400] "GET /product/wp-content/themes/wp_oswad_market/wp_oswad_market/images/quickshop.png HTTP/1.1" 200 1246 "http://vapecompany.com.bd/product/?product_cat=replacement-glass-for-tank" "Mozilla/5.0 (Linux; Android 10; K) AppleWebKit/537.36 (KHTML, like Gecko) Chrome/135.0.0.0 Mobile Safari/537.36"
27.34.65.49 - - [19/Apr/2025:17:02:28 -0400] "GET /product/wp-content/themes/wp_oswad_market/wp_oswad_market/images/media/icon_payment_paypal.png HTTP/1.1" 200 1347 "http://vapecompany.com.bd/product/?product_cat=replacement-glass-for-tank" "Mozilla/5.0 (Linux; Android 10; K) AppleWebKit/537.36 (KHTML, like Gecko) Chrome/135.0.0.0 Mobile Safari/537.36"
27.34.65.49 - - [19/Apr/2025:17:02:28 -0400] "GET /product/wp-content/themes/wp_oswad_market/wp_oswad_market/images/media/icon_payment_visa.png HTTP/1.1" 200 1370 "http://vapecompany.com.bd/product/?product_cat=replacement-glass-for-tank" "Mozilla/5.0 (Linux; Android 10; K) AppleWebKit/537.36 (KHTML, like Gecko) Chrome/135.0.0.0 Mobile Safari/537.36"
27.34.65.49 - - [19/Apr/2025:17:02:28 -0400] "GET /product/wp-content/themes/wp_oswad_market/wp_oswad_market/images/media/icon_american_visa.png HTTP/1.1" 200 1423 "http://vapecompany.com.bd/product/?product_cat=replacement-glass-for-tank" "Mozilla/5.0 (Linux; Android 10; K) AppleWebKit/537.36 (KHTML, like Gecko) Chrome/135.0.0.0 Mobile Safari/537.36"
27.34.65.49 - - [19/Apr/2025:17:02:28 -0400] "GET /product/wp-content/themes/wp_oswad_market/wp_oswad_market/images/media/icon_payment_master_card.png HTTP/1.1" 200 1680 "http://vapecompany.com.bd/product/?product_cat=replacement-glass-for-tank" "Mozilla/5.0 (Linux; Android 10; K) AppleWebKit/537.36 (KHTML, like Gecko) Chrome/135.0.0.0 Mobile Safari/537.36"
27.34.65.49 - - [19/Apr/2025:17:02:28 -0400] "GET /product/wp-content/themes/wp_oswad_market/wp_oswad_market/images/media/icon_dhl_visa.png HTTP/1.1" 200 1480 "http://vapecompany.com.bd/product/?product_cat=replacement-glass-for-tank" "Mozilla/5.0 (Linux; Android 10; K) AppleWebKit/537.36 (KHTML, like Gecko) Chrome/135.0.0.0 Mobile Safari/537.36"
27.34.65.49 - - [19/Apr/2025:17:02:28 -0400] "GET /product/wp-content/themes/wp_oswad_market/wp_oswad_market/images/media/icon_fed_visa.png HTTP/1.1" 200 1283 "http://vapecompany.com.bd/product/?product_cat=replacement-glass-for-tank" "Mozilla/5.0 (Linux; Android 10; K) AppleWebKit/537.36 (KHTML, like Gecko) Chrome/135.0.0.0 Mobile Safari/537.36"
27.34.65.49 - - [19/Apr/2025:17:02:28 -0400] "GET /product/wp-content/plugins/yith-woocommerce-wishlist/assets/fontawesome/fontawesome-webfont.woff2?v=4.3.0 HTTP/1.1" 200 56780 "http://vapecompany.com.bd/product/wp-content/plugins/yith-woocommerce-wishlist/assets/css/font-awesome.min.css?ver=5.6.14" "Mozilla/5.0 (Linux; Android 10; K) AppleWebKit/537.36 (KHTML, like Gecko) Chrome/135.0.0.0 Mobile Safari/537.36"
27.34.65.49 - - [19/Apr/2025:17:02:28 -0400] "GET /product/wp-content/themes/wp_oswad_market/wp_oswad_market/images/media/bg-breadcrumb.jpg HTTP/1.1" 200 34868 "http://vapecompany.com.bd/product/?product_cat=replacement-glass-for-tank" "Mozilla/5.0 (Linux; Android 10; K) AppleWebKit/537.36 (KHTML, like Gecko) Chrome/135.0.0.0 Mobile Safari/537.36"
27.34.65.49 - - [19/Apr/2025:17:02:28 -0400] "GET /product/wp-content/themes/wp_oswad_market/wp_oswad_market/images/bg_shadow_menu_phone.png HTTP/1.1" 200 973 "http://vapecompany.com.bd/product/wp-content/themes/wp_oswad_market/wp_oswad_market/css/wd_menu_front.css?ver=5.6.14" "Mozilla/5.0 (Linux; Android 10; K) AppleWebKit/537.36 (KHTML, like Gecko) Chrome/135.0.0.0 Mobile Safari/537.36"
27.34.65.49 - - [19/Apr/2025:17:02:28 -0400] "GET /product/wp-content/themes/wp_oswad_market/wp_oswad_market/images/images.png HTTP/1.1" 200 10523 "http://vapecompany.com.bd/product/wp-content/themes/wp_oswad_market/wp_oswad_market/css/base.css?ver=5.6.14" "Mozilla/5.0 (Linux; Android 10; K) AppleWebKit/537.36 (KHTML, like Gecko) Chrome/135.0.0.0 Mobile Safari/537.36"
27.34.65.49 - - [19/Apr/2025:17:02:28 -0400] "GET /product/wp-content/themes/wp_oswad_market/wp_oswad_market/images/media/bg-footer.jpg HTTP/1.1" 200 222316 "http://vapecompany.com.bd/product/?product_cat=replacement-glass-for-tank" "Mozilla/5.0 (Linux; Android 10; K) AppleWebKit/537.36 (KHTML, like Gecko) Chrome/135.0.0.0 Mobile Safari/537.36"
27.34.65.49 - - [19/Apr/2025:17:02:29 -0400] "GET /product/wp-content/plugins/wp-live-chat-support/fonts/fontawesome-webfont.woff2?v=4.6.3 HTTP/1.1" 200 71896 "http://vapecompany.com.bd/product/wp-content/plugins/wp-live-chat-support/css/font-awesome.min.css?ver=5.6.14" "Mozilla/5.0 (Linux; Android 10; K) AppleWebKit/537.36 (KHTML, like Gecko) Chrome/135.0.0.0 Mobile Safari/537.36"
27.34.65.49 - - [19/Apr/2025:17:02:30 -0400] "GET /product/wp-content/plugins/js_composer/assets/lib/bower/font-awesome/fonts/fontawesome-webfont.woff2?v=4.5.0 HTTP/1.1" 200 66624 "http://vapecompany.com.bd/product/wp-content/plugins/js_composer/assets/lib/bower/font-awesome/css/font-awesome.min.css?ver=4.11.2.1" "Mozilla/5.0 (Linux; Android 10; K) AppleWebKit/537.36 (KHTML, like Gecko) Chrome/135.0.0.0 Mobile Safari/537.36"
185.191.171.4 - - [19/Apr/2025:17:02:34 -0400] "GET /product/?paged=9&product_cat=pod-devices HTTP/1.1" 200 22319 "-" "Mozilla/5.0 (compatible; SemrushBot/7~bl; +http://www.semrush.com/bot.html)"
66.249.73.100 - - [19/Apr/2025:17:05:22 -0400] "GET /robots.txt HTTP/1.1" 200 69 "-" "Mozilla/5.0 (compatible; Googlebot/2.1; +http://www.google.com/bot.html)"
66.249.73.99 - - [19/Apr/2025:17:05:22 -0400] "GET /product/?product_cat=aspire-eleaf-istick&add_to_wishlist=4633 HTTP/1.1" 200 20994 "-" "Mozilla/5.0 (Linux; Android 6.0.1; Nexus 5X Build/MMB29P) AppleWebKit/537.36 (KHTML, like Gecko) Chrome/135.0.7049.95 Mobile Safari/537.36 (compatible; Googlebot/2.1; +http://www.google.com/bot.html)"
66.249.73.99 - - [19/Apr/2025:17:05:26 -0400] "GET /product/wp-includes/js/jquery/ui/slider.min.js?ver=1.12.1 HTTP/1.1" 200 3111 "http://vapecompany.com.bd/product/?product_cat=aspire-eleaf-istick&add_to_wishlist=4633" "Mozilla/5.0 (Linux; Android 6.0.1; Nexus 5X Build/MMB29P) AppleWebKit/537.36 (KHTML, like Gecko) Chrome/134.0.6998.165 Mobile Safari/537.36 (compatible; Googlebot/2.1; +http://www.google.com/bot.html)"
66.249.73.99 - - [19/Apr/2025:17:05:27 -0400] "GET /product/wp-content/plugins/wd_shortcode/js/bootstrap.js?ver=5.6.14 HTTP/1.1" 200 11112 "http://vapecompany.com.bd/product/?product_cat=aspire-eleaf-istick&add_to_wishlist=4633" "Mozilla/5.0 (Linux; Android 6.0.1; Nexus 5X Build/MMB29P) AppleWebKit/537.36 (KHTML, like Gecko) Chrome/134.0.6998.165 Mobile Safari/537.36 (compatible; Googlebot/2.1; +http://www.google.com/bot.html)"
43.130.110.130 - - [19/Apr/2025:17:08:27 -0400] "GET / HTTP/1.1" 200 10859 "-" "Mozilla/5.0 (iPhone; CPU iPhone OS 13_2_3 like Mac OS X) AppleWebKit/605.1.15 (KHTML, like Gecko) Version/13.0.3 Mobile/15E148 Safari/604.1"
85.208.96.212 - - [19/Apr/2025:17:14:01 -0400] "GET /product/?product=aspire-clieto-pro-3ml-replacement-glass HTTP/1.1" 200 17047 "-" "Mozilla/5.0 (compatible; SemrushBot/7~bl; +http://www.semrush.com/bot.html)"
198.54.115.140 - - [19/Apr/2025:17:16:41 -0400] "POST /product/wp-cron.php?doing_wp_cron=1745097401.3253440856933593750000 HTTP/1.1" 200 - "http://vapecompany.com.bd/product/wp-cron.php?doing_wp_cron=1745097401.3253440856933593750000" "WordPress/5.6.14; https://vapecompany.com.bd/product"
156.253.164.43 - - [19/Apr/2025:17:16:39 -0400] "GET /product/?product_cat=starter-kits HTTP/1.1" 200 17549 "-" "Mozilla/5.0 (Windows NT 10.0; WOW64; x64) AppleWebKit/537.36 (KHTML, like Gecko) Chrome/114.0.0.0 Safari/537.36 OPR/89.0.4447.51"
156.253.164.43 - - [19/Apr/2025:17:16:42 -0400] "GET /product/wp-content/plugins/contact-form-7/includes/js/jquery.form.min.js?ver=3.51.0-2014.06.20 HTTP/1.1" 200 5860 "http://vapecompany.com.bd/product/?product_cat=starter-kits" "Mozilla/5.0 (Windows NT 10.0; WOW64; x64) AppleWebKit/537.36 (KHTML, like Gecko) Chrome/114.0.0.0 Safari/537.36 OPR/89.0.4447.51"
156.253.164.43 - - [19/Apr/2025:17:16:43 -0400] "GET /product/wp-content/plugins/contact-form-7/includes/js/jquery.form.min.js?ver=3.51.0-2014.06.20 HTTP/1.1" 200 5860 "-" "Mozilla/5.0 (Windows NT 10.0; WOW64; x64) AppleWebKit/537.36 (KHTML, like Gecko) Chrome/114.0.0.0 Safari/537.36 OPR/89.0.4447.51"
156.253.164.43 - - [19/Apr/2025:17:16:43 -0400] "POST /product/?product_cat=starter-kits HTTP/1.1" 200 17775 "http://vapecompany.com.bd/product/?product_cat=starter-kits" "Mozilla/5.0 (Windows NT 10.0; WOW64; x64) AppleWebKit/537.36 (KHTML, like Gecko) Chrome/114.0.0.0 Safari/537.36 OPR/89.0.4447.51"
66.249.73.100 - - [19/Apr/2025:17:18:53 -0400] "GET / HTTP/1.1" 200 10859 "-" "Mozilla/5.0 (compatible; Googlebot/2.1; +http://www.google.com/bot.html)"
66.249.73.100 - - [19/Apr/2025:17:18:56 -0400] "GET /wp-content/themes/vapor/css/responsive.css HTTP/1.1" 200 1892 "http://vapecompany.com.bd/" "Mozilla/5.0 AppleWebKit/537.36 (KHTML, like Gecko; compatible; Googlebot/2.1; +http://www.google.com/bot.html) Chrome/134.0.6998.165 Safari/537.36"
66.249.73.99 - - [19/Apr/2025:17:18:56 -0400] "GET /wp-content/plugins/wordpress-popup/inc/external/wpmu-lib/js/wpmu-ui.3.min.js?ver=4.5.32 HTTP/1.1" 200 7964 "http://vapecompany.com.bd/" "Mozilla/5.0 AppleWebKit/537.36 (KHTML, like Gecko; compatible; Googlebot/2.1; +http://www.google.com/bot.html) Chrome/134.0.6998.165 Safari/537.36"
66.249.73.101 - - [19/Apr/2025:17:18:57 -0400] "GET /wp-content/plugins/owl-carousel-wp/vendors/custom/style.custom.css?ver=4.5.32 HTTP/1.1" 200 480 "http://vapecompany.com.bd/" "Mozilla/5.0 AppleWebKit/537.36 (KHTML, like Gecko; compatible; Googlebot/2.1; +http://www.google.com/bot.html) Chrome/134.0.6998.165 Safari/537.36"
66.249.73.100 - - [19/Apr/2025:17:18:57 -0400] "GET /wp-content/themes/vapor/js/bootstrap.min.js HTTP/1.1" 200 9539 "http://vapecompany.com.bd/" "Mozilla/5.0 AppleWebKit/537.36 (KHTML, like Gecko; compatible; Googlebot/2.1; +http://www.google.com/bot.html) Chrome/134.0.6998.165 Safari/537.36"
66.249.73.99 - - [19/Apr/2025:17:18:58 -0400] "GET /wp-includes/js/wp-embed.min.js?ver=4.5.32 HTTP/1.1" 200 771 "http://vapecompany.com.bd/" "Mozilla/5.0 AppleWebKit/537.36 (KHTML, like Gecko; compatible; Googlebot/2.1; +http://www.google.com/bot.html) Chrome/134.0.6998.165 Safari/537.36"
66.249.73.99 - - [19/Apr/2025:17:18:59 -0400] "GET /wp-content/themes/vapor/css/bootstrap.min.css HTTP/1.1" 200 19249 "http://vapecompany.com.bd/" "Mozilla/5.0 AppleWebKit/537.36 (KHTML, like Gecko; compatible; Googlebot/2.1; +http://www.google.com/bot.html) Chrome/134.0.6998.165 Safari/537.36"
85.208.96.198 - - [19/Apr/2025:17:19:31 -0400] "GET /product/?paged=2&product_cat=eleaf-istick HTTP/1.1" 200 21733 "-" "Mozilla/5.0 (compatible; SemrushBot/7~bl; +http://www.semrush.com/bot.html)"
66.249.73.100 - - [19/Apr/2025:17:22:00 -0400] "GET /product HTTP/1.1" 301 242 "-" "Mozilla/5.0 (compatible; Googlebot/2.1; +http://www.google.com/bot.html)"
66.249.73.100 - - [19/Apr/2025:17:22:06 -0400] "GET /product/ HTTP/1.1" 200 16218 "-" "Mozilla/5.0 (compatible; Googlebot/2.1; +http://www.google.com/bot.html)"
66.249.73.99 - - [19/Apr/2025:17:22:12 -0400] "POST /product/wp-admin/admin-ajax.php HTTP/1.1" 200 275 "http://vapecompany.com.bd/product/" "Mozilla/5.0 AppleWebKit/537.36 (KHTML, like Gecko; compatible; Googlebot/2.1; +http://www.google.com/bot.html) Chrome/134.0.6998.165 Safari/537.36"
216.244.66.234 - - [19/Apr/2025:17:26:35 -0400] "GET /robots.txt HTTP/1.1" 200 67 "-" "Mozilla/5.0 (compatible; DotBot/1.2; +https://opensiteexplorer.org/dotbot; help@moz.com)"
40.77.167.57 - - [19/Apr/2025:17:28:00 -0400] "GET /product/?product=griffin-pyrex-tube&lost-password HTTP/1.1" 200 16822 "-" "Mozilla/5.0 AppleWebKit/537.36 (KHTML, like Gecko; compatible; bingbot/2.0; +http://www.bing.com/bingbot.htm) Chrome/116.0.1938.76 Safari/537.36"
66.249.73.99 - - [19/Apr/2025:17:33:46 -0400] "GET /product/wp-content/uploads/2022/03/Vaporesso-GTX-26-Pod_opt-210x210.jpg HTTP/1.1" 200 6506 "-" "Googlebot-Image/1.0"
31.173.87.138 - - [19/Apr/2025:17:38:43 -0400] "GET / HTTP/1.0" 200 63571 "http://vapecompany.com.bd/" "Mozilla/5.0 (Windows NT 10.0; Win64; x64) AppleWebKit/537.36 (KHTML, like Gecko) Chrome/130.0.0.0 Safari/537.36"
31.173.87.138 - - [19/Apr/2025:17:38:44 -0400] "POST /wp-content/themes/vapor/sendcontact.php HTTP/1.0" 200 1148 "http://vapecompany.com.bd/" "Mozilla/5.0 (Windows NT 10.0; Win64; x64) AppleWebKit/537.36 (KHTML, like Gecko) Chrome/130.0.0.0 Safari/537.36"
216.244.66.234 - - [19/Apr/2025:17:39:26 -0400] "GET /product/?post_type=product&paged=22&add_to_wishlist=4693 HTTP/1.1" 200 179779 "-" "Mozilla/5.0 (compatible; DotBot/1.2; +https://opensiteexplorer.org/dotbot; help@moz.com)"
216.244.66.234 - - [19/Apr/2025:17:39:32 -0400] "GET /product/?post_type=product&paged=9&add_to_wishlist=10280 HTTP/1.1" 200 175764 "-" "Mozilla/5.0 (compatible; DotBot/1.2; +https://opensiteexplorer.org/dotbot; help@moz.com)"
216.244.66.234 - - [19/Apr/2025:17:39:38 -0400] "GET /product/?product_cat=replacement-pods&add_to_wishlist=10368&paged=6 HTTP/1.1" 200 173767 "-" "Mozilla/5.0 (compatible; DotBot/1.2; +https://opensiteexplorer.org/dotbot; help@moz.com)"
216.244.66.234 - - [19/Apr/2025:17:39:43 -0400] "GET /product/?product_cat=replacement-pods&add_to_wishlist=10675&paged=6 HTTP/1.1" 200 173766 "-" "Mozilla/5.0 (compatible; DotBot/1.2; +https://opensiteexplorer.org/dotbot; help@moz.com)"
216.244.66.234 - - [19/Apr/2025:17:42:12 -0400] "GET /product/?post_type=product&add_to_wishlist=10939&paged=38 HTTP/1.1" 200 177522 "-" "Mozilla/5.0 (compatible; DotBot/1.2; +https://opensiteexplorer.org/dotbot; help@moz.com)"
216.244.66.234 - - [19/Apr/2025:17:42:17 -0400] "GET /product/?post_type=product&add_to_wishlist=11159&paged=35 HTTP/1.1" 200 173085 "-" "Mozilla/5.0 (compatible; DotBot/1.2; +https://opensiteexplorer.org/dotbot; help@moz.com)"
216.244.66.234 - - [19/Apr/2025:17:42:22 -0400] "GET /product/?post_type=product&add_to_wishlist=11696&paged=48 HTTP/1.1" 200 168693 "-" "Mozilla/5.0 (compatible; DotBot/1.2; +https://opensiteexplorer.org/dotbot; help@moz.com)"
216.244.66.234 - - [19/Apr/2025:17:42:25 -0400] "GET /product/?post_type=product&add_to_wishlist=12195&paged=2 HTTP/1.1" 200 174655 "-" "Mozilla/5.0 (compatible; DotBot/1.2; +https://opensiteexplorer.org/dotbot; help@moz.com)"
216.244.66.234 - - [19/Apr/2025:17:42:30 -0400] "GET /product/?post_type=product&add_to_wishlist=4631&paged=6 HTTP/1.1" 200 177303 "-" "Mozilla/5.0 (compatible; DotBot/1.2; +https://opensiteexplorer.org/dotbot; help@moz.com)"
216.244.66.234 - - [19/Apr/2025:17:42:35 -0400] "GET /product/?post_type=product&paged=28&add_to_wishlist=10374 HTTP/1.1" 200 179037 "-" "Mozilla/5.0 (compatible; DotBot/1.2; +https://opensiteexplorer.org/dotbot; help@moz.com)"
216.244.66.234 - - [19/Apr/2025:17:42:40 -0400] "GET /product/?product_cat=6mg&paged=1&add_to_wishlist=7036 HTTP/1.1" 200 174988 "-" "Mozilla/5.0 (compatible; DotBot/1.2; +https://opensiteexplorer.org/dotbot; help@moz.com)"
216.244.66.234 - - [19/Apr/2025:17:42:43 -0400] "GET /product/?product_cat=bar-none-salts&add_to_wishlist=11692 HTTP/1.1" 200 118034 "-" "Mozilla/5.0 (compatible; DotBot/1.2; +https://opensiteexplorer.org/dotbot; help@moz.com)"
216.244.66.234 - - [19/Apr/2025:17:42:46 -0400] "GET /product/?product_cat=eleaf-istick&add_to_wishlist=8005&paged=3 HTTP/1.1" 200 173689 "-" "Mozilla/5.0 (compatible; DotBot/1.2; +https://opensiteexplorer.org/dotbot; help@moz.com)"
66.249.73.101 - - [19/Apr/2025:18:02:17 -0400] "GET /product/wp-content/uploads/2016/10/EC-Coils-0.5-Ohm.png HTTP/1.1" 200 114361 "-" "Googlebot-Image/1.0"
185.191.171.8 - - [19/Apr/2025:18:03:05 -0400] "GET /product/?product=uwell-caliburn-gz2-cyber-17w-pod-kit HTTP/1.1" 200 18443 "-" "Mozilla/5.0 (compatible; SemrushBot/7~bl; +http://www.semrush.com/bot.html)"
216.244.66.234 - - [19/Apr/2025:18:10:23 -0400] "GET /robots.txt HTTP/1.1" 200 67 "-" "Mozilla/5.0 (compatible; DotBot/1.2; +https://opensiteexplorer.org/dotbot; help@moz.com)"
170.231.250.18 - - [19/Apr/2025:18:12:50 -0400] "GET /product/?product_cat=mods HTTP/1.1" 200 17653 "http://vapecompany.com.bd" "Mozilla/5.0 (Windows NT 10.0; Win64; x64) AppleWebKit/537.36 (KHTML, like Gecko) Chrome/62.0.3202.94 Safari/537.36"
52.167.144.189 - - [19/Apr/2025:18:17:27 -0400] "GET /product/?product_cat=pod-devices&paged=1 HTTP/1.1" 200 21984 "-" "Mozilla/5.0 AppleWebKit/537.36 (KHTML, like Gecko; compatible; bingbot/2.0; +http://www.bing.com/bingbot.htm) Chrome/116.0.1938.76 Safari/537.36"
66.249.73.100 - - [19/Apr/2025:18:19:06 -0400] "GET /robots.txt HTTP/1.1" 200 69 "-" "Mozilla/5.0 (compatible; Googlebot/2.1; +http://www.google.com/bot.html)"
66.249.73.100 - - [19/Apr/2025:18:19:07 -0400] "GET / HTTP/1.1" 200 10859 "-" "Mozilla/5.0 (compatible; Googlebot/2.1; +http://www.google.com/bot.html)"
66.249.73.99 - - [19/Apr/2025:18:19:09 -0400] "GET /wp-content/themes/vapor/css/loader.css HTTP/1.1" 200 825 "http://vapecompany.com.bd/" "Mozilla/5.0 AppleWebKit/537.36 (KHTML, like Gecko; compatible; Googlebot/2.1; +http://www.google.com/bot.html) Chrome/134.0.6998.165 Safari/537.36"
66.249.73.101 - - [19/Apr/2025:18:19:10 -0400] "GET /wp-content/themes/vapor/css/owl.transitions.css HTTP/1.1" 200 694 "http://vapecompany.com.bd/" "Mozilla/5.0 AppleWebKit/537.36 (KHTML, like Gecko; compatible; Googlebot/2.1; +http://www.google.com/bot.html) Chrome/134.0.6998.165 Safari/537.36"
40.77.167.54 - - [19/Apr/2025:18:19:34 -0400] "GET /product/wp-content/uploads/2016/10/Eleaf-GS-Air-202-480x480.jpg HTTP/1.1" 200 13391 "-" "Mozilla/5.0 AppleWebKit/537.36 (KHTML, like Gecko; compatible; bingbot/2.0; +http://www.bing.com/bingbot.htm) Chrome/116.0.1938.76 Safari/537.36"
52.167.144.22 - - [19/Apr/2025:18:21:04 -0400] "GET /product/?product_cat=eleaf-istick&paged=10 HTTP/1.1" 200 21692 "-" "Mozilla/5.0 AppleWebKit/537.36 (KHTML, like Gecko; compatible; bingbot/2.0; +http://www.bing.com/bingbot.htm) Chrome/116.0.1938.76 Safari/537.36"
216.244.66.234 - - [19/Apr/2025:18:21:16 -0400] "GET /product/?feed=rss2&p=10534 HTTP/1.1" 301 - "-" "Mozilla/5.0 (compatible; DotBot/1.2; +https://opensiteexplorer.org/dotbot; help@moz.com)"
216.244.66.234 - - [19/Apr/2025:18:21:21 -0400] "GET /product/?feed=rss2&p=9947 HTTP/1.1" 301 - "-" "Mozilla/5.0 (compatible; DotBot/1.2; +https://opensiteexplorer.org/dotbot; help@moz.com)"
40.77.167.46 - - [19/Apr/2025:18:21:44 -0400] "GET /product/?product_cat=smok HTTP/1.1" 200 18259 "-" "Mozilla/5.0 AppleWebKit/537.36 (KHTML, like Gecko; compatible; bingbot/2.0; +http://www.bing.com/bingbot.htm) Chrome/116.0.1938.76 Safari/537.36"
66.249.73.101 - - [19/Apr/2025:18:22:13 -0400] "GET /product HTTP/1.1" 301 242 "-" "Mozilla/5.0 (compatible; Googlebot/2.1; +http://www.google.com/bot.html)"
66.249.73.99 - - [19/Apr/2025:18:22:15 -0400] "GET /product/ HTTP/1.1" 200 16213 "-" "Mozilla/5.0 (compatible; Googlebot/2.1; +http://www.google.com/bot.html)"
66.249.73.100 - - [19/Apr/2025:18:22:20 -0400] "POST /product/wp-admin/admin-ajax.php HTTP/1.1" 200 275 "http://vapecompany.com.bd/product/" "Mozilla/5.0 AppleWebKit/537.36 (KHTML, like Gecko; compatible; Googlebot/2.1; +http://www.google.com/bot.html) Chrome/134.0.6998.165 Safari/537.36"
216.244.66.234 - - [19/Apr/2025:18:22:42 -0400] "GET /product/?post_type=product&paged=26&add_to_wishlist=5854 HTTP/1.1" 200 186271 "-" "Mozilla/5.0 (compatible; DotBot/1.2; +https://opensiteexplorer.org/dotbot; help@moz.com)"
216.244.66.234 - - [19/Apr/2025:18:22:47 -0400] "GET /product/?post_type=product&paged=30&add_to_wishlist=8107 HTTP/1.1" 200 175572 "-" "Mozilla/5.0 (compatible; DotBot/1.2; +https://opensiteexplorer.org/dotbot; help@moz.com)"
216.244.66.234 - - [19/Apr/2025:18:22:50 -0400] "GET /product/?post_type=product&paged=8&add_to_wishlist=8882 HTTP/1.1" 200 177641 "-" "Mozilla/5.0 (compatible; DotBot/1.2; +https://opensiteexplorer.org/dotbot; help@moz.com)"
216.244.66.234 - - [19/Apr/2025:18:22:54 -0400] "GET /product/?product_cat=6mg&add_to_wishlist=12144&paged=4 HTTP/1.1" 200 176565 "-" "Mozilla/5.0 (compatible; DotBot/1.2; +https://opensiteexplorer.org/dotbot; help@moz.com)"
94.181.149.142 - - [19/Apr/2025:18:24:36 -0400] "GET / HTTP/1.0" 200 63571 "-" "Mozilla/5.0 (Windows NT 6.3; Win64; x64) AppleWebKit/537.36 (KHTML, like Gecko) Chrome/75.0.3770.100 Safari/537.36"
216.244.66.234 - - [19/Apr/2025:18:24:56 -0400] "GET /product/?post_type=product&add_to_wishlist=8695&paged=30 HTTP/1.1" 200 175574 "-" "Mozilla/5.0 (compatible; DotBot/1.2; +https://opensiteexplorer.org/dotbot; help@moz.com)"
216.244.66.234 - - [19/Apr/2025:18:24:59 -0400] "GET /product/?product_cat=6mg&add_to_wishlist=7995&paged=1 HTTP/1.1" 200 174988 "-" "Mozilla/5.0 (compatible; DotBot/1.2; +https://opensiteexplorer.org/dotbot; help@moz.com)"
216.244.66.234 - - [19/Apr/2025:18:25:04 -0400] "GET /product/?product_cat=6mg&paged=1&add_to_wishlist=10130 HTTP/1.1" 200 174995 "-" "Mozilla/5.0 (compatible; DotBot/1.2; +https://opensiteexplorer.org/dotbot; help@moz.com)"
216.244.66.234 - - [19/Apr/2025:18:25:07 -0400] "GET /product/?product_cat=e-liquids-by-nic-levels&add_to_wishlist=11580&paged=2 HTTP/1.1" 200 172909 "-" "Mozilla/5.0 (compatible; DotBot/1.2; +https://opensiteexplorer.org/dotbot; help@moz.com)"
216.244.66.234 - - [19/Apr/2025:18:25:12 -0400] "GET /product/?product_cat=replacement-pods&paged=1&add_to_wishlist=10459 HTTP/1.1" 200 172894 "-" "Mozilla/5.0 (compatible; DotBot/1.2; +https://opensiteexplorer.org/dotbot; help@moz.com)"
216.244.66.234 - - [19/Apr/2025:18:27:42 -0400] "GET /product/?product_cat=6mg&add_to_wishlist=11668&paged=1 HTTP/1.1" 200 174989 "-" "Mozilla/5.0 (compatible; DotBot/1.2; +https://opensiteexplorer.org/dotbot; help@moz.com)"
164.90.188.101 - - [19/Apr/2025:18:30:28 -0400] "GET / HTTP/1.0" 200 63571 "http://vapecompany.com.bd/" "Mozilla/5.0 (Windows NT 10.0; Win64; x64) AppleWebKit/537.36 (KHTML, like Gecko) Chrome/130.0.0.0 Safari/537.36 CCleaner/130.0.0.0"
164.90.188.101 - - [19/Apr/2025:18:30:29 -0400] "POST /wp-content/themes/vapor/sendcontact.php HTTP/1.0" 200 818 "http://vapecompany.com.bd/" "Mozilla/5.0 (Windows NT 10.0; Win64; x64) AppleWebKit/537.36 (KHTML, like Gecko) Chrome/130.0.0.0 Safari/537.36 CCleaner/130.0.0.0"
164.90.188.101 - - [19/Apr/2025:18:30:30 -0400] "GET / HTTP/1.0" 200 63571 "http://vapecompany.com.bd/" "Mozilla/5.0 (Windows NT 10.0; Win64; x64) AppleWebKit/537.36 (KHTML, like Gecko) Chrome/130.0.0.0 Safari/537.36 CCleaner/130.0.0.0"
66.249.73.100 - - [19/Apr/2025:18:30:51 -0400] "GET /product/wp-content/uploads/2017/08/SMOK-Spiral-RBA-Coil_opt-210x210.jpg HTTP/1.1" 200 8915 "-" "Googlebot-Image/1.0"
40.88.21.235 - - [19/Apr/2025:18:31:49 -0400] "GET / HTTP/1.1" 200 10859 "http://vapecompany.com.bd/" "DuckDuckBot/1.1; (+http://duckduckgo.com/duckduckbot.html)"
40.88.21.235 - - [19/Apr/2025:18:31:49 -0400] "GET /wp-content/themes/vapor/images/logo.png HTTP/1.1" 200 34702 "http://vapecompany.com.bd/wp-content/themes/vapor/images/logo.png" "DuckDuckBot/1.1; (+http://duckduckgo.com/duckduckbot.html)"
185.191.171.15 - - [19/Apr/2025:18:34:22 -0400] "GET /product/?paged=10&product_cat=replacement-pods HTTP/1.1" 200 21612 "-" "Mozilla/5.0 (compatible; SemrushBot/7~bl; +http://www.semrush.com/bot.html)"
216.250.113.147 - - [19/Apr/2025:18:36:18 -0400] "GET /wp-config.php.bak HTTP/1.1" 404 25911 "-" "-"
52.167.144.17 - - [19/Apr/2025:18:37:27 -0400] "GET /product/?product=voopoo-argus-gt-160w-kit HTTP/1.1" 404 61572 "-" "Mozilla/5.0 AppleWebKit/537.36 (KHTML, like Gecko; compatible; bingbot/2.0; +http://www.bing.com/bingbot.htm) Chrome/116.0.1938.76 Safari/537.36"
40.77.167.48 - - [19/Apr/2025:18:43:56 -0400] "GET /product/wp-content/uploads/2017/01/Goblin-Mini-V3-2-550x550.jpg HTTP/1.1" 200 48147 "-" "Mozilla/5.0 AppleWebKit/537.36 (KHTML, like Gecko; compatible; bingbot/2.0; +http://www.bing.com/bingbot.htm) Chrome/116.0.1938.76 Safari/537.36"
51.222.253.19 - - [19/Apr/2025:18:43:59 -0400] "GET /product/?s=G&post_type=product&add_to_wishlist=12287&paged=49 HTTP/1.1" 404 61732 "-" "Mozilla/5.0 (compatible; AhrefsBot/7.0; +http://ahrefs.com/robot/)"
17.241.219.235 - - [19/Apr/2025:18:43:59 -0400] "GET /product/?add_to_wishlist=9876 HTTP/1.1" 200 16219 "-" "Mozilla/5.0 (Macintosh; Intel Mac OS X 10_15_7) AppleWebKit/605.1.15 (KHTML, like Gecko) Version/17.4 Safari/605.1.15 (Applebot/0.1; +http://www.apple.com/go/applebot)"
40.77.167.48 - - [19/Apr/2025:18:46:07 -0400] "GET /product/wp-content/uploads/2018/12/Horizon-Tech-Falcon-Tank-Intro_opt-210x209.jpg HTTP/1.1" 200 9856 "-" "Mozilla/5.0 AppleWebKit/537.36 (KHTML, like Gecko; compatible; bingbot/2.0; +http://www.bing.com/bingbot.htm) Chrome/116.0.1938.76 Safari/537.36"
40.77.167.55 - - [19/Apr/2025:18:46:57 -0400] "GET /product/wp-content/uploads/2016/10/Eleaf-GS-TC-Tank-210x210.jpg HTTP/1.1" 200 7442 "-" "Mozilla/5.0 AppleWebKit/537.36 (KHTML, like Gecko; compatible; bingbot/2.0; +http://www.bing.com/bingbot.htm) Chrome/116.0.1938.76 Safari/537.36"
216.244.66.234 - - [19/Apr/2025:18:54:51 -0400] "GET /robots.txt HTTP/1.1" 200 67 "-" "Mozilla/5.0 (compatible; DotBot/1.2; +https://opensiteexplorer.org/dotbot; help@moz.com)"
66.249.73.99 - - [19/Apr/2025:18:59:25 -0400] "GET /product/wp-content/uploads/2016/10/TFV4-Mini-TF-RCA-RBA-Coil-210x210.png HTTP/1.1" 200 27375 "-" "Googlebot-Image/1.0"
185.191.171.13 - - [19/Apr/2025:19:01:13 -0400] "GET /product/?product=vapesoon-vapor-pocket-shoulder-bag HTTP/1.1" 200 15596 "-" "Mozilla/5.0 (compatible; SemrushBot/7~bl; +http://www.semrush.com/bot.html)"
216.244.66.234 - - [19/Apr/2025:19:01:19 -0400] "GET /product/?post_type=product&paged=21&add_to_wishlist=6796 HTTP/1.1" 200 185099 "-" "Mozilla/5.0 (compatible; DotBot/1.2; +https://opensiteexplorer.org/dotbot; help@moz.com)"
216.244.66.234 - - [19/Apr/2025:19:03:36 -0400] "GET /product/?post_type=product&add_to_wishlist=12335&paged=33 HTTP/1.1" 200 175477 "-" "Mozilla/5.0 (compatible; DotBot/1.2; +https://opensiteexplorer.org/dotbot; help@moz.com)"
216.244.66.234 - - [19/Apr/2025:19:04:21 -0400] "GET /product/?feed=rss2&p=10009 HTTP/1.1" 301 - "-" "Mozilla/5.0 (compatible; DotBot/1.2; +https://opensiteexplorer.org/dotbot; help@moz.com)"
216.244.66.234 - - [19/Apr/2025:19:04:24 -0400] "GET /product/?feed=rss2&p=10258 HTTP/1.1" 301 - "-" "Mozilla/5.0 (compatible; DotBot/1.2; +https://opensiteexplorer.org/dotbot; help@moz.com)"
216.244.66.234 - - [19/Apr/2025:19:04:29 -0400] "GET /product/?feed=rss2&p=5217 HTTP/1.1" 301 - "-" "Mozilla/5.0 (compatible; DotBot/1.2; +https://opensiteexplorer.org/dotbot; help@moz.com)"
216.244.66.234 - - [19/Apr/2025:19:04:31 -0400] "GET /product/?feed=rss2&p=8873 HTTP/1.1" 301 - "-" "Mozilla/5.0 (compatible; DotBot/1.2; +https://opensiteexplorer.org/dotbot; help@moz.com)"
216.244.66.234 - - [19/Apr/2025:19:04:34 -0400] "GET /product/?feed=rss2&p=9530 HTTP/1.1" 301 - "-" "Mozilla/5.0 (compatible; DotBot/1.2; +https://opensiteexplorer.org/dotbot; help@moz.com)"
