66.249.73.99 - - [19/Apr/2025:10:59:13 -0400] "GET /product/wp-content/plugins/wp-live-chat-support/css/themes/classic.css?ver=5.6.14 HTTP/1.1" 200 2346 "http://vapecompany.com.bd/product/" "Mozilla/5.0 AppleWebKit/537.36 (KHTML, like Gecko; compatible; Googlebot/2.1; +http://www.google.com/bot.html) Chrome/134.0.6998.165 Safari/537.36"
66.249.73.99 - - [19/Apr/2025:10:59:13 -0400] "GET /product/wp-content/plugins/wp-live-chat-support/css/font-awesome.min.css?ver=5.6.14 HTTP/1.1" 200 6669 "http://vapecompany.com.bd/product/" "Mozilla/5.0 AppleWebKit/537.36 (KHTML, like Gecko; compatible; Googlebot/2.1; +http://www.google.com/bot.html) Chrome/134.0.6998.165 Safari/537.36"
66.249.73.99 - - [19/Apr/2025:10:59:14 -0400] "GET /product/wp-content/plugins/woocommerce/assets/css/woocommerce.css?ver=2.3.10 HTTP/1.1" 200 6469 "http://vapecompany.com.bd/product/" "Mozilla/5.0 AppleWebKit/537.36 (KHTML, like Gecko; compatible; Googlebot/2.1; +http://www.google.com/bot.html) Chrome/134.0.6998.165 Safari/537.36"
66.249.73.99 - - [19/Apr/2025:10:59:14 -0400] "GET /product/wp-content/plugins/wd_shortcode/css/bootstrap.css?ver=5.6.14 HTTP/1.1" 200 19955 "http://vapecompany.com.bd/product/" "Mozilla/5.0 AppleWebKit/537.36 (KHTML, like Gecko; compatible; Googlebot/2.1; +http://www.google.com/bot.html) Chrome/134.0.6998.165 Safari/537.36"
66.249.73.99 - - [19/Apr/2025:10:59:15 -0400] "GET /product/wp-content/plugins/wp-live-chat-support/css/wplcstyle.css?ver=5.6.14 HTTP/1.1" 200 4 "http://vapecompany.com.bd/product/" "Mozilla/5.0 AppleWebKit/537.36 (KHTML, like Gecko; compatible; Googlebot/2.1; +http://www.google.com/bot.html) Chrome/134.0.6998.165 Safari/537.36"
66.249.73.100 - - [19/Apr/2025:10:59:15 -0400] "GET /product/wp-content/plugins/woocommerce/assets/css/woocommerce-layout.css?ver=2.3.10 HTTP/1.1" 200 1874 "http://vapecompany.com.bd/product/" "Mozilla/5.0 AppleWebKit/537.36 (KHTML, like Gecko; compatible; Googlebot/2.1; +http://www.google.com/bot.html) Chrome/134.0.6998.165 Safari/537.36"
103.25.251.138 - - [19/Apr/2025:10:59:14 -0400] "GET /product/?orderby=price&post_type=product&paged=21 HTTP/1.1" 200 22441 "https://vapecompany.com.bd/product/?orderby=price&post_type=product&paged=18" "Mozilla/5.0 (Linux; Android 10; K) AppleWebKit/537.36 (KHTML, like Gecko) Chrome/135.0.0.0 Mobile Safari/537.36"
66.249.73.99 - - [19/Apr/2025:10:59:15 -0400] "GET /product/wp-content/plugins/wd_shortcode/css/bootstrap-theme.css?ver=5.6.14 HTTP/1.1" 200 1790 "http://vapecompany.com.bd/product/" "Mozilla/5.0 AppleWebKit/537.36 (KHTML, like Gecko; compatible; Googlebot/2.1; +http://www.google.com/bot.html) Chrome/134.0.6998.165 Safari/537.36"
66.249.73.99 - - [19/Apr/2025:10:59:15 -0400] "GET /product/wp-content/plugins/wp-live-chat-support/css/themes/theme-2.css?ver=5.6.14 HTTP/1.1" 200 199 "http://vapecompany.com.bd/product/" "Mozilla/5.0 AppleWebKit/537.36 (KHTML, like Gecko; compatible; Googlebot/2.1; +http://www.google.com/bot.html) Chrome/134.0.6998.165 Safari/537.36"
66.249.73.99 - - [19/Apr/2025:10:59:16 -0400] "GET /product/wp-content/plugins/yith-woocommerce-wishlist/assets/css/jquery.selectBox.css?ver=5.6.14 HTTP/1.1" 200 1027 "http://vapecompany.com.bd/product/" "Mozilla/5.0 AppleWebKit/537.36 (KHTML, like Gecko; compatible; Googlebot/2.1; +http://www.google.com/bot.html) Chrome/134.0.6998.165 Safari/537.36"
66.249.73.99 - - [19/Apr/2025:10:59:16 -0400] "GET /product/wp-content/plugins/yith-woocommerce-wishlist/assets/css/font-awesome.min.css?ver=5.6.14 HTTP/1.1" 200 5443 "http://vapecompany.com.bd/product/" "Mozilla/5.0 AppleWebKit/537.36 (KHTML, like Gecko; compatible; Googlebot/2.1; +http://www.google.com/bot.html) Chrome/134.0.6998.165 Safari/537.36"
66.249.73.99 - - [19/Apr/2025:10:59:16 -0400] "GET /product/wp-content/themes/wp_oswad_market/wp_oswad_market/style.css?ver=5.6.14 HTTP/1.1" 200 36662 "http://vapecompany.com.bd/product/" "Mozilla/5.0 AppleWebKit/537.36 (KHTML, like Gecko; compatible; Googlebot/2.1; +http://www.google.com/bot.html) Chrome/134.0.6998.165 Safari/537.36"
66.249.73.99 - - [19/Apr/2025:10:59:17 -0400] "GET /product/wp-content/themes/wp_oswad_market/wp_oswad_market/css/base.css?ver=5.6.14 HTTP/1.1" 200 43549 "http://vapecompany.com.bd/product/" "Mozilla/5.0 AppleWebKit/537.36 (KHTML, like Gecko; compatible; Googlebot/2.1; +http://www.google.com/bot.html) Chrome/134.0.6998.165 Safari/537.36"
66.249.73.99 - - [19/Apr/2025:10:59:17 -0400] "GET /product/wp-content/plugins/wd_team/css/team.css?ver=5.6.14 HTTP/1.1" 200 1430 "http://vapecompany.com.bd/product/" "Mozilla/5.0 AppleWebKit/537.36 (KHTML, like Gecko; compatible; Googlebot/2.1; +http://www.google.com/bot.html) Chrome/134.0.6998.165 Safari/537.36"
66.249.73.99 - - [19/Apr/2025:10:59:18 -0400] "GET /product/wp-includes/js/jquery/jquery-migrate.min.js?ver=3.3.2 HTTP/1.1" 200 4169 "http://vapecompany.com.bd/product/" "Mozilla/5.0 AppleWebKit/537.36 (KHTML, like Gecko; compatible; Googlebot/2.1; +http://www.google.com/bot.html) Chrome/134.0.6998.165 Safari/537.36"
66.249.73.99 - - [19/Apr/2025:10:59:18 -0400] "GET /product/wp-includes/js/comment-reply.min.js?ver=5.6.14 HTTP/1.1" 200 1346 "http://vapecompany.com.bd/product/" "Mozilla/5.0 AppleWebKit/537.36 (KHTML, like Gecko; compatible; Googlebot/2.1; +http://www.google.com/bot.html) Chrome/134.0.6998.165 Safari/537.36"
66.249.73.99 - - [19/Apr/2025:10:59:18 -0400] "GET /product/wp-content/plugins/contact-form-7/includes/css/styles.css?ver=4.1.2 HTTP/1.1" 200 469 "http://vapecompany.com.bd/product/" "Mozilla/5.0 AppleWebKit/537.36 (KHTML, like Gecko; compatible; Googlebot/2.1; +http://www.google.com/bot.html) Chrome/134.0.6998.165 Safari/537.36"
66.249.73.99 - - [19/Apr/2025:10:59:19 -0400] "GET /product/wp-includes/js/jquery/ui/core.min.js?ver=1.12.1 HTTP/1.1" 200 6865 "http://vapecompany.com.bd/product/" "Mozilla/5.0 AppleWebKit/537.36 (KHTML, like Gecko; compatible; Googlebot/2.1; +http://www.google.com/bot.html) Chrome/134.0.6998.165 Safari/537.36"
66.249.73.99 - - [19/Apr/2025:10:59:19 -0400] "GET /product/wp-content/plugins/js_composer/assets/css/js_composer.min.css?ver=4.11.2.1 HTTP/1.1" 200 58357 "http://vapecompany.com.bd/product/" "Mozilla/5.0 AppleWebKit/537.36 (KHTML, like Gecko; compatible; Googlebot/2.1; +http://www.google.com/bot.html) Chrome/134.0.6998.165 Safari/537.36"
66.249.73.99 - - [19/Apr/2025:10:59:19 -0400] "GET /product/wp-content/themes/wp_oswad_market/wp_oswad_market/js/jquery.hoverIntent.js?ver=5.6.14 HTTP/1.1" 200 1629 "http://vapecompany.com.bd/product/" "Mozilla/5.0 AppleWebKit/537.36 (KHTML, like Gecko; compatible; Googlebot/2.1; +http://www.google.com/bot.html) Chrome/134.0.6998.165 Safari/537.36"
66.249.73.99 - - [19/Apr/2025:10:59:20 -0400] "GET /product/wp-includes/js/jquery/jquery.min.js?ver=3.5.1 HTTP/1.1" 200 30916 "http://vapecompany.com.bd/product/" "Mozilla/5.0 AppleWebKit/537.36 (KHTML, like Gecko; compatible; Googlebot/2.1; +http://www.google.com/bot.html) Chrome/134.0.6998.165 Safari/537.36"
66.249.73.99 - - [19/Apr/2025:10:59:20 -0400] "GET /product/wp-content/plugins/wp-live-chat-support/js/md5.js?ver=6.2.10 HTTP/1.1" 200 2193 "http://vapecompany.com.bd/product/" "Mozilla/5.0 AppleWebKit/537.36 (KHTML, like Gecko; compatible; Googlebot/2.1; +http://www.google.com/bot.html) Chrome/134.0.6998.165 Safari/537.36"
66.249.73.99 - - [19/Apr/2025:10:59:20 -0400] "GET /product/wp-content/plugins/wd_portfolio/css/prettyPhoto.css?ver=5.6.14 HTTP/1.1" 200 1780 "http://vapecompany.com.bd/product/" "Mozilla/5.0 AppleWebKit/537.36 (KHTML, like Gecko; compatible; Googlebot/2.1; +http://www.google.com/bot.html) Chrome/134.0.6998.165 Safari/537.36"
66.249.73.99 - - [19/Apr/2025:10:59:21 -0400] "GET /product/wp-content/plugins/wp-live-chat-support/js/themes/classic.js?ver=6.2.10 HTTP/1.1" 200 883 "http://vapecompany.com.bd/product/" "Mozilla/5.0 AppleWebKit/537.36 (KHTML, like Gecko; compatible; Googlebot/2.1; +http://www.google.com/bot.html) Chrome/134.0.6998.165 Safari/537.36"
66.249.73.99 - - [19/Apr/2025:10:59:21 -0400] "GET /product/wp-content/plugins/revslider/public/assets/js/rbtools.min.js?ver=6.0.5 HTTP/1.1" 200 45119 "http://vapecompany.com.bd/product/" "Mozilla/5.0 AppleWebKit/537.36 (KHTML, like Gecko; compatible; Googlebot/2.1; +http://www.google.com/bot.html) Chrome/134.0.6998.165 Safari/537.36"
66.249.73.99 - - [19/Apr/2025:10:59:21 -0400] "GET /product/wp-content/plugins/wd_portfolio/js/jquery.quicksand.js?ver=5.6.14 HTTP/1.1" 200 4254 "http://vapecompany.com.bd/product/" "Mozilla/5.0 AppleWebKit/537.36 (KHTML, like Gecko; compatible; Googlebot/2.1; +http://www.google.com/bot.html) Chrome/134.0.6998.165 Safari/537.36"
66.249.73.99 - - [19/Apr/2025:10:59:21 -0400] "GET /product/wp-content/plugins/wd_portfolio/js/wd.animation.js?ver=5.6.14 HTTP/1.1" 200 3710 "http://vapecompany.com.bd/product/" "Mozilla/5.0 AppleWebKit/537.36 (KHTML, like Gecko; compatible; Googlebot/2.1; +http://www.google.com/bot.html) Chrome/134.0.6998.165 Safari/537.36"
66.249.73.99 - - [19/Apr/2025:10:59:22 -0400] "GET /product/wp-content/plugins/wp-live-chat-support/js/jquery-cookie.js?ver=5.6.14 HTTP/1.1" 200 1401 "http://vapecompany.com.bd/product/" "Mozilla/5.0 AppleWebKit/537.36 (KHTML, like Gecko; compatible; Googlebot/2.1; +http://www.google.com/bot.html) Chrome/134.0.6998.165 Safari/537.36"
66.249.73.99 - - [19/Apr/2025:10:59:22 -0400] "GET /product/wp-content/themes/wp_oswad_market/wp_oswad_market/css/wd_menu_front.css?ver=5.6.14 HTTP/1.1" 200 7269 "http://vapecompany.com.bd/product/" "Mozilla/5.0 AppleWebKit/537.36 (KHTML, like Gecko; compatible; Googlebot/2.1; +http://www.google.com/bot.html) Chrome/134.0.6998.165 Safari/537.36"
66.249.73.99 - - [19/Apr/2025:10:59:22 -0400] "GET /product/wp-content/themes/wp_oswad_market/wp_oswad_market/css/responsive.css?ver=5.6.14 HTTP/1.1" 200 22947 "http://vapecompany.com.bd/product/" "Mozilla/5.0 AppleWebKit/537.36 (KHTML, like Gecko; compatible; Googlebot/2.1; +http://www.google.com/bot.html) Chrome/134.0.6998.165 Safari/537.36"
66.249.73.100 - - [19/Apr/2025:10:59:23 -0400] "GET /product/wp-content/plugins/wp-live-chat-support/js/wplc_u.js?ver=6.2.10 HTTP/1.1" 200 6105 "http://vapecompany.com.bd/product/" "Mozilla/5.0 AppleWebKit/537.36 (KHTML, like Gecko; compatible; Googlebot/2.1; +http://www.google.com/bot.html) Chrome/134.0.6998.165 Safari/537.36"
66.249.73.100 - - [19/Apr/2025:10:59:23 -0400] "GET /product/wp-content/plugins/contact-form-7/includes/js/jquery.form.min.js?ver=3.51.0-2014.06.20 HTTP/1.1" 200 5860 "http://vapecompany.com.bd/product/" "Mozilla/5.0 AppleWebKit/537.36 (KHTML, like Gecko; compatible; Googlebot/2.1; +http://www.google.com/bot.html) Chrome/134.0.6998.165 Safari/537.36"
66.249.73.99 - - [19/Apr/2025:10:59:23 -0400] "GET /product/wp-content/plugins/contact-form-7/includes/js/scripts.js?ver=4.1.2 HTTP/1.1" 200 3117 "http://vapecompany.com.bd/product/" "Mozilla/5.0 AppleWebKit/537.36 (KHTML, like Gecko; compatible; Googlebot/2.1; +http://www.google.com/bot.html) Chrome/134.0.6998.165 Safari/537.36"
66.249.73.99 - - [19/Apr/2025:10:59:24 -0400] "GET /product/wp-content/plugins/wd_shortcode/js/jquery.imagesloaded.min.js?ver=5.6.14 HTTP/1.1" 200 2202 "http://vapecompany.com.bd/product/" "Mozilla/5.0 AppleWebKit/537.36 (KHTML, like Gecko; compatible; Googlebot/2.1; +http://www.google.com/bot.html) Chrome/134.0.6998.165 Safari/537.36"
51.222.253.14 - - [19/Apr/2025:10:59:23 -0400] "GET /product/?post_type=product&add_to_wishlist=11370&paged=22 HTTP/1.1" 200 22549 "-" "Mozilla/5.0 (compatible; AhrefsBot/7.0; +http://ahrefs.com/robot/)"
66.249.73.100 - - [19/Apr/2025:10:59:24 -0400] "GET /product/wp-content/plugins/woocommerce/assets/js/select2/select2.min.js?ver=3.5.2 HTTP/1.1" 200 18474 "http://vapecompany.com.bd/product/" "Mozilla/5.0 AppleWebKit/537.36 (KHTML, like Gecko; compatible; Googlebot/2.1; +http://www.google.com/bot.html) Chrome/134.0.6998.165 Safari/537.36"
66.249.73.100 - - [19/Apr/2025:10:59:24 -0400] "GET /product/wp-content/plugins/woocommerce/assets/js/jquery-blockui/jquery.blockUI.min.js?ver=2.60 HTTP/1.1" 200 3548 "http://vapecompany.com.bd/product/" "Mozilla/5.0 AppleWebKit/537.36 (KHTML, like Gecko; compatible; Googlebot/2.1; +http://www.google.com/bot.html) Chrome/134.0.6998.165 Safari/537.36"
66.249.73.100 - - [19/Apr/2025:10:59:24 -0400] "GET /product/wp-content/plugins/woocommerce/assets/js/frontend/woocommerce.min.js?ver=2.3.10 HTTP/1.1" 200 202 "http://vapecompany.com.bd/product/" "Mozilla/5.0 AppleWebKit/537.36 (KHTML, like Gecko; compatible; Googlebot/2.1; +http://www.google.com/bot.html) Chrome/134.0.6998.165 Safari/537.36"
66.249.73.100 - - [19/Apr/2025:10:59:25 -0400] "GET /product/wp-content/plugins/woocommerce/assets/js/jquery-cookie/jquery.cookie.min.js?ver=1.4.1 HTTP/1.1" 200 775 "http://vapecompany.com.bd/product/" "Mozilla/5.0 AppleWebKit/537.36 (KHTML, like Gecko; compatible; Googlebot/2.1; +http://www.google.com/bot.html) Chrome/134.0.6998.165 Safari/537.36"
66.249.73.99 - - [19/Apr/2025:10:59:25 -0400] "GET /product/wp-content/plugins/woocommerce/assets/js/frontend/cart-fragments.min.js?ver=2.3.10 HTTP/1.1" 200 609 "http://vapecompany.com.bd/product/" "Mozilla/5.0 AppleWebKit/537.36 (KHTML, like Gecko; compatible; Googlebot/2.1; +http://www.google.com/bot.html) Chrome/134.0.6998.165 Safari/537.36"
66.249.73.99 - - [19/Apr/2025:10:59:25 -0400] "GET /product/wp-content/plugins/woocommerce/assets/js/prettyPhoto/jquery.prettyPhoto.min.js?ver=3.1.5 HTTP/1.1" 200 5941 "http://vapecompany.com.bd/product/" "Mozilla/5.0 AppleWebKit/537.36 (KHTML, like Gecko; compatible; Googlebot/2.1; +http://www.google.com/bot.html) Chrome/134.0.6998.165 Safari/537.36"
66.249.73.99 - - [19/Apr/2025:10:59:26 -0400] "GET /product/wp-content/plugins/woocommerce/assets/js/prettyPhoto/jquery.prettyPhoto.init.min.js?ver=2.3.10 HTTP/1.1" 200 177 "http://vapecompany.com.bd/product/" "Mozilla/5.0 AppleWebKit/537.36 (KHTML, like Gecko; compatible; Googlebot/2.1; +http://www.google.com/bot.html) Chrome/134.0.6998.165 Safari/537.36"
66.249.73.100 - - [19/Apr/2025:10:59:26 -0400] "GET /product/wp-content/plugins/yith-woocommerce-wishlist/assets/js/jquery.selectBox.min.js?ver=5.6.14 HTTP/1.1" 200 4006 "http://vapecompany.com.bd/product/" "Mozilla/5.0 AppleWebKit/537.36 (KHTML, like Gecko; compatible; Googlebot/2.1; +http://www.google.com/bot.html) Chrome/134.0.6998.165 Safari/537.36"
66.249.73.99 - - [19/Apr/2025:10:59:26 -0400] "GET /product/wp-content/plugins/yith-woocommerce-wishlist/assets/js/jquery.yith-wcwl.js?ver=2.0 HTTP/1.1" 200 2568 "http://vapecompany.com.bd/product/" "Mozilla/5.0 AppleWebKit/537.36 (KHTML, like Gecko; compatible; Googlebot/2.1; +http://www.google.com/bot.html) Chrome/134.0.6998.165 Safari/537.36"
66.249.73.100 - - [19/Apr/2025:10:59:27 -0400] "GET /product/wp-includes/js/jquery/ui/tabs.min.js?ver=1.12.1 HTTP/1.1" 200 3909 "http://vapecompany.com.bd/product/" "Mozilla/5.0 AppleWebKit/537.36 (KHTML, like Gecko; compatible; Googlebot/2.1; +http://www.google.com/bot.html) Chrome/134.0.6998.165 Safari/537.36"
66.249.73.99 - - [19/Apr/2025:10:59:27 -0400] "GET /product/wp-includes/js/jquery/ui/accordion.min.js?ver=1.12.1 HTTP/1.1" 200 2717 "http://vapecompany.com.bd/product/" "Mozilla/5.0 AppleWebKit/537.36 (KHTML, like Gecko; compatible; Googlebot/2.1; +http://www.google.com/bot.html) Chrome/134.0.6998.165 Safari/537.36"
66.249.73.100 - - [19/Apr/2025:10:59:27 -0400] "GET /product/wp-includes/js/jquery/ui/effect.min.js?ver=1.12.1 HTTP/1.1" 200 6384 "http://vapecompany.com.bd/product/" "Mozilla/5.0 AppleWebKit/537.36 (KHTML, like Gecko; compatible; Googlebot/2.1; +http://www.google.com/bot.html) Chrome/134.0.6998.165 Safari/537.36"
103.25.251.138 - - [19/Apr/2025:10:59:27 -0400] "GET /product/?orderby=price&post_type=product&paged=24 HTTP/1.1" 200 22440 "https://vapecompany.com.bd/product/?orderby=price&post_type=product&paged=21" "Mozilla/5.0 (Linux; Android 10; K) AppleWebKit/537.36 (KHTML, like Gecko) Chrome/135.0.0.0 Mobile Safari/537.36"
66.249.73.100 - - [19/Apr/2025:10:59:28 -0400] "GET /product/wp-content/themes/wp_oswad_market/wp_oswad_market/framework/js/include-script.js?ver=5.6.14 HTTP/1.1" 200 26590 "http://vapecompany.com.bd/product/" "Mozilla/5.0 AppleWebKit/537.36 (KHTML, like Gecko; compatible; Googlebot/2.1; +http://www.google.com/bot.html) Chrome/134.0.6998.165 Safari/537.36"
66.249.73.100 - - [19/Apr/2025:10:59:28 -0400] "GET /product/wp-content/themes/wp_oswad_market/wp_oswad_market/js/jquery.prettyPhoto.min.js?ver=5.6.14 HTTP/1.1" 200 5958 "http://vapecompany.com.bd/product/" "Mozilla/5.0 AppleWebKit/537.36 (KHTML, like Gecko; compatible; Googlebot/2.1; +http://www.google.com/bot.html) Chrome/134.0.6998.165 Safari/537.36"
66.249.73.99 - - [19/Apr/2025:10:59:28 -0400] "GET /product/wp-content/themes/wp_oswad_market/wp_oswad_market/js/jquery.prettyPhoto.init.min.js?ver=5.6.14 HTTP/1.1" 200 240 "http://vapecompany.com.bd/product/" "Mozilla/5.0 AppleWebKit/537.36 (KHTML, like Gecko; compatible; Googlebot/2.1; +http://www.google.com/bot.html) Chrome/134.0.6998.165 Safari/537.36"
66.249.73.100 - - [19/Apr/2025:10:59:28 -0400] "GET /product/wp-content/plugins/wd_quickshop/js/quickshop.js?ver=5.6.14 HTTP/1.1" 200 1798 "http://vapecompany.com.bd/product/" "Mozilla/5.0 AppleWebKit/537.36 (KHTML, like Gecko; compatible; Googlebot/2.1; +http://www.google.com/bot.html) Chrome/134.0.6998.165 Safari/537.36"
66.249.73.99 - - [19/Apr/2025:10:59:29 -0400] "GET /product/wp-includes/js/wp-embed.min.js?ver=5.6.14 HTTP/1.1" 200 804 "http://vapecompany.com.bd/product/" "Mozilla/5.0 AppleWebKit/537.36 (KHTML, like Gecko; compatible; Googlebot/2.1; +http://www.google.com/bot.html) Chrome/134.0.6998.165 Safari/537.36"
66.249.73.100 - - [19/Apr/2025:10:59:29 -0400] "GET /product/wp-content/plugins/woocommerce/assets/css/woocommerce-smallscreen.css?ver=2.3.10 HTTP/1.1" 200 957 "http://vapecompany.com.bd/product/" "Mozilla/5.0 AppleWebKit/537.36 (KHTML, like Gecko; compatible; Googlebot/2.1; +http://www.google.com/bot.html) Chrome/134.0.6998.165 Safari/537.36"
52.167.144.164 - - [19/Apr/2025:11:00:05 -0400] "GET /product/wp-content/uploads/2018/11/Golisi-O2-Charger-USB-Charging_opt-210x210.jpg HTTP/1.1" 200 8747 "-" "Mozilla/5.0 AppleWebKit/537.36 (KHTML, like Gecko; compatible; bingbot/2.0; +http://www.bing.com/bingbot.htm) Chrome/116.0.1938.76 Safari/537.36"
216.244.66.234 - - [19/Apr/2025:11:00:49 -0400] "GET /product/?product=eleaf-melo-er-0-3-ohm-coil&lost-password HTTP/1.1" 200 114084 "-" "Mozilla/5.0 (compatible; DotBot/1.2; +https://opensiteexplorer.org/dotbot; help@moz.com)"
185.191.171.9 - - [19/Apr/2025:11:03:34 -0400] "GET /product/?product=geek-vape-ss316l-juggernaut-2838-awg-x-2-ribbon-38x24-awg HTTP/1.1" 200 17046 "-" "Mozilla/5.0 (compatible; SemrushBot/7~bl; +http://www.semrush.com/bot.html)"
69.171.230.8 - - [19/Apr/2025:11:04:01 -0400] "GET /product/?product=blvk-bold-tobacco-pistachio HTTP/1.1" 404 61579 "-" "facebookexternalhit/1.1 (+http://www.facebook.com/externalhit_uatext.php)"
69.171.230.116 - - [19/Apr/2025:11:04:01 -0400] "GET /product/?product=blvk-bold-tobacco-pistachio HTTP/1.1" 404 61579 "-" "facebookexternalhit/1.1 (+http://www.facebook.com/externalhit_uatext.php)"
69.171.230.11 - - [19/Apr/2025:11:04:06 -0400] "GET /product/?product=black-note-forte HTTP/1.1" 404 61557 "-" "facebookexternalhit/1.1 (+http://www.facebook.com/externalhit_uatext.php)"
69.171.230.11 - - [19/Apr/2025:11:04:07 -0400] "GET /product/?product=black-note-forte HTTP/1.1" 404 61556 "-" "facebookexternalhit/1.1 (+http://www.facebook.com/externalhit_uatext.php)"
216.244.66.234 - - [19/Apr/2025:11:04:37 -0400] "GET /product/?post_type=product&add_to_wishlist=10613&paged=28 HTTP/1.1" 200 179041 "-" "Mozilla/5.0 (compatible; DotBot/1.2; +https://opensiteexplorer.org/dotbot; help@moz.com)"
95.108.213.253 - - [19/Apr/2025:11:04:49 -0400] "GET /robots.txt HTTP/1.1" 200 67 "-" "Mozilla/5.0 (compatible; YandexBot/3.0; +http://yandex.com/bots)"
216.244.66.234 - - [19/Apr/2025:11:04:49 -0400] "GET /product/?post_type=product&paged=37&add_to_wishlist=7859 HTTP/1.1" 200 175204 "-" "Mozilla/5.0 (compatible; DotBot/1.2; +https://opensiteexplorer.org/dotbot; help@moz.com)"
95.108.213.206 - - [19/Apr/2025:11:04:50 -0400] "GET /product/?product=voopoo-drag-nano-2-1-2-ohm-replacement-pods&add_to_wishlist=5683 HTTP/1.1" 404 61664 "-" "Mozilla/5.0 (compatible; YandexBot/3.0; +http://yandex.com/bots)"
216.244.66.234 - - [19/Apr/2025:11:07:14 -0400] "GET /product/?post_type=product&add_to_wishlist=4643&paged=3 HTTP/1.1" 200 172108 "-" "Mozilla/5.0 (compatible; DotBot/1.2; +https://opensiteexplorer.org/dotbot; help@moz.com)"
216.244.66.234 - - [19/Apr/2025:11:07:29 -0400] "GET /product/?post_type=product&add_to_wishlist=4717&paged=23 HTTP/1.1" 200 175646 "-" "Mozilla/5.0 (compatible; DotBot/1.2; +https://opensiteexplorer.org/dotbot; help@moz.com)"
216.244.66.234 - - [19/Apr/2025:11:07:41 -0400] "GET /product/?post_type=product&add_to_wishlist=4717&paged=6 HTTP/1.1" 200 177301 "-" "Mozilla/5.0 (compatible; DotBot/1.2; +https://opensiteexplorer.org/dotbot; help@moz.com)"
216.244.66.234 - - [19/Apr/2025:11:08:15 -0400] "GET /product/?post_type=product&add_to_wishlist=7436&paged=2 HTTP/1.1" 200 174644 "-" "Mozilla/5.0 (compatible; DotBot/1.2; +https://opensiteexplorer.org/dotbot; help@moz.com)"
216.244.66.234 - - [19/Apr/2025:11:08:23 -0400] "GET /product/?post_type=product&paged=24&add_to_wishlist=11593 HTTP/1.1" 200 170429 "-" "Mozilla/5.0 (compatible; DotBot/1.2; +https://opensiteexplorer.org/dotbot; help@moz.com)"
52.167.144.24 - - [19/Apr/2025:11:08:56 -0400] "GET /product/?product=gold-leaf-royal-oak HTTP/1.1" 404 61562 "-" "Mozilla/5.0 AppleWebKit/537.36 (KHTML, like Gecko; compatible; bingbot/2.0; +http://www.bing.com/bingbot.htm) Chrome/116.0.1938.76 Safari/537.36"
185.191.171.14 - - [19/Apr/2025:11:11:36 -0400] "GET /product/?product=coil-master-18650-battery-wrap HTTP/1.1" 200 17474 "-" "Mozilla/5.0 (compatible; SemrushBot/7~bl; +http://www.semrush.com/bot.html)"
85.208.96.205 - - [19/Apr/2025:11:11:52 -0400] "GET /product/?product_cat=sense HTTP/1.1" 200 17902 "-" "Mozilla/5.0 (compatible; SemrushBot/7~bl; +http://www.semrush.com/bot.html)"
103.83.235.27 - - [19/Apr/2025:11:16:48 -0400] "GET /product/wp-content/uploads/2014/01/Vape-Company-Logo-1.png HTTP/1.1" 200 34702 "-" "Mozilla/5.0 (iPhone; CPU iPhone OS 18_3_2 like Mac OS X) AppleWebKit/605.1.15 (KHTML, like Gecko) CriOS/135.0.7049.83 Mobile/15E148 Safari/604.1"
103.83.235.27 - - [19/Apr/2025:11:16:47 -0400] "POST /product/wp-admin/admin-ajax.php HTTP/1.1" 200 275 "https://vapecompany.com.bd/product/?product_cat=pod-mods" "Mozilla/5.0 (iPhone; CPU iPhone OS 18_3_2 like Mac OS X) AppleWebKit/605.1.15 (KHTML, like Gecko) CriOS/135.0.7049.83 Mobile/15E148 Safari/604.1"
52.190.138.36 - - [19/Apr/2025:11:19:02 -0400] "GET / HTTP/1.1" 200 10859 "-" "Python/3.9 aiohttp/3.10.6"
185.191.171.10 - - [19/Apr/2025:11:23:22 -0400] "GET /product/?post_type=product&s=M HTTP/1.1" 200 21883 "-" "Mozilla/5.0 (compatible; SemrushBot/7~bl; +http://www.semrush.com/bot.html)"
185.191.171.2 - - [19/Apr/2025:11:24:53 -0400] "GET /product/?paged=5&post_type=product&s=G HTTP/1.1" 200 22498 "-" "Mozilla/5.0 (compatible; SemrushBot/7~bl; +http://www.semrush.com/bot.html)"
20.171.207.2 - - [19/Apr/2025:11:26:03 -0400] "GET /product/?add_to_wishlist=4633&product=wismec-ws01-0-2-ohm-mtl-coils HTTP/1.1" 200 17897 "-" "Mozilla/5.0 AppleWebKit/537.36 (KHTML, like Gecko; compatible; GPTBot/1.2; +https://openai.com/gptbot)"
185.191.171.2 - - [19/Apr/2025:11:26:04 -0400] "GET /product/?product=aspire-nautilus-2s-tank-0-7-ohm-mesh-coils HTTP/1.1" 200 17335 "-" "Mozilla/5.0 (compatible; SemrushBot/7~bl; +http://www.semrush.com/bot.html)"
195.191.219.131 - - [19/Apr/2025:11:27:42 -0400] "GET /robots.txt HTTP/1.1" 200 69 "-" "Mozilla/5.0 (compatible; MJ12bot/v2.0.0; http://mj12bot.com/)"
195.191.219.131 - - [19/Apr/2025:11:27:44 -0400] "GET / HTTP/1.1" 301 - "-" "Mozilla/5.0 (compatible; MJ12bot/v2.0.0; http://mj12bot.com/)"
195.191.219.131 - - [19/Apr/2025:11:27:47 -0400] "GET /robots.txt HTTP/1.1" 200 69 "-" "Mozilla/5.0 (compatible; MJ12bot/v2.0.0; http://mj12bot.com/)"
195.191.219.131 - - [19/Apr/2025:11:27:49 -0400] "GET / HTTP/1.1" 200 10859 "-" "Mozilla/5.0 (compatible; MJ12bot/v2.0.0; http://mj12bot.com/)"
4.227.36.76 - - [19/Apr/2025:11:33:13 -0400] "GET /robots.txt HTTP/1.1" 200 69 "-" "Mozilla/5.0 AppleWebKit/537.36 (KHTML, like Gecko; compatible; GPTBot/1.2; +https://openai.com/gptbot)"
216.244.66.234 - - [19/Apr/2025:11:35:15 -0400] "GET /robots.txt HTTP/1.1" 200 67 "-" "Mozilla/5.0 (compatible; DotBot/1.2; +https://opensiteexplorer.org/dotbot; help@moz.com)"
185.191.171.16 - - [19/Apr/2025:11:42:17 -0400] "GET /product/?product=voopoo-panda-aio-0-8-ohm-replacement-cartridge HTTP/1.1" 200 17460 "-" "Mozilla/5.0 (compatible; SemrushBot/7~bl; +http://www.semrush.com/bot.html)"
216.244.66.234 - - [19/Apr/2025:11:44:31 -0400] "GET /product/?product_cat=3mg&paged=1&add_to_wishlist=12118 HTTP/1.1" 200 174832 "-" "Mozilla/5.0 (compatible; DotBot/1.2; +https://opensiteexplorer.org/dotbot; help@moz.com)"
52.167.144.145 - - [19/Apr/2025:11:46:48 -0400] "GET /product/wp-content/uploads/2021/03/Aspire-AVP-Pro-1_opt-300x300.jpg HTTP/1.1" 200 8898 "-" "Mozilla/5.0 AppleWebKit/537.36 (KHTML, like Gecko; compatible; bingbot/2.0; +http://www.bing.com/bingbot.htm) Chrome/116.0.1938.76 Safari/537.36"
216.244.66.234 - - [19/Apr/2025:11:46:59 -0400] "GET /product/?post_type=product&add_to_wishlist=5080&paged=23 HTTP/1.1" 200 175648 "-" "Mozilla/5.0 (compatible; DotBot/1.2; +https://opensiteexplorer.org/dotbot; help@moz.com)"
216.244.66.234 - - [19/Apr/2025:11:47:16 -0400] "GET /product/?post_type=product&add_to_wishlist=8168&paged=47 HTTP/1.1" 200 181625 "-" "Mozilla/5.0 (compatible; DotBot/1.2; +https://opensiteexplorer.org/dotbot; help@moz.com)"
216.244.66.234 - - [19/Apr/2025:11:47:31 -0400] "GET /product/?post_type=product&paged=20&add_to_wishlist=7389 HTTP/1.1" 200 174509 "-" "Mozilla/5.0 (compatible; DotBot/1.2; +https://opensiteexplorer.org/dotbot; help@moz.com)"
216.244.66.234 - - [19/Apr/2025:11:49:45 -0400] "GET /product/?feed=rss2&product_cat=voopoo-eleaf-istick HTTP/1.1" 200 21049 "-" "Mozilla/5.0 (compatible; DotBot/1.2; +https://opensiteexplorer.org/dotbot; help@moz.com)"
216.244.66.234 - - [19/Apr/2025:11:49:53 -0400] "GET /product/?post_type=product&add_to_wishlist=10750&paged=36 HTTP/1.1" 200 171789 "-" "Mozilla/5.0 (compatible; DotBot/1.2; +https://opensiteexplorer.org/dotbot; help@moz.com)"
216.244.66.234 - - [19/Apr/2025:11:50:02 -0400] "GET /product/?post_type=product&add_to_wishlist=5732&paged=24 HTTP/1.1" 200 170408 "-" "Mozilla/5.0 (compatible; DotBot/1.2; +https://opensiteexplorer.org/dotbot; help@moz.com)"
216.244.66.234 - - [19/Apr/2025:11:50:10 -0400] "GET /product/?product=aspire-cleito-replacement-pyrex-glass&feed=rss2 HTTP/1.1" 200 856 "-" "Mozilla/5.0 (compatible; DotBot/1.2; +https://opensiteexplorer.org/dotbot; help@moz.com)"
85.208.96.208 - - [19/Apr/2025:11:50:13 -0400] "GET /product/?paged=8&post_type=product&s=G HTTP/1.1" 200 22422 "-" "Mozilla/5.0 (compatible; SemrushBot/7~bl; +http://www.semrush.com/bot.html)"
216.244.66.234 - - [19/Apr/2025:11:50:16 -0400] "GET /product/?product_cat=3mg&add_to_wishlist=11764&paged=2 HTTP/1.1" 200 173850 "-" "Mozilla/5.0 (compatible; DotBot/1.2; +https://opensiteexplorer.org/dotbot; help@moz.com)"
216.244.66.234 - - [19/Apr/2025:11:50:22 -0400] "GET /product/?product_cat=6mg&add_to_wishlist=11918&paged=1 HTTP/1.1" 200 174994 "-" "Mozilla/5.0 (compatible; DotBot/1.2; +https://opensiteexplorer.org/dotbot; help@moz.com)"
216.244.66.234 - - [19/Apr/2025:11:50:29 -0400] "GET /product/?product_cat=e-liquids-by-nic-levels&paged=1&add_to_wishlist=11180 HTTP/1.1" 200 175623 "-" "Mozilla/5.0 (compatible; DotBot/1.2; +https://opensiteexplorer.org/dotbot; help@moz.com)"
216.244.66.234 - - [19/Apr/2025:11:50:39 -0400] "GET /product/?product_cat=rta&add_to_wishlist=8074 HTTP/1.1" 200 104096 "-" "Mozilla/5.0 (compatible; DotBot/1.2; +https://opensiteexplorer.org/dotbot; help@moz.com)"
85.208.96.194 - - [19/Apr/2025:11:53:03 -0400] "GET /product/?product_cat=product-categories-27 HTTP/1.1" 200 16107 "-" "Mozilla/5.0 (compatible; SemrushBot/7~bl; +http://www.semrush.com/bot.html)"
40.77.167.52 - - [19/Apr/2025:11:53:19 -0400] "GET /product/wp-content/uploads/2018/11/Golisi-O2-Charger-USB-Charging_opt-300x300.jpg HTTP/1.1" 200 14705 "-" "Mozilla/5.0 AppleWebKit/537.36 (KHTML, like Gecko; compatible; bingbot/2.0; +http://www.bing.com/bingbot.htm) Chrome/116.0.1938.76 Safari/537.36"
66.249.73.100 - - [19/Apr/2025:11:55:28 -0400] "GET /robots.txt HTTP/1.1" 200 69 "-" "Mozilla/5.0 (compatible; Googlebot/2.1; +http://www.google.com/bot.html)"
66.249.73.100 - - [19/Apr/2025:11:55:28 -0400] "GET /wp-content/uploads/2017/02/IM5D0569-1.jpg HTTP/1.1" 304 - "-" "Googlebot-Image/1.0"
40.77.167.52 - - [19/Apr/2025:11:57:10 -0400] "GET /wp-content/themes/vapor/images/vaping.png HTTP/1.1" 200 2355 "-" "Mozilla/5.0 AppleWebKit/537.36 (KHTML, like Gecko; compatible; bingbot/2.0; +http://www.bing.com/bingbot.htm) Chrome/116.0.1938.76 Safari/537.36"
85.208.96.211 - - [19/Apr/2025:12:00:27 -0400] "GET /product/?product=coil-master-ka1-clapton-wire-roll HTTP/1.1" 200 16969 "-" "Mozilla/5.0 (compatible; SemrushBot/7~bl; +http://www.semrush.com/bot.html)"
66.249.73.99 - - [19/Apr/2025:12:04:56 -0400] "GET /product/?product_cat=smok-mods HTTP/1.1" 404 61554 "-" "Mozilla/5.0 (Linux; Android 6.0.1; Nexus 5X Build/MMB29P) AppleWebKit/537.36 (KHTML, like Gecko) Chrome/135.0.7049.95 Mobile Safari/537.36 (compatible; Googlebot/2.1; +http://www.google.com/bot.html)"
185.191.171.14 - - [19/Apr/2025:12:05:03 -0400] "GET /product/?lost-password&product_cat=white-note HTTP/1.1" 200 16091 "-" "Mozilla/5.0 (compatible; SemrushBot/7~bl; +http://www.semrush.com/bot.html)"
85.208.96.198 - - [19/Apr/2025:12:07:13 -0400] "GET /product/?paged=12&product_cat=replacement-pods HTTP/1.1" 200 21533 "-" "Mozilla/5.0 (compatible; SemrushBot/7~bl; +http://www.semrush.com/bot.html)"
40.77.167.56 - - [19/Apr/2025:12:08:11 -0400] "GET /product/?product_cat=us-premium-e-liquids&paged=2 HTTP/1.1" 200 21925 "-" "Mozilla/5.0 AppleWebKit/537.36 (KHTML, like Gecko; compatible; bingbot/2.0; +http://www.bing.com/bingbot.htm) Chrome/116.0.1938.76 Safari/537.36"
66.249.73.100 - - [19/Apr/2025:12:08:36 -0400] "GET /product/?product_cat=nic-salt-liquids-by-brands HTTP/1.1" 200 21515 "-" "Mozilla/5.0 (Linux; Android 6.0.1; Nexus 5X Build/MMB29P) AppleWebKit/537.36 (KHTML, like Gecko) Chrome/135.0.7049.95 Mobile Safari/537.36 (compatible; Googlebot/2.1; +http://www.google.com/bot.html)"
185.191.171.16 - - [19/Apr/2025:12:15:28 -0400] "GET /product/?product_cat=hardware HTTP/1.1" 200 20477 "-" "Mozilla/5.0 (compatible; SemrushBot/7~bl; +http://www.semrush.com/bot.html)"
216.244.66.234 - - [19/Apr/2025:12:17:13 -0400] "GET /robots.txt HTTP/1.1" 200 67 "-" "Mozilla/5.0 (compatible; DotBot/1.2; +https://opensiteexplorer.org/dotbot; help@moz.com)"
40.77.167.55 - - [19/Apr/2025:12:27:02 -0400] "GET /product/?product=eleaf-icare-ic-replacement-coil HTTP/1.1" 200 17230 "-" "Mozilla/5.0 AppleWebKit/537.36 (KHTML, like Gecko; compatible; bingbot/2.0; +http://www.bing.com/bingbot.htm) Chrome/116.0.1938.76 Safari/537.36"
40.77.167.55 - - [19/Apr/2025:12:27:21 -0400] "GET /product/wp-content/uploads/2017/11/DIY-KIt-Mini_opt.jpg HTTP/1.1" 200 19271 "-" "Mozilla/5.0 AppleWebKit/537.36 (KHTML, like Gecko; compatible; bingbot/2.0; +http://www.bing.com/bingbot.htm) Chrome/116.0.1938.76 Safari/537.36"
216.244.66.234 - - [19/Apr/2025:12:27:32 -0400] "GET /product/?feed=rss2&p=10960 HTTP/1.1" 301 - "-" "Mozilla/5.0 (compatible; DotBot/1.2; +https://opensiteexplorer.org/dotbot; help@moz.com)"
216.244.66.234 - - [19/Apr/2025:12:27:37 -0400] "GET /product/?feed=rss2&p=11122 HTTP/1.1" 301 - "-" "Mozilla/5.0 (compatible; DotBot/1.2; +https://opensiteexplorer.org/dotbot; help@moz.com)"
216.244.66.234 - - [19/Apr/2025:12:27:41 -0400] "GET /product/?feed=rss2&p=4683 HTTP/1.1" 301 - "-" "Mozilla/5.0 (compatible; DotBot/1.2; +https://opensiteexplorer.org/dotbot; help@moz.com)"
123.6.49.50 - - [19/Apr/2025:12:27:56 -0400] "GET /wp-content/themes/vapor/images/logo.png HTTP/1.1" 200 34702 "-" "Mozilla/5.0 (Windows NT 10.0; Win64; x64) AppleWebKit/537.36 (KHTML, like Gecko) Chrome/120.0.0.0 Safari/537.36"
216.244.66.234 - - [19/Apr/2025:12:28:09 -0400] "GET /product/?post_type=product&add_to_wishlist=5926&paged=48 HTTP/1.1" 200 168685 "-" "Mozilla/5.0 (compatible; DotBot/1.2; +https://opensiteexplorer.org/dotbot; help@moz.com)"
216.244.66.234 - - [19/Apr/2025:12:29:52 -0400] "GET /product/?post_type=product&add_to_wishlist=10845&paged=38 HTTP/1.1" 200 177523 "-" "Mozilla/5.0 (compatible; DotBot/1.2; +https://opensiteexplorer.org/dotbot; help@moz.com)"
66.249.73.101 - - [19/Apr/2025:12:30:32 -0400] "GET /product/?product_cat=smok HTTP/1.1" 200 18215 "-" "Mozilla/5.0 (Linux; Android 6.0.1; Nexus 5X Build/MMB29P) AppleWebKit/537.36 (KHTML, like Gecko) Chrome/135.0.7049.95 Mobile Safari/537.36 (compatible; Googlebot/2.1; +http://www.google.com/bot.html)"
40.77.167.32 - - [19/Apr/2025:12:31:22 -0400] "GET /product/?product=smok-spirals-atomizer-head-0-6-ohm-kanthal-dual-core HTTP/1.1" 200 17056 "-" "Mozilla/5.0 AppleWebKit/537.36 (KHTML, like Gecko; compatible; bingbot/2.0; +http://www.bing.com/bingbot.htm) Chrome/116.0.1938.76 Safari/537.36"
185.191.171.2 - - [19/Apr/2025:12:32:19 -0400] "GET /product/?product_cat=ofrf HTTP/1.1" 200 16071 "-" "Mozilla/5.0 (compatible; SemrushBot/7~bl; +http://www.semrush.com/bot.html)"
216.244.66.234 - - [19/Apr/2025:12:32:58 -0400] "GET /product/?post_type=product&paged=12&add_to_wishlist=5317 HTTP/1.1" 200 173992 "-" "Mozilla/5.0 (compatible; DotBot/1.2; +https://opensiteexplorer.org/dotbot; help@moz.com)"
216.244.66.234 - - [19/Apr/2025:12:33:04 -0400] "GET /product/?post_type=product&paged=4&add_to_wishlist=11395 HTTP/1.1" 200 177996 "-" "Mozilla/5.0 (compatible; DotBot/1.2; +https://opensiteexplorer.org/dotbot; help@moz.com)"
185.191.171.14 - - [19/Apr/2025:12:38:37 -0400] "GET /product/?product_cat=battery-silicone-covers HTTP/1.1" 200 19350 "-" "Mozilla/5.0 (compatible; SemrushBot/7~bl; +http://www.semrush.com/bot.html)"
52.167.144.159 - - [19/Apr/2025:12:41:06 -0400] "GET /product/?product_cat=wotofo HTTP/1.1" 404 61682 "-" "Mozilla/5.0 AppleWebKit/537.36 (KHTML, like Gecko; compatible; bingbot/2.0; +http://www.bing.com/bingbot.htm) Chrome/116.0.1938.76 Safari/537.36"
185.191.171.2 - - [19/Apr/2025:12:42:40 -0400] "GET /robots.txt HTTP/1.1" 200 69 "-" "Mozilla/5.0 (compatible; SemrushBot/7~bl; +http://www.semrush.com/bot.html)"
85.208.96.208 - - [19/Apr/2025:12:42:40 -0400] "GET /product/?product_cat=tabs HTTP/1.1" 200 17546 "-" "Mozilla/5.0 (compatible; SemrushBot/7~bl; +http://www.semrush.com/bot.html)"
114.119.142.125 - - [19/Apr/2025:12:49:36 -0400] "GET /product?product=lostvape-orion-dna-go-silicone-cover HTTP/1.1" 301 287 "http://vapecompany.com.bd/product?product=kangertech-kbox-mini-silicone-case" "Mozilla/5.0 (Linux; Android 7.0;) AppleWebKit/537.36 (KHTML, like Gecko) Mobile Safari/537.36 (compatible; PetalBot;+https://webmaster.petalsearch.com/site/petalbot)"
114.119.142.125 - - [19/Apr/2025:12:49:36 -0400] "GET /product/?product=lostvape-orion-dna-go-silicone-cover HTTP/1.1" 200 17013 "http://vapecompany.com.bd/product?product=kangertech-kbox-mini-silicone-case" "Mozilla/5.0 (Linux; Android 7.0;) AppleWebKit/537.36 (KHTML, like Gecko) Mobile Safari/537.36 (compatible; PetalBot;+https://webmaster.petalsearch.com/site/petalbot)"
66.249.73.99 - - [19/Apr/2025:12:50:48 -0400] "GET /product/?product_cat=smok HTTP/1.1" 200 18220 "-" "Mozilla/5.0 (Linux; Android 6.0.1; Nexus 5X Build/MMB29P) AppleWebKit/537.36 (KHTML, like Gecko) Chrome/135.0.7049.95 Mobile Safari/537.36 (compatible; Googlebot/2.1; +http://www.google.com/bot.html)"
66.249.73.99 - - [19/Apr/2025:12:50:52 -0400] "GET /product/wp-includes/js/jquery/jquery-migrate.min.js?ver=3.3.2 HTTP/1.1" 200 4169 "http://vapecompany.com.bd/product/?product_cat=smok" "Mozilla/5.0 (Linux; Android 6.0.1; Nexus 5X Build/MMB29P) AppleWebKit/537.36 (KHTML, like Gecko) Chrome/134.0.6998.165 Mobile Safari/537.36 (compatible; Googlebot/2.1; +http://www.google.com/bot.html)"
66.249.73.99 - - [19/Apr/2025:12:50:54 -0400] "GET /product/wp-content/plugins/woocommerce/assets/js/frontend/woocommerce.min.js?ver=2.3.10 HTTP/1.1" 200 202 "http://vapecompany.com.bd/product/?product_cat=smok" "Mozilla/5.0 (Linux; Android 6.0.1; Nexus 5X Build/MMB29P) AppleWebKit/537.36 (KHTML, like Gecko) Chrome/134.0.6998.165 Mobile Safari/537.36 (compatible; Googlebot/2.1; +http://www.google.com/bot.html)"
66.249.73.99 - - [19/Apr/2025:12:50:54 -0400] "GET /product/wp-content/plugins/woocommerce-grid-list-toggle/assets/js/jquery.cookie.min.js?ver=5.6.14 HTTP/1.1" 200 649 "http://vapecompany.com.bd/product/?product_cat=smok" "Mozilla/5.0 (Linux; Android 6.0.1; Nexus 5X Build/MMB29P) AppleWebKit/537.36 (KHTML, like Gecko) Chrome/134.0.6998.165 Mobile Safari/537.36 (compatible; Googlebot/2.1; +http://www.google.com/bot.html)"
66.249.73.99 - - [19/Apr/2025:12:50:55 -0400] "GET /product/wp-content/plugins/wd_quickshop/css/cloud-zoom.css?ver=5.6.14 HTTP/1.1" 200 401 "https://vapecompany.com.bd/product/?product_cat=us-premium-e-liquids&paged=1" "Mozilla/5.0 (Linux; Android 6.0.1; Nexus 5X Build/MMB29P) AppleWebKit/537.36 (KHTML, like Gecko) Chrome/134.0.6998.165 Mobile Safari/537.36 (compatible; Googlebot/2.1; +http://www.google.com/bot.html)"
66.249.73.99 - - [19/Apr/2025:12:50:56 -0400] "GET /product/wp-content/themes/wp_oswad_market/wp_oswad_market/js/wd_menu_front.js?ver=5.6.14 HTTP/1.1" 200 4274 "http://vapecompany.com.bd/product/?product_cat=smok" "Mozilla/5.0 (Linux; Android 6.0.1; Nexus 5X Build/MMB29P) AppleWebKit/537.36 (KHTML, like Gecko) Chrome/134.0.6998.165 Mobile Safari/537.36 (compatible; Googlebot/2.1; +http://www.google.com/bot.html)"
85.208.96.195 - - [19/Apr/2025:12:51:45 -0400] "GET /product/?lost-password&paged=4&product_cat=e-liquids-by-nic-levels HTTP/1.1" 200 22302 "-" "Mozilla/5.0 (compatible; SemrushBot/7~bl; +http://www.semrush.com/bot.html)"
82.145.215.206 - - [19/Apr/2025:12:54:45 -0400] "GET /wp-content/themes/vapor/images/logo.png HTTP/1.1" 200 34702 "-" "Go-http-client/1.1"
147.135.213.170 - - [19/Apr/2025:12:54:44 -0400] "GET /product/?product=vapx-geyser-s-replacement-pods&add_to_wishlist=7299 HTTP/1.1" 200 17810 "-" "Mozilla/5.0 (compatible; MJ12bot/v1.4.8; http://mj12bot.com/)"
18.119.119.0 - - [19/Apr/2025:12:54:44 -0400] "GET /product/?add_to_wishlist=8906&paged=10&product_cat=pod-devices HTTP/1.1" 200 22465 "-" "Mozilla/5.0 AppleWebKit/537.36 (KHTML, like Gecko; compatible; ClaudeBot/1.0; +claudebot@anthropic.com)"
213.180.203.10 - - [19/Apr/2025:13:00:50 -0400] "GET /robots.txt HTTP/1.1" 200 67 "-" "Mozilla/5.0 (compatible; YandexBot/3.0; +http://yandex.com/bots)"
5.255.231.183 - - [19/Apr/2025:13:00:51 -0400] "GET /product/?product=vandyvape-kylin-m-diy-replacement-pod HTTP/1.1" 404 61598 "-" "Mozilla/5.0 (compatible; YandexBot/3.0; +http://yandex.com/bots)"
216.244.66.234 - - [19/Apr/2025:13:01:39 -0400] "GET /robots.txt HTTP/1.1" 200 67 "-" "Mozilla/5.0 (compatible; DotBot/1.2; +https://opensiteexplorer.org/dotbot; help@moz.com)"
85.208.96.208 - - [19/Apr/2025:13:04:45 -0400] "GET /product/?lost-password&paged=2&product_cat=e-liquids-by-nic-levels HTTP/1.1" 200 21982 "-" "Mozilla/5.0 (compatible; SemrushBot/7~bl; +http://www.semrush.com/bot.html)"
85.208.96.209 - - [19/Apr/2025:13:06:46 -0400] "GET /product/?lost-password&product_cat=kings-crest HTTP/1.1" 200 20012 "-" "Mozilla/5.0 (compatible; SemrushBot/7~bl; +http://www.semrush.com/bot.html)"
185.235.142.238 - - [19/Apr/2025:13:08:04 -0400] "GET /product/?product_cat=accessories HTTP/1.1" 404 61610 "http://vapecompany.com.bd" "Mozilla/5.0 (Windows NT 10.0; Win64; x64) AppleWebKit/537.36 (KHTML, like Gecko) Chrome/62.0.3202.94 Safari/537.36"
185.235.142.238 - - [19/Apr/2025:13:08:08 -0400] "GET /product/?product_cat=accessories HTTP/1.1" 404 61611 "http://vapecompany.com.bd" "Mozilla/5.0 (Windows NT 10.0; Win64; x64) AppleWebKit/537.36 (KHTML, like Gecko) Chrome/62.0.3202.94 Safari/537.36"
185.235.142.238 - - [19/Apr/2025:13:08:11 -0400] "GET /product/?product_cat=accessories HTTP/1.1" 404 61611 "http://vapecompany.com.bd" "Mozilla/5.0 (Windows NT 10.0; Win64; x64) AppleWebKit/537.36 (KHTML, like Gecko) Chrome/62.0.3202.94 Safari/537.36"
51.222.253.1 - - [19/Apr/2025:13:08:14 -0400] "GET /product/?s=H&post_type=product&add_to_wishlist=5049&paged=17 HTTP/1.1" 200 22433 "-" "Mozilla/5.0 (compatible; AhrefsBot/7.0; +http://ahrefs.com/robot/)"
185.235.142.238 - - [19/Apr/2025:13:08:14 -0400] "GET /product/?product_cat=accessories HTTP/1.1" 404 61610 "http://vapecompany.com.bd" "Mozilla/5.0 (Windows NT 10.0; Win64; x64) AppleWebKit/537.36 (KHTML, like Gecko) Chrome/62.0.3202.94 Safari/537.36"
40.77.167.4 - - [19/Apr/2025:13:10:43 -0400] "GET /product/wp-content/uploads/2018/05/Coil-Master-A4-Charger-Intro-300x300.jpg HTTP/1.1" 200 12886 "-" "Mozilla/5.0 AppleWebKit/537.36 (KHTML, like Gecko; compatible; bingbot/2.0; +http://www.bing.com/bingbot.htm) Chrome/116.0.1938.76 Safari/537.36"
216.244.66.234 - - [19/Apr/2025:13:11:53 -0400] "GET /product/?feed=rss2&p=10664 HTTP/1.1" 301 - "-" "Mozilla/5.0 (compatible; DotBot/1.2; +https://opensiteexplorer.org/dotbot; help@moz.com)"
216.244.66.234 - - [19/Apr/2025:13:13:11 -0400] "GET /product/?post_type=product&paged=21&add_to_wishlist=7413 HTTP/1.1" 200 185098 "-" "Mozilla/5.0 (compatible; DotBot/1.2; +https://opensiteexplorer.org/dotbot; help@moz.com)"
185.191.171.15 - - [19/Apr/2025:13:13:40 -0400] "GET /product/?product=avatar-intelligent-battery-digicharger-kit HTTP/1.1" 200 17966 "-" "Mozilla/5.0 (compatible; SemrushBot/7~bl; +http://www.semrush.com/bot.html)"
216.244.66.234 - - [19/Apr/2025:13:15:33 -0400] "GET /product/?post_type=product&add_to_wishlist=9213&paged=25 HTTP/1.1" 200 176492 "-" "Mozilla/5.0 (compatible; DotBot/1.2; +https://opensiteexplorer.org/dotbot; help@moz.com)"
216.244.66.234 - - [19/Apr/2025:13:15:38 -0400] "GET /product/?post_type=product&add_to_wishlist=9490&paged=48 HTTP/1.1" 200 168684 "-" "Mozilla/5.0 (compatible; DotBot/1.2; +https://opensiteexplorer.org/dotbot; help@moz.com)"
216.244.66.234 - - [19/Apr/2025:13:15:42 -0400] "GET /product/?post_type=product&paged=16&add_to_wishlist=9101 HTTP/1.1" 200 169537 "-" "Mozilla/5.0 (compatible; DotBot/1.2; +https://opensiteexplorer.org/dotbot; help@moz.com)"
216.244.66.234 - - [19/Apr/2025:13:15:48 -0400] "GET /product/?product_cat=eleaf-istick&add_to_wishlist=4751&paged=8 HTTP/1.1" 200 174070 "-" "Mozilla/5.0 (compatible; DotBot/1.2; +https://opensiteexplorer.org/dotbot; help@moz.com)"
216.244.66.234 - - [19/Apr/2025:13:15:52 -0400] "GET /product/?product_cat=replacement-pods&add_to_wishlist=10064&paged=9 HTTP/1.1" 200 181409 "-" "Mozilla/5.0 (compatible; DotBot/1.2; +https://opensiteexplorer.org/dotbot; help@moz.com)"
216.244.66.234 - - [19/Apr/2025:13:18:39 -0400] "GET /product/?post_type=product&paged=11&add_to_wishlist=11915 HTTP/1.1" 200 175182 "-" "Mozilla/5.0 (compatible; DotBot/1.2; +https://opensiteexplorer.org/dotbot; help@moz.com)"
85.208.96.211 - - [19/Apr/2025:13:21:17 -0400] "GET /product/?product=smok-spirals-atomizer-head-0-3-ohm-kanthal-dual-core HTTP/1.1" 200 17070 "-" "Mozilla/5.0 (compatible; SemrushBot/7~bl; +http://www.semrush.com/bot.html)"
185.191.171.18 - - [19/Apr/2025:13:22:18 -0400] "GET /product/?product=coil-master-skynet-coil-box-set HTTP/1.1" 200 18402 "-" "Mozilla/5.0 (compatible; SemrushBot/7~bl; +http://www.semrush.com/bot.html)"
52.167.144.195 - - [19/Apr/2025:13:23:55 -0400] "GET /product/?product_cat=smok-mods HTTP/1.1" 404 61690 "-" "Mozilla/5.0 AppleWebKit/537.36 (KHTML, like Gecko; compatible; bingbot/2.0; +http://www.bing.com/bingbot.htm) Chrome/116.0.1938.76 Safari/537.36"
114.119.136.160 - - [19/Apr/2025:13:28:19 -0400] "GET /product?product=aspire-pockex-0-6-ohm-coils HTTP/1.1" 301 278 "http://vapecompany.com.bd/product?product_cat=aspire-eleaf-istick&paged=2" "Mozilla/5.0 (Linux; Android 7.0;) AppleWebKit/537.36 (KHTML, like Gecko) Mobile Safari/537.36 (compatible; PetalBot;+https://webmaster.petalsearch.com/site/petalbot)"
114.119.136.160 - - [19/Apr/2025:13:28:20 -0400] "GET /product/?product=aspire-pockex-0-6-ohm-coils HTTP/1.1" 200 17137 "http://vapecompany.com.bd/product?product_cat=aspire-eleaf-istick&paged=2" "Mozilla/5.0 (Linux; Android 7.0;) AppleWebKit/537.36 (KHTML, like Gecko) Mobile Safari/537.36 (compatible; PetalBot;+https://webmaster.petalsearch.com/site/petalbot)"
52.167.144.20 - - [19/Apr/2025:13:36:47 -0400] "GET /product/?product=geekvape-zeus-x-rta HTTP/1.1" 404 61562 "-" "Mozilla/5.0 AppleWebKit/537.36 (KHTML, like Gecko; compatible; bingbot/2.0; +http://www.bing.com/bingbot.htm) Chrome/116.0.1938.76 Safari/537.36"
103.131.145.179 - - [19/Apr/2025:13:37:42 -0400] "GET /product/wp-content/uploads/2014/01/Vape-Company-Logo-1.png HTTP/1.1" 200 34702 "-" "Mozilla/5.0 (iPhone; CPU iPhone OS 18_4_1 like Mac OS X) AppleWebKit/605.1.15 (KHTML, like Gecko) CriOS/135.0.7049.83 Mobile/15E148 Safari/604.1"
66.249.73.102 - - [19/Apr/2025:13:38:17 -0400] "GET /product/wp-content/plugins/wd_shortcode/css/shortcode.css?ver=5.6.14 HTTP/1.1" 200 20236 "https://vapecompany.com.bd/product/?post_type=product&add_to_wishlist=10928&paged=36" "Mozilla/5.0 (Linux; Android 6.0.1; Nexus 5X Build/MMB29P) AppleWebKit/537.36 (KHTML, like Gecko) Chrome/134.0.6998.165 Mobile Safari/537.36 (compatible; Googlebot/2.1; +http://www.google.com/bot.html)"
66.249.73.100 - - [19/Apr/2025:13:38:17 -0400] "GET /robots.txt HTTP/1.1" 200 69 "-" "Mozilla/5.0 (compatible; Googlebot/2.1; +http://www.google.com/bot.html)"
66.249.73.100 - - [19/Apr/2025:13:38:18 -0400] "GET /product/wp-content/plugins/wd_quickshop/css/cloud-zoom.css?ver=5.6.14 HTTP/1.1" 200 401 "https://vapecompany.com.bd/product/?post_type=product&add_to_wishlist=10928&paged=36" "Mozilla/5.0 (Linux; Android 6.0.1; Nexus 5X Build/MMB29P) AppleWebKit/537.36 (KHTML, like Gecko) Chrome/134.0.6998.165 Mobile Safari/537.36 (compatible; Googlebot/2.1; +http://www.google.com/bot.html)"
85.208.96.206 - - [19/Apr/2025:13:40:39 -0400] "GET /product/?product=vaporesso-gtx-0-2-ohm-replacement-coils HTTP/1.1" 200 17331 "-" "Mozilla/5.0 (compatible; SemrushBot/7~bl; +http://www.semrush.com/bot.html)"
185.191.171.13 - - [19/Apr/2025:13:41:52 -0400] "GET /product/?paged=2&product_cat=replacement-glass-for-tank HTTP/1.1" 200 19449 "-" "Mozilla/5.0 (compatible; SemrushBot/7~bl; +http://www.semrush.com/bot.html)"
85.208.96.205 - - [19/Apr/2025:13:44:35 -0400] "GET /robots.txt HTTP/1.1" 200 69 "-" "Mozilla/5.0 (compatible; SemrushBot/7~bl; +http://www.semrush.com/bot.html)"
85.208.96.204 - - [19/Apr/2025:13:44:35 -0400] "GET /product/?lost-password&paged=13&post_type=product HTTP/1.1" 200 21442 "-" "Mozilla/5.0 (compatible; SemrushBot/7~bl; +http://www.semrush.com/bot.html)"
216.244.66.234 - - [19/Apr/2025:13:44:45 -0400] "GET /robots.txt HTTP/1.1" 200 67 "-" "Mozilla/5.0 (compatible; DotBot/1.2; +https://opensiteexplorer.org/dotbot; help@moz.com)"
51.222.253.14 - - [19/Apr/2025:13:44:48 -0400] "GET /product/?s=C&post_type=product&add_to_wishlist=12154&paged=3 HTTP/1.1" 200 21864 "-" "Mozilla/5.0 (compatible; AhrefsBot/7.0; +http://ahrefs.com/robot/)"
52.167.144.186 - - [19/Apr/2025:13:44:49 -0400] "GET /product/?feed=rss2&product_cat=tools HTTP/1.1" 200 3719 "-" "Mozilla/5.0 AppleWebKit/537.36 (KHTML, like Gecko; compatible; bingbot/2.0; +http://www.bing.com/bingbot.htm) Chrome/116.0.1938.76 Safari/537.36"
66.249.73.101 - - [19/Apr/2025:13:44:52 -0400] "GET /wp-content/uploads/2017/02/IM5D0556-1.jpg HTTP/1.1" 304 - "-" "Googlebot-Image/1.0"
52.167.144.20 - - [19/Apr/2025:13:45:28 -0400] "GET /product/?product_cat=wismec-mods HTTP/1.1" 404 61695 "-" "Mozilla/5.0 AppleWebKit/537.36 (KHTML, like Gecko; compatible; bingbot/2.0; +http://www.bing.com/bingbot.htm) Chrome/116.0.1938.76 Safari/537.36"
66.249.73.100 - - [19/Apr/2025:13:47:48 -0400] "GET /product/wp-content/plugins/wd_quickshop/css/cloud-zoom.css?ver=5.6.14 HTTP/1.1" 200 401 "https://vapecompany.com.bd/product/?product=smok-mag-grip-mod-silicone-cover" "Mozilla/5.0 (Linux; Android 6.0.1; Nexus 5X Build/MMB29P) AppleWebKit/537.36 (KHTML, like Gecko) Chrome/134.0.6998.165 Mobile Safari/537.36 (compatible; Googlebot/2.1; +http://www.google.com/bot.html)"
52.167.144.188 - - [19/Apr/2025:13:48:38 -0400] "GET /product/?product_cat=mods HTTP/1.1" 200 17656 "-" "Mozilla/5.0 AppleWebKit/537.36 (KHTML, like Gecko; compatible; bingbot/2.0; +http://www.bing.com/bingbot.htm) Chrome/116.0.1938.76 Safari/537.36"
103.130.175.12 - - [19/Apr/2025:13:48:41 -0400] "GET /product/wp-content/uploads/2014/01/Vape-Company-Logo-1.png HTTP/1.1" 200 34702 "-" "Mozilla/5.0 (iPhone; CPU iPhone OS 18_3_1 like Mac OS X) AppleWebKit/605.1.15 (KHTML, like Gecko) CriOS/135.0.7049.83 Mobile/15E148 Safari/604.1"
150.109.196.248 - - [19/Apr/2025:13:49:42 -0400] "GET /product/wp-content/uploads/2018/03/Arctic-Dolphin-Silicone-Bottles-All-Colors_opt-210x210.jpg HTTP/1.1" 200 7048 "-" "Mozilla/5.0 (X11; Ubuntu; Linux x86_64; rv:72.0) Gecko/20100101 Firefox/72.0"
114.119.157.54 - - [19/Apr/2025:13:51:47 -0400] "GET /product?product_cat=eleaf-istick&paged=4 HTTP/1.1" 301 279 "http://vapecompany.com.bd/product/?product_cat=eleaf-istick&paged=6" "Mozilla/5.0 (Linux; Android 7.0;) AppleWebKit/537.36 (KHTML, like Gecko) Mobile Safari/537.36 (compatible; PetalBot;+https://webmaster.petalsearch.com/site/petalbot)"
