27.115.124.45 - - [19/Apr/2025:15:01:05 -0400] "GET /wp-content/plugins/wordpress-popup/inc/external/wpmu-lib/js/wpmu-ui.3.min.js?ver=4.5.32 HTTP/1.1" 200 7964 "http://vapecompany.com.bd/" "Mozilla/5.0 (Linux; U; Android 8.1.0; zh-cn; MI 8 Build/OPM1.171019.011) AppleWebKit/537.36 (KHTML, like Gecko) Version/4.0 Chrome/57.0.2987.108 Mobile Safari/537.36"
27.115.124.70 - - [19/Apr/2025:15:01:05 -0400] "GET /wp-content/plugins/wordpress-popup/js/public.min.js?ver=4.5.32 HTTP/1.1" 200 3260 "http://vapecompany.com.bd/" "Mozilla/5.0 (Linux; U; Android 8.1.0; zh-cn; MI 8 Build/OPM1.171019.011) AppleWebKit/537.36 (KHTML, like Gecko) Version/4.0 Chrome/57.0.2987.108 Mobile Safari/537.36"
27.115.124.70 - - [19/Apr/2025:15:01:05 -0400] "GET /wp-includes/js/wp-embed.min.js?ver=4.5.32 HTTP/1.1" 200 771 "http://vapecompany.com.bd/" "Mozilla/5.0 (Linux; U; Android 8.1.0; zh-cn; MI 8 Build/OPM1.171019.011) AppleWebKit/537.36 (KHTML, like Gecko) Version/4.0 Chrome/57.0.2987.108 Mobile Safari/537.36"
27.115.124.101 - - [19/Apr/2025:15:01:05 -0400] "GET /wp-content/themes/vapor/images/flavors.png HTTP/1.1" 200 2000 "http://vapecompany.com.bd/" "Mozilla/5.0 (Linux; U; Android 8.1.0; zh-cn; MI 8 Build/OPM1.171019.011) AppleWebKit/537.36 (KHTML, like Gecko) Version/4.0 Chrome/57.0.2987.108 Mobile Safari/537.36"
27.115.124.45 - - [19/Apr/2025:15:01:05 -0400] "GET /wp-content/themes/vapor/images/template.png HTTP/1.1" 200 160798 "http://vapecompany.com.bd/" "Mozilla/5.0 (Linux; U; Android 8.1.0; zh-cn; MI 8 Build/OPM1.171019.011) AppleWebKit/537.36 (KHTML, like Gecko) Version/4.0 Chrome/57.0.2987.108 Mobile Safari/537.36"
27.115.124.45 - - [19/Apr/2025:15:01:05 -0400] "GET /wp-content/themes/vapor/images/girl-img.png HTTP/1.1" 200 191141 "http://vapecompany.com.bd/" "Mozilla/5.0 (Linux; U; Android 8.1.0; zh-cn; MI 8 Build/OPM1.171019.011) AppleWebKit/537.36 (KHTML, like Gecko) Version/4.0 Chrome/57.0.2987.108 Mobile Safari/537.36"
27.115.124.38 - - [19/Apr/2025:15:01:05 -0400] "GET /wp-content/themes/vapor/images/footer-gal-1.jpg HTTP/1.1" 200 21689 "http://vapecompany.com.bd/" "Mozilla/5.0 (Linux; U; Android 8.1.0; zh-cn; MI 8 Build/OPM1.171019.011) AppleWebKit/537.36 (KHTML, like Gecko) Version/4.0 Chrome/57.0.2987.108 Mobile Safari/537.36"
27.115.124.70 - - [19/Apr/2025:15:01:05 -0400] "GET /wp-content/themes/vapor/images/footer-gal-2.jpg HTTP/1.1" 200 21141 "http://vapecompany.com.bd/" "Mozilla/5.0 (Linux; U; Android 8.1.0; zh-cn; MI 8 Build/OPM1.171019.011) AppleWebKit/537.36 (KHTML, like Gecko) Version/4.0 Chrome/57.0.2987.108 Mobile Safari/537.36"
27.115.124.70 - - [19/Apr/2025:15:01:05 -0400] "GET /wp-content/themes/vapor/images/footer-gal-3.jpg HTTP/1.1" 200 23604 "http://vapecompany.com.bd/" "Mozilla/5.0 (Linux; U; Android 8.1.0; zh-cn; MI 8 Build/OPM1.171019.011) AppleWebKit/537.36 (KHTML, like Gecko) Version/4.0 Chrome/57.0.2987.108 Mobile Safari/537.36"
27.115.124.101 - - [19/Apr/2025:15:01:05 -0400] "GET /wp-content/themes/vapor/images/footer-gal-4.jpg HTTP/1.1" 200 15923 "http://vapecompany.com.bd/" "Mozilla/5.0 (Linux; U; Android 8.1.0; zh-cn; MI 8 Build/OPM1.171019.011) AppleWebKit/537.36 (KHTML, like Gecko) Version/4.0 Chrome/57.0.2987.108 Mobile Safari/537.36"
27.115.124.38 - - [19/Apr/2025:15:01:06 -0400] "GET /wp-content/themes/vapor/images/footer-gal-8.jpg HTTP/1.1" 200 16678 "http://vapecompany.com.bd/" "Mozilla/5.0 (Linux; U; Android 8.1.0; zh-cn; MI 8 Build/OPM1.171019.011) AppleWebKit/537.36 (KHTML, like Gecko) Version/4.0 Chrome/57.0.2987.108 Mobile Safari/537.36"
27.115.124.70 - - [19/Apr/2025:15:01:06 -0400] "GET /wp-content/themes/vapor/images/footer-gal-6.jpg HTTP/1.1" 200 23773 "http://vapecompany.com.bd/" "Mozilla/5.0 (Linux; U; Android 8.1.0; zh-cn; MI 8 Build/OPM1.171019.011) AppleWebKit/537.36 (KHTML, like Gecko) Version/4.0 Chrome/57.0.2987.108 Mobile Safari/537.36"
27.115.124.101 - - [19/Apr/2025:15:01:06 -0400] "GET /wp-content/themes/vapor/images/footer-gal-5.jpg HTTP/1.1" 200 23951 "http://vapecompany.com.bd/" "Mozilla/5.0 (Linux; U; Android 8.1.0; zh-cn; MI 8 Build/OPM1.171019.011) AppleWebKit/537.36 (KHTML, like Gecko) Version/4.0 Chrome/57.0.2987.108 Mobile Safari/537.36"
27.115.124.70 - - [19/Apr/2025:15:01:06 -0400] "GET /wp-content/themes/vapor/images/footer-gal-7.jpg HTTP/1.1" 200 15905 "http://vapecompany.com.bd/" "Mozilla/5.0 (Linux; U; Android 8.1.0; zh-cn; MI 8 Build/OPM1.171019.011) AppleWebKit/537.36 (KHTML, like Gecko) Version/4.0 Chrome/57.0.2987.108 Mobile Safari/537.36"
27.115.124.45 - - [19/Apr/2025:15:01:06 -0400] "GET /wp-content/themes/vapor/images/footer-gal-9.jpg HTTP/1.1" 200 22230 "http://vapecompany.com.bd/" "Mozilla/5.0 (Linux; U; Android 8.1.0; zh-cn; MI 8 Build/OPM1.171019.011) AppleWebKit/537.36 (KHTML, like Gecko) Version/4.0 Chrome/57.0.2987.108 Mobile Safari/537.36"
27.115.124.70 - - [19/Apr/2025:15:01:06 -0400] "GET /wp-includes/js/wp-emoji-release.min.js?ver=4.5.32 HTTP/1.1" 200 3701 "http://vapecompany.com.bd/" "Mozilla/5.0 (Linux; U; Android 8.1.0; zh-cn; MI 8 Build/OPM1.171019.011) AppleWebKit/537.36 (KHTML, like Gecko) Version/4.0 Chrome/57.0.2987.108 Mobile Safari/537.36"
27.115.124.70 - - [19/Apr/2025:15:01:06 -0400] "GET /wp-content/themes/vapor/images/vaping-now.png HTTP/1.1" 200 1411474 "http://vapecompany.com.bd/wp-content/themes/vapor/css/styles.css" "Mozilla/5.0 (Linux; U; Android 8.1.0; zh-cn; MI 8 Build/OPM1.171019.011) AppleWebKit/537.36 (KHTML, like Gecko) Version/4.0 Chrome/57.0.2987.108 Mobile Safari/537.36"
27.115.124.101 - - [19/Apr/2025:15:01:07 -0400] "GET / HTTP/1.1" 200 10859 "-" "Mozilla/5.0 (Linux; Android 11; CPH2185) AppleWebKit/537.36 (KHTML, like Gecko) Chrome/91.0.4472.101 Mobile Safari/537.36"
27.115.124.70 - - [19/Apr/2025:15:01:08 -0400] "GET / HTTP/1.1" 200 10859 "-" "Mozilla/5.0 (Linux; U; Android 8.1.0; zh-cn; MI 8 Build/OPM1.171019.011) AppleWebKit/537.36 (KHTML, like Gecko) Version/4.0 Chrome/57.0.2987.108 Mobile Safari/537.36"
27.115.124.101 - - [19/Apr/2025:15:01:08 -0400] "GET /wp-content/themes/vapor/css/bootstrap.min.css HTTP/1.1" 200 19249 "http://vapecompany.com.bd/" "Mozilla/5.0 (Linux; Android 11; CPH2185) AppleWebKit/537.36 (KHTML, like Gecko) Chrome/91.0.4472.101 Mobile Safari/537.36"
27.115.124.70 - - [19/Apr/2025:15:01:08 -0400] "GET /wp-content/themes/vapor/css/font-awesome.min.css HTTP/1.1" 200 5042 "http://vapecompany.com.bd/" "Mozilla/5.0 (Linux; Android 11; CPH2185) AppleWebKit/537.36 (KHTML, like Gecko) Chrome/91.0.4472.101 Mobile Safari/537.36"
27.115.124.70 - - [19/Apr/2025:15:01:08 -0400] "GET /wp-content/themes/vapor/css/font-awesome.min.css HTTP/1.1" 200 5042 "http://vapecompany.com.bd/" "Mozilla/5.0 (Linux; U; Android 8.1.0; zh-cn; MI 8 Build/OPM1.171019.011) AppleWebKit/537.36 (KHTML, like Gecko) Version/4.0 Chrome/57.0.2987.108 Mobile Safari/537.36"
27.115.124.70 - - [19/Apr/2025:15:01:08 -0400] "GET /wp-content/themes/vapor/css/bootstrap.min.css HTTP/1.1" 200 19249 "http://vapecompany.com.bd/" "Mozilla/5.0 (Linux; U; Android 8.1.0; zh-cn; MI 8 Build/OPM1.171019.011) AppleWebKit/537.36 (KHTML, like Gecko) Version/4.0 Chrome/57.0.2987.108 Mobile Safari/537.36"
27.115.124.70 - - [19/Apr/2025:15:01:08 -0400] "GET /wp-content/themes/vapor/css/owl.carousel.css HTTP/1.1" 200 528 "http://vapecompany.com.bd/" "Mozilla/5.0 (Linux; Android 11; CPH2185) AppleWebKit/537.36 (KHTML, like Gecko) Chrome/91.0.4472.101 Mobile Safari/537.36"
27.115.124.38 - - [19/Apr/2025:15:01:08 -0400] "GET /wp-content/themes/vapor/css/owl.transitions.css HTTP/1.1" 200 694 "http://vapecompany.com.bd/" "Mozilla/5.0 (Linux; Android 11; CPH2185) AppleWebKit/537.36 (KHTML, like Gecko) Chrome/91.0.4472.101 Mobile Safari/537.36"
27.115.124.101 - - [19/Apr/2025:15:01:08 -0400] "GET /wp-content/themes/vapor/css/owl.theme.css HTTP/1.1" 200 606 "http://vapecompany.com.bd/" "Mozilla/5.0 (Linux; Android 11; CPH2185) AppleWebKit/537.36 (KHTML, like Gecko) Chrome/91.0.4472.101 Mobile Safari/537.36"
27.115.124.101 - - [19/Apr/2025:15:01:08 -0400] "GET /wp-content/themes/vapor/css/owl.carousel.css HTTP/1.1" 200 528 "http://vapecompany.com.bd/" "Mozilla/5.0 (Linux; U; Android 8.1.0; zh-cn; MI 8 Build/OPM1.171019.011) AppleWebKit/537.36 (KHTML, like Gecko) Version/4.0 Chrome/57.0.2987.108 Mobile Safari/537.36"
27.115.124.45 - - [19/Apr/2025:15:01:08 -0400] "GET /wp-content/themes/vapor/css/animate.css HTTP/1.1" 200 4172 "http://vapecompany.com.bd/" "Mozilla/5.0 (Linux; Android 11; CPH2185) AppleWebKit/537.36 (KHTML, like Gecko) Chrome/91.0.4472.101 Mobile Safari/537.36"
27.115.124.70 - - [19/Apr/2025:15:01:08 -0400] "GET /wp-content/themes/vapor/css/hover-min.css HTTP/1.1" 200 7198 "http://vapecompany.com.bd/" "Mozilla/5.0 (Linux; Android 11; CPH2185) AppleWebKit/537.36 (KHTML, like Gecko) Chrome/91.0.4472.101 Mobile Safari/537.36"
27.115.124.101 - - [19/Apr/2025:15:01:08 -0400] "GET /wp-content/themes/vapor/css/prettyPhoto.css HTTP/1.1" 200 2769 "http://vapecompany.com.bd/" "Mozilla/5.0 (Linux; Android 11; CPH2185) AppleWebKit/537.36 (KHTML, like Gecko) Chrome/91.0.4472.101 Mobile Safari/537.36"
27.115.124.45 - - [19/Apr/2025:15:01:08 -0400] "GET /wp-content/themes/vapor/css/animate.css HTTP/1.1" 200 4172 "http://vapecompany.com.bd/" "Mozilla/5.0 (Linux; U; Android 8.1.0; zh-cn; MI 8 Build/OPM1.171019.011) AppleWebKit/537.36 (KHTML, like Gecko) Version/4.0 Chrome/57.0.2987.108 Mobile Safari/537.36"
27.115.124.70 - - [19/Apr/2025:15:01:08 -0400] "GET /wp-content/themes/vapor/css/owl.transitions.css HTTP/1.1" 200 694 "http://vapecompany.com.bd/" "Mozilla/5.0 (Linux; U; Android 8.1.0; zh-cn; MI 8 Build/OPM1.171019.011) AppleWebKit/537.36 (KHTML, like Gecko) Version/4.0 Chrome/57.0.2987.108 Mobile Safari/537.36"
27.115.124.45 - - [19/Apr/2025:15:01:08 -0400] "GET /wp-content/themes/vapor/css/owl.theme.css HTTP/1.1" 200 606 "http://vapecompany.com.bd/" "Mozilla/5.0 (Linux; U; Android 8.1.0; zh-cn; MI 8 Build/OPM1.171019.011) AppleWebKit/537.36 (KHTML, like Gecko) Version/4.0 Chrome/57.0.2987.108 Mobile Safari/537.36"
27.115.124.38 - - [19/Apr/2025:15:01:08 -0400] "GET /wp-content/themes/vapor/css/hover-min.css HTTP/1.1" 200 7198 "http://vapecompany.com.bd/" "Mozilla/5.0 (Linux; U; Android 8.1.0; zh-cn; MI 8 Build/OPM1.171019.011) AppleWebKit/537.36 (KHTML, like Gecko) Version/4.0 Chrome/57.0.2987.108 Mobile Safari/537.36"
27.115.124.70 - - [19/Apr/2025:15:01:08 -0400] "GET /wp-content/themes/vapor/css/prettyPhoto.css HTTP/1.1" 200 2769 "http://vapecompany.com.bd/" "Mozilla/5.0 (Linux; U; Android 8.1.0; zh-cn; MI 8 Build/OPM1.171019.011) AppleWebKit/537.36 (KHTML, like Gecko) Version/4.0 Chrome/57.0.2987.108 Mobile Safari/537.36"
27.115.124.70 - - [19/Apr/2025:15:01:08 -0400] "GET /wp-content/themes/vapor/css/ms-style/masterslider.css HTTP/1.1" 200 2898 "http://vapecompany.com.bd/" "Mozilla/5.0 (Linux; Android 11; CPH2185) AppleWebKit/537.36 (KHTML, like Gecko) Chrome/91.0.4472.101 Mobile Safari/537.36"
27.115.124.101 - - [19/Apr/2025:15:01:08 -0400] "GET /wp-content/themes/vapor/css/ms-skins/light-3/style.css HTTP/1.1" 200 1029 "http://vapecompany.com.bd/" "Mozilla/5.0 (Linux; Android 11; CPH2185) AppleWebKit/537.36 (KHTML, like Gecko) Chrome/91.0.4472.101 Mobile Safari/537.36"
27.115.124.38 - - [19/Apr/2025:15:01:08 -0400] "GET /wp-content/themes/vapor/css/ms-skins/black-2/style.css HTTP/1.1" 200 1277 "http://vapecompany.com.bd/" "Mozilla/5.0 (Linux; Android 11; CPH2185) AppleWebKit/537.36 (KHTML, like Gecko) Chrome/91.0.4472.101 Mobile Safari/537.36"
27.115.124.101 - - [19/Apr/2025:15:01:08 -0400] "GET /wp-content/themes/vapor/css/loader.css HTTP/1.1" 200 825 "http://vapecompany.com.bd/" "Mozilla/5.0 (Linux; Android 11; CPH2185) AppleWebKit/537.36 (KHTML, like Gecko) Chrome/91.0.4472.101 Mobile Safari/537.36"
27.115.124.70 - - [19/Apr/2025:15:01:08 -0400] "GET /wp-content/themes/vapor/css/ms-style/ms-layers-style.css HTTP/1.1" 200 427 "http://vapecompany.com.bd/" "Mozilla/5.0 (Linux; Android 11; CPH2185) AppleWebKit/537.36 (KHTML, like Gecko) Chrome/91.0.4472.101 Mobile Safari/537.36"
27.115.124.45 - - [19/Apr/2025:15:01:08 -0400] "GET /wp-content/themes/vapor/css/styles.css HTTP/1.1" 200 8232 "http://vapecompany.com.bd/" "Mozilla/5.0 (Linux; Android 11; CPH2185) AppleWebKit/537.36 (KHTML, like Gecko) Chrome/91.0.4472.101 Mobile Safari/537.36"
27.115.124.70 - - [19/Apr/2025:15:01:09 -0400] "GET /wp-content/themes/vapor/css/responsive.css HTTP/1.1" 200 1892 "http://vapecompany.com.bd/" "Mozilla/5.0 (Linux; Android 11; CPH2185) AppleWebKit/537.36 (KHTML, like Gecko) Chrome/91.0.4472.101 Mobile Safari/537.36"
27.115.124.101 - - [19/Apr/2025:15:01:09 -0400] "GET /wp-content/plugins/gs-logo-slider/gsl-files/css/jquery.bxslider.css?ver=1.8.15 HTTP/1.1" 200 1487 "http://vapecompany.com.bd/" "Mozilla/5.0 (Linux; Android 11; CPH2185) AppleWebKit/537.36 (KHTML, like Gecko) Chrome/91.0.4472.101 Mobile Safari/537.36"
27.115.124.101 - - [19/Apr/2025:15:01:09 -0400] "GET /wp-content/plugins/owl-carousel-wp/vendors/owl-carousel/assets/owl.carousel.min.css?ver=4.5.32 HTTP/1.1" 200 923 "http://vapecompany.com.bd/" "Mozilla/5.0 (Linux; Android 11; CPH2185) AppleWebKit/537.36 (KHTML, like Gecko) Chrome/91.0.4472.101 Mobile Safari/537.36"
27.115.124.38 - - [19/Apr/2025:15:01:09 -0400] "GET /wp-content/plugins/gs-logo-slider/gsl-files/css/gs-main.css?ver=1.8.15 HTTP/1.1" 200 1323 "http://vapecompany.com.bd/" "Mozilla/5.0 (Linux; Android 11; CPH2185) AppleWebKit/537.36 (KHTML, like Gecko) Chrome/91.0.4472.101 Mobile Safari/537.36"
27.115.124.70 - - [19/Apr/2025:15:01:09 -0400] "GET /wp-content/plugins/show-ip-address/css/style-show-ip-address.css?ver=all HTTP/1.1" 200 157 "http://vapecompany.com.bd/" "Mozilla/5.0 (Linux; Android 11; CPH2185) AppleWebKit/537.36 (KHTML, like Gecko) Chrome/91.0.4472.101 Mobile Safari/537.36"
27.115.124.45 - - [19/Apr/2025:15:01:09 -0400] "GET /wp-content/plugins/owl-carousel-wp/vendors/custom/style.custom.css?ver=4.5.32 HTTP/1.1" 200 480 "http://vapecompany.com.bd/" "Mozilla/5.0 (Linux; Android 11; CPH2185) AppleWebKit/537.36 (KHTML, like Gecko) Chrome/91.0.4472.101 Mobile Safari/537.36"
27.115.124.101 - - [19/Apr/2025:15:01:09 -0400] "GET /wp-content/themes/vapor/css/ms-style/masterslider.css HTTP/1.1" 200 2898 "http://vapecompany.com.bd/" "Mozilla/5.0 (Linux; U; Android 8.1.0; zh-cn; MI 8 Build/OPM1.171019.011) AppleWebKit/537.36 (KHTML, like Gecko) Version/4.0 Chrome/57.0.2987.108 Mobile Safari/537.36"
27.115.124.70 - - [19/Apr/2025:15:01:09 -0400] "GET /wp-content/themes/vapor/css/ms-style/ms-layers-style.css HTTP/1.1" 200 427 "http://vapecompany.com.bd/" "Mozilla/5.0 (Linux; U; Android 8.1.0; zh-cn; MI 8 Build/OPM1.171019.011) AppleWebKit/537.36 (KHTML, like Gecko) Version/4.0 Chrome/57.0.2987.108 Mobile Safari/537.36"
27.115.124.45 - - [19/Apr/2025:15:01:09 -0400] "GET /wp-content/themes/vapor/css/loader.css HTTP/1.1" 200 825 "http://vapecompany.com.bd/" "Mozilla/5.0 (Linux; U; Android 8.1.0; zh-cn; MI 8 Build/OPM1.171019.011) AppleWebKit/537.36 (KHTML, like Gecko) Version/4.0 Chrome/57.0.2987.108 Mobile Safari/537.36"
27.115.124.45 - - [19/Apr/2025:15:01:09 -0400] "GET /wp-content/themes/vapor/css/ms-skins/light-3/style.css HTTP/1.1" 200 1029 "http://vapecompany.com.bd/" "Mozilla/5.0 (Linux; U; Android 8.1.0; zh-cn; MI 8 Build/OPM1.171019.011) AppleWebKit/537.36 (KHTML, like Gecko) Version/4.0 Chrome/57.0.2987.108 Mobile Safari/537.36"
27.115.124.38 - - [19/Apr/2025:15:01:09 -0400] "GET /wp-content/themes/vapor/css/styles.css HTTP/1.1" 200 8232 "http://vapecompany.com.bd/" "Mozilla/5.0 (Linux; U; Android 8.1.0; zh-cn; MI 8 Build/OPM1.171019.011) AppleWebKit/537.36 (KHTML, like Gecko) Version/4.0 Chrome/57.0.2987.108 Mobile Safari/537.36"
27.115.124.70 - - [19/Apr/2025:15:01:09 -0400] "GET /wp-content/themes/vapor/css/ms-skins/black-2/style.css HTTP/1.1" 200 1277 "http://vapecompany.com.bd/" "Mozilla/5.0 (Linux; U; Android 8.1.0; zh-cn; MI 8 Build/OPM1.171019.011) AppleWebKit/537.36 (KHTML, like Gecko) Version/4.0 Chrome/57.0.2987.108 Mobile Safari/537.36"
27.115.124.70 - - [19/Apr/2025:15:01:09 -0400] "GET /wp-content/plugins/wordpress-popup/inc/external/wpmu-lib/css/wpmu-ui.3.min.css?ver=4.5.32 HTTP/1.1" 200 4657 "http://vapecompany.com.bd/" "Mozilla/5.0 (Linux; Android 11; CPH2185) AppleWebKit/537.36 (KHTML, like Gecko) Chrome/91.0.4472.101 Mobile Safari/537.36"
27.115.124.101 - - [19/Apr/2025:15:01:09 -0400] "GET /wp-includes/js/jquery/jquery-migrate.min.js?ver=1.4.1 HTTP/1.1" 200 4014 "http://vapecompany.com.bd/" "Mozilla/5.0 (Linux; Android 11; CPH2185) AppleWebKit/537.36 (KHTML, like Gecko) Chrome/91.0.4472.101 Mobile Safari/537.36"
27.115.124.70 - - [19/Apr/2025:15:01:09 -0400] "GET /wp-content/plugins/wordpress-popup/inc/external/wpmu-lib/css/animate.3.min.css?ver=4.5.32 HTTP/1.1" 200 4018 "http://vapecompany.com.bd/" "Mozilla/5.0 (Linux; Android 11; CPH2185) AppleWebKit/537.36 (KHTML, like Gecko) Chrome/91.0.4472.101 Mobile Safari/537.36"
27.115.124.101 - - [19/Apr/2025:15:01:09 -0400] "GET /wp-includes/js/jquery/jquery.js?ver=1.12.4 HTTP/1.1" 200 33776 "http://vapecompany.com.bd/" "Mozilla/5.0 (Linux; Android 11; CPH2185) AppleWebKit/537.36 (KHTML, like Gecko) Chrome/91.0.4472.101 Mobile Safari/537.36"
27.115.124.70 - - [19/Apr/2025:15:01:09 -0400] "GET /wp-content/themes/vapor/css/responsive.css HTTP/1.1" 200 1892 "http://vapecompany.com.bd/" "Mozilla/5.0 (Linux; U; Android 8.1.0; zh-cn; MI 8 Build/OPM1.171019.011) AppleWebKit/537.36 (KHTML, like Gecko) Version/4.0 Chrome/57.0.2987.108 Mobile Safari/537.36"
27.115.124.101 - - [19/Apr/2025:15:01:09 -0400] "GET /wp-content/plugins/show-ip-address/css/style-show-ip-address.css?ver=all HTTP/1.1" 200 157 "http://vapecompany.com.bd/" "Mozilla/5.0 (Linux; U; Android 8.1.0; zh-cn; MI 8 Build/OPM1.171019.011) AppleWebKit/537.36 (KHTML, like Gecko) Version/4.0 Chrome/57.0.2987.108 Mobile Safari/537.36"
27.115.124.70 - - [19/Apr/2025:15:01:09 -0400] "GET /wp-content/plugins/gs-logo-slider/gsl-files/css/jquery.bxslider.css?ver=1.8.15 HTTP/1.1" 200 1487 "http://vapecompany.com.bd/" "Mozilla/5.0 (Linux; U; Android 8.1.0; zh-cn; MI 8 Build/OPM1.171019.011) AppleWebKit/537.36 (KHTML, like Gecko) Version/4.0 Chrome/57.0.2987.108 Mobile Safari/537.36"
27.115.124.45 - - [19/Apr/2025:15:01:09 -0400] "GET /wp-content/plugins/owl-carousel-wp/vendors/owl-carousel/assets/owl.carousel.min.css?ver=4.5.32 HTTP/1.1" 200 923 "http://vapecompany.com.bd/" "Mozilla/5.0 (Linux; U; Android 8.1.0; zh-cn; MI 8 Build/OPM1.171019.011) AppleWebKit/537.36 (KHTML, like Gecko) Version/4.0 Chrome/57.0.2987.108 Mobile Safari/537.36"
27.115.124.45 - - [19/Apr/2025:15:01:09 -0400] "GET /wp-content/plugins/gs-logo-slider/gsl-files/css/gs-main.css?ver=1.8.15 HTTP/1.1" 200 1323 "http://vapecompany.com.bd/" "Mozilla/5.0 (Linux; U; Android 8.1.0; zh-cn; MI 8 Build/OPM1.171019.011) AppleWebKit/537.36 (KHTML, like Gecko) Version/4.0 Chrome/57.0.2987.108 Mobile Safari/537.36"
27.115.124.38 - - [19/Apr/2025:15:01:09 -0400] "GET /wp-content/plugins/owl-carousel-wp/vendors/custom/style.custom.css?ver=4.5.32 HTTP/1.1" 200 480 "http://vapecompany.com.bd/" "Mozilla/5.0 (Linux; U; Android 8.1.0; zh-cn; MI 8 Build/OPM1.171019.011) AppleWebKit/537.36 (KHTML, like Gecko) Version/4.0 Chrome/57.0.2987.108 Mobile Safari/537.36"
27.115.124.101 - - [19/Apr/2025:15:01:09 -0400] "GET /wp-content/themes/vapor/js/wow.min.js HTTP/1.1" 200 2447 "http://vapecompany.com.bd/" "Mozilla/5.0 (Linux; Android 11; CPH2185) AppleWebKit/537.36 (KHTML, like Gecko) Chrome/91.0.4472.101 Mobile Safari/537.36"
27.115.124.70 - - [19/Apr/2025:15:01:09 -0400] "GET /wp-content/plugins/wordpress-popup/inc/external/wpmu-lib/css/wpmu-ui.3.min.css?ver=4.5.32 HTTP/1.1" 200 4657 "http://vapecompany.com.bd/" "Mozilla/5.0 (Linux; U; Android 8.1.0; zh-cn; MI 8 Build/OPM1.171019.011) AppleWebKit/537.36 (KHTML, like Gecko) Version/4.0 Chrome/57.0.2987.108 Mobile Safari/537.36"
27.115.124.101 - - [19/Apr/2025:15:01:09 -0400] "GET /wp-content/plugins/wordpress-popup/inc/external/wpmu-lib/css/animate.3.min.css?ver=4.5.32 HTTP/1.1" 200 4018 "http://vapecompany.com.bd/" "Mozilla/5.0 (Linux; U; Android 8.1.0; zh-cn; MI 8 Build/OPM1.171019.011) AppleWebKit/537.36 (KHTML, like Gecko) Version/4.0 Chrome/57.0.2987.108 Mobile Safari/537.36"
27.115.124.70 - - [19/Apr/2025:15:01:09 -0400] "GET /wp-includes/js/jquery/jquery.js?ver=1.12.4 HTTP/1.1" 200 33776 "http://vapecompany.com.bd/" "Mozilla/5.0 (Linux; U; Android 8.1.0; zh-cn; MI 8 Build/OPM1.171019.011) AppleWebKit/537.36 (KHTML, like Gecko) Version/4.0 Chrome/57.0.2987.108 Mobile Safari/537.36"
27.115.124.45 - - [19/Apr/2025:15:01:09 -0400] "GET /wp-includes/js/jquery/jquery-migrate.min.js?ver=1.4.1 HTTP/1.1" 200 4014 "http://vapecompany.com.bd/" "Mozilla/5.0 (Linux; U; Android 8.1.0; zh-cn; MI 8 Build/OPM1.171019.011) AppleWebKit/537.36 (KHTML, like Gecko) Version/4.0 Chrome/57.0.2987.108 Mobile Safari/537.36"
123.6.49.18 - - [19/Apr/2025:15:01:09 -0400] "GET / HTTP/1.1" 200 10859 "-" "Mozilla/5.0 (Linux; Android 10; HUAWEI P30 Pro) AppleWebKit/537.36 (KHTML, like Gecko) Chrome/89.0.4389.105 Mobile Safari/537.36"
27.115.124.101 - - [19/Apr/2025:15:01:09 -0400] "GET /wp-content/themes/vapor/js/jquery-1.11.1.min.js HTTP/1.1" 200 33225 "http://vapecompany.com.bd/" "Mozilla/5.0 (Linux; Android 11; CPH2185) AppleWebKit/537.36 (KHTML, like Gecko) Chrome/91.0.4472.101 Mobile Safari/537.36"
27.115.124.38 - - [19/Apr/2025:15:01:09 -0400] "GET /wp-content/themes/vapor/js/jquery.prettyPhoto.js HTTP/1.1" 200 5940 "http://vapecompany.com.bd/" "Mozilla/5.0 (Linux; Android 11; CPH2185) AppleWebKit/537.36 (KHTML, like Gecko) Chrome/91.0.4472.101 Mobile Safari/537.36"
27.115.124.45 - - [19/Apr/2025:15:01:09 -0400] "GET /wp-content/themes/vapor/js/owl-slider.js HTTP/1.1" 200 603 "http://vapecompany.com.bd/" "Mozilla/5.0 (Linux; Android 11; CPH2185) AppleWebKit/537.36 (KHTML, like Gecko) Chrome/91.0.4472.101 Mobile Safari/537.36"
27.115.124.101 - - [19/Apr/2025:15:01:09 -0400] "GET /wp-content/themes/vapor/js/bootstrap.min.js HTTP/1.1" 200 9539 "http://vapecompany.com.bd/" "Mozilla/5.0 (Linux; Android 11; CPH2185) AppleWebKit/537.36 (KHTML, like Gecko) Chrome/91.0.4472.101 Mobile Safari/537.36"
27.115.124.70 - - [19/Apr/2025:15:01:09 -0400] "GET /wp-content/themes/vapor/js/owl.carousel.js HTTP/1.1" 200 8760 "http://vapecompany.com.bd/" "Mozilla/5.0 (Linux; Android 11; CPH2185) AppleWebKit/537.36 (KHTML, like Gecko) Chrome/91.0.4472.101 Mobile Safari/537.36"
27.115.124.70 - - [19/Apr/2025:15:01:09 -0400] "GET /wp-content/themes/vapor/js/masterslider.min.js HTTP/1.1" 200 33078 "http://vapecompany.com.bd/" "Mozilla/5.0 (Linux; Android 11; CPH2185) AppleWebKit/537.36 (KHTML, like Gecko) Chrome/91.0.4472.101 Mobile Safari/537.36"
27.115.124.70 - - [19/Apr/2025:15:01:09 -0400] "GET /wp-content/themes/vapor/js/wow.min.js HTTP/1.1" 200 2447 "http://vapecompany.com.bd/" "Mozilla/5.0 (Linux; U; Android 8.1.0; zh-cn; MI 8 Build/OPM1.171019.011) AppleWebKit/537.36 (KHTML, like Gecko) Version/4.0 Chrome/57.0.2987.108 Mobile Safari/537.36"
27.115.124.101 - - [19/Apr/2025:15:01:09 -0400] "GET /wp-content/themes/vapor/js/bootstrap.min.js HTTP/1.1" 200 9539 "http://vapecompany.com.bd/" "Mozilla/5.0 (Linux; U; Android 8.1.0; zh-cn; MI 8 Build/OPM1.171019.011) AppleWebKit/537.36 (KHTML, like Gecko) Version/4.0 Chrome/57.0.2987.108 Mobile Safari/537.36"
27.115.124.45 - - [19/Apr/2025:15:01:10 -0400] "GET /wp-content/themes/vapor/js/owl-slider.js HTTP/1.1" 200 603 "http://vapecompany.com.bd/" "Mozilla/5.0 (Linux; U; Android 8.1.0; zh-cn; MI 8 Build/OPM1.171019.011) AppleWebKit/537.36 (KHTML, like Gecko) Version/4.0 Chrome/57.0.2987.108 Mobile Safari/537.36"
27.115.124.45 - - [19/Apr/2025:15:01:10 -0400] "GET /wp-content/themes/vapor/js/jquery-1.11.1.min.js HTTP/1.1" 200 33225 "http://vapecompany.com.bd/" "Mozilla/5.0 (Linux; U; Android 8.1.0; zh-cn; MI 8 Build/OPM1.171019.011) AppleWebKit/537.36 (KHTML, like Gecko) Version/4.0 Chrome/57.0.2987.108 Mobile Safari/537.36"
27.115.124.70 - - [19/Apr/2025:15:01:10 -0400] "GET /wp-content/themes/vapor/js/masterslider.min.js HTTP/1.1" 200 33078 "http://vapecompany.com.bd/" "Mozilla/5.0 (Linux; U; Android 8.1.0; zh-cn; MI 8 Build/OPM1.171019.011) AppleWebKit/537.36 (KHTML, like Gecko) Version/4.0 Chrome/57.0.2987.108 Mobile Safari/537.36"
27.115.124.38 - - [19/Apr/2025:15:01:10 -0400] "GET /wp-content/themes/vapor/js/owl.carousel.js HTTP/1.1" 200 8760 "http://vapecompany.com.bd/" "Mozilla/5.0 (Linux; U; Android 8.1.0; zh-cn; MI 8 Build/OPM1.171019.011) AppleWebKit/537.36 (KHTML, like Gecko) Version/4.0 Chrome/57.0.2987.108 Mobile Safari/537.36"
123.6.49.18 - - [19/Apr/2025:15:01:10 -0400] "GET /wp-content/themes/vapor/css/bootstrap.min.css HTTP/1.1" 200 19249 "http://vapecompany.com.bd/" "Mozilla/5.0 (Linux; Android 10; HUAWEI P30 Pro) AppleWebKit/537.36 (KHTML, like Gecko) Chrome/89.0.4389.105 Mobile Safari/537.36"
123.6.49.50 - - [19/Apr/2025:15:01:10 -0400] "GET /wp-content/themes/vapor/css/font-awesome.min.css HTTP/1.1" 200 5042 "http://vapecompany.com.bd/" "Mozilla/5.0 (Linux; Android 10; HUAWEI P30 Pro) AppleWebKit/537.36 (KHTML, like Gecko) Chrome/89.0.4389.105 Mobile Safari/537.36"
27.115.124.101 - - [19/Apr/2025:15:01:10 -0400] "GET /wp-content/themes/vapor/fonts/fontawesome-webfont.woff?v=4.2.0 HTTP/1.1" 200 43572 "http://vapecompany.com.bd/wp-content/themes/vapor/css/font-awesome.min.css" "Mozilla/5.0 (Linux; Android 11; CPH2185) AppleWebKit/537.36 (KHTML, like Gecko) Chrome/91.0.4472.101 Mobile Safari/537.36"
27.115.124.38 - - [19/Apr/2025:15:01:10 -0400] "GET /wp-content/themes/vapor/css/ms-style/blank.gif HTTP/1.1" 200 43 "http://vapecompany.com.bd/" "Mozilla/5.0 (Linux; Android 11; CPH2185) AppleWebKit/537.36 (KHTML, like Gecko) Chrome/91.0.4472.101 Mobile Safari/537.36"
27.115.124.101 - - [19/Apr/2025:15:01:10 -0400] "GET /wp-content/themes/vapor/images/logo.png HTTP/1.1" 200 34702 "http://vapecompany.com.bd/" "Mozilla/5.0 (Linux; Android 11; CPH2185) AppleWebKit/537.36 (KHTML, like Gecko) Chrome/91.0.4472.101 Mobile Safari/537.36"
27.115.124.45 - - [19/Apr/2025:15:01:10 -0400] "GET /wp-content/themes/vapor/images/health.png HTTP/1.1" 200 2288 "http://vapecompany.com.bd/" "Mozilla/5.0 (Linux; Android 11; CPH2185) AppleWebKit/537.36 (KHTML, like Gecko) Chrome/91.0.4472.101 Mobile Safari/537.36"
27.115.124.70 - - [19/Apr/2025:15:01:10 -0400] "GET /wp-content/themes/vapor/images/vaping.png HTTP/1.1" 200 2355 "http://vapecompany.com.bd/" "Mozilla/5.0 (Linux; Android 11; CPH2185) AppleWebKit/537.36 (KHTML, like Gecko) Chrome/91.0.4472.101 Mobile Safari/537.36"
27.115.124.70 - - [19/Apr/2025:15:01:10 -0400] "GET /wp-content/themes/vapor/fonts/fontawesome-webfont.woff?v=4.2.0 HTTP/1.1" 200 43572 "http://vapecompany.com.bd/wp-content/themes/vapor/css/font-awesome.min.css" "Mozilla/5.0 (Linux; U; Android 8.1.0; zh-cn; MI 8 Build/OPM1.171019.011) AppleWebKit/537.36 (KHTML, like Gecko) Version/4.0 Chrome/57.0.2987.108 Mobile Safari/537.36"
27.115.124.101 - - [19/Apr/2025:15:01:10 -0400] "GET /wp-content/themes/vapor/images/drop.png HTTP/1.1" 200 1973 "http://vapecompany.com.bd/" "Mozilla/5.0 (Linux; U; Android 8.1.0; zh-cn; MI 8 Build/OPM1.171019.011) AppleWebKit/537.36 (KHTML, like Gecko) Version/4.0 Chrome/57.0.2987.108 Mobile Safari/537.36"
123.6.49.47 - - [19/Apr/2025:15:01:10 -0400] "GET /wp-content/themes/vapor/css/owl.carousel.css HTTP/1.1" 200 528 "http://vapecompany.com.bd/" "Mozilla/5.0 (Linux; Android 10; HUAWEI P30 Pro) AppleWebKit/537.36 (KHTML, like Gecko) Chrome/89.0.4389.105 Mobile Safari/537.36"
27.115.124.45 - - [19/Apr/2025:15:01:10 -0400] "GET /wp-content/themes/vapor/images/welcome.jpg HTTP/1.1" 200 74969 "http://vapecompany.com.bd/" "Mozilla/5.0 (Linux; U; Android 8.1.0; zh-cn; MI 8 Build/OPM1.171019.011) AppleWebKit/537.36 (KHTML, like Gecko) Version/4.0 Chrome/57.0.2987.108 Mobile Safari/537.36"
123.6.49.12 - - [19/Apr/2025:15:01:10 -0400] "GET /wp-content/themes/vapor/css/owl.transitions.css HTTP/1.1" 200 694 "http://vapecompany.com.bd/" "Mozilla/5.0 (Linux; Android 10; HUAWEI P30 Pro) AppleWebKit/537.36 (KHTML, like Gecko) Chrome/89.0.4389.105 Mobile Safari/537.36"
27.115.124.38 - - [19/Apr/2025:15:01:10 -0400] "GET /wp-content/themes/vapor/images/vaping.png HTTP/1.1" 200 2355 "http://vapecompany.com.bd/" "Mozilla/5.0 (Linux; U; Android 8.1.0; zh-cn; MI 8 Build/OPM1.171019.011) AppleWebKit/537.36 (KHTML, like Gecko) Version/4.0 Chrome/57.0.2987.108 Mobile Safari/537.36"
123.6.49.18 - - [19/Apr/2025:15:01:10 -0400] "GET /wp-content/themes/vapor/css/owl.theme.css HTTP/1.1" 200 606 "http://vapecompany.com.bd/" "Mozilla/5.0 (Linux; Android 10; HUAWEI P30 Pro) AppleWebKit/537.36 (KHTML, like Gecko) Chrome/89.0.4389.105 Mobile Safari/537.36"
123.6.49.50 - - [19/Apr/2025:15:01:10 -0400] "GET /wp-content/themes/vapor/css/animate.css HTTP/1.1" 200 4172 "http://vapecompany.com.bd/" "Mozilla/5.0 (Linux; Android 10; HUAWEI P30 Pro) AppleWebKit/537.36 (KHTML, like Gecko) Chrome/89.0.4389.105 Mobile Safari/537.36"
123.6.49.44 - - [19/Apr/2025:15:01:10 -0400] "GET /wp-content/themes/vapor/css/hover-min.css HTTP/1.1" 200 7198 "http://vapecompany.com.bd/" "Mozilla/5.0 (Linux; Android 10; HUAWEI P30 Pro) AppleWebKit/537.36 (KHTML, like Gecko) Chrome/89.0.4389.105 Mobile Safari/537.36"
123.6.49.18 - - [19/Apr/2025:15:01:10 -0400] "GET /wp-content/themes/vapor/css/prettyPhoto.css HTTP/1.1" 200 2769 "http://vapecompany.com.bd/" "Mozilla/5.0 (Linux; Android 10; HUAWEI P30 Pro) AppleWebKit/537.36 (KHTML, like Gecko) Chrome/89.0.4389.105 Mobile Safari/537.36"
27.115.124.101 - - [19/Apr/2025:15:01:10 -0400] "GET /wp-content/themes/vapor/images/drop.png HTTP/1.1" 200 1973 "http://vapecompany.com.bd/" "Mozilla/5.0 (Linux; Android 11; CPH2185) AppleWebKit/537.36 (KHTML, like Gecko) Chrome/91.0.4472.101 Mobile Safari/537.36"
27.115.124.53 - - [19/Apr/2025:15:01:10 -0400] "GET /wp-content/uploads/2016/10/Eleaf-Pico-2.jpg HTTP/1.1" 200 10477 "http://vapecompany.com.bd/" "Mozilla/5.0 (Linux; Android 11; CPH2185) AppleWebKit/537.36 (KHTML, like Gecko) Chrome/91.0.4472.101 Mobile Safari/537.36"
27.115.124.53 - - [19/Apr/2025:15:01:10 -0400] "GET /wp-content/uploads/2016/10/Wismec-Motiv-Starter-Kit-all-colors-1.jpg HTTP/1.1" 200 33058 "http://vapecompany.com.bd/" "Mozilla/5.0 (Linux; Android 11; CPH2185) AppleWebKit/537.36 (KHTML, like Gecko) Chrome/91.0.4472.101 Mobile Safari/537.36"
27.115.124.70 - - [19/Apr/2025:15:01:10 -0400] "GET /wp-content/themes/vapor/images/welcome.jpg HTTP/1.1" 200 74969 "http://vapecompany.com.bd/" "Mozilla/5.0 (Linux; Android 11; CPH2185) AppleWebKit/537.36 (KHTML, like Gecko) Chrome/91.0.4472.101 Mobile Safari/537.36"
27.115.124.38 - - [19/Apr/2025:15:01:10 -0400] "GET /wp-content/themes/vapor/js/custom.js HTTP/1.1" 200 1120 "http://vapecompany.com.bd/" "Mozilla/5.0 (Linux; Android 11; CPH2185) AppleWebKit/537.36 (KHTML, like Gecko) Chrome/91.0.4472.101 Mobile Safari/537.36"
27.115.124.70 - - [19/Apr/2025:15:01:10 -0400] "GET /wp-content/themes/vapor/images/health.png HTTP/1.1" 200 2288 "http://vapecompany.com.bd/" "Mozilla/5.0 (Linux; U; Android 8.1.0; zh-cn; MI 8 Build/OPM1.171019.011) AppleWebKit/537.36 (KHTML, like Gecko) Version/4.0 Chrome/57.0.2987.108 Mobile Safari/537.36"
27.115.124.6 - - [19/Apr/2025:15:01:10 -0400] "GET /wp-content/uploads/2016/10/triton-mini-aspire-silver-tank-atomizer.jpg HTTP/1.1" 200 12725 "http://vapecompany.com.bd/" "Mozilla/5.0 (Linux; U; Android 8.1.0; zh-cn; MI 8 Build/OPM1.171019.011) AppleWebKit/537.36 (KHTML, like Gecko) Version/4.0 Chrome/57.0.2987.108 Mobile Safari/537.36"
27.115.124.6 - - [19/Apr/2025:15:01:10 -0400] "GET /wp-content/uploads/2016/10/Eleaf-Pico-2.jpg HTTP/1.1" 200 10477 "http://vapecompany.com.bd/" "Mozilla/5.0 (Linux; U; Android 8.1.0; zh-cn; MI 8 Build/OPM1.171019.011) AppleWebKit/537.36 (KHTML, like Gecko) Version/4.0 Chrome/57.0.2987.108 Mobile Safari/537.36"
27.115.124.6 - - [19/Apr/2025:15:01:10 -0400] "GET /wp-content/uploads/2016/10/Wismec-Motiv-Starter-Kit-all-colors-1.jpg HTTP/1.1" 200 33058 "http://vapecompany.com.bd/" "Mozilla/5.0 (Linux; U; Android 8.1.0; zh-cn; MI 8 Build/OPM1.171019.011) AppleWebKit/537.36 (KHTML, like Gecko) Version/4.0 Chrome/57.0.2987.108 Mobile Safari/537.36"
123.6.49.47 - - [19/Apr/2025:15:01:10 -0400] "GET /wp-content/themes/vapor/css/ms-style/masterslider.css HTTP/1.1" 200 2898 "http://vapecompany.com.bd/" "Mozilla/5.0 (Linux; Android 10; HUAWEI P30 Pro) AppleWebKit/537.36 (KHTML, like Gecko) Chrome/89.0.4389.105 Mobile Safari/537.36"
27.115.124.101 - - [19/Apr/2025:15:01:10 -0400] "GET /wp-content/themes/vapor/images/logo.png HTTP/1.1" 200 34702 "http://vapecompany.com.bd/" "Mozilla/5.0 (Linux; U; Android 8.1.0; zh-cn; MI 8 Build/OPM1.171019.011) AppleWebKit/537.36 (KHTML, like Gecko) Version/4.0 Chrome/57.0.2987.108 Mobile Safari/537.36"
27.115.124.70 - - [19/Apr/2025:15:01:10 -0400] "GET /wp-content/themes/vapor/css/ms-style/blank.gif HTTP/1.1" 200 43 "http://vapecompany.com.bd/" "Mozilla/5.0 (Linux; U; Android 8.1.0; zh-cn; MI 8 Build/OPM1.171019.011) AppleWebKit/537.36 (KHTML, like Gecko) Version/4.0 Chrome/57.0.2987.108 Mobile Safari/537.36"
123.6.49.12 - - [19/Apr/2025:15:01:10 -0400] "GET /wp-content/themes/vapor/css/ms-style/ms-layers-style.css HTTP/1.1" 200 427 "http://vapecompany.com.bd/" "Mozilla/5.0 (Linux; Android 10; HUAWEI P30 Pro) AppleWebKit/537.36 (KHTML, like Gecko) Chrome/89.0.4389.105 Mobile Safari/537.36"
27.115.124.45 - - [19/Apr/2025:15:01:10 -0400] "GET /wp-content/themes/vapor/js/jquery.prettyPhoto.js HTTP/1.1" 200 5940 "http://vapecompany.com.bd/" "Mozilla/5.0 (Linux; U; Android 8.1.0; zh-cn; MI 8 Build/OPM1.171019.011) AppleWebKit/537.36 (KHTML, like Gecko) Version/4.0 Chrome/57.0.2987.108 Mobile Safari/537.36"
123.6.49.18 - - [19/Apr/2025:15:01:10 -0400] "GET /wp-content/themes/vapor/css/ms-skins/light-3/style.css HTTP/1.1" 200 1029 "http://vapecompany.com.bd/" "Mozilla/5.0 (Linux; Android 10; HUAWEI P30 Pro) AppleWebKit/537.36 (KHTML, like Gecko) Chrome/89.0.4389.105 Mobile Safari/537.36"
27.115.124.38 - - [19/Apr/2025:15:01:10 -0400] "GET /wp-content/themes/vapor/js/custom.js HTTP/1.1" 200 1120 "http://vapecompany.com.bd/" "Mozilla/5.0 (Linux; U; Android 8.1.0; zh-cn; MI 8 Build/OPM1.171019.011) AppleWebKit/537.36 (KHTML, like Gecko) Version/4.0 Chrome/57.0.2987.108 Mobile Safari/537.36"
123.6.49.50 - - [19/Apr/2025:15:01:10 -0400] "GET /wp-content/themes/vapor/css/ms-skins/black-2/style.css HTTP/1.1" 200 1277 "http://vapecompany.com.bd/" "Mozilla/5.0 (Linux; Android 10; HUAWEI P30 Pro) AppleWebKit/537.36 (KHTML, like Gecko) Chrome/89.0.4389.105 Mobile Safari/537.36"
27.115.124.101 - - [19/Apr/2025:15:01:10 -0400] "GET /wp-content/plugins/gs-logo-slider/gsl-files/js/gs-logo-custom.js?ver=1.8.15 HTTP/1.1" 200 142 "http://vapecompany.com.bd/" "Mozilla/5.0 (Linux; Android 11; CPH2185) AppleWebKit/537.36 (KHTML, like Gecko) Chrome/91.0.4472.101 Mobile Safari/537.36"
123.6.49.44 - - [19/Apr/2025:15:01:10 -0400] "GET /wp-content/themes/vapor/css/loader.css HTTP/1.1" 200 825 "http://vapecompany.com.bd/" "Mozilla/5.0 (Linux; Android 10; HUAWEI P30 Pro) AppleWebKit/537.36 (KHTML, like Gecko) Chrome/89.0.4389.105 Mobile Safari/537.36"
123.6.49.18 - - [19/Apr/2025:15:01:10 -0400] "GET /wp-content/themes/vapor/css/styles.css HTTP/1.1" 200 8232 "http://vapecompany.com.bd/" "Mozilla/5.0 (Linux; Android 10; HUAWEI P30 Pro) AppleWebKit/537.36 (KHTML, like Gecko) Chrome/89.0.4389.105 Mobile Safari/537.36"
123.6.49.47 - - [19/Apr/2025:15:01:10 -0400] "GET /wp-content/themes/vapor/css/responsive.css HTTP/1.1" 200 1892 "http://vapecompany.com.bd/" "Mozilla/5.0 (Linux; Android 10; HUAWEI P30 Pro) AppleWebKit/537.36 (KHTML, like Gecko) Chrome/89.0.4389.105 Mobile Safari/537.36"
27.115.124.70 - - [19/Apr/2025:15:01:10 -0400] "GET /wp-content/plugins/owl-carousel-wp/vendors/owl-carousel/owl.carousel.min.js?ver=1 HTTP/1.1" 200 10522 "http://vapecompany.com.bd/" "Mozilla/5.0 (Linux; Android 11; CPH2185) AppleWebKit/537.36 (KHTML, like Gecko) Chrome/91.0.4472.101 Mobile Safari/537.36"
27.115.124.38 - - [19/Apr/2025:15:01:10 -0400] "GET /wp-content/plugins/wordpress-popup/inc/external/wpmu-lib/js/wpmu-ui.3.min.js?ver=4.5.32 HTTP/1.1" 200 7964 "http://vapecompany.com.bd/" "Mozilla/5.0 (Linux; Android 11; CPH2185) AppleWebKit/537.36 (KHTML, like Gecko) Chrome/91.0.4472.101 Mobile Safari/537.36"
27.115.124.101 - - [19/Apr/2025:15:01:10 -0400] "GET /wp-content/plugins/wordpress-popup/js/public.min.js?ver=4.5.32 HTTP/1.1" 200 3260 "http://vapecompany.com.bd/" "Mozilla/5.0 (Linux; Android 11; CPH2185) AppleWebKit/537.36 (KHTML, like Gecko) Chrome/91.0.4472.101 Mobile Safari/537.36"
123.6.49.12 - - [19/Apr/2025:15:01:10 -0400] "GET /wp-content/plugins/show-ip-address/css/style-show-ip-address.css?ver=all HTTP/1.1" 200 157 "http://vapecompany.com.bd/" "Mozilla/5.0 (Linux; Android 10; HUAWEI P30 Pro) AppleWebKit/537.36 (KHTML, like Gecko) Chrome/89.0.4389.105 Mobile Safari/537.36"
27.115.124.70 - - [19/Apr/2025:15:01:10 -0400] "GET /wp-content/plugins/gs-logo-slider/gsl-files/js/jquery.bxslider.min.js?ver=1.8.15 HTTP/1.1" 200 15340 "http://vapecompany.com.bd/" "Mozilla/5.0 (Linux; U; Android 8.1.0; zh-cn; MI 8 Build/OPM1.171019.011) AppleWebKit/537.36 (KHTML, like Gecko) Version/4.0 Chrome/57.0.2987.108 Mobile Safari/537.36"
27.115.124.70 - - [19/Apr/2025:15:01:10 -0400] "GET /wp-content/plugins/gs-logo-slider/gsl-files/js/jquery.easing.1.3.js?ver=1.8.15 HTTP/1.1" 200 2001 "http://vapecompany.com.bd/" "Mozilla/5.0 (Linux; U; Android 8.1.0; zh-cn; MI 8 Build/OPM1.171019.011) AppleWebKit/537.36 (KHTML, like Gecko) Version/4.0 Chrome/57.0.2987.108 Mobile Safari/537.36"
123.6.49.18 - - [19/Apr/2025:15:01:10 -0400] "GET /wp-content/plugins/gs-logo-slider/gsl-files/css/jquery.bxslider.css?ver=1.8.15 HTTP/1.1" 200 1487 "http://vapecompany.com.bd/" "Mozilla/5.0 (Linux; Android 10; HUAWEI P30 Pro) AppleWebKit/537.36 (KHTML, like Gecko) Chrome/89.0.4389.105 Mobile Safari/537.36"
123.6.49.50 - - [19/Apr/2025:15:01:10 -0400] "GET /wp-content/plugins/gs-logo-slider/gsl-files/css/gs-main.css?ver=1.8.15 HTTP/1.1" 200 1323 "http://vapecompany.com.bd/" "Mozilla/5.0 (Linux; Android 10; HUAWEI P30 Pro) AppleWebKit/537.36 (KHTML, like Gecko) Chrome/89.0.4389.105 Mobile Safari/537.36"
27.115.124.38 - - [19/Apr/2025:15:01:10 -0400] "GET /wp-content/plugins/gs-logo-slider/gsl-files/js/gs-logo-custom.js?ver=1.8.15 HTTP/1.1" 200 142 "http://vapecompany.com.bd/" "Mozilla/5.0 (Linux; U; Android 8.1.0; zh-cn; MI 8 Build/OPM1.171019.011) AppleWebKit/537.36 (KHTML, like Gecko) Version/4.0 Chrome/57.0.2987.108 Mobile Safari/537.36"
27.115.124.45 - - [19/Apr/2025:15:01:10 -0400] "GET /wp-content/plugins/owl-carousel-wp/vendors/owl-carousel/owl.carousel.min.js?ver=1 HTTP/1.1" 200 10522 "http://vapecompany.com.bd/" "Mozilla/5.0 (Linux; U; Android 8.1.0; zh-cn; MI 8 Build/OPM1.171019.011) AppleWebKit/537.36 (KHTML, like Gecko) Version/4.0 Chrome/57.0.2987.108 Mobile Safari/537.36"
27.115.124.101 - - [19/Apr/2025:15:01:10 -0400] "GET /wp-includes/js/wp-embed.min.js?ver=4.5.32 HTTP/1.1" 200 771 "http://vapecompany.com.bd/" "Mozilla/5.0 (Linux; Android 11; CPH2185) AppleWebKit/537.36 (KHTML, like Gecko) Chrome/91.0.4472.101 Mobile Safari/537.36"
123.6.49.47 - - [19/Apr/2025:15:01:10 -0400] "GET /wp-content/plugins/owl-carousel-wp/vendors/owl-carousel/assets/owl.carousel.min.css?ver=4.5.32 HTTP/1.1" 200 923 "http://vapecompany.com.bd/" "Mozilla/5.0 (Linux; Android 10; HUAWEI P30 Pro) AppleWebKit/537.36 (KHTML, like Gecko) Chrome/89.0.4389.105 Mobile Safari/537.36"
27.115.124.70 - - [19/Apr/2025:15:01:10 -0400] "GET /wp-content/themes/vapor/images/flavors.png HTTP/1.1" 200 2000 "http://vapecompany.com.bd/" "Mozilla/5.0 (Linux; Android 11; CPH2185) AppleWebKit/537.36 (KHTML, like Gecko) Chrome/91.0.4472.101 Mobile Safari/537.36"
123.6.49.12 - - [19/Apr/2025:15:01:10 -0400] "GET /wp-content/plugins/owl-carousel-wp/vendors/custom/style.custom.css?ver=4.5.32 HTTP/1.1" 200 480 "http://vapecompany.com.bd/" "Mozilla/5.0 (Linux; Android 10; HUAWEI P30 Pro) AppleWebKit/537.36 (KHTML, like Gecko) Chrome/89.0.4389.105 Mobile Safari/537.36"
27.115.124.38 - - [19/Apr/2025:15:01:10 -0400] "GET /wp-content/themes/vapor/images/template.png HTTP/1.1" 200 160798 "http://vapecompany.com.bd/" "Mozilla/5.0 (Linux; Android 11; CPH2185) AppleWebKit/537.36 (KHTML, like Gecko) Chrome/91.0.4472.101 Mobile Safari/537.36"
27.115.124.101 - - [19/Apr/2025:15:01:10 -0400] "GET /wp-content/themes/vapor/images/girl-img.png HTTP/1.1" 200 191141 "http://vapecompany.com.bd/" "Mozilla/5.0 (Linux; Android 11; CPH2185) AppleWebKit/537.36 (KHTML, like Gecko) Chrome/91.0.4472.101 Mobile Safari/537.36"
27.115.124.70 - - [19/Apr/2025:15:01:10 -0400] "GET /wp-content/plugins/wordpress-popup/inc/external/wpmu-lib/js/wpmu-ui.3.min.js?ver=4.5.32 HTTP/1.1" 200 7964 "http://vapecompany.com.bd/" "Mozilla/5.0 (Linux; U; Android 8.1.0; zh-cn; MI 8 Build/OPM1.171019.011) AppleWebKit/537.36 (KHTML, like Gecko) Version/4.0 Chrome/57.0.2987.108 Mobile Safari/537.36"
123.6.49.44 - - [19/Apr/2025:15:01:10 -0400] "GET /wp-content/plugins/wordpress-popup/inc/external/wpmu-lib/css/wpmu-ui.3.min.css?ver=4.5.32 HTTP/1.1" 200 4657 "http://vapecompany.com.bd/" "Mozilla/5.0 (Linux; Android 10; HUAWEI P30 Pro) AppleWebKit/537.36 (KHTML, like Gecko) Chrome/89.0.4389.105 Mobile Safari/537.36"
27.115.124.70 - - [19/Apr/2025:15:01:10 -0400] "GET /wp-content/plugins/wordpress-popup/js/public.min.js?ver=4.5.32 HTTP/1.1" 200 3260 "http://vapecompany.com.bd/" "Mozilla/5.0 (Linux; U; Android 8.1.0; zh-cn; MI 8 Build/OPM1.171019.011) AppleWebKit/537.36 (KHTML, like Gecko) Version/4.0 Chrome/57.0.2987.108 Mobile Safari/537.36"
123.6.49.18 - - [19/Apr/2025:15:01:10 -0400] "GET /wp-content/plugins/wordpress-popup/inc/external/wpmu-lib/css/animate.3.min.css?ver=4.5.32 HTTP/1.1" 200 4018 "http://vapecompany.com.bd/" "Mozilla/5.0 (Linux; Android 10; HUAWEI P30 Pro) AppleWebKit/537.36 (KHTML, like Gecko) Chrome/89.0.4389.105 Mobile Safari/537.36"
123.6.49.18 - - [19/Apr/2025:15:01:11 -0400] "GET /wp-includes/js/jquery/jquery.js?ver=1.12.4 HTTP/1.1" 200 33776 "http://vapecompany.com.bd/" "Mozilla/5.0 (Linux; Android 10; HUAWEI P30 Pro) AppleWebKit/537.36 (KHTML, like Gecko) Chrome/89.0.4389.105 Mobile Safari/537.36"
123.6.49.50 - - [19/Apr/2025:15:01:11 -0400] "GET /wp-includes/js/jquery/jquery-migrate.min.js?ver=1.4.1 HTTP/1.1" 200 4014 "http://vapecompany.com.bd/" "Mozilla/5.0 (Linux; Android 10; HUAWEI P30 Pro) AppleWebKit/537.36 (KHTML, like Gecko) Chrome/89.0.4389.105 Mobile Safari/537.36"
27.115.124.45 - - [19/Apr/2025:15:01:11 -0400] "GET /wp-includes/js/wp-embed.min.js?ver=4.5.32 HTTP/1.1" 200 771 "http://vapecompany.com.bd/" "Mozilla/5.0 (Linux; U; Android 8.1.0; zh-cn; MI 8 Build/OPM1.171019.011) AppleWebKit/537.36 (KHTML, like Gecko) Version/4.0 Chrome/57.0.2987.108 Mobile Safari/537.36"
27.115.124.38 - - [19/Apr/2025:15:01:11 -0400] "GET /wp-content/themes/vapor/images/flavors.png HTTP/1.1" 200 2000 "http://vapecompany.com.bd/" "Mozilla/5.0 (Linux; U; Android 8.1.0; zh-cn; MI 8 Build/OPM1.171019.011) AppleWebKit/537.36 (KHTML, like Gecko) Version/4.0 Chrome/57.0.2987.108 Mobile Safari/537.36"
27.115.124.101 - - [19/Apr/2025:15:01:11 -0400] "GET /wp-content/themes/vapor/images/footer-gal-1.jpg HTTP/1.1" 200 21689 "http://vapecompany.com.bd/" "Mozilla/5.0 (Linux; Android 11; CPH2185) AppleWebKit/537.36 (KHTML, like Gecko) Chrome/91.0.4472.101 Mobile Safari/537.36"
27.115.124.70 - - [19/Apr/2025:15:01:11 -0400] "GET /wp-content/themes/vapor/images/footer-gal-2.jpg HTTP/1.1" 200 21141 "http://vapecompany.com.bd/" "Mozilla/5.0 (Linux; Android 11; CPH2185) AppleWebKit/537.36 (KHTML, like Gecko) Chrome/91.0.4472.101 Mobile Safari/537.36"
27.115.124.6 - - [19/Apr/2025:15:01:10 -0400] "GET /product/ HTTP/1.1" 200 16159 "http://vapecompany.com.bd/" "Mozilla/5.0 (Linux; U; Android 8.1.0; zh-cn; MI 8 Build/OPM1.171019.011) AppleWebKit/537.36 (KHTML, like Gecko) Version/4.0 Chrome/57.0.2987.108 Mobile Safari/537.36"
27.115.124.70 - - [19/Apr/2025:15:01:11 -0400] "GET /wp-content/themes/vapor/images/template.png HTTP/1.1" 200 160798 "http://vapecompany.com.bd/" "Mozilla/5.0 (Linux; U; Android 8.1.0; zh-cn; MI 8 Build/OPM1.171019.011) AppleWebKit/537.36 (KHTML, like Gecko) Version/4.0 Chrome/57.0.2987.108 Mobile Safari/537.36"
27.115.124.70 - - [19/Apr/2025:15:01:11 -0400] "GET /wp-content/themes/vapor/images/girl-img.png HTTP/1.1" 200 191141 "http://vapecompany.com.bd/" "Mozilla/5.0 (Linux; U; Android 8.1.0; zh-cn; MI 8 Build/OPM1.171019.011) AppleWebKit/537.36 (KHTML, like Gecko) Version/4.0 Chrome/57.0.2987.108 Mobile Safari/537.36"
123.6.49.44 - - [19/Apr/2025:15:01:11 -0400] "GET /wp-content/themes/vapor/js/wow.min.js HTTP/1.1" 200 2447 "http://vapecompany.com.bd/" "Mozilla/5.0 (Linux; Android 10; HUAWEI P30 Pro) AppleWebKit/537.36 (KHTML, like Gecko) Chrome/89.0.4389.105 Mobile Safari/537.36"
27.115.124.45 - - [19/Apr/2025:15:01:11 -0400] "GET /wp-content/themes/vapor/images/footer-gal-1.jpg HTTP/1.1" 200 21689 "http://vapecompany.com.bd/" "Mozilla/5.0 (Linux; U; Android 8.1.0; zh-cn; MI 8 Build/OPM1.171019.011) AppleWebKit/537.36 (KHTML, like Gecko) Version/4.0 Chrome/57.0.2987.108 Mobile Safari/537.36"
27.115.124.38 - - [19/Apr/2025:15:01:11 -0400] "GET /wp-content/themes/vapor/images/footer-gal-2.jpg HTTP/1.1" 200 21141 "http://vapecompany.com.bd/" "Mozilla/5.0 (Linux; U; Android 8.1.0; zh-cn; MI 8 Build/OPM1.171019.011) AppleWebKit/537.36 (KHTML, like Gecko) Version/4.0 Chrome/57.0.2987.108 Mobile Safari/537.36"
27.115.124.70 - - [19/Apr/2025:15:01:11 -0400] "GET /wp-content/themes/vapor/images/footer-gal-3.jpg HTTP/1.1" 200 23604 "http://vapecompany.com.bd/" "Mozilla/5.0 (Linux; Android 11; CPH2185) AppleWebKit/537.36 (KHTML, like Gecko) Chrome/91.0.4472.101 Mobile Safari/537.36"
27.115.124.45 - - [19/Apr/2025:15:01:11 -0400] "GET /wp-content/themes/vapor/images/footer-gal-3.jpg HTTP/1.1" 200 23604 "http://vapecompany.com.bd/" "Mozilla/5.0 (Linux; U; Android 8.1.0; zh-cn; MI 8 Build/OPM1.171019.011) AppleWebKit/537.36 (KHTML, like Gecko) Version/4.0 Chrome/57.0.2987.108 Mobile Safari/537.36"
27.115.124.45 - - [19/Apr/2025:15:01:11 -0400] "GET /wp-content/themes/vapor/images/footer-gal-4.jpg HTTP/1.1" 200 15923 "http://vapecompany.com.bd/" "Mozilla/5.0 (Linux; Android 11; CPH2185) AppleWebKit/537.36 (KHTML, like Gecko) Chrome/91.0.4472.101 Mobile Safari/537.36"
27.115.124.101 - - [19/Apr/2025:15:01:11 -0400] "GET /wp-content/themes/vapor/images/footer-gal-4.jpg HTTP/1.1" 200 15923 "http://vapecompany.com.bd/" "Mozilla/5.0 (Linux; U; Android 8.1.0; zh-cn; MI 8 Build/OPM1.171019.011) AppleWebKit/537.36 (KHTML, like Gecko) Version/4.0 Chrome/57.0.2987.108 Mobile Safari/537.36"
27.115.124.101 - - [19/Apr/2025:15:01:11 -0400] "GET /wp-content/themes/vapor/images/footer-gal-5.jpg HTTP/1.1" 200 23951 "http://vapecompany.com.bd/" "Mozilla/5.0 (Linux; Android 11; CPH2185) AppleWebKit/537.36 (KHTML, like Gecko) Chrome/91.0.4472.101 Mobile Safari/537.36"
27.115.124.70 - - [19/Apr/2025:15:01:11 -0400] "GET /wp-content/themes/vapor/images/footer-gal-6.jpg HTTP/1.1" 200 23773 "http://vapecompany.com.bd/" "Mozilla/5.0 (Linux; Android 11; CPH2185) AppleWebKit/537.36 (KHTML, like Gecko) Chrome/91.0.4472.101 Mobile Safari/537.36"
27.115.124.101 - - [19/Apr/2025:15:01:11 -0400] "GET /wp-content/themes/vapor/images/footer-gal-7.jpg HTTP/1.1" 200 15905 "http://vapecompany.com.bd/" "Mozilla/5.0 (Linux; Android 11; CPH2185) AppleWebKit/537.36 (KHTML, like Gecko) Chrome/91.0.4472.101 Mobile Safari/537.36"
27.115.124.45 - - [19/Apr/2025:15:01:11 -0400] "GET /wp-content/themes/vapor/images/footer-gal-5.jpg HTTP/1.1" 200 23951 "http://vapecompany.com.bd/" "Mozilla/5.0 (Linux; U; Android 8.1.0; zh-cn; MI 8 Build/OPM1.171019.011) AppleWebKit/537.36 (KHTML, like Gecko) Version/4.0 Chrome/57.0.2987.108 Mobile Safari/537.36"
27.115.124.38 - - [19/Apr/2025:15:01:11 -0400] "GET /wp-content/themes/vapor/images/footer-gal-6.jpg HTTP/1.1" 200 23773 "http://vapecompany.com.bd/" "Mozilla/5.0 (Linux; U; Android 8.1.0; zh-cn; MI 8 Build/OPM1.171019.011) AppleWebKit/537.36 (KHTML, like Gecko) Version/4.0 Chrome/57.0.2987.108 Mobile Safari/537.36"
123.6.49.44 - - [19/Apr/2025:15:01:11 -0400] "GET /wp-content/themes/vapor/js/jquery-1.11.1.min.js HTTP/1.1" 200 33225 "http://vapecompany.com.bd/" "Mozilla/5.0 (Linux; Android 10; HUAWEI P30 Pro) AppleWebKit/537.36 (KHTML, like Gecko) Chrome/89.0.4389.105 Mobile Safari/537.36"
27.115.124.70 - - [19/Apr/2025:15:01:11 -0400] "GET /wp-content/themes/vapor/images/footer-gal-8.jpg HTTP/1.1" 200 16678 "http://vapecompany.com.bd/" "Mozilla/5.0 (Linux; Android 11; CPH2185) AppleWebKit/537.36 (KHTML, like Gecko) Chrome/91.0.4472.101 Mobile Safari/537.36"
27.115.124.101 - - [19/Apr/2025:15:01:11 -0400] "GET /wp-content/themes/vapor/images/footer-gal-8.jpg HTTP/1.1" 200 16678 "http://vapecompany.com.bd/" "Mozilla/5.0 (Linux; U; Android 8.1.0; zh-cn; MI 8 Build/OPM1.171019.011) AppleWebKit/537.36 (KHTML, like Gecko) Version/4.0 Chrome/57.0.2987.108 Mobile Safari/537.36"
27.115.124.6 - - [19/Apr/2025:15:01:11 -0400] "GET /product/wp-includes/css/dist/block-library/style.min.css?ver=5.6.14 HTTP/1.1" 200 7849 "https://vapecompany.com.bd/product/" "Mozilla/5.0 (Linux; U; Android 8.1.0; zh-cn; MI 8 Build/OPM1.171019.011) AppleWebKit/537.36 (KHTML, like Gecko) Version/4.0 Chrome/57.0.2987.108 Mobile Safari/537.36"
27.115.124.6 - - [19/Apr/2025:15:01:11 -0400] "GET /product/wp-content/plugins/wd_shortcode/css/shortcode.css?ver=5.6.14 HTTP/1.1" 200 20236 "https://vapecompany.com.bd/product/" "Mozilla/5.0 (Linux; U; Android 8.1.0; zh-cn; MI 8 Build/OPM1.171019.011) AppleWebKit/537.36 (KHTML, like Gecko) Version/4.0 Chrome/57.0.2987.108 Mobile Safari/537.36"
27.115.124.45 - - [19/Apr/2025:15:01:11 -0400] "GET /wp-content/themes/vapor/images/footer-gal-7.jpg HTTP/1.1" 200 15905 "http://vapecompany.com.bd/" "Mozilla/5.0 (Linux; U; Android 8.1.0; zh-cn; MI 8 Build/OPM1.171019.011) AppleWebKit/537.36 (KHTML, like Gecko) Version/4.0 Chrome/57.0.2987.108 Mobile Safari/537.36"
