216.244.66.234 - - [27/Dec/2024:20:09:31 -0500] "GET /product/?post_type=product&add_to_wishlist=7815&paged=35 HTTP/1.1" 200 175133 "-" "Mozilla/5.0 (compatible; DotBot/1.2; +https://opensiteexplorer.org/dotbot; help@moz.com)"
216.244.66.234 - - [27/Dec/2024:20:09:40 -0500] "GET /product/?product_cat=eleaf-istick&add_to_wishlist=10017&paged=1 HTTP/1.1" 200 173948 "-" "Mozilla/5.0 (compatible; DotBot/1.2; +https://opensiteexplorer.org/dotbot; help@moz.com)"
216.244.66.234 - - [27/Dec/2024:20:15:27 -0500] "GET /product/?post_type=product&add_to_wishlist=4749&paged=50 HTTP/1.1" 200 162291 "-" "Mozilla/5.0 (compatible; DotBot/1.2; +https://opensiteexplorer.org/dotbot; help@moz.com)"
198.54.115.140 - - [27/Dec/2024:20:17:06 -0500] "POST /product/wp-cron.php?doing_wp_cron=1735348626.1604430675506591796875 HTTP/1.1" 200 - "http://vapecompany.com.bd/product/wp-cron.php?doing_wp_cron=1735348626.1604430675506591796875" "WordPress/5.6.14; https://vapecompany.com.bd/product"
172.241.94.121 - - [27/Dec/2024:20:17:04 -0500] "GET /product/?product_cat=starter-kits HTTP/1.1" 200 17552 "-" "Mozilla/5.0 (X11; Linux x86_64) AppleWebKit/537.36 (KHTML, like Gecko) Chrome/114.0.0.0 Safari/537.36"
172.241.94.121 - - [27/Dec/2024:20:17:08 -0500] "GET /product/wp-content/plugins/contact-form-7/includes/js/jquery.form.min.js?ver=3.51.0-2014.06.20 HTTP/1.1" 200 5860 "http://vapecompany.com.bd/product/?product_cat=starter-kits" "Mozilla/5.0 (X11; Linux x86_64) AppleWebKit/537.36 (KHTML, like Gecko) Chrome/114.0.0.0 Safari/537.36"
172.241.94.121 - - [27/Dec/2024:20:17:10 -0500] "GET /product/wp-content/plugins/contact-form-7/includes/js/jquery.form.min.js?ver=3.51.0-2014.06.20 HTTP/1.1" 200 5860 "-" "Mozilla/5.0 (X11; Linux x86_64) AppleWebKit/537.36 (KHTML, like Gecko) Chrome/114.0.0.0 Safari/537.36"
172.241.94.121 - - [27/Dec/2024:20:17:12 -0500] "POST /product/?product_cat=starter-kits HTTP/1.1" 200 18024 "http://vapecompany.com.bd/product/?product_cat=starter-kits" "Mozilla/5.0 (X11; Linux x86_64) AppleWebKit/537.36 (KHTML, like Gecko) Chrome/114.0.0.0 Safari/537.36"
192.99.147.118 - - [27/Dec/2024:20:31:19 -0500] "GET / HTTP/1.1" 200 10859 "-" "Mozilla/5.0 (Macintosh; Intel Mac OS X 10_15_7) AppleWebKit/537.36 (KHTML, like Gecko) Chrome/109.0.0.0 Safari/537.36"
66.249.79.161 - - [27/Dec/2024:20:32:59 -0500] "GET /wp-content/uploads/2017/02/IM5D0556-1.jpg HTTP/1.1" 304 - "-" "Googlebot-Image/1.0"
95.108.213.99 - - [27/Dec/2024:20:36:18 -0500] "GET /robots.txt HTTP/1.1" 200 67 "-" "Mozilla/5.0 (compatible; YandexBot/3.0; +http://yandex.com/bots)"
213.180.203.60 - - [27/Dec/2024:20:36:19 -0500] "GET /product/?product=halo-cool-mist-50ml&lost-password HTTP/1.1" 200 16889 "-" "Mozilla/5.0 (compatible; YandexBot/3.0; +http://yandex.com/bots)"
40.77.167.58 - - [27/Dec/2024:20:37:27 -0500] "GET /product/ HTTP/1.1" 200 16327 "-" "Mozilla/5.0 AppleWebKit/537.36 (KHTML, like Gecko; compatible; bingbot/2.0; +http://www.bing.com/bingbot.htm) Chrome/116.0.1938.76 Safari/537.36"
216.244.66.234 - - [27/Dec/2024:20:39:32 -0500] "GET /robots.txt HTTP/1.1" 200 67 "-" "Mozilla/5.0 (compatible; DotBot/1.2; +https://opensiteexplorer.org/dotbot; help@moz.com)"
173.252.83.7 - - [27/Dec/2024:20:42:40 -0500] "GET /product/wp-content/uploads/2019/03/Apollo-Mango-2_opt-210x210.jpg HTTP/1.1" 404 25964 "-" "meta-externalagent/1.1 (+https://developers.facebook.com/docs/sharing/webmasters/crawler)"
66.249.79.163 - - [27/Dec/2024:20:48:24 -0500] "GET /product HTTP/1.1" 301 242 "-" "Mozilla/5.0 (compatible; Googlebot/2.1; +http://www.google.com/bot.html)"
198.54.115.140 - - [27/Dec/2024:20:48:27 -0500] "POST /product/wp-cron.php?doing_wp_cron=1735350507.4386289119720458984375 HTTP/1.1" 200 - "http://vapecompany.com.bd/product/wp-cron.php?doing_wp_cron=1735350507.4386289119720458984375" "WordPress/5.6.14; https://vapecompany.com.bd/product"
66.249.79.162 - - [27/Dec/2024:20:48:26 -0500] "GET /product/ HTTP/1.1" 200 16323 "-" "Mozilla/5.0 (compatible; Googlebot/2.1; +http://www.google.com/bot.html)"
66.249.79.161 - - [27/Dec/2024:20:48:32 -0500] "GET /product/wp-includes/js/jquery/jquery-migrate.min.js?ver=3.3.2 HTTP/1.1" 200 4169 "http://vapecompany.com.bd/product/" "Mozilla/5.0 AppleWebKit/537.36 (KHTML, like Gecko; compatible; Googlebot/2.1; +http://www.google.com/bot.html) Chrome/131.0.6778.139 Safari/537.36"
66.249.79.161 - - [27/Dec/2024:20:48:43 -0500] "POST /product/wp-admin/admin-ajax.php HTTP/1.1" 200 275 "http://vapecompany.com.bd/product/" "Mozilla/5.0 AppleWebKit/537.36 (KHTML, like Gecko; compatible; Googlebot/2.1; +http://www.google.com/bot.html) Chrome/131.0.6778.139 Safari/537.36"
40.77.167.65 - - [27/Dec/2024:20:50:38 -0500] "GET /product/wp-content/uploads/2018/09/Aspire-Nautilus-AIO-1_opt-210x210.jpg HTTP/1.1" 200 6876 "-" "Mozilla/5.0 AppleWebKit/537.36 (KHTML, like Gecko; compatible; bingbot/2.0; +http://www.bing.com/bingbot.htm) Chrome/116.0.1938.76 Safari/537.36"
216.244.66.234 - - [27/Dec/2024:20:52:09 -0500] "GET /product/?post_type=product&add_to_wishlist=9659&paged=2 HTTP/1.1" 200 175687 "-" "Mozilla/5.0 (compatible; DotBot/1.2; +https://opensiteexplorer.org/dotbot; help@moz.com)"
185.121.234.50 - - [27/Dec/2024:20:52:55 -0500] "GET / HTTP/1.0" 200 63571 "http://vapecompany.com.bd/" "Mozilla/5.0 (Windows NT 10.0; Win64; x64) AppleWebKit/537.36 (KHTML, like Gecko) Chrome/125.0.0.0 Safari/537.36"
185.121.234.50 - - [27/Dec/2024:20:52:55 -0500] "POST /wp-content/themes/vapor/sendcontact.php HTTP/1.0" 200 778 "http://vapecompany.com.bd/" "Mozilla/5.0 (Windows NT 10.0; Win64; x64) AppleWebKit/537.36 (KHTML, like Gecko) Chrome/125.0.0.0 Safari/537.36"
185.121.234.50 - - [27/Dec/2024:20:52:56 -0500] "GET / HTTP/1.0" 200 63571 "http://vapecompany.com.bd/" "Mozilla/5.0 (Windows NT 10.0; Win64; x64) AppleWebKit/537.36 (KHTML, like Gecko) Chrome/125.0.0.0 Safari/537.36"
216.244.66.234 - - [27/Dec/2024:20:54:06 -0500] "GET /product/?feed=rss2&p=8005 HTTP/1.1" 301 - "-" "Mozilla/5.0 (compatible; DotBot/1.2; +https://opensiteexplorer.org/dotbot; help@moz.com)"
216.244.66.234 - - [27/Dec/2024:20:54:12 -0500] "GET /product/?post_type=product&add_to_wishlist=7095&paged=37 HTTP/1.1" 200 171939 "-" "Mozilla/5.0 (compatible; DotBot/1.2; +https://opensiteexplorer.org/dotbot; help@moz.com)"
216.244.66.234 - - [27/Dec/2024:20:54:26 -0500] "GET /product/?post_type=product&add_to_wishlist=8168&paged=48 HTTP/1.1" 200 176198 "-" "Mozilla/5.0 (compatible; DotBot/1.2; +https://opensiteexplorer.org/dotbot; help@moz.com)"
216.244.66.234 - - [27/Dec/2024:20:54:41 -0500] "GET /product/?post_type=product&add_to_wishlist=8335&paged=34 HTTP/1.1" 200 176431 "-" "Mozilla/5.0 (compatible; DotBot/1.2; +https://opensiteexplorer.org/dotbot; help@moz.com)"
216.244.66.234 - - [27/Dec/2024:20:54:51 -0500] "GET /product/?post_type=product&add_to_wishlist=8727&paged=3 HTTP/1.1" 200 170340 "-" "Mozilla/5.0 (compatible; DotBot/1.2; +https://opensiteexplorer.org/dotbot; help@moz.com)"
216.244.66.234 - - [27/Dec/2024:20:55:00 -0500] "GET /product/?product_cat=gold-leaf-salts&lost-password HTTP/1.1" 200 97309 "-" "Mozilla/5.0 (compatible; DotBot/1.2; +https://opensiteexplorer.org/dotbot; help@moz.com)"
20.171.207.218 - - [27/Dec/2024:20:57:28 -0500] "GET /robots.txt HTTP/1.1" 200 69 "-" "Mozilla/5.0 AppleWebKit/537.36 (KHTML, like Gecko; compatible; GPTBot/1.2; +https://openai.com/gptbot)"
216.244.66.234 - - [27/Dec/2024:20:58:17 -0500] "GET /product/?post_type=product&add_to_wishlist=8976&paged=39 HTTP/1.1" 200 172739 "-" "Mozilla/5.0 (compatible; DotBot/1.2; +https://opensiteexplorer.org/dotbot; help@moz.com)"
216.244.66.234 - - [27/Dec/2024:20:58:23 -0500] "GET /product/?post_type=product&add_to_wishlist=9310&paged=3 HTTP/1.1" 200 170344 "-" "Mozilla/5.0 (compatible; DotBot/1.2; +https://opensiteexplorer.org/dotbot; help@moz.com)"
4.227.36.113 - - [27/Dec/2024:20:58:28 -0500] "GET /product/?add_to_wishlist=4666&paged=2&post_type=product&s=S HTTP/1.1" 200 22036 "-" "Mozilla/5.0 AppleWebKit/537.36 (KHTML, like Gecko; compatible; GPTBot/1.2; +https://openai.com/gptbot)"
216.244.66.234 - - [27/Dec/2024:20:58:29 -0500] "GET /product/?post_type=product&add_to_wishlist=9654&paged=30 HTTP/1.1" 200 179618 "-" "Mozilla/5.0 (compatible; DotBot/1.2; +https://opensiteexplorer.org/dotbot; help@moz.com)"
216.244.66.234 - - [27/Dec/2024:20:58:34 -0500] "GET /product/?post_type=product&paged=38&add_to_wishlist=4834 HTTP/1.1" 200 174722 "-" "Mozilla/5.0 (compatible; DotBot/1.2; +https://opensiteexplorer.org/dotbot; help@moz.com)"
216.244.66.234 - - [27/Dec/2024:20:58:38 -0500] "GET /product/?product_cat=diy-wire-rolls&paged=2 HTTP/1.1" 200 160376 "-" "Mozilla/5.0 (compatible; DotBot/1.2; +https://opensiteexplorer.org/dotbot; help@moz.com)"
216.244.66.234 - - [27/Dec/2024:20:58:45 -0500] "GET /product/?product_cat=eleaf-istick&add_to_wishlist=7577&paged=1 HTTP/1.1" 200 173943 "-" "Mozilla/5.0 (compatible; DotBot/1.2; +https://opensiteexplorer.org/dotbot; help@moz.com)"
216.244.66.234 - - [27/Dec/2024:21:05:21 -0500] "GET /product/?product_cat=6mg&paged=1&add_to_wishlist=11658 HTTP/1.1" 200 175689 "-" "Mozilla/5.0 (compatible; DotBot/1.2; +https://opensiteexplorer.org/dotbot; help@moz.com)"
66.249.79.161 - - [27/Dec/2024:21:07:51 -0500] "GET /robots.txt HTTP/1.1" 200 69 "-" "Mozilla/5.0 (compatible; Googlebot/2.1; +http://www.google.com/bot.html)"
66.249.79.162 - - [27/Dec/2024:21:07:51 -0500] "GET / HTTP/1.1" 200 10859 "-" "Mozilla/5.0 (compatible; Googlebot/2.1; +http://www.google.com/bot.html)"
52.167.144.197 - - [27/Dec/2024:21:14:54 -0500] "GET /product/wp-content/uploads/2020/10/Geekvape-Aegis-Boost-Plus-Repl_opt.jpg HTTP/1.1" 200 11717 "-" "Mozilla/5.0 AppleWebKit/537.36 (KHTML, like Gecko; compatible; bingbot/2.0; +http://www.bing.com/bingbot.htm) Chrome/116.0.1938.76 Safari/537.36"
4.227.36.113 - - [27/Dec/2024:21:14:53 -0500] "GET /product/?add_to_wishlist=7019&paged=2&post_type=product&s=2 HTTP/1.1" 200 21826 "-" "Mozilla/5.0 AppleWebKit/537.36 (KHTML, like Gecko; compatible; GPTBot/1.2; +https://openai.com/gptbot)"
111.19.233.10 - - [27/Dec/2024:21:21:21 -0500] "GET /product/wp-content/uploads/2020/01/Vaporesso-SWAG-2-All-Colors_opt-210x210.jpg HTTP/1.1" 404 25977 "-" "Mozilla/5.0 (iPad; U; CPU OS 4_3_3 like Mac OS X; en-us) AppleWebKit/533.17.9 (KHTML, like Gecko) Version/5.0.2 Mobile/8J2 Safari/6533.18.5"
23.81.70.221 - - [27/Dec/2024:21:25:44 -0500] "GET /product/?product_cat=rda-rta-rdtas HTTP/1.1" 200 19836 "-" "Mozilla/5.0 (X11; Linux x86_64) AppleWebKit/537.36 (KHTML, like Gecko) Chrome/114.0.0.0 Safari/537.36"
23.81.70.221 - - [27/Dec/2024:21:25:48 -0500] "GET /product/wp-content/plugins/contact-form-7/includes/js/jquery.form.min.js?ver=3.51.0-2014.06.20 HTTP/1.1" 200 5860 "http://vapecompany.com.bd/product/?product_cat=rda-rta-rdtas" "Mozilla/5.0 (X11; Linux x86_64) AppleWebKit/537.36 (KHTML, like Gecko) Chrome/114.0.0.0 Safari/537.36"
23.81.70.221 - - [27/Dec/2024:21:25:50 -0500] "GET /product/wp-content/plugins/contact-form-7/includes/js/jquery.form.min.js?ver=3.51.0-2014.06.20 HTTP/1.1" 200 5860 "-" "Mozilla/5.0 (X11; Linux x86_64) AppleWebKit/537.36 (KHTML, like Gecko) Chrome/114.0.0.0 Safari/537.36"
4.227.36.113 - - [27/Dec/2024:21:25:49 -0500] "GET /product/?add_to_wishlist=11116&post_type=product&s=P HTTP/1.1" 200 21864 "-" "Mozilla/5.0 AppleWebKit/537.36 (KHTML, like Gecko; compatible; GPTBot/1.2; +https://openai.com/gptbot)"
23.81.70.221 - - [27/Dec/2024:21:25:52 -0500] "POST /product/?product_cat=rda-rta-rdtas HTTP/1.1" 200 20300 "http://vapecompany.com.bd/product/?product_cat=rda-rta-rdtas" "Mozilla/5.0 (X11; Linux x86_64) AppleWebKit/537.36 (KHTML, like Gecko) Chrome/114.0.0.0 Safari/537.36"
40.77.167.17 - - [27/Dec/2024:21:28:40 -0500] "GET /product/?product=eleaf-melo-4-ec2-0-3-ohm-coils HTTP/1.1" 200 17832 "-" "Mozilla/5.0 AppleWebKit/537.36 (KHTML, like Gecko; compatible; bingbot/2.0; +http://www.bing.com/bingbot.htm) Chrome/116.0.1938.76 Safari/537.36"
216.244.66.234 - - [27/Dec/2024:21:30:21 -0500] "GET /robots.txt HTTP/1.1" 200 67 "-" "Mozilla/5.0 (compatible; DotBot/1.2; +https://opensiteexplorer.org/dotbot; help@moz.com)"
52.167.144.163 - - [27/Dec/2024:21:34:26 -0500] "GET /product/wp-content/uploads/2017/04/Aspire-Nautilus-2-VAC-210x210.jpg HTTP/1.1" 200 28657 "-" "Mozilla/5.0 AppleWebKit/537.36 (KHTML, like Gecko; compatible; bingbot/2.0; +http://www.bing.com/bingbot.htm) Chrome/116.0.1938.76 Safari/537.36"
195.191.219.133 - - [27/Dec/2024:21:38:04 -0500] "GET /robots.txt HTTP/1.1" 200 67 "-" "Mozilla/5.0 (compatible; MJ12bot/v1.4.8; http://mj12bot.com/)"
195.191.219.133 - - [27/Dec/2024:21:38:07 -0500] "GET / HTTP/1.1" 200 10859 "-" "Mozilla/5.0 (compatible; MJ12bot/v1.4.8; http://mj12bot.com/)"
216.244.66.234 - - [27/Dec/2024:21:40:30 -0500] "GET /product/?post_type=product&paged=20&add_to_wishlist=11994 HTTP/1.1" 200 173875 "-" "Mozilla/5.0 (compatible; DotBot/1.2; +https://opensiteexplorer.org/dotbot; help@moz.com)"
216.244.66.234 - - [27/Dec/2024:21:40:41 -0500] "GET /product/?post_type=product&paged=32&add_to_wishlist=11427 HTTP/1.1" 200 177020 "-" "Mozilla/5.0 (compatible; DotBot/1.2; +https://opensiteexplorer.org/dotbot; help@moz.com)"
40.77.167.71 - - [27/Dec/2024:21:42:33 -0500] "GET /product/wp-content/uploads/2019/02/Aspire-Nautilus-2S-Tank-400x400.jpg HTTP/1.1" 404 25969 "-" "Mozilla/5.0 AppleWebKit/537.36 (KHTML, like Gecko; compatible; bingbot/2.0; +http://www.bing.com/bingbot.htm) Chrome/116.0.1938.76 Safari/537.36"
216.244.66.234 - - [27/Dec/2024:21:45:02 -0500] "GET /product/?add_to_wishlist=10630 HTTP/1.1" 200 130487 "-" "Mozilla/5.0 (compatible; DotBot/1.2; +https://opensiteexplorer.org/dotbot; help@moz.com)"
216.244.66.234 - - [27/Dec/2024:21:45:21 -0500] "GET /product/?post_type=product&add_to_wishlist=4602&paged=1 HTTP/1.1" 200 171427 "-" "Mozilla/5.0 (compatible; DotBot/1.2; +https://opensiteexplorer.org/dotbot; help@moz.com)"
4.227.36.113 - - [27/Dec/2024:21:45:29 -0500] "GET /product/?add_to_wishlist=4742&post_type=product&s=P HTTP/1.1" 200 21863 "-" "Mozilla/5.0 AppleWebKit/537.36 (KHTML, like Gecko; compatible; GPTBot/1.2; +https://openai.com/gptbot)"
216.244.66.234 - - [27/Dec/2024:21:45:30 -0500] "GET /product/?post_type=product&add_to_wishlist=9269&paged=5 HTTP/1.1" 200 171921 "-" "Mozilla/5.0 (compatible; DotBot/1.2; +https://opensiteexplorer.org/dotbot; help@moz.com)"
52.167.144.202 - - [27/Dec/2024:21:45:33 -0500] "GET /product/wp-content/uploads/2018/05/Coil-Master-A4-Charger-Content-550x550.jpg HTTP/1.1" 200 23548 "-" "Mozilla/5.0 AppleWebKit/537.36 (KHTML, like Gecko; compatible; bingbot/2.0; +http://www.bing.com/bingbot.htm) Chrome/116.0.1938.76 Safari/537.36"
216.244.66.234 - - [27/Dec/2024:21:45:38 -0500] "GET /product/?post_type=product&paged=14&add_to_wishlist=11366 HTTP/1.1" 200 174912 "-" "Mozilla/5.0 (compatible; DotBot/1.2; +https://opensiteexplorer.org/dotbot; help@moz.com)"
216.244.66.234 - - [27/Dec/2024:21:45:45 -0500] "GET /product/?product_cat=eleaf-istick&add_to_wishlist=8049&paged=3 HTTP/1.1" 200 173267 "-" "Mozilla/5.0 (compatible; DotBot/1.2; +https://opensiteexplorer.org/dotbot; help@moz.com)"
216.244.66.234 - - [27/Dec/2024:21:49:46 -0500] "GET /product/?feed=rss2&p=11335 HTTP/1.1" 301 - "-" "Mozilla/5.0 (compatible; DotBot/1.2; +https://opensiteexplorer.org/dotbot; help@moz.com)"
4.227.36.113 - - [27/Dec/2024:21:49:46 -0500] "GET /product/?add_to_wishlist=11351&post_type=product&s=M HTTP/1.1" 200 21909 "-" "Mozilla/5.0 AppleWebKit/537.36 (KHTML, like Gecko; compatible; GPTBot/1.2; +https://openai.com/gptbot)"
216.244.66.234 - - [27/Dec/2024:21:49:49 -0500] "GET /product/?feed=rss2&p=12085 HTTP/1.1" 301 - "-" "Mozilla/5.0 (compatible; DotBot/1.2; +https://opensiteexplorer.org/dotbot; help@moz.com)"
216.244.66.234 - - [27/Dec/2024:21:49:53 -0500] "GET /product/?post_type=product&add_to_wishlist=11674&paged=41 HTTP/1.1" 200 181713 "-" "Mozilla/5.0 (compatible; DotBot/1.2; +https://opensiteexplorer.org/dotbot; help@moz.com)"
216.244.66.234 - - [27/Dec/2024:21:49:56 -0500] "GET /product/?post_type=product&add_to_wishlist=4772&paged=27 HTTP/1.1" 200 178562 "-" "Mozilla/5.0 (compatible; DotBot/1.2; +https://opensiteexplorer.org/dotbot; help@moz.com)"
216.244.66.234 - - [27/Dec/2024:21:49:59 -0500] "GET /product/?post_type=product&add_to_wishlist=5174&paged=35 HTTP/1.1" 200 175130 "-" "Mozilla/5.0 (compatible; DotBot/1.2; +https://opensiteexplorer.org/dotbot; help@moz.com)"
216.244.66.234 - - [27/Dec/2024:21:50:02 -0500] "GET /product/?post_type=product&add_to_wishlist=6538&paged=6 HTTP/1.1" 200 177457 "-" "Mozilla/5.0 (compatible; DotBot/1.2; +https://opensiteexplorer.org/dotbot; help@moz.com)"
216.244.66.234 - - [27/Dec/2024:21:50:07 -0500] "GET /product/?post_type=product&add_to_wishlist=9360&paged=48 HTTP/1.1" 200 176194 "-" "Mozilla/5.0 (compatible; DotBot/1.2; +https://opensiteexplorer.org/dotbot; help@moz.com)"
216.244.66.234 - - [27/Dec/2024:21:50:11 -0500] "GET /product/?product_cat=e-liquids-by-nic-levels&add_to_wishlist=10822 HTTP/1.1" 200 175770 "-" "Mozilla/5.0 (compatible; DotBot/1.2; +https://opensiteexplorer.org/dotbot; help@moz.com)"
4.227.36.113 - - [27/Dec/2024:21:50:13 -0500] "GET /product/?add_to_wishlist=11683&post_type=product&s=C HTTP/1.1" 200 21869 "-" "Mozilla/5.0 AppleWebKit/537.36 (KHTML, like Gecko; compatible; GPTBot/1.2; +https://openai.com/gptbot)"
52.167.144.163 - - [27/Dec/2024:21:59:57 -0500] "GET /product/?product_cat=eleaf-eleaf-istick HTTP/1.1" 200 21406 "-" "Mozilla/5.0 AppleWebKit/537.36 (KHTML, like Gecko; compatible; bingbot/2.0; +http://www.bing.com/bingbot.htm) Chrome/116.0.1938.76 Safari/537.36"
101.33.55.204 - - [27/Dec/2024:22:03:16 -0500] "GET / HTTP/1.1" 301 - "-" "Mozilla/5.0 (iPhone; CPU iPhone OS 13_2_3 like Mac OS X) AppleWebKit/605.1.15 (KHTML, like Gecko) Version/13.0.3 Mobile/15E148 Safari/604.1"
101.33.55.204 - - [27/Dec/2024:22:03:21 -0500] "GET / HTTP/1.1" 200 10859 "http://www.vapecompany.com.bd" "Mozilla/5.0 (iPhone; CPU iPhone OS 13_2_3 like Mac OS X) AppleWebKit/605.1.15 (KHTML, like Gecko) Version/13.0.3 Mobile/15E148 Safari/604.1"
173.239.196.1 - - [27/Dec/2024:22:05:40 -0500] "GET /product/wp-content/plugins/contact-form-7/includes/js/jquery.form.min.js?ver=3.51.0-2014.06.20 HTTP/1.1" 200 5860 "http://vapecompany.com.bd/product/?post_type=product" "Mozilla/5.0 (X11; Linux i686; rv:114.0) Gecko/20100101 Firefox/114.0"
4.227.36.113 - - [27/Dec/2024:22:05:40 -0500] "GET /product/?paged=39&s=X HTTP/1.1" 200 15986 "-" "Mozilla/5.0 AppleWebKit/537.36 (KHTML, like Gecko; compatible; GPTBot/1.2; +https://openai.com/gptbot)"
173.239.196.5 - - [27/Dec/2024:22:05:41 -0500] "GET /product/wp-content/plugins/contact-form-7/includes/js/jquery.form.min.js?ver=3.51.0-2014.06.20 HTTP/1.1" 200 5860 "-" "Mozilla/5.0 (X11; Linux i686; rv:114.0) Gecko/20100101 Firefox/114.0"
66.249.79.162 - - [27/Dec/2024:22:12:59 -0500] "GET /product/wp-content/uploads/2016/10/Indestructible-RDA-Kit-Black-SS.png HTTP/1.1" 200 321454 "-" "Googlebot-Image/1.0"
66.249.79.161 - - [27/Dec/2024:22:12:59 -0500] "GET /robots.txt HTTP/1.1" 200 69 "-" "Mozilla/5.0 (compatible; Googlebot/2.1; +http://www.google.com/bot.html)"
52.167.144.221 - - [27/Dec/2024:22:16:17 -0500] "GET /product/wp-content/uploads/2018/08/Beard-42_opt-550x550.jpg HTTP/1.1" 200 11658 "-" "Mozilla/5.0 AppleWebKit/537.36 (KHTML, like Gecko; compatible; bingbot/2.0; +http://www.bing.com/bingbot.htm) Chrome/116.0.1938.76 Safari/537.36"
216.244.66.234 - - [27/Dec/2024:22:19:33 -0500] "GET /robots.txt HTTP/1.1" 200 67 "-" "Mozilla/5.0 (compatible; DotBot/1.2; +https://opensiteexplorer.org/dotbot; help@moz.com)"
183.199.221.8 - - [27/Dec/2024:22:20:52 -0500] "GET / HTTP/1.1" 200 63571 "http://vapecompany.com.bd" "Mozilla/5.0 (Windows NT 10.0; Win64; x64) AppleWebKit/537.36 (KHTML, like Gecko) Chrome/46.0.2486.0 Safari/537.36 Edge/13.10586"
183.199.221.8 - - [27/Dec/2024:22:21:26 -0500] "HEAD /wp-includes/wlwmanifest.xml HTTP/1.1" 200 - "http://vapecompany.com.bd" "Mozilla/5.0 (Windows NT 10.0; Win64; x64) AppleWebKit/537.36 (KHTML, like Gecko) Chrome/46.0.2486.0 Safari/537.36 Edge/13.10586"
183.199.221.8 - - [27/Dec/2024:22:21:26 -0500] "GET /wp-includes/wlwmanifest.xml HTTP/1.1" 200 1045 "http://vapecompany.com.bd" "Mozilla/5.0 (Windows NT 10.0; Win64; x64) AppleWebKit/537.36 (KHTML, like Gecko) Chrome/46.0.2486.0 Safari/537.36 Edge/13.10586"
183.199.221.8 - - [27/Dec/2024:22:21:28 -0500] "HEAD / HTTP/1.1" 200 - "http://vapecompany.com.bd" "Mozilla/5.0 (Windows NT 10.0; Win64; x64) AppleWebKit/537.36 (KHTML, like Gecko) Chrome/46.0.2486.0 Safari/537.36 Edge/13.10586"
183.199.221.8 - - [27/Dec/2024:22:21:44 -0500] "HEAD /product/?post_type=product HTTP/1.1" 200 - "http://vapecompany.com.bd" "Mozilla/5.0 (Windows NT 10.0; Win64; x64) AppleWebKit/537.36 (KHTML, like Gecko) Chrome/46.0.2486.0 Safari/537.36 Edge/13.10586"
183.199.221.8 - - [27/Dec/2024:22:21:46 -0500] "GET /product/?post_type=product HTTP/1.1" 200 170798 "http://vapecompany.com.bd" "Mozilla/5.0 (Windows NT 10.0; Win64; x64) AppleWebKit/537.36 (KHTML, like Gecko) Chrome/46.0.2486.0 Safari/537.36 Edge/13.10586"
183.199.221.8 - - [27/Dec/2024:22:22:03 -0500] "HEAD / HTTP/1.1" 200 - "http://vapecompany.com.bd" "Mozilla/5.0 (Windows NT 10.0; Win64; x64) AppleWebKit/537.36 (KHTML, like Gecko) Chrome/46.0.2486.0 Safari/537.36 Edge/13.10586"
183.199.221.8 - - [27/Dec/2024:22:22:04 -0500] "GET / HTTP/1.1" 200 63571 "http://vapecompany.com.bd" "Mozilla/5.0 (Windows NT 10.0; Win64; x64) AppleWebKit/537.36 (KHTML, like Gecko) Chrome/46.0.2486.0 Safari/537.36 Edge/13.10586"
183.199.221.8 - - [27/Dec/2024:22:22:05 -0500] "HEAD / HTTP/1.1" 200 - "http://vapecompany.com.bd" "Mozilla/5.0 (Windows NT 10.0; Win64; x64) AppleWebKit/537.36 (KHTML, like Gecko) Chrome/46.0.2486.0 Safari/537.36 Edge/13.10586"
183.199.221.8 - - [27/Dec/2024:22:22:05 -0500] "GET / HTTP/1.1" 200 63571 "http://vapecompany.com.bd" "Mozilla/5.0 (Windows NT 10.0; Win64; x64) AppleWebKit/537.36 (KHTML, like Gecko) Chrome/46.0.2486.0 Safari/537.36 Edge/13.10586"
183.199.221.8 - - [27/Dec/2024:22:22:06 -0500] "HEAD /index.html HTTP/1.1" 404 - "http://vapecompany.com.bd" "Mozilla/5.0 (Windows NT 10.0; Win64; x64) AppleWebKit/537.36 (KHTML, like Gecko) Chrome/46.0.2486.0 Safari/537.36 Edge/13.10586"
183.199.221.8 - - [27/Dec/2024:22:23:10 -0500] "HEAD /product/?product_cat=accessories HTTP/1.1" 404 - "http://vapecompany.com.bd" "Mozilla/5.0 (Windows NT 10.0; Win64; x64) AppleWebKit/537.36 (KHTML, like Gecko) Chrome/46.0.2486.0 Safari/537.36 Edge/13.10586"
183.199.221.8 - - [27/Dec/2024:22:23:11 -0500] "HEAD /product/?product_cat=mods HTTP/1.1" 200 - "http://vapecompany.com.bd" "Mozilla/5.0 (Windows NT 10.0; Win64; x64) AppleWebKit/537.36 (KHTML, like Gecko) Chrome/46.0.2486.0 Safari/537.36 Edge/13.10586"
183.199.221.8 - - [27/Dec/2024:22:23:18 -0500] "GET /product/?product_cat=mods HTTP/1.1" 200 109691 "http://vapecompany.com.bd" "Mozilla/5.0 (Windows NT 10.0; Win64; x64) AppleWebKit/537.36 (KHTML, like Gecko) Chrome/46.0.2486.0 Safari/537.36 Edge/13.10586"
183.199.221.8 - - [27/Dec/2024:22:23:20 -0500] "HEAD /product/?product_cat=rda-rta-rdtas HTTP/1.1" 200 - "http://vapecompany.com.bd" "Mozilla/5.0 (Windows NT 10.0; Win64; x64) AppleWebKit/537.36 (KHTML, like Gecko) Chrome/46.0.2486.0 Safari/537.36 Edge/13.10586"
183.199.221.8 - - [27/Dec/2024:22:23:24 -0500] "HEAD /product/?product_cat=complete-kits-mod-tank HTTP/1.1" 200 - "http://vapecompany.com.bd" "Mozilla/5.0 (Windows NT 10.0; Win64; x64) AppleWebKit/537.36 (KHTML, like Gecko) Chrome/46.0.2486.0 Safari/537.36 Edge/13.10586"
183.199.221.8 - - [27/Dec/2024:22:23:44 -0500] "HEAD /product/?product_cat=atomizer-tanks-coilsaccessories HTTP/1.1" 200 - "http://vapecompany.com.bd" "Mozilla/5.0 (Windows NT 10.0; Win64; x64) AppleWebKit/537.36 (KHTML, like Gecko) Chrome/46.0.2486.0 Safari/537.36 Edge/13.10586"
52.167.144.181 - - [27/Dec/2024:22:28:08 -0500] "GET /product/?product=vaporesso-moti-x-mini-x35-0-35-ohm-replacement-coils&lost-password HTTP/1.1" 200 17449 "-" "Mozilla/5.0 AppleWebKit/537.36 (KHTML, like Gecko; compatible; bingbot/2.0; +http://www.bing.com/bingbot.htm) Chrome/116.0.1938.76 Safari/537.36"
216.244.66.234 - - [27/Dec/2024:22:30:13 -0500] "GET /product/?post_type=product&paged=26&add_to_wishlist=11560 HTTP/1.1" 200 168173 "-" "Mozilla/5.0 (compatible; DotBot/1.2; +https://opensiteexplorer.org/dotbot; help@moz.com)"
216.244.66.234 - - [27/Dec/2024:22:30:38 -0500] "GET /product/?product=lost-vape-centaurus-m100-box-mod&lost-password HTTP/1.1" 200 82756 "-" "Mozilla/5.0 (compatible; DotBot/1.2; +https://opensiteexplorer.org/dotbot; help@moz.com)"
93.183.92.77 - - [27/Dec/2024:22:33:15 -0500] "GET / HTTP/1.0" 200 63571 "http://vapecompany.com.bd/" "Mozilla/5.0 (Windows NT 15.0.0; Win64; x64; ) AppleWebKit/537.36 (KHTML, like Gecko) Chrome/124.0.6367.119 Chrome/124.0.6367.119 Not-A.Brand/99 Safari/537.36"
93.183.92.77 - - [27/Dec/2024:22:33:18 -0500] "POST /wp-content/themes/vapor/sendcontact.php HTTP/1.0" 200 221 "http://vapecompany.com.bd/" "Mozilla/5.0 (Windows NT 15.0.0; Win64; x64; ) AppleWebKit/537.36 (KHTML, like Gecko) Chrome/124.0.6367.119 Chrome/124.0.6367.119 Not-A.Brand/99 Safari/537.36"
216.244.66.234 - - [27/Dec/2024:22:34:26 -0500] "GET /product/?add_to_wishlist=11261 HTTP/1.1" 200 130484 "-" "Mozilla/5.0 (compatible; DotBot/1.2; +https://opensiteexplorer.org/dotbot; help@moz.com)"
216.244.66.234 - - [27/Dec/2024:22:34:35 -0500] "GET /product/?feed=rss2&p=5651 HTTP/1.1" 301 - "-" "Mozilla/5.0 (compatible; DotBot/1.2; +https://opensiteexplorer.org/dotbot; help@moz.com)"
216.244.66.234 - - [27/Dec/2024:22:34:42 -0500] "GET /product/?post_type=product&add_to_wishlist=4753&paged=2 HTTP/1.1" 200 175680 "-" "Mozilla/5.0 (compatible; DotBot/1.2; +https://opensiteexplorer.org/dotbot; help@moz.com)"
216.244.66.234 - - [27/Dec/2024:22:34:51 -0500] "GET /product/?post_type=product&add_to_wishlist=7294&paged=27 HTTP/1.1" 200 178562 "-" "Mozilla/5.0 (compatible; DotBot/1.2; +https://opensiteexplorer.org/dotbot; help@moz.com)"
216.244.66.234 - - [27/Dec/2024:22:39:01 -0500] "GET /product/?post_type=product&add_to_wishlist=10179&paged=24 HTTP/1.1" 200 176301 "-" "Mozilla/5.0 (compatible; DotBot/1.2; +https://opensiteexplorer.org/dotbot; help@moz.com)"
216.244.66.234 - - [27/Dec/2024:22:39:05 -0500] "GET /product/?post_type=product&add_to_wishlist=10197&paged=25 HTTP/1.1" 200 175170 "-" "Mozilla/5.0 (compatible; DotBot/1.2; +https://opensiteexplorer.org/dotbot; help@moz.com)"
216.244.66.234 - - [27/Dec/2024:22:39:09 -0500] "GET /product/?post_type=product&add_to_wishlist=10380&paged=36 HTTP/1.1" 200 173256 "-" "Mozilla/5.0 (compatible; DotBot/1.2; +https://opensiteexplorer.org/dotbot; help@moz.com)"
216.244.66.234 - - [27/Dec/2024:22:39:13 -0500] "GET /product/?post_type=product&add_to_wishlist=11147&paged=3 HTTP/1.1" 200 170355 "-" "Mozilla/5.0 (compatible; DotBot/1.2; +https://opensiteexplorer.org/dotbot; help@moz.com)"
216.244.66.234 - - [27/Dec/2024:22:39:16 -0500] "GET /product/?post_type=product&add_to_wishlist=11403&paged=29 HTTP/1.1" 200 176900 "-" "Mozilla/5.0 (compatible; DotBot/1.2; +https://opensiteexplorer.org/dotbot; help@moz.com)"
216.244.66.234 - - [27/Dec/2024:22:39:19 -0500] "GET /product/?post_type=product&add_to_wishlist=7194&paged=36 HTTP/1.1" 200 173236 "-" "Mozilla/5.0 (compatible; DotBot/1.2; +https://opensiteexplorer.org/dotbot; help@moz.com)"
216.244.66.234 - - [27/Dec/2024:22:39:21 -0500] "GET /product/?post_type=product&add_to_wishlist=8589&paged=23 HTTP/1.1" 200 183249 "-" "Mozilla/5.0 (compatible; DotBot/1.2; +https://opensiteexplorer.org/dotbot; help@moz.com)"
216.244.66.234 - - [27/Dec/2024:22:39:23 -0500] "GET /product/?post_type=product&add_to_wishlist=8965&paged=27 HTTP/1.1" 200 178562 "-" "Mozilla/5.0 (compatible; DotBot/1.2; +https://opensiteexplorer.org/dotbot; help@moz.com)"
216.244.66.234 - - [27/Dec/2024:22:39:26 -0500] "GET /product/?post_type=product&paged=22&add_to_wishlist=11681 HTTP/1.1" 200 181262 "-" "Mozilla/5.0 (compatible; DotBot/1.2; +https://opensiteexplorer.org/dotbot; help@moz.com)"
216.244.66.234 - - [27/Dec/2024:22:39:29 -0500] "GET /product/?product_cat=3mg&paged=1&add_to_wishlist=11654 HTTP/1.1" 200 175488 "-" "Mozilla/5.0 (compatible; DotBot/1.2; +https://opensiteexplorer.org/dotbot; help@moz.com)"
216.244.66.234 - - [27/Dec/2024:22:39:31 -0500] "GET /product/?product_cat=dinner-lady-salts&add_to_wishlist=10905 HTTP/1.1" 200 97367 "-" "Mozilla/5.0 (compatible; DotBot/1.2; +https://opensiteexplorer.org/dotbot; help@moz.com)"
216.244.66.234 - - [27/Dec/2024:22:39:33 -0500] "GET /product/?product_cat=eleaf-istick&add_to_wishlist=4705&paged=1 HTTP/1.1" 200 173943 "-" "Mozilla/5.0 (compatible; DotBot/1.2; +https://opensiteexplorer.org/dotbot; help@moz.com)"
217.113.194.6 - - [27/Dec/2024:22:46:24 -0500] "GET /robots.txt HTTP/1.1" 200 69 "-" "Mozilla/5.0 (compatible; Barkrowler/0.9; +https://babbar.tech/crawler)"
217.113.194.2 - - [27/Dec/2024:22:46:38 -0500] "GET /product/?product_cat=mods HTTP/1.1" 200 18164 "-" "Mozilla/5.0 (compatible; Barkrowler/0.9; +https://babbar.tech/crawler)"
217.113.194.10 - - [27/Dec/2024:22:46:47 -0500] "GET /product/?product_cat=lost-vape HTTP/1.1" 200 19617 "-" "Mozilla/5.0 (compatible; Barkrowler/0.9; +https://babbar.tech/crawler)"
217.113.194.3 - - [27/Dec/2024:22:46:57 -0500] "GET /product/?product_cat=aspire-atomizers HTTP/1.1" 200 19685 "-" "Mozilla/5.0 (compatible; Barkrowler/0.9; +https://babbar.tech/crawler)"
216.244.66.234 - - [27/Dec/2024:22:46:59 -0500] "GET /product/?post_type=product&add_to_wishlist=4751&paged=30 HTTP/1.1" 200 179620 "-" "Mozilla/5.0 (compatible; DotBot/1.2; +https://opensiteexplorer.org/dotbot; help@moz.com)"
217.113.194.8 - - [27/Dec/2024:22:47:07 -0500] "GET /product/?product_cat=product-categories-5 HTTP/1.1" 200 19248 "-" "Mozilla/5.0 (compatible; Barkrowler/0.9; +https://babbar.tech/crawler)"
217.113.194.6 - - [27/Dec/2024:22:47:16 -0500] "GET /product/?product_cat=product-categories-9 HTTP/1.1" 200 16103 "-" "Mozilla/5.0 (compatible; Barkrowler/0.9; +https://babbar.tech/crawler)"
217.113.194.10 - - [27/Dec/2024:22:47:25 -0500] "GET /product/?page_id=8&add-to-cart=4708 HTTP/1.1" 200 18898 "-" "Mozilla/5.0 (compatible; Barkrowler/0.9; +https://babbar.tech/crawler)"
217.113.194.3 - - [27/Dec/2024:22:47:34 -0500] "GET /product/?page_id=4002&add-to-cart=6016 HTTP/1.1" 200 18246 "-" "Mozilla/5.0 (compatible; Barkrowler/0.9; +https://babbar.tech/crawler)"
217.113.194.11 - - [27/Dec/2024:22:47:43 -0500] "GET /product/?product_cat=complete-kits-mod-tank HTTP/1.1" 200 18308 "-" "Mozilla/5.0 (compatible; Barkrowler/0.9; +https://babbar.tech/crawler)"
217.113.194.7 - - [27/Dec/2024:22:47:52 -0500] "GET /product/?product_cat=us-premium-e-liquids HTTP/1.1" 200 21244 "-" "Mozilla/5.0 (compatible; Barkrowler/0.9; +https://babbar.tech/crawler)"
217.113.194.242 - - [27/Dec/2024:22:48:02 -0500] "GET /product/?product_cat=hardware&add_to_wishlist=6256 HTTP/1.1" 200 20817 "-" "Mozilla/5.0 (compatible; Barkrowler/0.9; +https://babbar.tech/crawler)"
40.77.167.74 - - [27/Dec/2024:22:48:11 -0500] "GET /product/?product=smoant-pasito-0-5-1-0-ohm-single-coil-rba-deck HTTP/1.1" 200 18156 "-" "Mozilla/5.0 AppleWebKit/537.36 (KHTML, like Gecko; compatible; bingbot/2.0; +http://www.bing.com/bingbot.htm) Chrome/116.0.1938.76 Safari/537.36"
217.113.194.5 - - [27/Dec/2024:22:48:11 -0500] "GET /product/?product_cat=hardware&add_to_wishlist=5844 HTTP/1.1" 200 20824 "-" "Mozilla/5.0 (compatible; Barkrowler/0.9; +https://babbar.tech/crawler)"
217.113.194.8 - - [27/Dec/2024:22:48:20 -0500] "GET /product/?product_cat=hardware&add_to_wishlist=5655 HTTP/1.1" 200 20821 "-" "Mozilla/5.0 (compatible; Barkrowler/0.9; +https://babbar.tech/crawler)"
198.54.115.140 - - [27/Dec/2024:22:48:30 -0500] "POST /product/wp-cron.php?doing_wp_cron=1735357710.5470879077911376953125 HTTP/1.1" 200 - "http://vapecompany.com.bd/product/wp-cron.php?doing_wp_cron=1735357710.5470879077911376953125" "WordPress/5.6.14; https://vapecompany.com.bd/product"
217.113.194.11 - - [27/Dec/2024:22:48:30 -0500] "GET /product/?product_cat=tools&add_to_wishlist=5250 HTTP/1.1" 200 20554 "-" "Mozilla/5.0 (compatible; Barkrowler/0.9; +https://babbar.tech/crawler)"
217.113.194.2 - - [27/Dec/2024:22:48:40 -0500] "GET /product/?product_cat=tools&add_to_wishlist=5669 HTTP/1.1" 200 20561 "-" "Mozilla/5.0 (compatible; Barkrowler/0.9; +https://babbar.tech/crawler)"
217.113.194.6 - - [27/Dec/2024:22:48:49 -0500] "GET /product/?product_cat=tools&add_to_wishlist=5264 HTTP/1.1" 200 20558 "-" "Mozilla/5.0 (compatible; Barkrowler/0.9; +https://babbar.tech/crawler)"
40.77.167.0 - - [27/Dec/2024:22:48:59 -0500] "GET /product/wp-content/plugins/wd_portfolio/js/jquery.quicksand.js?ver=5.6.14 HTTP/1.1" 200 4254 "-" "Mozilla/5.0 AppleWebKit/537.36 (KHTML, like Gecko; compatible; bingbot/2.0; +http://www.bing.com/bingbot.htm) Chrome/116.0.1938.76 Safari/537.36"
217.113.194.7 - - [27/Dec/2024:22:48:58 -0500] "GET /product/?page_id=8&lost-password&add_to_wishlist=6583 HTTP/1.1" 200 18476 "-" "Mozilla/5.0 (compatible; Barkrowler/0.9; +https://babbar.tech/crawler)"
40.77.167.0 - - [27/Dec/2024:22:48:59 -0500] "GET /product/wp-content/plugins/wd_team/css/team.css?ver=5.6.14 HTTP/1.1" 200 1430 "-" "Mozilla/5.0 AppleWebKit/537.36 (KHTML, like Gecko; compatible; bingbot/2.0; +http://www.bing.com/bingbot.htm) Chrome/116.0.1938.76 Safari/537.36"
52.167.144.161 - - [27/Dec/2024:22:49:03 -0500] "GET /product/wp-content/plugins/wd_portfolio/css/prettyPhoto.css?ver=5.6.14 HTTP/1.1" 200 1780 "-" "Mozilla/5.0 AppleWebKit/537.36 (KHTML, like Gecko; compatible; bingbot/2.0; +http://www.bing.com/bingbot.htm) Chrome/116.0.1938.76 Safari/537.36"
52.167.144.161 - - [27/Dec/2024:22:49:03 -0500] "GET /product/wp-content/plugins/wd_portfolio/js/wd.animation.js?ver=5.6.14 HTTP/1.1" 200 3710 "-" "Mozilla/5.0 AppleWebKit/537.36 (KHTML, like Gecko; compatible; bingbot/2.0; +http://www.bing.com/bingbot.htm) Chrome/116.0.1938.76 Safari/537.36"
52.167.144.161 - - [27/Dec/2024:22:49:04 -0500] "GET /product/wp-content/plugins/woocommerce/assets/js/frontend/single-product.min.js?ver=2.3.10 HTTP/1.1" 200 642 "-" "Mozilla/5.0 AppleWebKit/537.36 (KHTML, like Gecko; compatible; bingbot/2.0; +http://www.bing.com/bingbot.htm) Chrome/116.0.1938.76 Safari/537.36"
52.167.144.161 - - [27/Dec/2024:22:49:05 -0500] "GET /product/wp-content/plugins/woocommerce/assets/js/prettyPhoto/jquery.prettyPhoto.min.js?ver=3.1.6 HTTP/1.1" 200 5941 "-" "Mozilla/5.0 AppleWebKit/537.36 (KHTML, like Gecko; compatible; bingbot/2.0; +http://www.bing.com/bingbot.htm) Chrome/116.0.1938.76 Safari/537.36"
217.113.194.4 - - [27/Dec/2024:22:49:07 -0500] "GET /product/?page_id=8&lost-password&add_to_wishlist=6256 HTTP/1.1" 200 18663 "-" "Mozilla/5.0 (compatible; Barkrowler/0.9; +https://babbar.tech/crawler)"
40.77.167.74 - - [27/Dec/2024:22:49:09 -0500] "GET /product/wp-content/plugins/wd_portfolio/css/wd.portfolio.css?ver=5.6.14 HTTP/1.1" 200 3028 "-" "Mozilla/5.0 AppleWebKit/537.36 (KHTML, like Gecko; compatible; bingbot/2.0; +http://www.bing.com/bingbot.htm) Chrome/116.0.1938.76 Safari/537.36"
40.77.167.74 - - [27/Dec/2024:22:49:09 -0500] "GET /product/wp-includes/js/comment-reply.min.js?ver=5.6.14 HTTP/1.1" 200 1346 "-" "Mozilla/5.0 AppleWebKit/537.36 (KHTML, like Gecko; compatible; bingbot/2.0; +http://www.bing.com/bingbot.htm) Chrome/116.0.1938.76 Safari/537.36"
217.113.194.11 - - [27/Dec/2024:22:49:16 -0500] "GET /product/?page_id=8&lost-password&add-to-cart=5783 HTTP/1.1" 200 19102 "-" "Mozilla/5.0 (compatible; Barkrowler/0.9; +https://babbar.tech/crawler)"
217.113.194.6 - - [27/Dec/2024:22:49:26 -0500] "GET /product/?product_cat=uwell&add_to_wishlist=10486 HTTP/1.1" 200 21497 "-" "Mozilla/5.0 (compatible; Barkrowler/0.9; +https://babbar.tech/crawler)"
217.113.194.4 - - [27/Dec/2024:22:49:35 -0500] "GET /product/?product_cat=innokin&add_to_wishlist=6795 HTTP/1.1" 200 19266 "-" "Mozilla/5.0 (compatible; Barkrowler/0.9; +https://babbar.tech/crawler)"
217.113.194.6 - - [27/Dec/2024:22:49:45 -0500] "GET /product/?product_cat=special-offer&add_to_wishlist=5655 HTTP/1.1" 200 20813 "-" "Mozilla/5.0 (compatible; Barkrowler/0.9; +https://babbar.tech/crawler)"
217.113.194.11 - - [27/Dec/2024:22:49:54 -0500] "GET /product/?product_cat=special-offer&add_to_wishlist=6256 HTTP/1.1" 200 20812 "-" "Mozilla/5.0 (compatible; Barkrowler/0.9; +https://babbar.tech/crawler)"
217.113.194.4 - - [27/Dec/2024:22:50:03 -0500] "GET /product/?product_cat=wire-shots&add_to_wishlist=5292 HTTP/1.1" 200 18576 "-" "Mozilla/5.0 (compatible; Barkrowler/0.9; +https://babbar.tech/crawler)"
217.113.194.242 - - [27/Dec/2024:22:50:12 -0500] "GET /product/?product_cat=battery-chargers&add_to_wishlist=5181 HTTP/1.1" 200 21424 "-" "Mozilla/5.0 (compatible; Barkrowler/0.9; +https://babbar.tech/crawler)"
217.113.194.8 - - [27/Dec/2024:22:50:22 -0500] "GET /product/?product_cat=battery-chargers&add_to_wishlist=6777 HTTP/1.1" 200 21426 "-" "Mozilla/5.0 (compatible; Barkrowler/0.9; +https://babbar.tech/crawler)"
217.113.194.7 - - [27/Dec/2024:22:50:31 -0500] "GET /product/?product_cat=battery-chargers&add_to_wishlist=5178 HTTP/1.1" 200 21424 "-" "Mozilla/5.0 (compatible; Barkrowler/0.9; +https://babbar.tech/crawler)"
217.113.194.5 - - [27/Dec/2024:22:50:40 -0500] "GET /product/?product_cat=battery-chargers&add_to_wishlist=7760 HTTP/1.1" 200 21423 "-" "Mozilla/5.0 (compatible; Barkrowler/0.9; +https://babbar.tech/crawler)"
217.113.194.4 - - [27/Dec/2024:22:50:49 -0500] "GET /product/?product_cat=battery-chargers&add_to_wishlist=5190 HTTP/1.1" 200 21422 "-" "Mozilla/5.0 (compatible; Barkrowler/0.9; +https://babbar.tech/crawler)"
217.113.194.8 - - [27/Dec/2024:22:50:58 -0500] "GET /product/?product=rba-head&add_to_wishlist=4644 HTTP/1.1" 200 17273 "-" "Mozilla/5.0 (compatible; Barkrowler/0.9; +https://babbar.tech/crawler)"
217.113.194.11 - - [27/Dec/2024:22:51:07 -0500] "GET /product/?post_type=product&paged=2&add_to_wishlist=6250 HTTP/1.1" 200 21958 "-" "Mozilla/5.0 (compatible; Barkrowler/0.9; +https://babbar.tech/crawler)"
217.113.194.2 - - [27/Dec/2024:22:51:16 -0500] "GET /product/?product_cat=uwell&add_to_wishlist=8018 HTTP/1.1" 200 21489 "-" "Mozilla/5.0 (compatible; Barkrowler/0.9; +https://babbar.tech/crawler)"
217.113.194.5 - - [27/Dec/2024:22:51:25 -0500] "GET /product/?product_cat=uwell&add_to_wishlist=6366 HTTP/1.1" 200 21495 "-" "Mozilla/5.0 (compatible; Barkrowler/0.9; +https://babbar.tech/crawler)"
217.113.194.242 - - [27/Dec/2024:22:51:35 -0500] "GET /product/?product_cat=uwell&add_to_wishlist=6425 HTTP/1.1" 200 21492 "-" "Mozilla/5.0 (compatible; Barkrowler/0.9; +https://babbar.tech/crawler)"
217.113.194.2 - - [27/Dec/2024:22:51:44 -0500] "GET /product/?product_cat=uwell&add_to_wishlist=7600 HTTP/1.1" 200 21487 "-" "Mozilla/5.0 (compatible; Barkrowler/0.9; +https://babbar.tech/crawler)"
217.113.194.3 - - [27/Dec/2024:22:51:53 -0500] "GET /product/?product_cat=coil-master&add_to_wishlist=5357 HTTP/1.1" 200 18941 "-" "Mozilla/5.0 (compatible; Barkrowler/0.9; +https://babbar.tech/crawler)"
217.113.194.8 - - [27/Dec/2024:22:52:02 -0500] "GET /product/?product_cat=coil-master&add_to_wishlist=5353 HTTP/1.1" 200 18936 "-" "Mozilla/5.0 (compatible; Barkrowler/0.9; +https://babbar.tech/crawler)"
217.113.194.5 - - [27/Dec/2024:22:52:11 -0500] "GET /product/?post_type=product&add_to_wishlist=8230&paged=4 HTTP/1.1" 200 21869 "-" "Mozilla/5.0 (compatible; Barkrowler/0.9; +https://babbar.tech/crawler)"
217.113.194.4 - - [27/Dec/2024:22:52:20 -0500] "GET /product/?post_type=product&add_to_wishlist=7465&paged=38 HTTP/1.1" 200 21704 "-" "Mozilla/5.0 (compatible; Barkrowler/0.9; +https://babbar.tech/crawler)"
217.113.194.6 - - [27/Dec/2024:22:52:29 -0500] "GET /product/?post_type=product&add_to_wishlist=8734&paged=10 HTTP/1.1" 200 21286 "-" "Mozilla/5.0 (compatible; Barkrowler/0.9; +https://babbar.tech/crawler)"
217.113.194.11 - - [27/Dec/2024:22:52:39 -0500] "GET /product/?post_type=product&add_to_wishlist=9870&paged=1 HTTP/1.1" 200 21823 "-" "Mozilla/5.0 (compatible; Barkrowler/0.9; +https://babbar.tech/crawler)"
217.113.194.10 - - [27/Dec/2024:22:52:49 -0500] "GET /product/?post_type=product&add_to_wishlist=4633&paged=3 HTTP/1.1" 200 21749 "-" "Mozilla/5.0 (compatible; Barkrowler/0.9; +https://babbar.tech/crawler)"
217.113.194.242 - - [27/Dec/2024:22:53:07 -0500] "GET /product/?post_type=product&add_to_wishlist=7535&paged=1 HTTP/1.1" 200 21831 "-" "Mozilla/5.0 (compatible; Barkrowler/0.9; +https://babbar.tech/crawler)"