VaKeR CYBER ARMY
Logo of a company Server : Apache
System : Linux host44.registrar-servers.com 4.18.0-513.18.1.lve.2.el8.x86_64 #1 SMP Sat Mar 30 15:36:11 UTC 2024 x86_64
User : vapecompany ( 2719)
PHP Version : 7.4.33
Disable Function : NONE
Directory :  /home/vapecompany/access-logs/

Upload File :
current_dir [ Writeable ] document_root [ Writeable ]

 

Current File : //home/vapecompany/access-logs/vapecompany.com.bd
216.244.66.234 - - [25/Dec/2024:07:15:35 -0500] "GET /product/?post_type=product&add_to_wishlist=10970&paged=24 HTTP/1.1" 200 176301 "-" "Mozilla/5.0 (compatible; DotBot/1.2; +https://opensiteexplorer.org/dotbot; help@moz.com)"
216.244.66.234 - - [25/Dec/2024:07:15:45 -0500] "GET /product/?post_type=product&paged=37&add_to_wishlist=11710 HTTP/1.1" 200 171957 "-" "Mozilla/5.0 (compatible; DotBot/1.2; +https://opensiteexplorer.org/dotbot; help@moz.com)"
216.244.66.234 - - [25/Dec/2024:07:15:49 -0500] "GET /product/?product_cat=6mg&add_to_wishlist=7961&paged=3 HTTP/1.1" 200 175453 "-" "Mozilla/5.0 (compatible; DotBot/1.2; +https://opensiteexplorer.org/dotbot; help@moz.com)"
216.244.66.234 - - [25/Dec/2024:07:15:54 -0500] "GET /product/?product_cat=nic-salt-liquids-by-brands&paged=1&add_to_wishlist=11692 HTTP/1.1" 200 174572 "-" "Mozilla/5.0 (compatible; DotBot/1.2; +https://opensiteexplorer.org/dotbot; help@moz.com)"
52.167.144.216 - - [25/Dec/2024:07:20:52 -0500] "GET /product/?product_cat=kangertech-atomizers HTTP/1.1" 200 18311 "-" "Mozilla/5.0 AppleWebKit/537.36 (KHTML, like Gecko; compatible; bingbot/2.0; +http://www.bing.com/bingbot.htm) Chrome/116.0.1938.76 Safari/537.36"
103.152.155.98 - - [25/Dec/2024:07:29:23 -0500] "GET /product/wp-includes/css/dist/block-library/style.min.css?ver=5.6.14 HTTP/1.1" 200 7849 "-" "Mozilla/5.0 (Linux; Android 10; K) AppleWebKit/537.36 (KHTML, like Gecko) Chrome/131.0.0.0 Mobile Safari/537.36"
103.152.155.98 - - [25/Dec/2024:07:29:23 -0500] "GET /product/wp-content/plugins/contact-form-7/includes/css/styles.css?ver=4.1.2 HTTP/1.1" 200 469 "-" "Mozilla/5.0 (Linux; Android 10; K) AppleWebKit/537.36 (KHTML, like Gecko) Chrome/131.0.0.0 Mobile Safari/537.36"
103.152.155.98 - - [25/Dec/2024:07:29:23 -0500] "GET /product/wp-content/plugins/revslider/public/assets/css/rs6.css?ver=6.2.9 HTTP/1.1" 200 12614 "-" "Mozilla/5.0 (Linux; Android 10; K) AppleWebKit/537.36 (KHTML, like Gecko) Chrome/131.0.0.0 Mobile Safari/537.36"
103.152.155.98 - - [25/Dec/2024:07:29:23 -0500] "GET /product/wp-content/plugins/wd_shortcode/css/shortcode.css?ver=5.6.14 HTTP/1.1" 200 20236 "-" "Mozilla/5.0 (Linux; Android 10; K) AppleWebKit/537.36 (KHTML, like Gecko) Chrome/131.0.0.0 Mobile Safari/537.36"
103.152.155.98 - - [25/Dec/2024:07:29:23 -0500] "GET /product/wp-content/plugins/wd_shortcode/css/bootstrap-theme.css?ver=5.6.14 HTTP/1.1" 200 1790 "-" "Mozilla/5.0 (Linux; Android 10; K) AppleWebKit/537.36 (KHTML, like Gecko) Chrome/131.0.0.0 Mobile Safari/537.36"
103.152.155.98 - - [25/Dec/2024:07:29:24 -0500] "GET /product/wp-content/plugins/wd_shortcode/css/bootstrap.css?ver=5.6.14 HTTP/1.1" 200 19955 "-" "Mozilla/5.0 (Linux; Android 10; K) AppleWebKit/537.36 (KHTML, like Gecko) Chrome/131.0.0.0 Mobile Safari/537.36"
103.152.155.98 - - [25/Dec/2024:07:29:24 -0500] "GET /product/wp-content/plugins/wd_shortcode/css/owl.carousel.css?ver=5.6.14 HTTP/1.1" 200 613 "-" "Mozilla/5.0 (Linux; Android 10; K) AppleWebKit/537.36 (KHTML, like Gecko) Chrome/131.0.0.0 Mobile Safari/537.36"
103.152.155.98 - - [25/Dec/2024:07:29:24 -0500] "GET /product/wp-content/plugins/js_composer/assets/lib/bower/font-awesome/css/font-awesome.min.css?ver=4.11.2.1 HTTP/1.1" 200 6265 "-" "Mozilla/5.0 (Linux; Android 10; K) AppleWebKit/537.36 (KHTML, like Gecko) Chrome/131.0.0.0 Mobile Safari/537.36"
103.152.155.98 - - [25/Dec/2024:07:29:24 -0500] "GET /product/wp-content/plugins/woocommerce/assets/css/woocommerce-layout.css?ver=2.3.10 HTTP/1.1" 200 1874 "-" "Mozilla/5.0 (Linux; Android 10; K) AppleWebKit/537.36 (KHTML, like Gecko) Chrome/131.0.0.0 Mobile Safari/537.36"
103.152.155.98 - - [25/Dec/2024:07:29:25 -0500] "GET /product/wp-content/plugins/woocommerce/assets/css/woocommerce-smallscreen.css?ver=2.3.10 HTTP/1.1" 200 957 "-" "Mozilla/5.0 (Linux; Android 10; K) AppleWebKit/537.36 (KHTML, like Gecko) Chrome/131.0.0.0 Mobile Safari/537.36"
103.152.155.98 - - [25/Dec/2024:07:29:25 -0500] "GET /product/wp-content/plugins/woocommerce/assets/css/woocommerce.css?ver=2.3.10 HTTP/1.1" 200 6469 "http://vapecompany.com.bd/product/?product_cat=us-premium-e-liquids" "Mozilla/5.0 (Linux; Android 10; K) AppleWebKit/537.36 (KHTML, like Gecko) Chrome/131.0.0.0 Mobile Safari/537.36"
103.152.155.98 - - [25/Dec/2024:07:29:25 -0500] "GET /product/wp-content/plugins/wp-live-chat-support/css/wplcstyle.css?ver=5.6.14 HTTP/1.1" 200 4 "http://vapecompany.com.bd/product/?product_cat=us-premium-e-liquids" "Mozilla/5.0 (Linux; Android 10; K) AppleWebKit/537.36 (KHTML, like Gecko) Chrome/131.0.0.0 Mobile Safari/537.36"
103.152.155.98 - - [25/Dec/2024:07:29:25 -0500] "GET /product/wp-content/plugins/wp-live-chat-support/css/font-awesome.min.css?ver=5.6.14 HTTP/1.1" 200 6669 "http://vapecompany.com.bd/product/?product_cat=us-premium-e-liquids" "Mozilla/5.0 (Linux; Android 10; K) AppleWebKit/537.36 (KHTML, like Gecko) Chrome/131.0.0.0 Mobile Safari/537.36"
103.152.155.98 - - [25/Dec/2024:07:29:25 -0500] "GET /product/wp-content/plugins/wp-live-chat-support/css/themes/theme-2.css?ver=5.6.14 HTTP/1.1" 200 199 "http://vapecompany.com.bd/product/?product_cat=us-premium-e-liquids" "Mozilla/5.0 (Linux; Android 10; K) AppleWebKit/537.36 (KHTML, like Gecko) Chrome/131.0.0.0 Mobile Safari/537.36"
103.152.155.98 - - [25/Dec/2024:07:29:25 -0500] "GET /product/wp-content/plugins/wp-live-chat-support/css/themes/classic.css?ver=5.6.14 HTTP/1.1" 200 2346 "http://vapecompany.com.bd/product/?product_cat=us-premium-e-liquids" "Mozilla/5.0 (Linux; Android 10; K) AppleWebKit/537.36 (KHTML, like Gecko) Chrome/131.0.0.0 Mobile Safari/537.36"
103.152.155.98 - - [25/Dec/2024:07:29:25 -0500] "GET /product/wp-content/plugins/wp-live-chat-support/css/themes/position-bottom-right.css?ver=5.6.14 HTTP/1.1" 200 44 "http://vapecompany.com.bd/product/?product_cat=us-premium-e-liquids" "Mozilla/5.0 (Linux; Android 10; K) AppleWebKit/537.36 (KHTML, like Gecko) Chrome/131.0.0.0 Mobile Safari/537.36"
103.152.155.98 - - [25/Dec/2024:07:29:25 -0500] "GET /product/wp-content/plugins/yith-woocommerce-compare/assets/css/colorbox.css?ver=5.6.14 HTTP/1.1" 200 1230 "http://vapecompany.com.bd/product/?product_cat=us-premium-e-liquids" "Mozilla/5.0 (Linux; Android 10; K) AppleWebKit/537.36 (KHTML, like Gecko) Chrome/131.0.0.0 Mobile Safari/537.36"
103.152.155.98 - - [25/Dec/2024:07:29:25 -0500] "GET /product/wp-content/plugins/yith-woocommerce-wishlist/assets/css/jquery.selectBox.css?ver=5.6.14 HTTP/1.1" 200 1027 "http://vapecompany.com.bd/product/?product_cat=us-premium-e-liquids" "Mozilla/5.0 (Linux; Android 10; K) AppleWebKit/537.36 (KHTML, like Gecko) Chrome/131.0.0.0 Mobile Safari/537.36"
103.152.155.98 - - [25/Dec/2024:07:29:25 -0500] "GET /product/wp-content/plugins/woocommerce/assets/css/prettyPhoto.css?ver=5.6.14 HTTP/1.1" 200 1936 "http://vapecompany.com.bd/product/?product_cat=us-premium-e-liquids" "Mozilla/5.0 (Linux; Android 10; K) AppleWebKit/537.36 (KHTML, like Gecko) Chrome/131.0.0.0 Mobile Safari/537.36"
103.152.155.98 - - [25/Dec/2024:07:29:25 -0500] "GET /product/wp-content/plugins/yith-woocommerce-wishlist/assets/css/style.css?ver=5.6.14 HTTP/1.1" 200 2796 "http://vapecompany.com.bd/product/?product_cat=us-premium-e-liquids" "Mozilla/5.0 (Linux; Android 10; K) AppleWebKit/537.36 (KHTML, like Gecko) Chrome/131.0.0.0 Mobile Safari/537.36"
103.152.155.98 - - [25/Dec/2024:07:29:25 -0500] "GET /product/wp-content/plugins/yith-woocommerce-wishlist/assets/css/font-awesome.min.css?ver=5.6.14 HTTP/1.1" 200 5443 "http://vapecompany.com.bd/product/?product_cat=us-premium-e-liquids" "Mozilla/5.0 (Linux; Android 10; K) AppleWebKit/537.36 (KHTML, like Gecko) Chrome/131.0.0.0 Mobile Safari/537.36"
103.152.155.98 - - [25/Dec/2024:07:29:25 -0500] "GET /product/wp-content/themes/wp_oswad_market/wp_oswad_market/style.css?ver=5.6.14 HTTP/1.1" 200 36662 "http://vapecompany.com.bd/product/?product_cat=us-premium-e-liquids" "Mozilla/5.0 (Linux; Android 10; K) AppleWebKit/537.36 (KHTML, like Gecko) Chrome/131.0.0.0 Mobile Safari/537.36"
103.152.155.98 - - [25/Dec/2024:07:29:25 -0500] "GET /product/wp-content/plugins/js_composer/assets/css/js_composer.min.css?ver=4.11.2.1 HTTP/1.1" 200 58357 "http://vapecompany.com.bd/product/?product_cat=us-premium-e-liquids" "Mozilla/5.0 (Linux; Android 10; K) AppleWebKit/537.36 (KHTML, like Gecko) Chrome/131.0.0.0 Mobile Safari/537.36"
103.152.155.98 - - [25/Dec/2024:07:29:25 -0500] "GET /product/wp-content/themes/wp_oswad_market/wp_oswad_market/css/responsive.css?ver=5.6.14 HTTP/1.1" 200 22947 "http://vapecompany.com.bd/product/?product_cat=us-premium-e-liquids" "Mozilla/5.0 (Linux; Android 10; K) AppleWebKit/537.36 (KHTML, like Gecko) Chrome/131.0.0.0 Mobile Safari/537.36"
103.152.155.98 - - [25/Dec/2024:07:29:25 -0500] "GET /product/wp-content/themes/wp_oswad_market/wp_oswad_market/css/wd_menu_front.css?ver=5.6.14 HTTP/1.1" 200 7269 "http://vapecompany.com.bd/product/?product_cat=us-premium-e-liquids" "Mozilla/5.0 (Linux; Android 10; K) AppleWebKit/537.36 (KHTML, like Gecko) Chrome/131.0.0.0 Mobile Safari/537.36"
4.227.36.113 - - [25/Dec/2024:07:29:25 -0500] "GET /product/?format=xml&rest_route=/oembed/1.0/embed&url=https://vapecompany.com.bd/product/?product=liquid-bottle-with-needle-cap-10ml HTTP/1.1" 200 1192 "-" "Mozilla/5.0 AppleWebKit/537.36 (KHTML, like Gecko; compatible; GPTBot/1.2; +https://openai.com/gptbot)"
103.152.155.98 - - [25/Dec/2024:07:29:25 -0500] "GET /product/wp-content/plugins/woocommerce-grid-list-toggle/assets/css/style.css?ver=5.6.14 HTTP/1.1" 200 374 "http://vapecompany.com.bd/product/?product_cat=us-premium-e-liquids" "Mozilla/5.0 (Linux; Android 10; K) AppleWebKit/537.36 (KHTML, like Gecko) Chrome/131.0.0.0 Mobile Safari/537.36"
103.152.155.98 - - [25/Dec/2024:07:29:26 -0500] "GET /product/wp-includes/css/dashicons.min.css?ver=5.6.14 HTTP/1.1" 200 35730 "http://vapecompany.com.bd/product/?product_cat=us-premium-e-liquids" "Mozilla/5.0 (Linux; Android 10; K) AppleWebKit/537.36 (KHTML, like Gecko) Chrome/131.0.0.0 Mobile Safari/537.36"
103.152.155.98 - - [25/Dec/2024:07:29:26 -0500] "GET /product/wp-content/themes/wp_oswad_market/wp_oswad_market/css/base.css?ver=5.6.14 HTTP/1.1" 200 43549 "http://vapecompany.com.bd/product/?product_cat=us-premium-e-liquids" "Mozilla/5.0 (Linux; Android 10; K) AppleWebKit/537.36 (KHTML, like Gecko) Chrome/131.0.0.0 Mobile Safari/537.36"
103.152.155.98 - - [25/Dec/2024:07:29:26 -0500] "GET /product/wp-content/plugins/wd_quickshop/css/prettyPhoto.css?ver=5.6.14 HTTP/1.1" 200 1780 "http://vapecompany.com.bd/product/?product_cat=us-premium-e-liquids" "Mozilla/5.0 (Linux; Android 10; K) AppleWebKit/537.36 (KHTML, like Gecko) Chrome/131.0.0.0 Mobile Safari/537.36"
4.227.36.113 - - [25/Dec/2024:07:29:26 -0500] "GET /product/?format=xml&rest_route=/oembed/1.0/embed&url=https://vapecompany.com.bd/product/?product=wismec-hiflask-jvua-0-35-ohm-coils HTTP/1.1" 200 1192 "-" "Mozilla/5.0 AppleWebKit/537.36 (KHTML, like Gecko; compatible; GPTBot/1.2; +https://openai.com/gptbot)"
103.152.155.98 - - [25/Dec/2024:07:29:26 -0500] "GET /product/wp-content/plugins/woocommerce-grid-list-toggle/assets/css/button.css?ver=5.6.14 HTTP/1.1" 200 398 "http://vapecompany.com.bd/product/?product_cat=us-premium-e-liquids" "Mozilla/5.0 (Linux; Android 10; K) AppleWebKit/537.36 (KHTML, like Gecko) Chrome/131.0.0.0 Mobile Safari/537.36"
103.152.155.98 - - [25/Dec/2024:07:29:27 -0500] "GET /product/wp-content/plugins/wp-live-chat-support/js/md5.js?ver=6.2.10 HTTP/1.1" 200 2193 "http://vapecompany.com.bd/product/?product_cat=us-premium-e-liquids" "Mozilla/5.0 (Linux; Android 10; K) AppleWebKit/537.36 (KHTML, like Gecko) Chrome/131.0.0.0 Mobile Safari/537.36"
103.152.155.98 - - [25/Dec/2024:07:29:27 -0500] "GET /product/wp-content/plugins/wp-live-chat-support/js/wplc_u.js?ver=6.2.10 HTTP/1.1" 200 6105 "http://vapecompany.com.bd/product/?product_cat=us-premium-e-liquids" "Mozilla/5.0 (Linux; Android 10; K) AppleWebKit/537.36 (KHTML, like Gecko) Chrome/131.0.0.0 Mobile Safari/537.36"
103.152.155.98 - - [25/Dec/2024:07:29:27 -0500] "GET /product/wp-includes/js/jquery/jquery-migrate.min.js?ver=3.3.2 HTTP/1.1" 200 4169 "http://vapecompany.com.bd/product/?product_cat=us-premium-e-liquids" "Mozilla/5.0 (Linux; Android 10; K) AppleWebKit/537.36 (KHTML, like Gecko) Chrome/131.0.0.0 Mobile Safari/537.36"
103.152.155.98 - - [25/Dec/2024:07:29:27 -0500] "GET /product/wp-includes/js/jquery/jquery.min.js?ver=3.5.1 HTTP/1.1" 200 30916 "http://vapecompany.com.bd/product/?product_cat=us-premium-e-liquids" "Mozilla/5.0 (Linux; Android 10; K) AppleWebKit/537.36 (KHTML, like Gecko) Chrome/131.0.0.0 Mobile Safari/537.36"
103.152.155.98 - - [25/Dec/2024:07:29:27 -0500] "GET /product/wp-content/plugins/wp-live-chat-support/js/themes/classic.js?ver=6.2.10 HTTP/1.1" 200 883 "http://vapecompany.com.bd/product/?product_cat=us-premium-e-liquids" "Mozilla/5.0 (Linux; Android 10; K) AppleWebKit/537.36 (KHTML, like Gecko) Chrome/131.0.0.0 Mobile Safari/537.36"
103.152.155.98 - - [25/Dec/2024:07:29:27 -0500] "GET /product/wp-content/plugins/wp-live-chat-support/js/jquery-cookie.js?ver=5.6.14 HTTP/1.1" 200 1401 "http://vapecompany.com.bd/product/?product_cat=us-premium-e-liquids" "Mozilla/5.0 (Linux; Android 10; K) AppleWebKit/537.36 (KHTML, like Gecko) Chrome/131.0.0.0 Mobile Safari/537.36"
103.152.155.98 - - [25/Dec/2024:07:29:27 -0500] "GET /product/wp-content/plugins/revslider/public/assets/js/rbtools.min.js?ver=6.0.5 HTTP/1.1" 200 45119 "http://vapecompany.com.bd/product/?product_cat=us-premium-e-liquids" "Mozilla/5.0 (Linux; Android 10; K) AppleWebKit/537.36 (KHTML, like Gecko) Chrome/131.0.0.0 Mobile Safari/537.36"
103.152.155.98 - - [25/Dec/2024:07:29:27 -0500] "GET /product/wp-content/plugins/revslider/public/assets/js/rs6.min.js?ver=6.2.9 HTTP/1.1" 200 81865 "http://vapecompany.com.bd/product/?product_cat=us-premium-e-liquids" "Mozilla/5.0 (Linux; Android 10; K) AppleWebKit/537.36 (KHTML, like Gecko) Chrome/131.0.0.0 Mobile Safari/537.36"
103.152.155.98 - - [25/Dec/2024:07:29:27 -0500] "GET /product/wp-content/themes/wp_oswad_market/wp_oswad_market/js/wd_menu_front.js?ver=5.6.14 HTTP/1.1" 200 4274 "http://vapecompany.com.bd/product/?product_cat=us-premium-e-liquids" "Mozilla/5.0 (Linux; Android 10; K) AppleWebKit/537.36 (KHTML, like Gecko) Chrome/131.0.0.0 Mobile Safari/537.36"
103.152.155.98 - - [25/Dec/2024:07:29:27 -0500] "GET /product/wp-content/themes/wp_oswad_market/wp_oswad_market/js/jquery.hoverIntent.js?ver=5.6.14 HTTP/1.1" 200 1629 "http://vapecompany.com.bd/product/?product_cat=us-premium-e-liquids" "Mozilla/5.0 (Linux; Android 10; K) AppleWebKit/537.36 (KHTML, like Gecko) Chrome/131.0.0.0 Mobile Safari/537.36"
103.152.155.98 - - [25/Dec/2024:07:29:27 -0500] "GET /product/wp-content/plugins/woocommerce-grid-list-toggle/assets/js/jquery.gridlistview.min.js?ver=5.6.14 HTTP/1.1" 200 312 "http://vapecompany.com.bd/product/?product_cat=us-premium-e-liquids" "Mozilla/5.0 (Linux; Android 10; K) AppleWebKit/537.36 (KHTML, like Gecko) Chrome/131.0.0.0 Mobile Safari/537.36"
103.152.155.98 - - [25/Dec/2024:07:29:28 -0500] "GET /product/wp-content/themes/wp_oswad_market/wp_oswad_market/images/quickshop.png HTTP/1.1" 200 1246 "http://vapecompany.com.bd/product/?product_cat=us-premium-e-liquids" "Mozilla/5.0 (Linux; Android 10; K) AppleWebKit/537.36 (KHTML, like Gecko) Chrome/131.0.0.0 Mobile Safari/537.36"
103.152.155.98 - - [25/Dec/2024:07:29:28 -0500] "GET /product/wp-content/uploads/2014/01/Vape-Company-Logo-1.png HTTP/1.1" 200 34702 "http://vapecompany.com.bd/product/?product_cat=us-premium-e-liquids" "Mozilla/5.0 (Linux; Android 10; K) AppleWebKit/537.36 (KHTML, like Gecko) Chrome/131.0.0.0 Mobile Safari/537.36"
103.152.155.98 - - [25/Dec/2024:07:29:28 -0500] "GET /product/wp-content/plugins/woocommerce-grid-list-toggle/assets/js/jquery.cookie.min.js?ver=5.6.14 HTTP/1.1" 200 649 "http://vapecompany.com.bd/product/?product_cat=us-premium-e-liquids" "Mozilla/5.0 (Linux; Android 10; K) AppleWebKit/537.36 (KHTML, like Gecko) Chrome/131.0.0.0 Mobile Safari/537.36"
103.152.155.98 - - [25/Dec/2024:07:29:28 -0500] "GET /product/wp-includes/js/jquery/ui/core.min.js?ver=1.12.1 HTTP/1.1" 200 6865 "http://vapecompany.com.bd/product/?product_cat=us-premium-e-liquids" "Mozilla/5.0 (Linux; Android 10; K) AppleWebKit/537.36 (KHTML, like Gecko) Chrome/131.0.0.0 Mobile Safari/537.36"
103.152.155.98 - - [25/Dec/2024:07:29:28 -0500] "GET /product/wp-includes/js/jquery/ui/mouse.min.js?ver=1.12.1 HTTP/1.1" 200 1070 "http://vapecompany.com.bd/product/?product_cat=us-premium-e-liquids" "Mozilla/5.0 (Linux; Android 10; K) AppleWebKit/537.36 (KHTML, like Gecko) Chrome/131.0.0.0 Mobile Safari/537.36"
103.152.155.98 - - [25/Dec/2024:07:29:28 -0500] "GET /product/wp-includes/js/jquery/ui/draggable.min.js?ver=1.12.1 HTTP/1.1" 200 4826 "http://vapecompany.com.bd/product/?product_cat=us-premium-e-liquids" "Mozilla/5.0 (Linux; Android 10; K) AppleWebKit/537.36 (KHTML, like Gecko) Chrome/131.0.0.0 Mobile Safari/537.36"
103.152.155.98 - - [25/Dec/2024:07:29:28 -0500] "GET /product/wp-content/plugins/contact-form-7/includes/js/jquery.form.min.js?ver=3.51.0-2014.06.20 HTTP/1.1" 200 5860 "http://vapecompany.com.bd/product/?product_cat=us-premium-e-liquids" "Mozilla/5.0 (Linux; Android 10; K) AppleWebKit/537.36 (KHTML, like Gecko) Chrome/131.0.0.0 Mobile Safari/537.36"
103.152.155.98 - - [25/Dec/2024:07:29:29 -0500] "GET /product/wp-content/plugins/contact-form-7/includes/js/scripts.js?ver=4.1.2 HTTP/1.1" 200 3117 "http://vapecompany.com.bd/product/?product_cat=us-premium-e-liquids" "Mozilla/5.0 (Linux; Android 10; K) AppleWebKit/537.36 (KHTML, like Gecko) Chrome/131.0.0.0 Mobile Safari/537.36"
103.152.155.98 - - [25/Dec/2024:07:29:29 -0500] "GET /product/wp-content/plugins/wd_shortcode/js/wd_shortcode.js?ver=5.6.14 HTTP/1.1" 200 1606 "http://vapecompany.com.bd/product/?product_cat=us-premium-e-liquids" "Mozilla/5.0 (Linux; Android 10; K) AppleWebKit/537.36 (KHTML, like Gecko) Chrome/131.0.0.0 Mobile Safari/537.36"
103.152.155.98 - - [25/Dec/2024:07:29:29 -0500] "GET /product/wp-content/plugins/wd_shortcode/js/bootstrap.js?ver=5.6.14 HTTP/1.1" 200 11112 "http://vapecompany.com.bd/product/?product_cat=us-premium-e-liquids" "Mozilla/5.0 (Linux; Android 10; K) AppleWebKit/537.36 (KHTML, like Gecko) Chrome/131.0.0.0 Mobile Safari/537.36"
103.152.155.98 - - [25/Dec/2024:07:29:29 -0500] "GET /product/wp-content/plugins/wd_shortcode/js/owl.carousel.min.js?ver=5.6.14 HTTP/1.1" 200 10522 "http://vapecompany.com.bd/product/?product_cat=us-premium-e-liquids" "Mozilla/5.0 (Linux; Android 10; K) AppleWebKit/537.36 (KHTML, like Gecko) Chrome/131.0.0.0 Mobile Safari/537.36"
103.152.155.98 - - [25/Dec/2024:07:29:29 -0500] "GET /product/wp-content/plugins/wd_shortcode/js/jquery.imagesloaded.min.js?ver=5.6.14 HTTP/1.1" 200 2202 "http://vapecompany.com.bd/product/?product_cat=us-premium-e-liquids" "Mozilla/5.0 (Linux; Android 10; K) AppleWebKit/537.36 (KHTML, like Gecko) Chrome/131.0.0.0 Mobile Safari/537.36"
103.152.155.98 - - [25/Dec/2024:07:29:29 -0500] "GET /product/wp-content/plugins/woocommerce/assets/js/jquery-blockui/jquery.blockUI.min.js?ver=2.60 HTTP/1.1" 200 3548 "http://vapecompany.com.bd/product/?product_cat=us-premium-e-liquids" "Mozilla/5.0 (Linux; Android 10; K) AppleWebKit/537.36 (KHTML, like Gecko) Chrome/131.0.0.0 Mobile Safari/537.36"
103.152.155.98 - - [25/Dec/2024:07:29:30 -0500] "GET /product/wp-content/plugins/woocommerce/assets/js/frontend/woocommerce.min.js?ver=2.3.10 HTTP/1.1" 200 202 "http://vapecompany.com.bd/product/?product_cat=us-premium-e-liquids" "Mozilla/5.0 (Linux; Android 10; K) AppleWebKit/537.36 (KHTML, like Gecko) Chrome/131.0.0.0 Mobile Safari/537.36"
103.152.155.98 - - [25/Dec/2024:07:29:30 -0500] "GET /product/wp-content/plugins/woocommerce/assets/js/jquery-cookie/jquery.cookie.min.js?ver=1.4.1 HTTP/1.1" 200 775 "http://vapecompany.com.bd/product/?product_cat=us-premium-e-liquids" "Mozilla/5.0 (Linux; Android 10; K) AppleWebKit/537.36 (KHTML, like Gecko) Chrome/131.0.0.0 Mobile Safari/537.36"
103.152.155.98 - - [25/Dec/2024:07:29:30 -0500] "GET /product/wp-content/plugins/woocommerce/assets/js/frontend/cart-fragments.min.js?ver=2.3.10 HTTP/1.1" 200 609 "http://vapecompany.com.bd/product/?product_cat=us-premium-e-liquids" "Mozilla/5.0 (Linux; Android 10; K) AppleWebKit/537.36 (KHTML, like Gecko) Chrome/131.0.0.0 Mobile Safari/537.36"
103.152.155.98 - - [25/Dec/2024:07:29:30 -0500] "GET /product/wp-content/plugins/yith-woocommerce-compare/assets/js/woocompare.min.js?ver=2.4.4 HTTP/1.1" 200 1322 "http://vapecompany.com.bd/product/?product_cat=us-premium-e-liquids" "Mozilla/5.0 (Linux; Android 10; K) AppleWebKit/537.36 (KHTML, like Gecko) Chrome/131.0.0.0 Mobile Safari/537.36"
103.152.155.98 - - [25/Dec/2024:07:29:31 -0500] "GET /product/wp-content/plugins/woocommerce/assets/js/prettyPhoto/jquery.prettyPhoto.min.js?ver=3.1.5 HTTP/1.1" 200 5941 "http://vapecompany.com.bd/product/?product_cat=us-premium-e-liquids" "Mozilla/5.0 (Linux; Android 10; K) AppleWebKit/537.36 (KHTML, like Gecko) Chrome/131.0.0.0 Mobile Safari/537.36"
103.152.155.98 - - [25/Dec/2024:07:29:31 -0500] "GET /product/wp-content/plugins/woocommerce/assets/js/prettyPhoto/jquery.prettyPhoto.init.min.js?ver=2.3.10 HTTP/1.1" 200 177 "http://vapecompany.com.bd/product/?product_cat=us-premium-e-liquids" "Mozilla/5.0 (Linux; Android 10; K) AppleWebKit/537.36 (KHTML, like Gecko) Chrome/131.0.0.0 Mobile Safari/537.36"
103.152.155.98 - - [25/Dec/2024:07:29:31 -0500] "GET /product/wp-admin/images/wpspin_light.gif HTTP/1.1" 200 2052 "http://vapecompany.com.bd/" "Mozilla/5.0 (Linux; Android 10; K) AppleWebKit/537.36 (KHTML, like Gecko) Chrome/131.0.0.0 Mobile Safari/537.36"
103.152.155.98 - - [25/Dec/2024:07:29:31 -0500] "GET /product/wp-content/plugins/yith-woocommerce-wishlist/assets/js/jquery.yith-wcwl.js?ver=2.0 HTTP/1.1" 200 2568 "http://vapecompany.com.bd/product/?product_cat=us-premium-e-liquids" "Mozilla/5.0 (Linux; Android 10; K) AppleWebKit/537.36 (KHTML, like Gecko) Chrome/131.0.0.0 Mobile Safari/537.36"
103.152.155.98 - - [25/Dec/2024:07:29:31 -0500] "GET /product/wp-content/themes/wp_oswad_market/wp_oswad_market/framework/js/TweenMax.js?ver=5.6.14 HTTP/1.1" 200 30802 "http://vapecompany.com.bd/product/?product_cat=us-premium-e-liquids" "Mozilla/5.0 (Linux; Android 10; K) AppleWebKit/537.36 (KHTML, like Gecko) Chrome/131.0.0.0 Mobile Safari/537.36"
4.227.36.113 - - [25/Dec/2024:07:29:30 -0500] "GET /product/?rest_route=/oembed/1.0/embed&url=https://vapecompany.com.bd/product/?product=voopoo-pnp-vm5-mesh-0-2-ohm-replacement-coils HTTP/1.1" 200 2331 "-" "Mozilla/5.0 AppleWebKit/537.36 (KHTML, like Gecko; compatible; GPTBot/1.2; +https://openai.com/gptbot)"
103.152.155.98 - - [25/Dec/2024:07:29:31 -0500] "GET /product/wp-content/themes/wp_oswad_market/wp_oswad_market/images/default-background.png HTTP/1.1" 200 898 "http://vapecompany.com.bd/product/?product_cat=us-premium-e-liquids" "Mozilla/5.0 (Linux; Android 10; K) AppleWebKit/537.36 (KHTML, like Gecko) Chrome/131.0.0.0 Mobile Safari/537.36"
103.152.155.98 - - [25/Dec/2024:07:29:31 -0500] "GET /product/wp-content/themes/wp_oswad_market/wp_oswad_market/images/bg_shadow_menu_phone.png HTTP/1.1" 200 973 "http://vapecompany.com.bd/product/wp-content/themes/wp_oswad_market/wp_oswad_market/css/wd_menu_front.css?ver=5.6.14" "Mozilla/5.0 (Linux; Android 10; K) AppleWebKit/537.36 (KHTML, like Gecko) Chrome/131.0.0.0 Mobile Safari/537.36"
103.152.155.98 - - [25/Dec/2024:07:29:31 -0500] "GET /product/wp-content/themes/wp_oswad_market/wp_oswad_market/images/media/bg-breadcrumb.jpg HTTP/1.1" 200 34868 "http://vapecompany.com.bd/product/?product_cat=us-premium-e-liquids" "Mozilla/5.0 (Linux; Android 10; K) AppleWebKit/537.36 (KHTML, like Gecko) Chrome/131.0.0.0 Mobile Safari/537.36"
103.152.155.98 - - [25/Dec/2024:07:29:31 -0500] "GET /product/wp-content/plugins/yith-woocommerce-compare/assets/js/jquery.colorbox-min.js?ver=1.4.21 HTTP/1.1" 200 4711 "http://vapecompany.com.bd/product/?product_cat=us-premium-e-liquids" "Mozilla/5.0 (Linux; Android 10; K) AppleWebKit/537.36 (KHTML, like Gecko) Chrome/131.0.0.0 Mobile Safari/537.36"
103.152.155.98 - - [25/Dec/2024:07:29:31 -0500] "GET /product/wp-content/plugins/yith-woocommerce-wishlist/assets/js/jquery.selectBox.min.js?ver=5.6.14 HTTP/1.1" 200 4006 "http://vapecompany.com.bd/product/?product_cat=us-premium-e-liquids" "Mozilla/5.0 (Linux; Android 10; K) AppleWebKit/537.36 (KHTML, like Gecko) Chrome/131.0.0.0 Mobile Safari/537.36"
103.152.155.98 - - [25/Dec/2024:07:29:32 -0500] "GET /product/wp-includes/js/jquery/ui/accordion.min.js?ver=1.12.1 HTTP/1.1" 200 2717 "http://vapecompany.com.bd/product/?product_cat=us-premium-e-liquids" "Mozilla/5.0 (Linux; Android 10; K) AppleWebKit/537.36 (KHTML, like Gecko) Chrome/131.0.0.0 Mobile Safari/537.36"
103.152.155.98 - - [25/Dec/2024:07:29:32 -0500] "GET /product/wp-includes/js/jquery/ui/tabs.min.js?ver=1.12.1 HTTP/1.1" 200 3909 "http://vapecompany.com.bd/product/?product_cat=us-premium-e-liquids" "Mozilla/5.0 (Linux; Android 10; K) AppleWebKit/537.36 (KHTML, like Gecko) Chrome/131.0.0.0 Mobile Safari/537.36"
103.152.155.98 - - [25/Dec/2024:07:29:32 -0500] "GET /product/wp-content/uploads/2024/09/Aqua-Pure-FB-400x400.jpg HTTP/1.1" 200 19573 "http://vapecompany.com.bd/" "Mozilla/5.0 (Linux; Android 10; K) AppleWebKit/537.36 (KHTML, like Gecko) Chrome/131.0.0.0 Mobile Safari/537.36"
103.152.155.98 - - [25/Dec/2024:07:29:32 -0500] "GET /product/wp-content/themes/wp_oswad_market/wp_oswad_market/framework/js/jquery.touchSwipe.js?ver=5.6.14 HTTP/1.1" 200 15562 "http://vapecompany.com.bd/product/?product_cat=us-premium-e-liquids" "Mozilla/5.0 (Linux; Android 10; K) AppleWebKit/537.36 (KHTML, like Gecko) Chrome/131.0.0.0 Mobile Safari/537.36"
103.152.155.98 - - [25/Dec/2024:07:29:32 -0500] "GET /product/wp-includes/js/jquery/ui/effect.min.js?ver=1.12.1 HTTP/1.1" 200 6384 "http://vapecompany.com.bd/product/?product_cat=us-premium-e-liquids" "Mozilla/5.0 (Linux; Android 10; K) AppleWebKit/537.36 (KHTML, like Gecko) Chrome/131.0.0.0 Mobile Safari/537.36"
103.152.155.98 - - [25/Dec/2024:07:29:32 -0500] "GET /product/wp-content/themes/wp_oswad_market/wp_oswad_market/js/jquery.prettyPhoto.min.js?ver=5.6.14 HTTP/1.1" 200 5958 "http://vapecompany.com.bd/product/?product_cat=us-premium-e-liquids" "Mozilla/5.0 (Linux; Android 10; K) AppleWebKit/537.36 (KHTML, like Gecko) Chrome/131.0.0.0 Mobile Safari/537.36"
4.227.36.113 - - [25/Dec/2024:07:29:31 -0500] "GET /product/?rest_route=/oembed/1.0/embed&url=https://vapecompany.com.bd/product/?product=lost-vape-ultra-boost-mesh-v2-m1-0-3-ohm-coils HTTP/1.1" 200 2331 "-" "Mozilla/5.0 AppleWebKit/537.36 (KHTML, like Gecko; compatible; GPTBot/1.2; +https://openai.com/gptbot)"
103.152.155.98 - - [25/Dec/2024:07:29:32 -0500] "GET /product/wp-content/themes/wp_oswad_market/wp_oswad_market/js/oswadmarket.js?ver=5.6.14 HTTP/1.1" 200 10225 "http://vapecompany.com.bd/product/?product_cat=us-premium-e-liquids" "Mozilla/5.0 (Linux; Android 10; K) AppleWebKit/537.36 (KHTML, like Gecko) Chrome/131.0.0.0 Mobile Safari/537.36"
103.152.155.98 - - [25/Dec/2024:07:29:32 -0500] "GET /product/wp-content/themes/wp_oswad_market/wp_oswad_market/js/jquery.prettyPhoto.init.min.js?ver=5.6.14 HTTP/1.1" 200 240 "http://vapecompany.com.bd/product/?product_cat=us-premium-e-liquids" "Mozilla/5.0 (Linux; Android 10; K) AppleWebKit/537.36 (KHTML, like Gecko) Chrome/131.0.0.0 Mobile Safari/537.36"
103.152.155.98 - - [25/Dec/2024:07:29:32 -0500] "GET /product/wp-content/uploads/2024/09/Aqua-Pure-ICE-FB-400x400.jpg HTTP/1.1" 200 19494 "http://vapecompany.com.bd/" "Mozilla/5.0 (Linux; Android 10; K) AppleWebKit/537.36 (KHTML, like Gecko) Chrome/131.0.0.0 Mobile Safari/537.36"
103.152.155.98 - - [25/Dec/2024:07:29:32 -0500] "GET /product/wp-content/plugins/wd_quickshop/js/cloud-zoom.1.0.2.js?ver=5.6.14 HTTP/1.1" 200 4532 "http://vapecompany.com.bd/product/?product_cat=us-premium-e-liquids" "Mozilla/5.0 (Linux; Android 10; K) AppleWebKit/537.36 (KHTML, like Gecko) Chrome/131.0.0.0 Mobile Safari/537.36"
173.252.79.6 - - [25/Dec/2024:07:29:32 -0500] "GET /product/wp-content/uploads/2014/01/Vape-Company-Logo-1.png HTTP/1.1" 200 34702 "-" "facebookexternalhit/1.1 (+http://www.facebook.com/externalhit_uatext.php)"
103.152.155.98 - - [25/Dec/2024:07:29:32 -0500] "GET /product/wp-includes/js/wp-embed.min.js?ver=5.6.14 HTTP/1.1" 200 804 "http://vapecompany.com.bd/product/?product_cat=us-premium-e-liquids" "Mozilla/5.0 (Linux; Android 10; K) AppleWebKit/537.36 (KHTML, like Gecko) Chrome/131.0.0.0 Mobile Safari/537.36"
103.152.155.98 - - [25/Dec/2024:07:29:32 -0500] "GET /product/wp-includes/js/jquery/ui/slider.min.js?ver=1.12.1 HTTP/1.1" 200 3111 "http://vapecompany.com.bd/product/?product_cat=us-premium-e-liquids" "Mozilla/5.0 (Linux; Android 10; K) AppleWebKit/537.36 (KHTML, like Gecko) Chrome/131.0.0.0 Mobile Safari/537.36"
103.152.155.98 - - [25/Dec/2024:07:29:32 -0500] "GET /product/wp-content/plugins/woocommerce/assets/js/frontend/jquery-ui-touch-punch.min.js?ver=2.3.10 HTTP/1.1" 200 599 "http://vapecompany.com.bd/product/?product_cat=us-premium-e-liquids" "Mozilla/5.0 (Linux; Android 10; K) AppleWebKit/537.36 (KHTML, like Gecko) Chrome/131.0.0.0 Mobile Safari/537.36"
103.152.155.98 - - [25/Dec/2024:07:29:32 -0500] "GET /product/wp-content/plugins/woocommerce/assets/js/frontend/price-slider.min.js?ver=2.3.10 HTTP/1.1" 200 522 "http://vapecompany.com.bd/product/?product_cat=us-premium-e-liquids" "Mozilla/5.0 (Linux; Android 10; K) AppleWebKit/537.36 (KHTML, like Gecko) Chrome/131.0.0.0 Mobile Safari/537.36"
114.119.157.54 - - [25/Dec/2024:07:29:32 -0500] "GET /product/?product=geekvape-z-xm-0-40-ohm-replacement-coils HTTP/1.1" 200 17365 "https://vapecompany.com.bd/product/?product=geekvape-z-xm-0-40-ohm-replacement-coils" "Mozilla/5.0 (Linux; Android 7.0;) AppleWebKit/537.36 (KHTML, like Gecko) Mobile Safari/537.36 (compatible; PetalBot;+https://webmaster.petalsearch.com/site/petalbot)"
103.152.155.98 - - [25/Dec/2024:07:29:33 -0500] "GET /product/wp-content/themes/wp_oswad_market/wp_oswad_market/images/media/icon_payment_visa.png HTTP/1.1" 200 1370 "http://vapecompany.com.bd/product/?product_cat=us-premium-e-liquids" "Mozilla/5.0 (Linux; Android 10; K) AppleWebKit/537.36 (KHTML, like Gecko) Chrome/131.0.0.0 Mobile Safari/537.36"
103.152.155.98 - - [25/Dec/2024:07:29:33 -0500] "GET /product/wp-content/themes/wp_oswad_market/wp_oswad_market/images/media/icon_american_visa.png HTTP/1.1" 200 1423 "http://vapecompany.com.bd/product/?product_cat=us-premium-e-liquids" "Mozilla/5.0 (Linux; Android 10; K) AppleWebKit/537.36 (KHTML, like Gecko) Chrome/131.0.0.0 Mobile Safari/537.36"
103.152.155.98 - - [25/Dec/2024:07:29:33 -0500] "GET /product/wp-content/themes/wp_oswad_market/wp_oswad_market/images/media/icon_dhl_visa.png HTTP/1.1" 200 1480 "http://vapecompany.com.bd/product/?product_cat=us-premium-e-liquids" "Mozilla/5.0 (Linux; Android 10; K) AppleWebKit/537.36 (KHTML, like Gecko) Chrome/131.0.0.0 Mobile Safari/537.36"
103.152.155.98 - - [25/Dec/2024:07:29:33 -0500] "GET /product/wp-content/themes/wp_oswad_market/wp_oswad_market/images/media/icon_payment_master_card.png HTTP/1.1" 200 1680 "http://vapecompany.com.bd/product/?product_cat=us-premium-e-liquids" "Mozilla/5.0 (Linux; Android 10; K) AppleWebKit/537.36 (KHTML, like Gecko) Chrome/131.0.0.0 Mobile Safari/537.36"
103.152.155.98 - - [25/Dec/2024:07:29:33 -0500] "GET /product/wp-content/themes/wp_oswad_market/wp_oswad_market/images/media/icon_fed_visa.png HTTP/1.1" 200 1283 "http://vapecompany.com.bd/product/?product_cat=us-premium-e-liquids" "Mozilla/5.0 (Linux; Android 10; K) AppleWebKit/537.36 (KHTML, like Gecko) Chrome/131.0.0.0 Mobile Safari/537.36"
103.152.155.98 - - [25/Dec/2024:07:29:33 -0500] "GET /product/wp-includes/js/wp-emoji-release.min.js?ver=5.6.14 HTTP/1.1" 200 4662 "http://vapecompany.com.bd/product/?product_cat=us-premium-e-liquids" "Mozilla/5.0 (Linux; Android 10; K) AppleWebKit/537.36 (KHTML, like Gecko) Chrome/131.0.0.0 Mobile Safari/537.36"
4.227.36.113 - - [25/Dec/2024:07:29:33 -0500] "GET /product/?rest_route=/oembed/1.0/embed&url=https://vapecompany.com.bd/product/?product=voopoo-pnp-vm6-mesh-0-15-ohm-replacement-coils HTTP/1.1" 200 2331 "-" "Mozilla/5.0 AppleWebKit/537.36 (KHTML, like Gecko; compatible; GPTBot/1.2; +https://openai.com/gptbot)"
103.152.155.98 - - [25/Dec/2024:07:29:33 -0500] "GET /product/wp-content/themes/wp_oswad_market/wp_oswad_market/images/images.png HTTP/1.1" 200 10523 "http://vapecompany.com.bd/product/wp-content/themes/wp_oswad_market/wp_oswad_market/css/base.css?ver=5.6.14" "Mozilla/5.0 (Linux; Android 10; K) AppleWebKit/537.36 (KHTML, like Gecko) Chrome/131.0.0.0 Mobile Safari/537.36"
103.152.155.98 - - [25/Dec/2024:07:29:33 -0500] "GET /product/wp-content/themes/wp_oswad_market/wp_oswad_market/images/media/bg-footer.jpg HTTP/1.1" 200 222316 "http://vapecompany.com.bd/product/?product_cat=us-premium-e-liquids" "Mozilla/5.0 (Linux; Android 10; K) AppleWebKit/537.36 (KHTML, like Gecko) Chrome/131.0.0.0 Mobile Safari/537.36"
103.152.155.98 - - [25/Dec/2024:07:29:33 -0500] "POST /product/wp-admin/admin-ajax.php HTTP/1.1" 200 275 "http://vapecompany.com.bd/product/?product_cat=us-premium-e-liquids" "Mozilla/5.0 (Linux; Android 10; K) AppleWebKit/537.36 (KHTML, like Gecko) Chrome/131.0.0.0 Mobile Safari/537.36"
103.152.155.98 - - [25/Dec/2024:07:29:34 -0500] "GET /product/wp-content/plugins/contact-form-7/images/ajax-loader.gif HTTP/1.1" 200 847 "http://vapecompany.com.bd/product/?product_cat=us-premium-e-liquids" "Mozilla/5.0 (Linux; Android 10; K) AppleWebKit/537.36 (KHTML, like Gecko) Chrome/131.0.0.0 Mobile Safari/537.36"
103.152.155.98 - - [25/Dec/2024:07:29:34 -0500] "GET /product/wp-content/themes/wp_oswad_market/wp_oswad_market/images/ic-fiter-price.png HTTP/1.1" 200 1650 "http://vapecompany.com.bd/product/wp-content/themes/wp_oswad_market/wp_oswad_market/css/base.css?ver=5.6.14" "Mozilla/5.0 (Linux; Android 10; K) AppleWebKit/537.36 (KHTML, like Gecko) Chrome/131.0.0.0 Mobile Safari/537.36"
103.152.155.98 - - [25/Dec/2024:07:29:35 -0500] "GET /product/wp-content/plugins/yith-woocommerce-wishlist/assets/fontawesome/fontawesome-webfont.woff2?v=4.3.0 HTTP/1.1" 200 56780 "http://vapecompany.com.bd/product/wp-content/plugins/yith-woocommerce-wishlist/assets/css/font-awesome.min.css?ver=5.6.14" "Mozilla/5.0 (Linux; Android 10; K) AppleWebKit/537.36 (KHTML, like Gecko) Chrome/131.0.0.0 Mobile Safari/537.36"
4.227.36.113 - - [25/Dec/2024:07:29:35 -0500] "GET /product/?rest_route=/oembed/1.0/embed HTTP/1.1" 400 115 "-" "Mozilla/5.0 AppleWebKit/537.36 (KHTML, like Gecko; compatible; GPTBot/1.2; +https://openai.com/gptbot)"
103.152.155.98 - - [25/Dec/2024:07:29:35 -0500] "GET /product/wp-content/themes/wp_oswad_market/wp_oswad_market/images/top-right-shadow.png HTTP/1.1" 200 1340 "http://vapecompany.com.bd/product/wp-content/themes/wp_oswad_market/wp_oswad_market/css/base.css?ver=5.6.14" "Mozilla/5.0 (Linux; Android 10; K) AppleWebKit/537.36 (KHTML, like Gecko) Chrome/131.0.0.0 Mobile Safari/537.36"
103.152.155.98 - - [25/Dec/2024:07:29:35 -0500] "GET /product/wp-content/themes/wp_oswad_market/wp_oswad_market/images/o_line-border-top.png HTTP/1.1" 200 1076 "http://vapecompany.com.bd/product/wp-content/themes/wp_oswad_market/wp_oswad_market/css/base.css?ver=5.6.14" "Mozilla/5.0 (Linux; Android 10; K) AppleWebKit/537.36 (KHTML, like Gecko) Chrome/131.0.0.0 Mobile Safari/537.36"
103.152.155.98 - - [25/Dec/2024:07:29:35 -0500] "GET /product/wp-content/themes/wp_oswad_market/wp_oswad_market/images/bottom-left-shadow.png HTTP/1.1" 200 3302 "http://vapecompany.com.bd/product/wp-content/themes/wp_oswad_market/wp_oswad_market/css/base.css?ver=5.6.14" "Mozilla/5.0 (Linux; Android 10; K) AppleWebKit/537.36 (KHTML, like Gecko) Chrome/131.0.0.0 Mobile Safari/537.36"
103.152.155.98 - - [25/Dec/2024:07:29:35 -0500] "GET /product/wp-content/themes/wp_oswad_market/wp_oswad_market/images/o_line-border-bottom.png HTTP/1.1" 200 1096 "http://vapecompany.com.bd/product/wp-content/themes/wp_oswad_market/wp_oswad_market/css/base.css?ver=5.6.14" "Mozilla/5.0 (Linux; Android 10; K) AppleWebKit/537.36 (KHTML, like Gecko) Chrome/131.0.0.0 Mobile Safari/537.36"
103.152.155.98 - - [25/Dec/2024:07:29:36 -0500] "GET /product/wp-content/plugins/wp-live-chat-support/fonts/fontawesome-webfont.woff2?v=4.6.3 HTTP/1.1" 200 71896 "http://vapecompany.com.bd/product/wp-content/plugins/wp-live-chat-support/css/font-awesome.min.css?ver=5.6.14" "Mozilla/5.0 (Linux; Android 10; K) AppleWebKit/537.36 (KHTML, like Gecko) Chrome/131.0.0.0 Mobile Safari/537.36"
103.152.155.98 - - [25/Dec/2024:07:29:37 -0500] "GET /product/wp-content/plugins/js_composer/assets/lib/bower/font-awesome/fonts/fontawesome-webfont.woff2?v=4.5.0 HTTP/1.1" 200 66624 "http://vapecompany.com.bd/product/wp-content/plugins/js_composer/assets/lib/bower/font-awesome/css/font-awesome.min.css?ver=4.11.2.1" "Mozilla/5.0 (Linux; Android 10; K) AppleWebKit/537.36 (KHTML, like Gecko) Chrome/131.0.0.0 Mobile Safari/537.36"
216.244.66.234 - - [25/Dec/2024:07:30:48 -0500] "GET /robots.txt HTTP/1.1" 200 67 "-" "Mozilla/5.0 (compatible; DotBot/1.2; +https://opensiteexplorer.org/dotbot; help@moz.com)"
173.252.83.13 - - [25/Dec/2024:07:32:00 -0500] "GET /product/wp-content/themes/wp_oswad_market/wp_oswad_market/images/media/icon_payment_visa.png HTTP/1.1" 200 1370 "-" "meta-externalagent/1.1 (+https://developers.facebook.com/docs/sharing/webmasters/crawler)"
4.227.36.113 - - [25/Dec/2024:07:32:49 -0500] "GET /product/wp-content/themes/wp_oswad_market/wp_oswad_market/images/media/bg-footer.jpg) HTTP/1.1" 404 25986 "-" "Mozilla/5.0 AppleWebKit/537.36 (KHTML, like Gecko; compatible; GPTBot/1.2; +https://openai.com/gptbot)"
4.227.36.113 - - [25/Dec/2024:07:33:34 -0500] "GET /product/wp-content/themes/wp_oswad_market/wp_oswad_market/images/ajax-control-panel.png HTTP/1.1" 404 25987 "-" "Mozilla/5.0 AppleWebKit/537.36 (KHTML, like Gecko; compatible; GPTBot/1.2; +https://openai.com/gptbot)"
4.227.36.113 - - [25/Dec/2024:07:34:06 -0500] "GET /product/wp-content/plugins/woocommerce-grid-list-toggle/assets/css/button.css?ver=5.6.14 HTTP/1.1" 200 398 "-" "Mozilla/5.0 AppleWebKit/537.36 (KHTML, like Gecko; compatible; GPTBot/1.2; +https://openai.com/gptbot)"
4.227.36.113 - - [25/Dec/2024:07:34:07 -0500] "GET /product/wp-content/plugins/woocommerce/assets/js/frontend/price-slider.min.js?ver=2.3.10 HTTP/1.1" 200 522 "-" "Mozilla/5.0 AppleWebKit/537.36 (KHTML, like Gecko; compatible; GPTBot/1.2; +https://openai.com/gptbot)"
4.227.36.113 - - [25/Dec/2024:07:35:26 -0500] "GET /product/wp-content/plugins/woocommerce/assets/js/frontend/cart-fragments.min.js?ver=2.3.10 HTTP/1.1" 200 609 "-" "Mozilla/5.0 AppleWebKit/537.36 (KHTML, like Gecko; compatible; GPTBot/1.2; +https://openai.com/gptbot)"
4.227.36.113 - - [25/Dec/2024:07:36:17 -0500] "GET /product/wp-content/plugins/woocommerce/assets/js/jquery-blockui/jquery.blockUI.min.js?ver=2.60 HTTP/1.1" 200 3548 "-" "Mozilla/5.0 AppleWebKit/537.36 (KHTML, like Gecko; compatible; GPTBot/1.2; +https://openai.com/gptbot)"
4.227.36.113 - - [25/Dec/2024:07:36:20 -0500] "GET /product/wp-content/plugins/yith-woocommerce-wishlist/assets/css/jquery.selectBox.css?ver=5.6.14 HTTP/1.1" 200 1027 "-" "Mozilla/5.0 AppleWebKit/537.36 (KHTML, like Gecko; compatible; GPTBot/1.2; +https://openai.com/gptbot)"
4.227.36.113 - - [25/Dec/2024:07:36:43 -0500] "GET /product/wp-content/plugins/woocommerce-grid-list-toggle/assets/js/jquery.cookie.min.js?ver=5.6.14 HTTP/1.1" 200 649 "-" "Mozilla/5.0 AppleWebKit/537.36 (KHTML, like Gecko; compatible; GPTBot/1.2; +https://openai.com/gptbot)"
4.227.36.113 - - [25/Dec/2024:07:36:44 -0500] "GET /product/wp-content/plugins/woocommerce/assets/js/frontend/jquery-ui-touch-punch.min.js?ver=2.3.10 HTTP/1.1" 200 599 "-" "Mozilla/5.0 AppleWebKit/537.36 (KHTML, like Gecko; compatible; GPTBot/1.2; +https://openai.com/gptbot)"
4.227.36.113 - - [25/Dec/2024:07:38:07 -0500] "GET /product/wp-content/plugins/js_composer/assets/lib/bower/font-awesome/fonts/fontawesome-webfont.eot HTTP/1.1" 200 70783 "-" "Mozilla/5.0 AppleWebKit/537.36 (KHTML, like Gecko; compatible; GPTBot/1.2; +https://openai.com/gptbot)"
4.227.36.113 - - [25/Dec/2024:07:38:44 -0500] "GET /product/wp-content/plugins/woocommerce-grid-list-toggle/assets/js/jquery.gridlistview.min.js?ver=5.6.14 HTTP/1.1" 200 312 "-" "Mozilla/5.0 AppleWebKit/537.36 (KHTML, like Gecko; compatible; GPTBot/1.2; +https://openai.com/gptbot)"
216.244.66.234 - - [25/Dec/2024:07:40:52 -0500] "GET /product/?product=joyetech-ex-mtl-1-2-ohm-coils&lost-password HTTP/1.1" 200 117901 "-" "Mozilla/5.0 (compatible; DotBot/1.2; +https://opensiteexplorer.org/dotbot; help@moz.com)"
216.244.66.234 - - [25/Dec/2024:07:42:30 -0500] "GET /product/?product_cat=3mg&add_to_wishlist=11263&paged=2 HTTP/1.1" 200 172650 "-" "Mozilla/5.0 (compatible; DotBot/1.2; +https://opensiteexplorer.org/dotbot; help@moz.com)"
114.119.155.13 - - [25/Dec/2024:07:44:43 -0500] "GET /product?product=aspire-nautilus-aio-ns-1-8-ohm-coil&lost-password HTTP/1.1" 301 304 "http://vapecompany.com.bd/product/?product=aspire-nautilus-aio-ns-1-8-ohm-coil" "Mozilla/5.0 (Linux; Android 7.0;) AppleWebKit/537.36 (KHTML, like Gecko) Mobile Safari/537.36 (compatible; PetalBot;+https://webmaster.petalsearch.com/site/petalbot)"
4.227.36.113 - - [25/Dec/2024:07:47:37 -0500] "GET /product/?add_to_wishlist=4633&product=lost-vape-ultra-boost-mtl-1-0-ohm-coils HTTP/1.1" 200 17425 "-" "Mozilla/5.0 AppleWebKit/537.36 (KHTML, like Gecko; compatible; GPTBot/1.2; +https://openai.com/gptbot)"
216.244.66.234 - - [25/Dec/2024:07:47:43 -0500] "GET /product/?post_type=product&add_to_wishlist=11099&paged=1 HTTP/1.1" 200 171438 "-" "Mozilla/5.0 (compatible; DotBot/1.2; +https://opensiteexplorer.org/dotbot; help@moz.com)"
216.244.66.234 - - [25/Dec/2024:07:47:53 -0500] "GET /product/?post_type=product&add_to_wishlist=4597&paged=37 HTTP/1.1" 200 171941 "-" "Mozilla/5.0 (compatible; DotBot/1.2; +https://opensiteexplorer.org/dotbot; help@moz.com)"
216.244.66.234 - - [25/Dec/2024:07:47:58 -0500] "GET /product/?post_type=product&add_to_wishlist=6284&paged=27 HTTP/1.1" 200 178561 "-" "Mozilla/5.0 (compatible; DotBot/1.2; +https://opensiteexplorer.org/dotbot; help@moz.com)"
216.244.66.234 - - [25/Dec/2024:07:48:06 -0500] "GET /product/?post_type=product&add_to_wishlist=8990&paged=27 HTTP/1.1" 200 178560 "-" "Mozilla/5.0 (compatible; DotBot/1.2; +https://opensiteexplorer.org/dotbot; help@moz.com)"
216.244.66.234 - - [25/Dec/2024:07:48:10 -0500] "GET /product/?post_type=product&paged=24&add_to_wishlist=8708 HTTP/1.1" 200 176289 "-" "Mozilla/5.0 (compatible; DotBot/1.2; +https://opensiteexplorer.org/dotbot; help@moz.com)"
4.227.36.113 - - [25/Dec/2024:07:48:30 -0500] "GET /product/wp-content/plugins/woocommerce/assets/js/jquery-blockui/'+d.iframeSrc+' HTTP/1.1" 404 25984 "-" "Mozilla/5.0 AppleWebKit/537.36 (KHTML, like Gecko; compatible; GPTBot/1.2; +https://openai.com/gptbot)"
5.255.231.139 - - [25/Dec/2024:07:58:26 -0500] "GET /product/?product=joyetech-teros-one-0-50-ohm-replacement-pods HTTP/1.1" 200 18211 "-" "Mozilla/5.0 (compatible; YandexBot/3.0; +http://yandex.com/bots)"
216.244.66.234 - - [25/Dec/2024:08:01:59 -0500] "GET /product/?feed=rss2&p=10705 HTTP/1.1" 301 - "-" "Mozilla/5.0 (compatible; DotBot/1.2; +https://opensiteexplorer.org/dotbot; help@moz.com)"
4.227.36.113 - - [25/Dec/2024:08:02:00 -0500] "GET /product/?add_to_wishlist=12189&paged=33&post_type=product HTTP/1.1" 200 21649 "-" "Mozilla/5.0 AppleWebKit/537.36 (KHTML, like Gecko; compatible; GPTBot/1.2; +https://openai.com/gptbot)"
4.227.36.113 - - [25/Dec/2024:08:02:02 -0500] "GET /product/?add_to_wishlist=11564&paged=4&post_type=product HTTP/1.1" 200 21844 "-" "Mozilla/5.0 AppleWebKit/537.36 (KHTML, like Gecko; compatible; GPTBot/1.2; +https://openai.com/gptbot)"
216.244.66.234 - - [25/Dec/2024:08:02:03 -0500] "GET /product/?post_type=product&add_to_wishlist=10482&paged=1 HTTP/1.1" 200 171436 "-" "Mozilla/5.0 (compatible; DotBot/1.2; +https://opensiteexplorer.org/dotbot; help@moz.com)"
216.244.66.234 - - [25/Dec/2024:08:02:07 -0500] "GET /product/?post_type=product&add_to_wishlist=11423&paged=39 HTTP/1.1" 200 172755 "-" "Mozilla/5.0 (compatible; DotBot/1.2; +https://opensiteexplorer.org/dotbot; help@moz.com)"
4.227.36.113 - - [25/Dec/2024:08:02:10 -0500] "GET /product/?add_to_wishlist=5176&paged=22&post_type=product HTTP/1.1" 200 22144 "-" "Mozilla/5.0 AppleWebKit/537.36 (KHTML, like Gecko; compatible; GPTBot/1.2; +https://openai.com/gptbot)"
216.244.66.234 - - [25/Dec/2024:08:02:11 -0500] "GET /product/?post_type=product&add_to_wishlist=11425&paged=39 HTTP/1.1" 200 172756 "-" "Mozilla/5.0 (compatible; DotBot/1.2; +https://opensiteexplorer.org/dotbot; help@moz.com)"
216.244.66.234 - - [25/Dec/2024:08:02:14 -0500] "GET /product/?post_type=product&add_to_wishlist=4717&paged=23 HTTP/1.1" 200 183251 "-" "Mozilla/5.0 (compatible; DotBot/1.2; +https://opensiteexplorer.org/dotbot; help@moz.com)"
216.244.66.234 - - [25/Dec/2024:08:02:18 -0500] "GET /product/?post_type=product&add_to_wishlist=7389&paged=22 HTTP/1.1" 200 181242 "-" "Mozilla/5.0 (compatible; DotBot/1.2; +https://opensiteexplorer.org/dotbot; help@moz.com)"
4.227.36.113 - - [25/Dec/2024:08:02:20 -0500] "GET /product/?add_to_wishlist=12232&paged=33&post_type=product HTTP/1.1" 200 21647 "-" "Mozilla/5.0 AppleWebKit/537.36 (KHTML, like Gecko; compatible; GPTBot/1.2; +https://openai.com/gptbot)"
216.244.66.234 - - [25/Dec/2024:08:02:21 -0500] "GET /product/?post_type=product&paged=23&add_to_wishlist=6194 HTTP/1.1" 200 183253 "-" "Mozilla/5.0 (compatible; DotBot/1.2; +https://opensiteexplorer.org/dotbot; help@moz.com)"
4.227.36.113 - - [25/Dec/2024:08:02:24 -0500] "GET /product/?add_to_wishlist=8582&paged=19&post_type=product HTTP/1.1" 200 21667 "-" "Mozilla/5.0 AppleWebKit/537.36 (KHTML, like Gecko; compatible; GPTBot/1.2; +https://openai.com/gptbot)"
216.244.66.234 - - [25/Dec/2024:08:02:25 -0500] "GET /product/?product_cat=disposable-pods&add_to_wishlist=8440 HTTP/1.1" 404 61616 "-" "Mozilla/5.0 (compatible; DotBot/1.2; +https://opensiteexplorer.org/dotbot; help@moz.com)"
216.244.66.234 - - [25/Dec/2024:08:02:28 -0500] "GET /product/?product_cat=mods&add_to_wishlist=9739 HTTP/1.1" 200 109724 "-" "Mozilla/5.0 (compatible; DotBot/1.2; +https://opensiteexplorer.org/dotbot; help@moz.com)"
173.252.83.12 - - [25/Dec/2024:08:03:34 -0500] "GET /robots.txt HTTP/1.1" 200 67 "-" "facebookexternalhit/1.1 (+http://www.facebook.com/externalhit_uatext.php)"
213.180.203.56 - - [25/Dec/2024:08:04:26 -0500] "GET /product/?product=geekvape-zeus-sub-ohm-tank&add_to_wishlist=5783 HTTP/1.1" 404 61628 "-" "Mozilla/5.0 (compatible; YandexBot/3.0; +http://yandex.com/bots)"
4.227.36.113 - - [25/Dec/2024:08:05:17 -0500] "GET /product/wp-content/plugins/woocommerce/assets/js/jquery-blockui/'+d.iframeSrc+' HTTP/1.1" 404 25984 "-" "Mozilla/5.0 AppleWebKit/537.36 (KHTML, like Gecko; compatible; GPTBot/1.2; +https://openai.com/gptbot)"
216.244.66.234 - - [25/Dec/2024:08:05:42 -0500] "GET /product/?post_type=product&add_to_wishlist=11263&paged=20 HTTP/1.1" 200 173876 "-" "Mozilla/5.0 (compatible; DotBot/1.2; +https://opensiteexplorer.org/dotbot; help@moz.com)"
216.244.66.234 - - [25/Dec/2024:08:16:57 -0500] "GET /robots.txt HTTP/1.1" 200 67 "-" "Mozilla/5.0 (compatible; DotBot/1.2; +https://opensiteexplorer.org/dotbot; help@moz.com)"
5.255.231.163 - - [25/Dec/2024:08:20:25 -0500] "GET /robots.txt HTTP/1.1" 200 67 "-" "Mozilla/5.0 (compatible; YandexBot/3.0; +http://yandex.com/bots)"
158.69.254.44 - - [25/Dec/2024:08:20:52 -0500] "GET / HTTP/1.1" 200 10859 "-" "Mozilla/5.0 (Macintosh; Intel Mac OS X 10_15_7) AppleWebKit/537.36 (KHTML, like Gecko) Chrome/109.0.0.0 Safari/537.36"
216.244.66.234 - - [25/Dec/2024:08:28:03 -0500] "GET /product/?post_type=product&add_to_wishlist=10646&paged=33 HTTP/1.1" 200 178035 "-" "Mozilla/5.0 (compatible; DotBot/1.2; +https://opensiteexplorer.org/dotbot; help@moz.com)"
4.227.36.113 - - [25/Dec/2024:08:28:21 -0500] "GET /product/?add_to_wishlist=5402&paged=5&post_type=product HTTP/1.1" 200 22469 "-" "Mozilla/5.0 AppleWebKit/537.36 (KHTML, like Gecko; compatible; GPTBot/1.2; +https://openai.com/gptbot)"
216.244.66.234 - - [25/Dec/2024:08:28:22 -0500] "GET /product/?post_type=product&paged=17&add_to_wishlist=9213 HTTP/1.1" 200 175904 "-" "Mozilla/5.0 (compatible; DotBot/1.2; +https://opensiteexplorer.org/dotbot; help@moz.com)"
216.244.66.234 - - [25/Dec/2024:08:28:43 -0500] "GET /product/?product_cat=fridge-frootz&add_to_wishlist=11759 HTTP/1.1" 200 112863 "-" "Mozilla/5.0 (compatible; DotBot/1.2; +https://opensiteexplorer.org/dotbot; help@moz.com)"
4.227.36.113 - - [25/Dec/2024:08:28:43 -0500] "GET /product/?add_to_wishlist=12140&paged=39&post_type=product HTTP/1.1" 200 22152 "-" "Mozilla/5.0 AppleWebKit/537.36 (KHTML, like Gecko; compatible; GPTBot/1.2; +https://openai.com/gptbot)"
4.227.36.113 - - [25/Dec/2024:08:31:04 -0500] "GET /product/?add_to_wishlist=11173&paged=37&post_type=product HTTP/1.1" 200 21161 "-" "Mozilla/5.0 AppleWebKit/537.36 (KHTML, like Gecko; compatible; GPTBot/1.2; +https://openai.com/gptbot)"
213.180.203.191 - - [25/Dec/2024:08:31:04 -0500] "GET /product/?product=no-frills-tobak-vanilla-tobacco&add_to_wishlist=9765 HTTP/1.1" 404 61640 "-" "Mozilla/5.0 (compatible; YandexBot/3.0; +http://yandex.com/bots)"
