197.184.118.133 - - [25/Dec/2024:13:10:41 -0500] "GET /wp-admin/css/colors/ocean/.wp-content.php HTTP/1.1" 404 25939 "-" "Mozilla/5.0 (Windows NT 10.0; Win64; x64) AppleWebKit/537.36 (KHTML, like Gecko) Chrome/85.0.4183.102 Safari/537.36"
197.184.118.133 - - [25/Dec/2024:13:10:42 -0500] "GET /wp-admin/css/colors/ocean/404webshell.php HTTP/1.1" 404 25939 "-" "Mozilla/5.0 (Windows NT 10.0; Win64; x64) AppleWebKit/537.36 (KHTML, like Gecko) Chrome/85.0.4183.102 Safari/537.36"
197.184.118.133 - - [25/Dec/2024:13:10:44 -0500] "GET /wp-admin/css/colors/edit-form-comment.php HTTP/1.1" 404 25938 "-" "Mozilla/5.0 (Windows NT 10.0; Win64; x64) AppleWebKit/537.36 (KHTML, like Gecko) Chrome/85.0.4183.102 Safari/537.36"
197.184.118.133 - - [25/Dec/2024:13:10:45 -0500] "GET /wp-admin/css/colors/custom-background.php HTTP/1.1" 404 25938 "-" "Mozilla/5.0 (Windows NT 10.0; Win64; x64) AppleWebKit/537.36 (KHTML, like Gecko) Chrome/85.0.4183.102 Safari/537.36"
197.184.118.133 - - [25/Dec/2024:13:10:45 -0500] "GET /wp-admin/css/colors/classwithtostring.php HTTP/1.1" 404 25938 "-" "Mozilla/5.0 (Windows NT 10.0; Win64; x64) AppleWebKit/537.36 (KHTML, like Gecko) Chrome/85.0.4183.102 Safari/537.36"
197.184.118.133 - - [25/Dec/2024:13:10:46 -0500] "GET /wp-admin/css/colors/autoload_classmap.php HTTP/1.1" 404 25938 "-" "Mozilla/5.0 (Windows NT 10.0; Win64; x64) AppleWebKit/537.36 (KHTML, like Gecko) Chrome/85.0.4183.102 Safari/537.36"
197.184.118.133 - - [25/Dec/2024:13:10:47 -0500] "GET /wp-includes/theme-compat/xleetmailer.php HTTP/1.1" 404 25936 "-" "Mozilla/5.0 (Windows NT 10.0; Win64; x64) AppleWebKit/537.36 (KHTML, like Gecko) Chrome/85.0.4183.102 Safari/537.36"
197.184.118.133 - - [25/Dec/2024:13:10:47 -0500] "GET /wp-includes/theme-compat/prosellers.PhP7 HTTP/1.1" 404 25936 "-" "Mozilla/5.0 (Windows NT 10.0; Win64; x64) AppleWebKit/537.36 (KHTML, like Gecko) Chrome/85.0.4183.102 Safari/537.36"
197.184.118.133 - - [25/Dec/2024:13:10:48 -0500] "GET /wp-includes/theme-compat/prosellers1.php HTTP/1.1" 404 25936 "-" "Mozilla/5.0 (Windows NT 10.0; Win64; x64) AppleWebKit/537.36 (KHTML, like Gecko) Chrome/85.0.4183.102 Safari/537.36"
197.184.118.133 - - [25/Dec/2024:13:10:49 -0500] "GET /wp-includes/theme-compat/leafmailer1.php HTTP/1.1" 404 25936 "-" "Mozilla/5.0 (Windows NT 10.0; Win64; x64) AppleWebKit/537.36 (KHTML, like Gecko) Chrome/85.0.4183.102 Safari/537.36"
197.184.118.133 - - [25/Dec/2024:13:10:50 -0500] "GET /wp-includes/theme-compat/.wp-themes.php7 HTTP/1.1" 404 25936 "-" "Mozilla/5.0 (Windows NT 10.0; Win64; x64) AppleWebKit/537.36 (KHTML, like Gecko) Chrome/85.0.4183.102 Safari/537.36"
197.184.118.133 - - [25/Dec/2024:13:10:52 -0500] "GET /wp-includes/sodium_compat/shell_wso.php7 HTTP/1.1" 404 25936 "-" "Mozilla/5.0 (Windows NT 10.0; Win64; x64) AppleWebKit/537.36 (KHTML, like Gecko) Chrome/85.0.4183.102 Safari/537.36"
197.184.118.133 - - [25/Dec/2024:13:10:53 -0500] "GET /wp-includes/sodium_compat/prosellers.php HTTP/1.1" 404 25936 "-" "Mozilla/5.0 (Windows NT 10.0; Win64; x64) AppleWebKit/537.36 (KHTML, like Gecko) Chrome/85.0.4183.102 Safari/537.36"
197.184.118.133 - - [25/Dec/2024:13:10:56 -0500] "GET /wp-includes/sodium_compat/orvxmailer.php HTTP/1.1" 404 25936 "-" "Mozilla/5.0 (Windows NT 10.0; Win64; x64) AppleWebKit/537.36 (KHTML, like Gecko) Chrome/85.0.4183.102 Safari/537.36"
197.184.118.133 - - [25/Dec/2024:13:10:57 -0500] "GET /wp-includes/sodium_compat/mailer.php.php HTTP/1.1" 404 25936 "-" "Mozilla/5.0 (Windows NT 10.0; Win64; x64) AppleWebKit/537.36 (KHTML, like Gecko) Chrome/85.0.4183.102 Safari/537.36"
197.184.118.133 - - [25/Dec/2024:13:10:58 -0500] "GET /wp-includes/sodium_compat/leafmailer.php HTTP/1.1" 404 25936 "-" "Mozilla/5.0 (Windows NT 10.0; Win64; x64) AppleWebKit/537.36 (KHTML, like Gecko) Chrome/85.0.4183.102 Safari/537.36"
197.184.118.133 - - [25/Dec/2024:13:10:58 -0500] "GET /wp-includes/sodium_compat/ioxi-rex4.php7 HTTP/1.1" 404 25936 "-" "Mozilla/5.0 (Windows NT 10.0; Win64; x64) AppleWebKit/537.36 (KHTML, like Gecko) Chrome/85.0.4183.102 Safari/537.36"
197.184.118.133 - - [25/Dec/2024:13:10:59 -0500] "GET /wp-includes/sodium_compat/bestmailer.php HTTP/1.1" 404 25936 "-" "Mozilla/5.0 (Windows NT 10.0; Win64; x64) AppleWebKit/537.36 (KHTML, like Gecko) Chrome/85.0.4183.102 Safari/537.36"
197.184.118.133 - - [25/Dec/2024:13:11:00 -0500] "GET /wp-includes/sodium_compat/IndoXploit.php HTTP/1.1" 404 25936 "-" "Mozilla/5.0 (Windows NT 10.0; Win64; x64) AppleWebKit/537.36 (KHTML, like Gecko) Chrome/85.0.4183.102 Safari/537.36"
197.184.118.133 - - [25/Dec/2024:13:11:01 -0500] "GET /wp-includes/sodium_compat/.wp-themes.php HTTP/1.1" 404 25936 "-" "Mozilla/5.0 (Windows NT 10.0; Win64; x64) AppleWebKit/537.36 (KHTML, like Gecko) Chrome/85.0.4183.102 Safari/537.36"
197.184.118.133 - - [25/Dec/2024:13:11:02 -0500] "GET /wp-includes/random_compat/shell_wso.php7 HTTP/1.1" 404 25936 "-" "Mozilla/5.0 (Windows NT 10.0; Win64; x64) AppleWebKit/537.36 (KHTML, like Gecko) Chrome/85.0.4183.102 Safari/537.36"
197.184.118.133 - - [25/Dec/2024:13:11:03 -0500] "GET /wp-includes/random_compat/prosellers.php HTTP/1.1" 404 25936 "-" "Mozilla/5.0 (Windows NT 10.0; Win64; x64) AppleWebKit/537.36 (KHTML, like Gecko) Chrome/85.0.4183.102 Safari/537.36"
197.184.118.133 - - [25/Dec/2024:13:11:03 -0500] "GET /wp-includes/random_compat/orvxmailer.php HTTP/1.1" 404 25936 "-" "Mozilla/5.0 (Windows NT 10.0; Win64; x64) AppleWebKit/537.36 (KHTML, like Gecko) Chrome/85.0.4183.102 Safari/537.36"
197.184.118.133 - - [25/Dec/2024:13:11:04 -0500] "GET /wp-includes/random_compat/mailer.php.php HTTP/1.1" 404 25936 "-" "Mozilla/5.0 (Windows NT 10.0; Win64; x64) AppleWebKit/537.36 (KHTML, like Gecko) Chrome/85.0.4183.102 Safari/537.36"
197.184.118.133 - - [25/Dec/2024:13:11:05 -0500] "GET /wp-includes/random_compat/leafmailer.php HTTP/1.1" 404 25936 "-" "Mozilla/5.0 (Windows NT 10.0; Win64; x64) AppleWebKit/537.36 (KHTML, like Gecko) Chrome/85.0.4183.102 Safari/537.36"
197.184.118.133 - - [25/Dec/2024:13:11:05 -0500] "GET /wp-includes/random_compat/ioxi-rex4.php7 HTTP/1.1" 404 25936 "-" "Mozilla/5.0 (Windows NT 10.0; Win64; x64) AppleWebKit/537.36 (KHTML, like Gecko) Chrome/85.0.4183.102 Safari/537.36"
197.184.118.133 - - [25/Dec/2024:13:11:06 -0500] "GET /wp-includes/random_compat/bestmailer.php HTTP/1.1" 404 25936 "-" "Mozilla/5.0 (Windows NT 10.0; Win64; x64) AppleWebKit/537.36 (KHTML, like Gecko) Chrome/85.0.4183.102 Safari/537.36"
197.184.118.133 - - [25/Dec/2024:13:11:07 -0500] "GET /wp-includes/random_compat/IndoXploit.php HTTP/1.1" 404 25936 "-" "Mozilla/5.0 (Windows NT 10.0; Win64; x64) AppleWebKit/537.36 (KHTML, like Gecko) Chrome/85.0.4183.102 Safari/537.36"
197.184.118.133 - - [25/Dec/2024:13:11:08 -0500] "GET /wp-includes/random_compat/.wp-themes.php HTTP/1.1" 404 25936 "-" "Mozilla/5.0 (Windows NT 10.0; Win64; x64) AppleWebKit/537.36 (KHTML, like Gecko) Chrome/85.0.4183.102 Safari/537.36"
197.184.118.133 - - [25/Dec/2024:13:11:09 -0500] "GET /wp-includes/images/phpmailer.lang-sv.php HTTP/1.1" 404 25936 "-" "Mozilla/5.0 (Windows NT 10.0; Win64; x64) AppleWebKit/537.36 (KHTML, like Gecko) Chrome/85.0.4183.102 Safari/537.36"
197.184.118.133 - - [25/Dec/2024:13:11:09 -0500] "GET /wp-includes/customize/leafmailer.php.php HTTP/1.1" 404 25936 "-" "Mozilla/5.0 (Windows NT 10.0; Win64; x64) AppleWebKit/537.36 (KHTML, like Gecko) Chrome/85.0.4183.102 Safari/537.36"
197.184.118.133 - - [25/Dec/2024:13:11:11 -0500] "GET /wp-includes/certificates/xleetmailer.php HTTP/1.1" 404 25936 "-" "Mozilla/5.0 (Windows NT 10.0; Win64; x64) AppleWebKit/537.36 (KHTML, like Gecko) Chrome/85.0.4183.102 Safari/537.36"
197.184.118.133 - - [25/Dec/2024:13:11:11 -0500] "GET /wp-includes/certificates/prosellers.PhP7 HTTP/1.1" 404 25936 "-" "Mozilla/5.0 (Windows NT 10.0; Win64; x64) AppleWebKit/537.36 (KHTML, like Gecko) Chrome/85.0.4183.102 Safari/537.36"
197.184.118.133 - - [25/Dec/2024:13:11:12 -0500] "GET /wp-includes/certificates/prosellers1.php HTTP/1.1" 404 25936 "-" "Mozilla/5.0 (Windows NT 10.0; Win64; x64) AppleWebKit/537.36 (KHTML, like Gecko) Chrome/85.0.4183.102 Safari/537.36"
197.184.118.133 - - [25/Dec/2024:13:11:13 -0500] "GET /wp-includes/certificates/leafmailer1.php HTTP/1.1" 404 25936 "-" "Mozilla/5.0 (Windows NT 10.0; Win64; x64) AppleWebKit/537.36 (KHTML, like Gecko) Chrome/85.0.4183.102 Safari/537.36"
197.184.118.133 - - [25/Dec/2024:13:11:15 -0500] "GET /wp-includes/certificates/.wp-themes.php7 HTTP/1.1" 404 25936 "-" "Mozilla/5.0 (Windows NT 10.0; Win64; x64) AppleWebKit/537.36 (KHTML, like Gecko) Chrome/85.0.4183.102 Safari/537.36"
197.184.118.133 - - [25/Dec/2024:13:11:16 -0500] "GET /wp-includes/blocks/phpmailer.lang-sv.php HTTP/1.1" 404 25936 "-" "Mozilla/5.0 (Windows NT 10.0; Win64; x64) AppleWebKit/537.36 (KHTML, like Gecko) Chrome/85.0.4183.102 Safari/537.36"
197.184.118.133 - - [25/Dec/2024:13:11:17 -0500] "GET /wp-includes/block-patterns/shell_wso.php HTTP/1.1" 404 25936 "-" "Mozilla/5.0 (Windows NT 10.0; Win64; x64) AppleWebKit/537.36 (KHTML, like Gecko) Chrome/85.0.4183.102 Safari/537.36"
197.184.118.133 - - [25/Dec/2024:13:11:17 -0500] "GET /wp-includes/block-patterns/newmailer.php HTTP/1.1" 404 25936 "-" "Mozilla/5.0 (Windows NT 10.0; Win64; x64) AppleWebKit/537.36 (KHTML, like Gecko) Chrome/85.0.4183.102 Safari/537.36"
197.184.118.133 - - [25/Dec/2024:13:11:18 -0500] "GET /wp-includes/block-patterns/madmailer.php HTTP/1.1" 404 25936 "-" "Mozilla/5.0 (Windows NT 10.0; Win64; x64) AppleWebKit/537.36 (KHTML, like Gecko) Chrome/85.0.4183.102 Safari/537.36"
197.184.118.133 - - [25/Dec/2024:13:11:19 -0500] "GET /wp-includes/block-patterns/ioxi-rex4.php HTTP/1.1" 404 25936 "-" "Mozilla/5.0 (Windows NT 10.0; Win64; x64) AppleWebKit/537.36 (KHTML, like Gecko) Chrome/85.0.4183.102 Safari/537.36"
197.184.118.133 - - [25/Dec/2024:13:11:19 -0500] "GET /wp-includes/block-patterns/fox%20shell.php HTTP/1.1" 404 25938 "-" "Mozilla/5.0 (Windows NT 10.0; Win64; x64) AppleWebKit/537.36 (KHTML, like Gecko) Chrome/85.0.4183.102 Safari/537.36"
197.184.118.133 - - [25/Dec/2024:13:11:20 -0500] "GET /wp-includes/block-patterns/alfa-rex.php8 HTTP/1.1" 404 25936 "-" "Mozilla/5.0 (Windows NT 10.0; Win64; x64) AppleWebKit/537.36 (KHTML, like Gecko) Chrome/85.0.4183.102 Safari/537.36"
197.184.118.133 - - [25/Dec/2024:13:11:21 -0500] "GET /wp-includes/block-patterns/alfa-rex.php7 HTTP/1.1" 404 25936 "-" "Mozilla/5.0 (Windows NT 10.0; Win64; x64) AppleWebKit/537.36 (KHTML, like Gecko) Chrome/85.0.4183.102 Safari/537.36"
197.184.118.133 - - [25/Dec/2024:13:11:22 -0500] "GET /wp-includes/block-patterns/S911loxxx.php HTTP/1.1" 404 25936 "-" "Mozilla/5.0 (Windows NT 10.0; Win64; x64) AppleWebKit/537.36 (KHTML, like Gecko) Chrome/85.0.4183.102 Safari/537.36"
197.184.118.133 - - [25/Dec/2024:13:11:22 -0500] "GET /wp-includes/assets/phpmailer.lang-sv.php HTTP/1.1" 404 25936 "-" "Mozilla/5.0 (Windows NT 10.0; Win64; x64) AppleWebKit/537.36 (KHTML, like Gecko) Chrome/85.0.4183.102 Safari/537.36"
197.184.118.133 - - [25/Dec/2024:13:11:23 -0500] "GET /wp-includes/Text/wp-system-opencloud.php HTTP/1.1" 404 25936 "-" "Mozilla/5.0 (Windows NT 10.0; Win64; x64) AppleWebKit/537.36 (KHTML, like Gecko) Chrome/85.0.4183.102 Safari/537.36"
197.184.118.133 - - [25/Dec/2024:13:11:25 -0500] "GET /wp-includes/Text/Diff/Renderer/xx155.php HTTP/1.1" 404 25938 "-" "Mozilla/5.0 (Windows NT 10.0; Win64; x64) AppleWebKit/537.36 (KHTML, like Gecko) Chrome/85.0.4183.102 Safari/537.36"
197.184.118.133 - - [25/Dec/2024:13:11:26 -0500] "GET /wp-includes/Text/Diff/Renderer/xleet.php HTTP/1.1" 404 25938 "-" "Mozilla/5.0 (Windows NT 10.0; Win64; x64) AppleWebKit/537.36 (KHTML, like Gecko) Chrome/85.0.4183.102 Safari/537.36"
197.184.118.133 - - [25/Dec/2024:13:11:27 -0500] "GET /wp-includes/Text/Diff/Renderer/xinfo.php HTTP/1.1" 404 25938 "-" "Mozilla/5.0 (Windows NT 10.0; Win64; x64) AppleWebKit/537.36 (KHTML, like Gecko) Chrome/85.0.4183.102 Safari/537.36"
197.184.118.133 - - [25/Dec/2024:13:11:28 -0500] "GET /wp-includes/Text/Diff/Renderer/xdans.php HTTP/1.1" 404 25938 "-" "Mozilla/5.0 (Windows NT 10.0; Win64; x64) AppleWebKit/537.36 (KHTML, like Gecko) Chrome/85.0.4183.102 Safari/537.36"
197.184.118.133 - - [25/Dec/2024:13:11:29 -0500] "GET /wp-includes/Text/Diff/Renderer/x404f.php HTTP/1.1" 404 25938 "-" "Mozilla/5.0 (Windows NT 10.0; Win64; x64) AppleWebKit/537.36 (KHTML, like Gecko) Chrome/85.0.4183.102 Safari/537.36"
197.184.118.133 - - [25/Dec/2024:13:11:31 -0500] "GET /wp-includes/Text/Diff/Renderer/wpcontent HTTP/1.1" 404 25938 "-" "Mozilla/5.0 (Windows NT 10.0; Win64; x64) AppleWebKit/537.36 (KHTML, like Gecko) Chrome/85.0.4183.102 Safari/537.36"
197.184.118.133 - - [25/Dec/2024:13:11:33 -0500] "GET /wp-includes/Text/Diff/Renderer/wp-fl.php HTTP/1.1" 404 25938 "-" "Mozilla/5.0 (Windows NT 10.0; Win64; x64) AppleWebKit/537.36 (KHTML, like Gecko) Chrome/85.0.4183.102 Safari/537.36"
197.184.118.133 - - [25/Dec/2024:13:11:34 -0500] "GET /wp-includes/Text/Diff/Renderer/wp-22.php HTTP/1.1" 404 25938 "-" "Mozilla/5.0 (Windows NT 10.0; Win64; x64) AppleWebKit/537.36 (KHTML, like Gecko) Chrome/85.0.4183.102 Safari/537.36"
197.184.118.133 - - [25/Dec/2024:13:11:34 -0500] "GET /wp-includes/Text/Diff/Renderer/worm0.php HTTP/1.1" 404 25938 "-" "Mozilla/5.0 (Windows NT 10.0; Win64; x64) AppleWebKit/537.36 (KHTML, like Gecko) Chrome/85.0.4183.102 Safari/537.36"
197.184.118.133 - - [25/Dec/2024:13:11:35 -0500] "GET /wp-includes/Text/Diff/Renderer/wordpress HTTP/1.1" 404 25938 "-" "Mozilla/5.0 (Windows NT 10.0; Win64; x64) AppleWebKit/537.36 (KHTML, like Gecko) Chrome/85.0.4183.102 Safari/537.36"
197.184.118.133 - - [25/Dec/2024:13:11:36 -0500] "GET /wp-includes/Text/Diff/Renderer/wboom.php HTTP/1.1" 404 25938 "-" "Mozilla/5.0 (Windows NT 10.0; Win64; x64) AppleWebKit/537.36 (KHTML, like Gecko) Chrome/85.0.4183.102 Safari/537.36"
194.105.159.90 - - [25/Dec/2024:13:11:37 -0500] "GET / HTTP/1.0" 200 63571 "http://vapecompany.com.bd/" "Mozilla/5.0 (Windows NT 15.0.0; Win64; x64; ) AppleWebKit/537.36 (KHTML, like Gecko) Chrome/124.0.6367.60 Chrome/124.0.6367.60 Not-A.Brand/99  Safari/537.36"
194.105.159.90 - - [25/Dec/2024:13:11:37 -0500] "POST /wp-content/themes/vapor/sendcontact.php HTTP/1.0" 200 519 "http://vapecompany.com.bd/" "Mozilla/5.0 (Windows NT 15.0.0; Win64; x64; ) AppleWebKit/537.36 (KHTML, like Gecko) Chrome/124.0.6367.60 Chrome/124.0.6367.60 Not-A.Brand/99  Safari/537.36"
197.184.118.133 - - [25/Dec/2024:13:11:37 -0500] "GET /wp-includes/Text/Diff/Renderer/v3n0m.php HTTP/1.1" 404 25938 "-" "Mozilla/5.0 (Windows NT 10.0; Win64; x64) AppleWebKit/537.36 (KHTML, like Gecko) Chrome/85.0.4183.102 Safari/537.36"
197.184.118.133 - - [25/Dec/2024:13:11:38 -0500] "GET /wp-includes/Text/Diff/Renderer/users.php HTTP/1.1" 404 25938 "-" "Mozilla/5.0 (Windows NT 10.0; Win64; x64) AppleWebKit/537.36 (KHTML, like Gecko) Chrome/85.0.4183.102 Safari/537.36"
197.184.118.133 - - [25/Dec/2024:13:11:39 -0500] "GET /wp-includes/Text/Diff/Renderer/ultra.php HTTP/1.1" 404 25938 "-" "Mozilla/5.0 (Windows NT 10.0; Win64; x64) AppleWebKit/537.36 (KHTML, like Gecko) Chrome/85.0.4183.102 Safari/537.36"
197.184.118.133 - - [25/Dec/2024:13:11:40 -0500] "GET /wp-includes/Text/Diff/Renderer/txets.php HTTP/1.1" 404 25938 "-" "Mozilla/5.0 (Windows NT 10.0; Win64; x64) AppleWebKit/537.36 (KHTML, like Gecko) Chrome/85.0.4183.102 Safari/537.36"
51.222.253.13 - - [25/Dec/2024:13:11:40 -0500] "GET /product/?product_cat=eleaf-istick&add_to_wishlist=7562&paged=11 HTTP/1.1" 200 20327 "-" "Mozilla/5.0 (compatible; AhrefsBot/7.0; +http://ahrefs.com/robot/)"
197.184.118.133 - - [25/Dec/2024:13:11:41 -0500] "GET /wp-includes/Text/Diff/Renderer/twins.php HTTP/1.1" 404 25938 "-" "Mozilla/5.0 (Windows NT 10.0; Win64; x64) AppleWebKit/537.36 (KHTML, like Gecko) Chrome/85.0.4183.102 Safari/537.36"
197.184.118.133 - - [25/Dec/2024:13:11:41 -0500] "GET /wp-includes/Text/Diff/Renderer/trust.php HTTP/1.1" 404 25938 "-" "Mozilla/5.0 (Windows NT 10.0; Win64; x64) AppleWebKit/537.36 (KHTML, like Gecko) Chrome/85.0.4183.102 Safari/537.36"
197.184.118.133 - - [25/Dec/2024:13:11:42 -0500] "GET /wp-includes/Text/Diff/Renderer/tracy.php HTTP/1.1" 404 25938 "-" "Mozilla/5.0 (Windows NT 10.0; Win64; x64) AppleWebKit/537.36 (KHTML, like Gecko) Chrome/85.0.4183.102 Safari/537.36"
197.184.118.133 - - [25/Dec/2024:13:11:43 -0500] "GET /wp-includes/Text/Diff/Renderer/tools.php HTTP/1.1" 404 25938 "-" "Mozilla/5.0 (Windows NT 10.0; Win64; x64) AppleWebKit/537.36 (KHTML, like Gecko) Chrome/85.0.4183.102 Safari/537.36"
197.184.118.133 - - [25/Dec/2024:13:11:43 -0500] "GET /wp-includes/Text/Diff/Renderer/tinny.php HTTP/1.1" 404 25938 "-" "Mozilla/5.0 (Windows NT 10.0; Win64; x64) AppleWebKit/537.36 (KHTML, like Gecko) Chrome/85.0.4183.102 Safari/537.36"
197.184.118.133 - - [25/Dec/2024:13:11:44 -0500] "GET /wp-includes/Text/Diff/Renderer/tindy.php HTTP/1.1" 404 25938 "-" "Mozilla/5.0 (Windows NT 10.0; Win64; x64) AppleWebKit/537.36 (KHTML, like Gecko) Chrome/85.0.4183.102 Safari/537.36"
197.184.118.133 - - [25/Dec/2024:13:11:45 -0500] "GET /wp-includes/Text/Diff/Renderer/thoms.php HTTP/1.1" 404 25938 "-" "Mozilla/5.0 (Windows NT 10.0; Win64; x64) AppleWebKit/537.36 (KHTML, like Gecko) Chrome/85.0.4183.102 Safari/537.36"
197.184.118.133 - - [25/Dec/2024:13:11:46 -0500] "GET /wp-includes/Text/Diff/Renderer/theme.php HTTP/1.1" 404 25938 "-" "Mozilla/5.0 (Windows NT 10.0; Win64; x64) AppleWebKit/537.36 (KHTML, like Gecko) Chrome/85.0.4183.102 Safari/537.36"
197.184.118.133 - - [25/Dec/2024:13:11:47 -0500] "GET /wp-includes/Text/Diff/Renderer/test1.php HTTP/1.1" 404 25938 "-" "Mozilla/5.0 (Windows NT 10.0; Win64; x64) AppleWebKit/537.36 (KHTML, like Gecko) Chrome/85.0.4183.102 Safari/537.36"
197.184.118.133 - - [25/Dec/2024:13:11:48 -0500] "GET /wp-includes/Text/Diff/Renderer/tesss.php HTTP/1.1" 404 25938 "-" "Mozilla/5.0 (Windows NT 10.0; Win64; x64) AppleWebKit/537.36 (KHTML, like Gecko) Chrome/85.0.4183.102 Safari/537.36"
197.184.118.133 - - [25/Dec/2024:13:11:50 -0500] "GET /wp-includes/Text/Diff/Renderer/tesla.php HTTP/1.1" 404 25938 "-" "Mozilla/5.0 (Windows NT 10.0; Win64; x64) AppleWebKit/537.36 (KHTML, like Gecko) Chrome/85.0.4183.102 Safari/537.36"
197.184.118.133 - - [25/Dec/2024:13:11:52 -0500] "GET /wp-includes/Text/Diff/Renderer/sys32.php HTTP/1.1" 404 25938 "-" "Mozilla/5.0 (Windows NT 10.0; Win64; x64) AppleWebKit/537.36 (KHTML, like Gecko) Chrome/85.0.4183.102 Safari/537.36"
197.184.118.133 - - [25/Dec/2024:13:11:54 -0500] "GET /wp-includes/Text/Diff/Renderer/style.php HTTP/1.1" 404 25938 "-" "Mozilla/5.0 (Windows NT 10.0; Win64; x64) AppleWebKit/537.36 (KHTML, like Gecko) Chrome/85.0.4183.102 Safari/537.36"
197.184.118.133 - - [25/Dec/2024:13:11:55 -0500] "GET /wp-includes/Text/Diff/Renderer/stats.php HTTP/1.1" 404 25938 "-" "Mozilla/5.0 (Windows NT 10.0; Win64; x64) AppleWebKit/537.36 (KHTML, like Gecko) Chrome/85.0.4183.102 Safari/537.36"
197.184.118.133 - - [25/Dec/2024:13:11:57 -0500] "GET /wp-includes/Text/Diff/Renderer/state.php HTTP/1.1" 404 25938 "-" "Mozilla/5.0 (Windows NT 10.0; Win64; x64) AppleWebKit/537.36 (KHTML, like Gecko) Chrome/85.0.4183.102 Safari/537.36"
197.184.118.133 - - [25/Dec/2024:13:11:59 -0500] "GET /wp-includes/Text/Diff/Renderer/snd21.php HTTP/1.1" 404 25938 "-" "Mozilla/5.0 (Windows NT 10.0; Win64; x64) AppleWebKit/537.36 (KHTML, like Gecko) Chrome/85.0.4183.102 Safari/537.36"
197.184.118.133 - - [25/Dec/2024:13:12:03 -0500] "GET /wp-includes/Text/Diff/Renderer/small.php HTTP/1.1" 404 25938 "-" "Mozilla/5.0 (Windows NT 10.0; Win64; x64) AppleWebKit/537.36 (KHTML, like Gecko) Chrome/85.0.4183.102 Safari/537.36"
197.184.118.133 - - [25/Dec/2024:13:12:07 -0500] "GET /wp-includes/Text/Diff/Renderer/shell.php HTTP/1.1" 404 25938 "-" "Mozilla/5.0 (Windows NT 10.0; Win64; x64) AppleWebKit/537.36 (KHTML, like Gecko) Chrome/85.0.4183.102 Safari/537.36"
197.184.118.133 - - [25/Dec/2024:13:12:08 -0500] "GET /wp-includes/Text/Diff/Renderer/sh3ll.php HTTP/1.1" 404 25938 "-" "Mozilla/5.0 (Windows NT 10.0; Win64; x64) AppleWebKit/537.36 (KHTML, like Gecko) Chrome/85.0.4183.102 Safari/537.36"
197.184.118.133 - - [25/Dec/2024:13:12:09 -0500] "GET /wp-includes/Text/Diff/Renderer/sh0ll.php HTTP/1.1" 404 25938 "-" "Mozilla/5.0 (Windows NT 10.0; Win64; x64) AppleWebKit/537.36 (KHTML, like Gecko) Chrome/85.0.4183.102 Safari/537.36"
197.184.118.133 - - [25/Dec/2024:13:12:10 -0500] "GET /wp-includes/Text/Diff/Renderer/sell.php7 HTTP/1.1" 404 25938 "-" "Mozilla/5.0 (Windows NT 10.0; Win64; x64) AppleWebKit/537.36 (KHTML, like Gecko) Chrome/85.0.4183.102 Safari/537.36"
197.184.118.133 - - [25/Dec/2024:13:12:12 -0500] "GET /wp-includes/Text/Diff/Renderer/savep.php HTTP/1.1" 404 25938 "-" "Mozilla/5.0 (Windows NT 10.0; Win64; x64) AppleWebKit/537.36 (KHTML, like Gecko) Chrome/85.0.4183.102 Safari/537.36"
197.184.118.133 - - [25/Dec/2024:13:12:15 -0500] "GET /wp-includes/Text/Diff/Renderer/samax.php HTTP/1.1" 404 25938 "-" "Mozilla/5.0 (Windows NT 10.0; Win64; x64) AppleWebKit/537.36 (KHTML, like Gecko) Chrome/85.0.4183.102 Safari/537.36"
197.184.118.133 - - [25/Dec/2024:13:12:18 -0500] "GET /wp-includes/Text/Diff/Renderer/saiga.php HTTP/1.1" 404 25938 "-" "Mozilla/5.0 (Windows NT 10.0; Win64; x64) AppleWebKit/537.36 (KHTML, like Gecko) Chrome/85.0.4183.102 Safari/537.36"
197.184.118.133 - - [25/Dec/2024:13:12:23 -0500] "GET /wp-includes/Text/Diff/Renderer/saas2.php HTTP/1.1" 404 25938 "-" "Mozilla/5.0 (Windows NT 10.0; Win64; x64) AppleWebKit/537.36 (KHTML, like Gecko) Chrome/85.0.4183.102 Safari/537.36"
197.184.118.133 - - [25/Dec/2024:13:12:27 -0500] "GET /wp-includes/Text/Diff/Renderer/s4nz.php%20 HTTP/1.1" 301 - "-" "Mozilla/5.0 (Windows NT 10.0; Win64; x64) AppleWebKit/537.36 (KHTML, like Gecko) Chrome/85.0.4183.102 Safari/537.36"
197.184.118.133 - - [25/Dec/2024:13:12:28 -0500] "GET /wp-includes/Text/Diff/Renderer/s4nz.php HTTP/1.1" 404 25937 "-" "Mozilla/5.0 (Windows NT 10.0; Win64; x64) AppleWebKit/537.36 (KHTML, like Gecko) Chrome/85.0.4183.102 Safari/537.36"
197.184.118.133 - - [25/Dec/2024:13:12:30 -0500] "GET /wp-includes/Text/Diff/Renderer/robot.php HTTP/1.1" 404 25938 "-" "Mozilla/5.0 (Windows NT 10.0; Win64; x64) AppleWebKit/537.36 (KHTML, like Gecko) Chrome/85.0.4183.102 Safari/537.36"
197.184.118.133 - - [25/Dec/2024:13:12:32 -0500] "GET /wp-includes/Text/Diff/Renderer/reune.php HTTP/1.1" 404 25938 "-" "Mozilla/5.0 (Windows NT 10.0; Win64; x64) AppleWebKit/537.36 (KHTML, like Gecko) Chrome/85.0.4183.102 Safari/537.36"
197.184.118.133 - - [25/Dec/2024:13:12:33 -0500] "GET /wp-includes/Text/Diff/Renderer/rasse.php HTTP/1.1" 404 25938 "-" "Mozilla/5.0 (Windows NT 10.0; Win64; x64) AppleWebKit/537.36 (KHTML, like Gecko) Chrome/85.0.4183.102 Safari/537.36"
40.77.167.9 - - [25/Dec/2024:13:12:32 -0500] "GET /product/?post_type=product&paged=11 HTTP/1.1" 200 21753 "-" "Mozilla/5.0 AppleWebKit/537.36 (KHTML, like Gecko; compatible; bingbot/2.0; +http://www.bing.com/bingbot.htm) Chrome/116.0.1938.76 Safari/537.36"
197.184.118.133 - - [25/Dec/2024:13:12:36 -0500] "GET /wp-includes/Text/Diff/Renderer/radio.php HTTP/1.1" 404 25938 "-" "Mozilla/5.0 (Windows NT 10.0; Win64; x64) AppleWebKit/537.36 (KHTML, like Gecko) Chrome/85.0.4183.102 Safari/537.36"
197.184.118.133 - - [25/Dec/2024:13:12:38 -0500] "GET /wp-includes/Text/Diff/Renderer/query.php HTTP/1.1" 404 25938 "-" "Mozilla/5.0 (Windows NT 10.0; Win64; x64) AppleWebKit/537.36 (KHTML, like Gecko) Chrome/85.0.4183.102 Safari/537.36"
197.184.118.133 - - [25/Dec/2024:13:12:39 -0500] "GET /wp-includes/Text/Diff/Renderer/priv8.php HTTP/1.1" 404 25938 "-" "Mozilla/5.0 (Windows NT 10.0; Win64; x64) AppleWebKit/537.36 (KHTML, like Gecko) Chrome/85.0.4183.102 Safari/537.36"
197.184.118.133 - - [25/Dec/2024:13:12:41 -0500] "GET /wp-includes/Text/Diff/Renderer/pages.php HTTP/1.1" 404 25938 "-" "Mozilla/5.0 (Windows NT 10.0; Win64; x64) AppleWebKit/537.36 (KHTML, like Gecko) Chrome/85.0.4183.102 Safari/537.36"
197.184.118.133 - - [25/Dec/2024:13:12:42 -0500] "GET /wp-includes/Text/Diff/Renderer/nsts.PhP7 HTTP/1.1" 404 25938 "-" "Mozilla/5.0 (Windows NT 10.0; Win64; x64) AppleWebKit/537.36 (KHTML, like Gecko) Chrome/85.0.4183.102 Safari/537.36"
197.184.118.133 - - [25/Dec/2024:13:12:43 -0500] "GET /wp-includes/Text/Diff/Renderer/nsts1.php HTTP/1.1" 404 25938 "-" "Mozilla/5.0 (Windows NT 10.0; Win64; x64) AppleWebKit/537.36 (KHTML, like Gecko) Chrome/85.0.4183.102 Safari/537.36"
197.184.118.133 - - [25/Dec/2024:13:12:44 -0500] "GET /wp-includes/Text/Diff/Renderer/nowpf.php HTTP/1.1" 404 25938 "-" "Mozilla/5.0 (Windows NT 10.0; Win64; x64) AppleWebKit/537.36 (KHTML, like Gecko) Chrome/85.0.4183.102 Safari/537.36"
197.184.118.133 - - [25/Dec/2024:13:12:45 -0500] "GET /wp-includes/Text/Diff/Renderer/nmLny.php HTTP/1.1" 404 25938 "-" "Mozilla/5.0 (Windows NT 10.0; Win64; x64) AppleWebKit/537.36 (KHTML, like Gecko) Chrome/85.0.4183.102 Safari/537.36"
197.184.118.133 - - [25/Dec/2024:13:12:46 -0500] "GET /wp-includes/Text/Diff/Renderer/minee.php HTTP/1.1" 404 25938 "-" "Mozilla/5.0 (Windows NT 10.0; Win64; x64) AppleWebKit/537.36 (KHTML, like Gecko) Chrome/85.0.4183.102 Safari/537.36"
197.184.118.133 - - [25/Dec/2024:13:12:47 -0500] "GET /wp-includes/Text/Diff/Renderer/media.php HTTP/1.1" 404 25938 "-" "Mozilla/5.0 (Windows NT 10.0; Win64; x64) AppleWebKit/537.36 (KHTML, like Gecko) Chrome/85.0.4183.102 Safari/537.36"
197.184.118.133 - - [25/Dec/2024:13:12:47 -0500] "GET /wp-includes/Text/Diff/Renderer/march.php HTTP/1.1" 404 25938 "-" "Mozilla/5.0 (Windows NT 10.0; Win64; x64) AppleWebKit/537.36 (KHTML, like Gecko) Chrome/85.0.4183.102 Safari/537.36"
197.184.118.133 - - [25/Dec/2024:13:12:48 -0500] "GET /wp-includes/Text/Diff/Renderer/lufix.php HTTP/1.1" 404 25938 "-" "Mozilla/5.0 (Windows NT 10.0; Win64; x64) AppleWebKit/537.36 (KHTML, like Gecko) Chrome/85.0.4183.102 Safari/537.36"
197.184.118.133 - - [25/Dec/2024:13:12:49 -0500] "GET /wp-includes/Text/Diff/Renderer/lowpr.php HTTP/1.1" 404 25938 "-" "Mozilla/5.0 (Windows NT 10.0; Win64; x64) AppleWebKit/537.36 (KHTML, like Gecko) Chrome/85.0.4183.102 Safari/537.36"
197.184.118.133 - - [25/Dec/2024:13:12:50 -0500] "GET /wp-includes/Text/Diff/Renderer/lokha.php HTTP/1.1" 404 25938 "-" "Mozilla/5.0 (Windows NT 10.0; Win64; x64) AppleWebKit/537.36 (KHTML, like Gecko) Chrome/85.0.4183.102 Safari/537.36"
197.184.118.133 - - [25/Dec/2024:13:12:51 -0500] "GET /wp-includes/Text/Diff/Renderer/login.php HTTP/1.1" 404 25938 "-" "Mozilla/5.0 (Windows NT 10.0; Win64; x64) AppleWebKit/537.36 (KHTML, like Gecko) Chrome/85.0.4183.102 Safari/537.36"
197.184.118.133 - - [25/Dec/2024:13:12:51 -0500] "GET /wp-includes/Text/Diff/Renderer/loads.php HTTP/1.1" 404 25938 "-" "Mozilla/5.0 (Windows NT 10.0; Win64; x64) AppleWebKit/537.36 (KHTML, like Gecko) Chrome/85.0.4183.102 Safari/537.36"
51.222.253.1 - - [25/Dec/2024:13:12:51 -0500] "GET /product/?post_type=product&paged=10&add_to_wishlist=12210 HTTP/1.1" 200 21284 "-" "Mozilla/5.0 (compatible; AhrefsBot/7.0; +http://ahrefs.com/robot/)"
197.184.118.133 - - [25/Dec/2024:13:12:52 -0500] "GET /wp-includes/Text/Diff/Renderer/llapp.apk HTTP/1.1" 404 25938 "-" "Mozilla/5.0 (Windows NT 10.0; Win64; x64) AppleWebKit/537.36 (KHTML, like Gecko) Chrome/85.0.4183.102 Safari/537.36"
197.184.118.133 - - [25/Dec/2024:13:12:53 -0500] "GET /wp-includes/Text/Diff/Renderer/links.php HTTP/1.1" 404 25938 "-" "Mozilla/5.0 (Windows NT 10.0; Win64; x64) AppleWebKit/537.36 (KHTML, like Gecko) Chrome/85.0.4183.102 Safari/537.36"
197.184.118.133 - - [25/Dec/2024:13:12:54 -0500] "GET /wp-includes/Text/Diff/Renderer/koko.PhP7 HTTP/1.1" 404 25938 "-" "Mozilla/5.0 (Windows NT 10.0; Win64; x64) AppleWebKit/537.36 (KHTML, like Gecko) Chrome/85.0.4183.102 Safari/537.36"
197.184.118.133 - - [25/Dec/2024:13:12:54 -0500] "GET /wp-includes/Text/Diff/Renderer/karma.php HTTP/1.1" 404 25938 "-" "Mozilla/5.0 (Windows NT 10.0; Win64; x64) AppleWebKit/537.36 (KHTML, like Gecko) Chrome/85.0.4183.102 Safari/537.36"
197.184.118.133 - - [25/Dec/2024:13:12:55 -0500] "GET /wp-includes/Text/Diff/Renderer/input.php HTTP/1.1" 404 25938 "-" "Mozilla/5.0 (Windows NT 10.0; Win64; x64) AppleWebKit/537.36 (KHTML, like Gecko) Chrome/85.0.4183.102 Safari/537.36"
197.184.118.133 - - [25/Dec/2024:13:12:56 -0500] "GET /wp-includes/Text/Diff/Renderer/infos.php HTTP/1.1" 404 25938 "-" "Mozilla/5.0 (Windows NT 10.0; Win64; x64) AppleWebKit/537.36 (KHTML, like Gecko) Chrome/85.0.4183.102 Safari/537.36"
197.184.118.133 - - [25/Dec/2024:13:12:57 -0500] "GET /wp-includes/Text/Diff/Renderer/index.php HTTP/1.1" 301 - "-" "Mozilla/5.0 (Windows NT 10.0; Win64; x64) AppleWebKit/537.36 (KHTML, like Gecko) Chrome/85.0.4183.102 Safari/537.36"
197.184.118.133 - - [25/Dec/2024:13:12:57 -0500] "GET /wp-includes/Text/Diff/Renderer/ HTTP/1.1" 200 367 "-" "Mozilla/5.0 (Windows NT 10.0; Win64; x64) AppleWebKit/537.36 (KHTML, like Gecko) Chrome/85.0.4183.102 Safari/537.36"
197.184.118.133 - - [25/Dec/2024:13:12:58 -0500] "GET /wp-includes/Text/Diff/Renderer/image.php HTTP/1.1" 404 25938 "-" "Mozilla/5.0 (Windows NT 10.0; Win64; x64) AppleWebKit/537.36 (KHTML, like Gecko) Chrome/85.0.4183.102 Safari/537.36"
197.184.118.133 - - [25/Dec/2024:13:12:59 -0500] "GET /wp-includes/Text/Diff/Renderer/idume.php HTTP/1.1" 404 25938 "-" "Mozilla/5.0 (Windows NT 10.0; Win64; x64) AppleWebKit/537.36 (KHTML, like Gecko) Chrome/85.0.4183.102 Safari/537.36"
197.184.118.133 - - [25/Dec/2024:13:13:00 -0500] "GET /wp-includes/Text/Diff/Renderer/hidey.php HTTP/1.1" 404 25938 "-" "Mozilla/5.0 (Windows NT 10.0; Win64; x64) AppleWebKit/537.36 (KHTML, like Gecko) Chrome/85.0.4183.102 Safari/537.36"
197.184.118.133 - - [25/Dec/2024:13:13:00 -0500] "GET /wp-includes/Text/Diff/Renderer/hello.php HTTP/1.1" 404 25938 "-" "Mozilla/5.0 (Windows NT 10.0; Win64; x64) AppleWebKit/537.36 (KHTML, like Gecko) Chrome/85.0.4183.102 Safari/537.36"
197.184.118.133 - - [25/Dec/2024:13:13:01 -0500] "GET /wp-includes/Text/Diff/Renderer/heada.php HTTP/1.1" 404 25938 "-" "Mozilla/5.0 (Windows NT 10.0; Win64; x64) AppleWebKit/537.36 (KHTML, like Gecko) Chrome/85.0.4183.102 Safari/537.36"
197.184.118.133 - - [25/Dec/2024:13:13:02 -0500] "GET /wp-includes/Text/Diff/Renderer/haxor.php HTTP/1.1" 404 25938 "-" "Mozilla/5.0 (Windows NT 10.0; Win64; x64) AppleWebKit/537.36 (KHTML, like Gecko) Chrome/85.0.4183.102 Safari/537.36"
197.184.118.133 - - [25/Dec/2024:13:13:03 -0500] "GET /wp-includes/Text/Diff/Renderer/goods.php HTTP/1.1" 404 25938 "-" "Mozilla/5.0 (Windows NT 10.0; Win64; x64) AppleWebKit/537.36 (KHTML, like Gecko) Chrome/85.0.4183.102 Safari/537.36"
197.184.118.133 - - [25/Dec/2024:13:13:03 -0500] "GET /wp-includes/Text/Diff/Renderer/glass.php HTTP/1.1" 404 25938 "-" "Mozilla/5.0 (Windows NT 10.0; Win64; x64) AppleWebKit/537.36 (KHTML, like Gecko) Chrome/85.0.4183.102 Safari/537.36"
197.184.118.133 - - [25/Dec/2024:13:13:04 -0500] "GET /wp-includes/Text/Diff/Renderer/gelay.php HTTP/1.1" 404 25938 "-" "Mozilla/5.0 (Windows NT 10.0; Win64; x64) AppleWebKit/537.36 (KHTML, like Gecko) Chrome/85.0.4183.102 Safari/537.36"
197.184.118.133 - - [25/Dec/2024:13:13:05 -0500] "GET /wp-includes/Text/Diff/Renderer/gel4y.php HTTP/1.1" 404 25938 "-" "Mozilla/5.0 (Windows NT 10.0; Win64; x64) AppleWebKit/537.36 (KHTML, like Gecko) Chrome/85.0.4183.102 Safari/537.36"
197.184.118.133 - - [25/Dec/2024:13:13:06 -0500] "GET /wp-includes/Text/Diff/Renderer/gceid.php HTTP/1.1" 404 25938 "-" "Mozilla/5.0 (Windows NT 10.0; Win64; x64) AppleWebKit/537.36 (KHTML, like Gecko) Chrome/85.0.4183.102 Safari/537.36"
197.184.118.133 - - [25/Dec/2024:13:13:06 -0500] "GET /wp-includes/Text/Diff/Renderer/fpebr.php HTTP/1.1" 404 25938 "-" "Mozilla/5.0 (Windows NT 10.0; Win64; x64) AppleWebKit/537.36 (KHTML, like Gecko) Chrome/85.0.4183.102 Safari/537.36"
197.184.118.133 - - [25/Dec/2024:13:13:08 -0500] "GET /wp-includes/Text/Diff/Renderer/fonts.php HTTP/1.1" 404 25938 "-" "Mozilla/5.0 (Windows NT 10.0; Win64; x64) AppleWebKit/537.36 (KHTML, like Gecko) Chrome/85.0.4183.102 Safari/537.36"
197.184.118.133 - - [25/Dec/2024:13:13:09 -0500] "GET /wp-includes/Text/Diff/Renderer/fatal.php HTTP/1.1" 404 25938 "-" "Mozilla/5.0 (Windows NT 10.0; Win64; x64) AppleWebKit/537.36 (KHTML, like Gecko) Chrome/85.0.4183.102 Safari/537.36"
197.184.118.133 - - [25/Dec/2024:13:13:11 -0500] "GET /wp-includes/Text/Diff/Renderer/error.php HTTP/1.1" 404 25938 "-" "Mozilla/5.0 (Windows NT 10.0; Win64; x64) AppleWebKit/537.36 (KHTML, like Gecko) Chrome/85.0.4183.102 Safari/537.36"
197.184.118.133 - - [25/Dec/2024:13:13:12 -0500] "GET /wp-includes/Text/Diff/Renderer/down2.php HTTP/1.1" 404 25938 "-" "Mozilla/5.0 (Windows NT 10.0; Win64; x64) AppleWebKit/537.36 (KHTML, like Gecko) Chrome/85.0.4183.102 Safari/537.36"
197.184.118.133 - - [25/Dec/2024:13:13:12 -0500] "GET /wp-includes/Text/Diff/Renderer/dkzl8.php HTTP/1.1" 404 25938 "-" "Mozilla/5.0 (Windows NT 10.0; Win64; x64) AppleWebKit/537.36 (KHTML, like Gecko) Chrome/85.0.4183.102 Safari/537.36"
197.184.118.133 - - [25/Dec/2024:13:13:13 -0500] "GET /wp-includes/Text/Diff/Renderer/damir.php HTTP/1.1" 404 25938 "-" "Mozilla/5.0 (Windows NT 10.0; Win64; x64) AppleWebKit/537.36 (KHTML, like Gecko) Chrome/85.0.4183.102 Safari/537.36"
197.184.118.133 - - [25/Dec/2024:13:13:14 -0500] "GET /wp-includes/Text/Diff/Renderer/click.php HTTP/1.1" 404 25938 "-" "Mozilla/5.0 (Windows NT 10.0; Win64; x64) AppleWebKit/537.36 (KHTML, like Gecko) Chrome/85.0.4183.102 Safari/537.36"
197.184.118.133 - - [25/Dec/2024:13:13:15 -0500] "GET /wp-includes/Text/Diff/Renderer/cawpf.php HTTP/1.1" 404 25938 "-" "Mozilla/5.0 (Windows NT 10.0; Win64; x64) AppleWebKit/537.36 (KHTML, like Gecko) Chrome/85.0.4183.102 Safari/537.36"
197.184.118.133 - - [25/Dec/2024:13:13:16 -0500] "GET /wp-includes/Text/Diff/Renderer/carta.php HTTP/1.1" 404 25938 "-" "Mozilla/5.0 (Windows NT 10.0; Win64; x64) AppleWebKit/537.36 (KHTML, like Gecko) Chrome/85.0.4183.102 Safari/537.36"
197.184.118.133 - - [25/Dec/2024:13:13:17 -0500] "GET /wp-includes/Text/Diff/Renderer/brand.php HTTP/1.1" 404 25938 "-" "Mozilla/5.0 (Windows NT 10.0; Win64; x64) AppleWebKit/537.36 (KHTML, like Gecko) Chrome/85.0.4183.102 Safari/537.36"
197.184.118.133 - - [25/Dec/2024:13:13:18 -0500] "GET /wp-includes/Text/Diff/Renderer/bless.php HTTP/1.1" 404 25938 "-" "Mozilla/5.0 (Windows NT 10.0; Win64; x64) AppleWebKit/537.36 (KHTML, like Gecko) Chrome/85.0.4183.102 Safari/537.36"
197.184.118.133 - - [25/Dec/2024:13:13:18 -0500] "GET /wp-includes/Text/Diff/Renderer/black.php HTTP/1.1" 404 25938 "-" "Mozilla/5.0 (Windows NT 10.0; Win64; x64) AppleWebKit/537.36 (KHTML, like Gecko) Chrome/85.0.4183.102 Safari/537.36"
197.184.118.133 - - [25/Dec/2024:13:13:19 -0500] "GET /wp-includes/Text/Diff/Renderer/bkv74.php HTTP/1.1" 404 25938 "-" "Mozilla/5.0 (Windows NT 10.0; Win64; x64) AppleWebKit/537.36 (KHTML, like Gecko) Chrome/85.0.4183.102 Safari/537.36"
197.184.118.133 - - [25/Dec/2024:13:13:21 -0500] "GET /wp-includes/Text/Diff/Renderer/basic.php HTTP/1.1" 404 25938 "-" "Mozilla/5.0 (Windows NT 10.0; Win64; x64) AppleWebKit/537.36 (KHTML, like Gecko) Chrome/85.0.4183.102 Safari/537.36"
197.184.118.133 - - [25/Dec/2024:13:13:22 -0500] "GET /wp-includes/Text/Diff/Renderer/bangu.php HTTP/1.1" 404 25938 "-" "Mozilla/5.0 (Windows NT 10.0; Win64; x64) AppleWebKit/537.36 (KHTML, like Gecko) Chrome/85.0.4183.102 Safari/537.36"
197.184.118.133 - - [25/Dec/2024:13:13:24 -0500] "GET /wp-includes/Text/Diff/Renderer/b374k.php HTTP/1.1" 404 25938 "-" "Mozilla/5.0 (Windows NT 10.0; Win64; x64) AppleWebKit/537.36 (KHTML, like Gecko) Chrome/85.0.4183.102 Safari/537.36"
197.184.118.133 - - [25/Dec/2024:13:13:25 -0500] "GET /wp-includes/Text/Diff/Renderer/april.php HTTP/1.1" 404 25938 "-" "Mozilla/5.0 (Windows NT 10.0; Win64; x64) AppleWebKit/537.36 (KHTML, like Gecko) Chrome/85.0.4183.102 Safari/537.36"
197.184.118.133 - - [25/Dec/2024:13:13:25 -0500] "GET /wp-includes/Text/Diff/Renderer/alfa3.php HTTP/1.1" 404 25938 "-" "Mozilla/5.0 (Windows NT 10.0; Win64; x64) AppleWebKit/537.36 (KHTML, like Gecko) Chrome/85.0.4183.102 Safari/537.36"
197.184.118.133 - - [25/Dec/2024:13:13:26 -0500] "GET /wp-includes/Text/Diff/Renderer/alf42.php HTTP/1.1" 404 25938 "-" "Mozilla/5.0 (Windows NT 10.0; Win64; x64) AppleWebKit/537.36 (KHTML, like Gecko) Chrome/85.0.4183.102 Safari/537.36"
197.184.118.133 - - [25/Dec/2024:13:13:27 -0500] "GET /wp-includes/Text/Diff/Renderer/admin.php HTTP/1.1" 404 25938 "-" "Mozilla/5.0 (Windows NT 10.0; Win64; x64) AppleWebKit/537.36 (KHTML, like Gecko) Chrome/85.0.4183.102 Safari/537.36"
197.184.118.133 - - [25/Dec/2024:13:13:29 -0500] "GET /wp-includes/Text/Diff/Renderer/acces.php HTTP/1.1" 404 25938 "-" "Mozilla/5.0 (Windows NT 10.0; Win64; x64) AppleWebKit/537.36 (KHTML, like Gecko) Chrome/85.0.4183.102 Safari/537.36"
197.184.118.133 - - [25/Dec/2024:13:13:30 -0500] "GET /wp-includes/Text/Diff/Renderer/about.php HTTP/1.1" 404 25938 "-" "Mozilla/5.0 (Windows NT 10.0; Win64; x64) AppleWebKit/537.36 (KHTML, like Gecko) Chrome/85.0.4183.102 Safari/537.36"
197.184.118.133 - - [25/Dec/2024:13:13:31 -0500] "GET /wp-includes/Text/Diff/Renderer/Syria.php HTTP/1.1" 404 25938 "-" "Mozilla/5.0 (Windows NT 10.0; Win64; x64) AppleWebKit/537.36 (KHTML, like Gecko) Chrome/85.0.4183.102 Safari/537.36"
216.244.66.234 - - [25/Dec/2024:13:13:32 -0500] "GET /product/?feed=rss2&p=10556 HTTP/1.1" 301 - "-" "Mozilla/5.0 (compatible; DotBot/1.2; +https://opensiteexplorer.org/dotbot; help@moz.com)"
197.184.118.133 - - [25/Dec/2024:13:13:32 -0500] "GET /wp-includes/Text/Diff/Renderer/SMTPP.php HTTP/1.1" 404 25938 "-" "Mozilla/5.0 (Windows NT 10.0; Win64; x64) AppleWebKit/537.36 (KHTML, like Gecko) Chrome/85.0.4183.102 Safari/537.36"
197.184.118.133 - - [25/Dec/2024:13:13:33 -0500] "GET /wp-includes/Text/Diff/Renderer/Ninja.php HTTP/1.1" 404 25938 "-" "Mozilla/5.0 (Windows NT 10.0; Win64; x64) AppleWebKit/537.36 (KHTML, like Gecko) Chrome/85.0.4183.102 Safari/537.36"
197.184.118.133 - - [25/Dec/2024:13:13:34 -0500] "GET /wp-includes/Text/Diff/Renderer/HSMTP.php HTTP/1.1" 404 25938 "-" "Mozilla/5.0 (Windows NT 10.0; Win64; x64) AppleWebKit/537.36 (KHTML, like Gecko) Chrome/85.0.4183.102 Safari/537.36"
197.184.118.133 - - [25/Dec/2024:13:13:35 -0500] "GET /wp-includes/Text/Diff/Renderer/Cyb3r.php HTTP/1.1" 404 25938 "-" "Mozilla/5.0 (Windows NT 10.0; Win64; x64) AppleWebKit/537.36 (KHTML, like Gecko) Chrome/85.0.4183.102 Safari/537.36"
197.184.118.133 - - [25/Dec/2024:13:13:36 -0500] "GET /wp-includes/Text/Diff/Renderer/Bulle.php HTTP/1.1" 404 25938 "-" "Mozilla/5.0 (Windows NT 10.0; Win64; x64) AppleWebKit/537.36 (KHTML, like Gecko) Chrome/85.0.4183.102 Safari/537.36"
197.184.118.133 - - [25/Dec/2024:13:13:37 -0500] "GET /wp-includes/Text/Diff/Renderer/ALFA_DATA HTTP/1.1" 404 25938 "-" "Mozilla/5.0 (Windows NT 10.0; Win64; x64) AppleWebKit/537.36 (KHTML, like Gecko) Chrome/85.0.4183.102 Safari/537.36"
197.184.118.133 - - [25/Dec/2024:13:13:38 -0500] "GET /wp-includes/Text/Diff/Renderer/AK-74.php HTTP/1.1" 404 25938 "-" "Mozilla/5.0 (Windows NT 10.0; Win64; x64) AppleWebKit/537.36 (KHTML, like Gecko) Chrome/85.0.4183.102 Safari/537.36"
216.244.66.234 - - [25/Dec/2024:13:13:38 -0500] "GET /product/?feed=rss2&p=11090 HTTP/1.1" 301 - "-" "Mozilla/5.0 (compatible; DotBot/1.2; +https://opensiteexplorer.org/dotbot; help@moz.com)"
197.184.118.133 - - [25/Dec/2024:13:13:39 -0500] "GET /wp-includes/Text/Diff/Renderer/404.phtml HTTP/1.1" 404 25938 "-" "Mozilla/5.0 (Windows NT 10.0; Win64; x64) AppleWebKit/537.36 (KHTML, like Gecko) Chrome/85.0.4183.102 Safari/537.36"
52.167.144.184 - - [25/Dec/2024:13:13:39 -0500] "GET /product/wp-admin/admin-ajax.php HTTP/1.1" 400 1 "-" "Mozilla/5.0 AppleWebKit/537.36 (KHTML, like Gecko; compatible; bingbot/2.0; +http://www.bing.com/bingbot.htm) Chrome/116.0.1938.76 Safari/537.36"
197.184.118.133 - - [25/Dec/2024:13:13:39 -0500] "GET /wp-includes/Text/Diff/Renderer/4pric.php HTTP/1.1" 404 25938 "-" "Mozilla/5.0 (Windows NT 10.0; Win64; x64) AppleWebKit/537.36 (KHTML, like Gecko) Chrome/85.0.4183.102 Safari/537.36"
52.167.144.184 - - [25/Dec/2024:13:13:40 -0500] "GET /product/wp-admin/admin-ajax.php HTTP/1.1" 400 1 "-" "Mozilla/5.0 AppleWebKit/537.36 (KHTML, like Gecko; compatible; bingbot/2.0; +http://www.bing.com/bingbot.htm) Chrome/116.0.1938.76 Safari/537.36"
197.184.118.133 - - [25/Dec/2024:13:13:40 -0500] "GET /wp-includes/Text/Diff/Renderer/0tdoa.php HTTP/1.1" 404 25938 "-" "Mozilla/5.0 (Windows NT 10.0; Win64; x64) AppleWebKit/537.36 (KHTML, like Gecko) Chrome/85.0.4183.102 Safari/537.36"
197.184.118.133 - - [25/Dec/2024:13:13:42 -0500] "GET /wp-includes/Text/Diff/Renderer/0byte.php HTTP/1.1" 404 25938 "-" "Mozilla/5.0 (Windows NT 10.0; Win64; x64) AppleWebKit/537.36 (KHTML, like Gecko) Chrome/85.0.4183.102 Safari/537.36"
197.184.118.133 - - [25/Dec/2024:13:13:43 -0500] "GET /wp-includes/SimplePie/leafmailer.php.php HTTP/1.1" 404 25936 "-" "Mozilla/5.0 (Windows NT 10.0; Win64; x64) AppleWebKit/537.36 (KHTML, like Gecko) Chrome/85.0.4183.102 Safari/537.36"
216.244.66.234 - - [25/Dec/2024:13:13:43 -0500] "GET /product/?feed=rss2&p=5852 HTTP/1.1" 301 - "-" "Mozilla/5.0 (compatible; DotBot/1.2; +https://opensiteexplorer.org/dotbot; help@moz.com)"
197.184.118.133 - - [25/Dec/2024:13:13:44 -0500] "GET /wp-includes/PHPMailer/leafmailer.php.php HTTP/1.1" 404 25936 "-" "Mozilla/5.0 (Windows NT 10.0; Win64; x64) AppleWebKit/537.36 (KHTML, like Gecko) Chrome/85.0.4183.102 Safari/537.36"
197.184.118.133 - - [25/Dec/2024:13:13:45 -0500] "GET /wp-content/uploads/phpmailer.lang-sv.php HTTP/1.1" 404 25936 "-" "Mozilla/5.0 (Windows NT 10.0; Win64; x64) AppleWebKit/537.36 (KHTML, like Gecko) Chrome/85.0.4183.102 Safari/537.36"
197.184.118.133 - - [25/Dec/2024:13:13:46 -0500] "GET /wp-content/upgrade/phpmailer.lang-sv.php HTTP/1.1" 404 25936 "-" "Mozilla/5.0 (Windows NT 10.0; Win64; x64) AppleWebKit/537.36 (KHTML, like Gecko) Chrome/85.0.4183.102 Safari/537.36"
197.184.118.133 - - [25/Dec/2024:13:13:47 -0500] "GET /wp-content/upgrade/edit-form-comment.php HTTP/1.1" 404 25936 "-" "Mozilla/5.0 (Windows NT 10.0; Win64; x64) AppleWebKit/537.36 (KHTML, like Gecko) Chrome/85.0.4183.102 Safari/537.36"
197.184.118.133 - - [25/Dec/2024:13:13:48 -0500] "GET /wp-content/upgrade/custom-background.php HTTP/1.1" 404 25936 "-" "Mozilla/5.0 (Windows NT 10.0; Win64; x64) AppleWebKit/537.36 (KHTML, like Gecko) Chrome/85.0.4183.102 Safari/537.36"
216.244.66.234 - - [25/Dec/2024:13:13:47 -0500] "GET /product/?feed=rss2&p=8213 HTTP/1.1" 301 - "-" "Mozilla/5.0 (compatible; DotBot/1.2; +https://opensiteexplorer.org/dotbot; help@moz.com)"
197.184.118.133 - - [25/Dec/2024:13:13:48 -0500] "GET /wp-content/upgrade/classwithtostring.php HTTP/1.1" 404 25936 "-" "Mozilla/5.0 (Windows NT 10.0; Win64; x64) AppleWebKit/537.36 (KHTML, like Gecko) Chrome/85.0.4183.102 Safari/537.36"
197.184.118.133 - - [25/Dec/2024:13:13:50 -0500] "GET /wp-content/upgrade/autoload_classmap.php HTTP/1.1" 404 25936 "-" "Mozilla/5.0 (Windows NT 10.0; Win64; x64) AppleWebKit/537.36 (KHTML, like Gecko) Chrome/85.0.4183.102 Safari/537.36"
197.184.118.133 - - [25/Dec/2024:13:13:51 -0500] "GET /wp-content/plugins/phpmailer.lang-sv.php HTTP/1.1" 404 25936 "-" "Mozilla/5.0 (Windows NT 10.0; Win64; x64) AppleWebKit/537.36 (KHTML, like Gecko) Chrome/85.0.4183.102 Safari/537.36"
216.244.66.234 - - [25/Dec/2024:13:13:51 -0500] "GET /product/?feed=rss2&p=9243 HTTP/1.1" 301 - "-" "Mozilla/5.0 (compatible; DotBot/1.2; +https://opensiteexplorer.org/dotbot; help@moz.com)"
197.184.118.133 - - [25/Dec/2024:13:13:53 -0500] "GET /wp-admin/css/colors/wp-config-sample.php HTTP/1.1" 404 25937 "-" "Mozilla/5.0 (Windows NT 10.0; Win64; x64) AppleWebKit/537.36 (KHTML, like Gecko) Chrome/85.0.4183.102 Safari/537.36"
197.184.118.133 - - [25/Dec/2024:13:13:54 -0500] "GET /wp-admin/css/colors/wp-comments-post.php HTTP/1.1" 404 25937 "-" "Mozilla/5.0 (Windows NT 10.0; Win64; x64) AppleWebKit/537.36 (KHTML, like Gecko) Chrome/85.0.4183.102 Safari/537.36"
216.244.66.234 - - [25/Dec/2024:13:13:54 -0500] "GET /product/?post_type=product&add_to_wishlist=10960&paged=28 HTTP/1.1" 200 183204 "-" "Mozilla/5.0 (compatible; DotBot/1.2; +https://opensiteexplorer.org/dotbot; help@moz.com)"
197.184.118.133 - - [25/Dec/2024:13:13:55 -0500] "GET /wp-admin/css/colors/ocean/wso-latest.php HTTP/1.1" 404 25938 "-" "Mozilla/5.0 (Windows NT 10.0; Win64; x64) AppleWebKit/537.36 (KHTML, like Gecko) Chrome/85.0.4183.102 Safari/537.36"
197.184.118.133 - - [25/Dec/2024:13:13:57 -0500] "GET /wp-admin/css/colors/ocean/wp-wp-includes HTTP/1.1" 404 25938 "-" "Mozilla/5.0 (Windows NT 10.0; Win64; x64) AppleWebKit/537.36 (KHTML, like Gecko) Chrome/85.0.4183.102 Safari/537.36"
216.244.66.234 - - [25/Dec/2024:13:13:58 -0500] "GET /product/?post_type=product&add_to_wishlist=5083&paged=31 HTTP/1.1" 200 172638 "-" "Mozilla/5.0 (compatible; DotBot/1.2; +https://opensiteexplorer.org/dotbot; help@moz.com)"
197.184.118.133 - - [25/Dec/2024:13:13:58 -0500] "GET /wp-admin/css/colors/ocean/wp-widgets.php HTTP/1.1" 404 25938 "-" "Mozilla/5.0 (Windows NT 10.0; Win64; x64) AppleWebKit/537.36 (KHTML, like Gecko) Chrome/85.0.4183.102 Safari/537.36"
197.184.118.133 - - [25/Dec/2024:13:13:59 -0500] "GET /wp-admin/css/colors/ocean/wp-signup.php%20 HTTP/1.1" 301 - "-" "Mozilla/5.0 (Windows NT 10.0; Win64; x64) AppleWebKit/537.36 (KHTML, like Gecko) Chrome/85.0.4183.102 Safari/537.36"
197.184.118.133 - - [25/Dec/2024:13:14:01 -0500] "GET /wp-admin/css/colors/ocean/wp-signup.php HTTP/1.1" 404 25937 "-" "Mozilla/5.0 (Windows NT 10.0; Win64; x64) AppleWebKit/537.36 (KHTML, like Gecko) Chrome/85.0.4183.102 Safari/537.36"
216.244.66.234 - - [25/Dec/2024:13:14:00 -0500] "GET /product/?post_type=product&add_to_wishlist=9644&paged=49 HTTP/1.1" 200 181264 "-" "Mozilla/5.0 (compatible; DotBot/1.2; +https://opensiteexplorer.org/dotbot; help@moz.com)"
197.184.118.133 - - [25/Dec/2024:13:14:02 -0500] "GET /wp-admin/css/colors/ocean/wp-setting.php HTTP/1.1" 404 25938 "-" "Mozilla/5.0 (Windows NT 10.0; Win64; x64) AppleWebKit/537.36 (KHTML, like Gecko) Chrome/85.0.4183.102 Safari/537.36"
197.184.118.133 - - [25/Dec/2024:13:14:03 -0500] "GET /wp-admin/css/colors/ocean/wp-scripts.php HTTP/1.1" 404 25938 "-" "Mozilla/5.0 (Windows NT 10.0; Win64; x64) AppleWebKit/537.36 (KHTML, like Gecko) Chrome/85.0.4183.102 Safari/537.36"
216.244.66.234 - - [25/Dec/2024:13:14:04 -0500] "GET /product/?post_type=product&add_to_wishlist=9870&paged=6 HTTP/1.1" 200 177449 "-" "Mozilla/5.0 (compatible; DotBot/1.2; +https://opensiteexplorer.org/dotbot; help@moz.com)"
197.184.118.133 - - [25/Dec/2024:13:14:05 -0500] "GET /wp-admin/css/colors/ocean/wp-scr1pts.php HTTP/1.1" 404 25938 "-" "Mozilla/5.0 (Windows NT 10.0; Win64; x64) AppleWebKit/537.36 (KHTML, like Gecko) Chrome/85.0.4183.102 Safari/537.36"
197.184.118.133 - - [25/Dec/2024:13:14:06 -0500] "GET /wp-admin/css/colors/ocean/wp-plugins.php HTTP/1.1" 404 25938 "-" "Mozilla/5.0 (Windows NT 10.0; Win64; x64) AppleWebKit/537.36 (KHTML, like Gecko) Chrome/85.0.4183.102 Safari/537.36"
197.184.118.133 - - [25/Dec/2024:13:14:07 -0500] "GET /wp-admin/css/colors/ocean/wp-pluging.php HTTP/1.1" 404 25938 "-" "Mozilla/5.0 (Windows NT 10.0; Win64; x64) AppleWebKit/537.36 (KHTML, like Gecko) Chrome/85.0.4183.102 Safari/537.36"
216.244.66.234 - - [25/Dec/2024:13:14:07 -0500] "GET /product/?post_type=product&paged=18&add_to_wishlist=9466 HTTP/1.1" 200 170016 "-" "Mozilla/5.0 (compatible; DotBot/1.2; +https://opensiteexplorer.org/dotbot; help@moz.com)"
197.184.118.133 - - [25/Dec/2024:13:14:08 -0500] "GET /wp-admin/css/colors/ocean/wp-include.php HTTP/1.1" 404 25938 "-" "Mozilla/5.0 (Windows NT 10.0; Win64; x64) AppleWebKit/537.36 (KHTML, like Gecko) Chrome/85.0.4183.102 Safari/537.36"
197.184.118.133 - - [25/Dec/2024:13:14:10 -0500] "GET /wp-admin/css/colors/ocean/wp-configs.php HTTP/1.1" 404 25938 "-" "Mozilla/5.0 (Windows NT 10.0; Win64; x64) AppleWebKit/537.36 (KHTML, like Gecko) Chrome/85.0.4183.102 Safari/537.36"
197.184.118.133 - - [25/Dec/2024:13:14:11 -0500] "GET /wp-admin/css/colors/ocean/wp-comment.php HTTP/1.1" 404 25938 "-" "Mozilla/5.0 (Windows NT 10.0; Win64; x64) AppleWebKit/537.36 (KHTML, like Gecko) Chrome/85.0.4183.102 Safari/537.36"
197.184.118.133 - - [25/Dec/2024:13:14:12 -0500] "GET /wp-admin/css/colors/ocean/wiki-index.php HTTP/1.1" 404 25938 "-" "Mozilla/5.0 (Windows NT 10.0; Win64; x64) AppleWebKit/537.36 (KHTML, like Gecko) Chrome/85.0.4183.102 Safari/537.36"
197.184.118.133 - - [25/Dec/2024:13:14:15 -0500] "GET /wp-admin/css/colors/ocean/system_log.php HTTP/1.1" 404 25938 "-" "Mozilla/5.0 (Windows NT 10.0; Win64; x64) AppleWebKit/537.36 (KHTML, like Gecko) Chrome/85.0.4183.102 Safari/537.36"
197.184.118.133 - - [25/Dec/2024:13:14:16 -0500] "GET /wp-admin/css/colors/ocean/simple_cmd.php HTTP/1.1" 404 25938 "-" "Mozilla/5.0 (Windows NT 10.0; Win64; x64) AppleWebKit/537.36 (KHTML, like Gecko) Chrome/85.0.4183.102 Safari/537.36"
197.184.118.133 - - [25/Dec/2024:13:14:17 -0500] "GET /wp-admin/css/colors/ocean/shell_wso.php7 HTTP/1.1" 404 25938 "-" "Mozilla/5.0 (Windows NT 10.0; Win64; x64) AppleWebKit/537.36 (KHTML, like Gecko) Chrome/85.0.4183.102 Safari/537.36"
197.184.118.133 - - [25/Dec/2024:13:14:18 -0500] "GET /wp-admin/css/colors/ocean/schallfuns.php HTTP/1.1" 404 25938 "-" "Mozilla/5.0 (Windows NT 10.0; Win64; x64) AppleWebKit/537.36 (KHTML, like Gecko) Chrome/85.0.4183.102 Safari/537.36"
197.184.118.133 - - [25/Dec/2024:13:14:19 -0500] "GET /wp-admin/css/colors/ocean/qfunctions.php HTTP/1.1" 404 25938 "-" "Mozilla/5.0 (Windows NT 10.0; Win64; x64) AppleWebKit/537.36 (KHTML, like Gecko) Chrome/85.0.4183.102 Safari/537.36"
197.184.118.133 - - [25/Dec/2024:13:14:20 -0500] "GET /wp-admin/css/colors/ocean/prosellers.php HTTP/1.1" 404 25938 "-" "Mozilla/5.0 (Windows NT 10.0; Win64; x64) AppleWebKit/537.36 (KHTML, like Gecko) Chrome/85.0.4183.102 Safari/537.36"
197.184.118.133 - - [25/Dec/2024:13:14:21 -0500] "GET /wp-admin/css/colors/ocean/press-this.php HTTP/1.1" 404 25938 "-" "Mozilla/5.0 (Windows NT 10.0; Win64; x64) AppleWebKit/537.36 (KHTML, like Gecko) Chrome/85.0.4183.102 Safari/537.36"
