103.112.54.226 - - [26/Dec/2024:00:24:15 -0500] "GET /product/wp-content/themes/wp_oswad_market/wp_oswad_market/style.css?ver=5.6.14 HTTP/1.1" 200 36662 "http://vapecompany.com.bd/product/?product_cat=replacement-pods&paged=8" "Mozilla/5.0 (Linux; Android 10; K) AppleWebKit/537.36 (KHTML, like Gecko) Chrome/131.0.0.0 Mobile Safari/537.36"
103.112.54.226 - - [26/Dec/2024:00:24:15 -0500] "GET /product/wp-content/themes/wp_oswad_market/wp_oswad_market/css/responsive.css?ver=5.6.14 HTTP/1.1" 200 22947 "http://vapecompany.com.bd/product/?product_cat=replacement-pods&paged=8" "Mozilla/5.0 (Linux; Android 10; K) AppleWebKit/537.36 (KHTML, like Gecko) Chrome/131.0.0.0 Mobile Safari/537.36"
103.112.54.226 - - [26/Dec/2024:00:24:15 -0500] "GET /product/wp-content/themes/wp_oswad_market/wp_oswad_market/css/base.css?ver=5.6.14 HTTP/1.1" 200 43549 "http://vapecompany.com.bd/product/?product_cat=replacement-pods&paged=8" "Mozilla/5.0 (Linux; Android 10; K) AppleWebKit/537.36 (KHTML, like Gecko) Chrome/131.0.0.0 Mobile Safari/537.36"
103.112.54.226 - - [26/Dec/2024:00:24:15 -0500] "GET /product/wp-content/plugins/js_composer/assets/css/js_composer.min.css?ver=4.11.2.1 HTTP/1.1" 200 58357 "http://vapecompany.com.bd/product/?product_cat=replacement-pods&paged=8" "Mozilla/5.0 (Linux; Android 10; K) AppleWebKit/537.36 (KHTML, like Gecko) Chrome/131.0.0.0 Mobile Safari/537.36"
103.112.54.226 - - [26/Dec/2024:00:24:15 -0500] "GET /product/wp-content/themes/wp_oswad_market/wp_oswad_market/css/wd_menu_front.css?ver=5.6.14 HTTP/1.1" 200 7269 "http://vapecompany.com.bd/product/?product_cat=replacement-pods&paged=8" "Mozilla/5.0 (Linux; Android 10; K) AppleWebKit/537.36 (KHTML, like Gecko) Chrome/131.0.0.0 Mobile Safari/537.36"
103.112.54.226 - - [26/Dec/2024:00:24:16 -0500] "GET /product/wp-content/plugins/woocommerce-grid-list-toggle/assets/css/style.css?ver=5.6.14 HTTP/1.1" 200 374 "http://vapecompany.com.bd/product/?product_cat=replacement-pods&paged=8" "Mozilla/5.0 (Linux; Android 10; K) AppleWebKit/537.36 (KHTML, like Gecko) Chrome/131.0.0.0 Mobile Safari/537.36"
103.112.54.226 - - [26/Dec/2024:00:24:16 -0500] "GET /product/wp-content/plugins/woocommerce-grid-list-toggle/assets/css/button.css?ver=5.6.14 HTTP/1.1" 200 398 "http://vapecompany.com.bd/product/?product_cat=replacement-pods&paged=8" "Mozilla/5.0 (Linux; Android 10; K) AppleWebKit/537.36 (KHTML, like Gecko) Chrome/131.0.0.0 Mobile Safari/537.36"
103.112.54.226 - - [26/Dec/2024:00:24:16 -0500] "GET /product/wp-includes/css/dashicons.min.css?ver=5.6.14 HTTP/1.1" 200 35730 "http://vapecompany.com.bd/product/?product_cat=replacement-pods&paged=8" "Mozilla/5.0 (Linux; Android 10; K) AppleWebKit/537.36 (KHTML, like Gecko) Chrome/131.0.0.0 Mobile Safari/537.36"
103.112.54.226 - - [26/Dec/2024:00:24:16 -0500] "GET /product/wp-content/plugins/wd_quickshop/css/prettyPhoto.css?ver=5.6.14 HTTP/1.1" 200 1780 "http://vapecompany.com.bd/product/?product_cat=replacement-pods&paged=8" "Mozilla/5.0 (Linux; Android 10; K) AppleWebKit/537.36 (KHTML, like Gecko) Chrome/131.0.0.0 Mobile Safari/537.36"
103.112.54.226 - - [26/Dec/2024:00:24:16 -0500] "GET /product/wp-content/plugins/wd_quickshop/css/cloud-zoom.css?ver=5.6.14 HTTP/1.1" 200 401 "http://vapecompany.com.bd/product/?product_cat=replacement-pods&paged=8" "Mozilla/5.0 (Linux; Android 10; K) AppleWebKit/537.36 (KHTML, like Gecko) Chrome/131.0.0.0 Mobile Safari/537.36"
103.112.54.226 - - [26/Dec/2024:00:24:16 -0500] "GET /product/wp-includes/js/jquery/jquery.min.js?ver=3.5.1 HTTP/1.1" 200 30916 "http://vapecompany.com.bd/product/?product_cat=replacement-pods&paged=8" "Mozilla/5.0 (Linux; Android 10; K) AppleWebKit/537.36 (KHTML, like Gecko) Chrome/131.0.0.0 Mobile Safari/537.36"
103.112.54.226 - - [26/Dec/2024:00:24:16 -0500] "GET /product/wp-includes/js/jquery/jquery-migrate.min.js?ver=3.3.2 HTTP/1.1" 200 4169 "http://vapecompany.com.bd/product/?product_cat=replacement-pods&paged=8" "Mozilla/5.0 (Linux; Android 10; K) AppleWebKit/537.36 (KHTML, like Gecko) Chrome/131.0.0.0 Mobile Safari/537.36"
103.112.54.226 - - [26/Dec/2024:00:24:16 -0500] "GET /product/wp-content/plugins/wp-live-chat-support/js/wplc_u.js?ver=6.2.10 HTTP/1.1" 200 6105 "http://vapecompany.com.bd/product/?product_cat=replacement-pods&paged=8" "Mozilla/5.0 (Linux; Android 10; K) AppleWebKit/537.36 (KHTML, like Gecko) Chrome/131.0.0.0 Mobile Safari/537.36"
103.112.54.226 - - [26/Dec/2024:00:24:17 -0500] "GET /product/wp-content/plugins/wp-live-chat-support/js/md5.js?ver=6.2.10 HTTP/1.1" 200 2193 "http://vapecompany.com.bd/product/?product_cat=replacement-pods&paged=8" "Mozilla/5.0 (Linux; Android 10; K) AppleWebKit/537.36 (KHTML, like Gecko) Chrome/131.0.0.0 Mobile Safari/537.36"
103.112.54.226 - - [26/Dec/2024:00:24:17 -0500] "GET /product/wp-content/plugins/wp-live-chat-support/js/themes/classic.js?ver=6.2.10 HTTP/1.1" 200 883 "http://vapecompany.com.bd/product/?product_cat=replacement-pods&paged=8" "Mozilla/5.0 (Linux; Android 10; K) AppleWebKit/537.36 (KHTML, like Gecko) Chrome/131.0.0.0 Mobile Safari/537.36"
103.112.54.226 - - [26/Dec/2024:00:24:17 -0500] "GET /product/wp-content/plugins/wp-live-chat-support/js/jquery-cookie.js?ver=5.6.14 HTTP/1.1" 200 1401 "http://vapecompany.com.bd/product/?product_cat=replacement-pods&paged=8" "Mozilla/5.0 (Linux; Android 10; K) AppleWebKit/537.36 (KHTML, like Gecko) Chrome/131.0.0.0 Mobile Safari/537.36"
103.112.54.226 - - [26/Dec/2024:00:24:17 -0500] "GET /product/wp-content/plugins/revslider/public/assets/js/rbtools.min.js?ver=6.0.5 HTTP/1.1" 200 45119 "http://vapecompany.com.bd/product/?product_cat=replacement-pods&paged=8" "Mozilla/5.0 (Linux; Android 10; K) AppleWebKit/537.36 (KHTML, like Gecko) Chrome/131.0.0.0 Mobile Safari/537.36"
103.112.54.226 - - [26/Dec/2024:00:24:17 -0500] "GET /product/wp-content/plugins/revslider/public/assets/js/rs6.min.js?ver=6.2.9 HTTP/1.1" 200 81865 "http://vapecompany.com.bd/product/?product_cat=replacement-pods&paged=8" "Mozilla/5.0 (Linux; Android 10; K) AppleWebKit/537.36 (KHTML, like Gecko) Chrome/131.0.0.0 Mobile Safari/537.36"
103.112.54.226 - - [26/Dec/2024:00:24:17 -0500] "GET /product/wp-content/themes/wp_oswad_market/wp_oswad_market/js/wd_menu_front.js?ver=5.6.14 HTTP/1.1" 200 4274 "http://vapecompany.com.bd/product/?product_cat=replacement-pods&paged=8" "Mozilla/5.0 (Linux; Android 10; K) AppleWebKit/537.36 (KHTML, like Gecko) Chrome/131.0.0.0 Mobile Safari/537.36"
103.112.54.226 - - [26/Dec/2024:00:24:17 -0500] "GET /product/wp-content/themes/wp_oswad_market/wp_oswad_market/js/jquery.hoverIntent.js?ver=5.6.14 HTTP/1.1" 200 1629 "http://vapecompany.com.bd/product/?product_cat=replacement-pods&paged=8" "Mozilla/5.0 (Linux; Android 10; K) AppleWebKit/537.36 (KHTML, like Gecko) Chrome/131.0.0.0 Mobile Safari/537.36"
103.112.54.226 - - [26/Dec/2024:00:24:17 -0500] "GET /product/wp-content/plugins/woocommerce-grid-list-toggle/assets/js/jquery.cookie.min.js?ver=5.6.14 HTTP/1.1" 200 649 "http://vapecompany.com.bd/product/?product_cat=replacement-pods&paged=8" "Mozilla/5.0 (Linux; Android 10; K) AppleWebKit/537.36 (KHTML, like Gecko) Chrome/131.0.0.0 Mobile Safari/537.36"
103.112.54.226 - - [26/Dec/2024:00:24:17 -0500] "GET /product/wp-content/plugins/woocommerce-grid-list-toggle/assets/js/jquery.gridlistview.min.js?ver=5.6.14 HTTP/1.1" 200 312 "http://vapecompany.com.bd/product/?product_cat=replacement-pods&paged=8" "Mozilla/5.0 (Linux; Android 10; K) AppleWebKit/537.36 (KHTML, like Gecko) Chrome/131.0.0.0 Mobile Safari/537.36"
103.112.54.226 - - [26/Dec/2024:00:24:17 -0500] "GET /product/wp-content/uploads/2014/01/Vape-Company-Logo-1.png HTTP/1.1" 200 34702 "http://vapecompany.com.bd/product/?product_cat=replacement-pods&paged=8" "Mozilla/5.0 (Linux; Android 10; K) AppleWebKit/537.36 (KHTML, like Gecko) Chrome/131.0.0.0 Mobile Safari/537.36"
103.112.54.226 - - [26/Dec/2024:00:24:17 -0500] "GET /product/wp-content/themes/wp_oswad_market/wp_oswad_market/images/quickshop.png HTTP/1.1" 200 1246 "http://vapecompany.com.bd/product/?product_cat=replacement-pods&paged=8" "Mozilla/5.0 (Linux; Android 10; K) AppleWebKit/537.36 (KHTML, like Gecko) Chrome/131.0.0.0 Mobile Safari/537.36"
103.112.54.226 - - [26/Dec/2024:00:24:18 -0500] "GET /product/wp-includes/js/jquery/ui/core.min.js?ver=1.12.1 HTTP/1.1" 200 6865 "http://vapecompany.com.bd/product/?product_cat=replacement-pods&paged=8" "Mozilla/5.0 (Linux; Android 10; K) AppleWebKit/537.36 (KHTML, like Gecko) Chrome/131.0.0.0 Mobile Safari/537.36"
103.112.54.226 - - [26/Dec/2024:00:24:18 -0500] "GET /product/wp-includes/js/jquery/ui/mouse.min.js?ver=1.12.1 HTTP/1.1" 200 1070 "http://vapecompany.com.bd/product/?product_cat=replacement-pods&paged=8" "Mozilla/5.0 (Linux; Android 10; K) AppleWebKit/537.36 (KHTML, like Gecko) Chrome/131.0.0.0 Mobile Safari/537.36"
4.227.36.113 - - [26/Dec/2024:00:24:17 -0500] "GET /product/?add_to_wishlist=9643&paged=34&post_type=product&s=F HTTP/1.1" 200 21665 "-" "Mozilla/5.0 AppleWebKit/537.36 (KHTML, like Gecko; compatible; GPTBot/1.2; +https://openai.com/gptbot)"
103.112.54.226 - - [26/Dec/2024:00:24:18 -0500] "GET /product/wp-includes/js/jquery/ui/draggable.min.js?ver=1.12.1 HTTP/1.1" 200 4826 "http://vapecompany.com.bd/product/?product_cat=replacement-pods&paged=8" "Mozilla/5.0 (Linux; Android 10; K) AppleWebKit/537.36 (KHTML, like Gecko) Chrome/131.0.0.0 Mobile Safari/537.36"
103.112.54.226 - - [26/Dec/2024:00:24:18 -0500] "GET /product/wp-content/plugins/wd_shortcode/js/wd_shortcode.js?ver=5.6.14 HTTP/1.1" 200 1606 "http://vapecompany.com.bd/product/?product_cat=replacement-pods&paged=8" "Mozilla/5.0 (Linux; Android 10; K) AppleWebKit/537.36 (KHTML, like Gecko) Chrome/131.0.0.0 Mobile Safari/537.36"
103.112.54.226 - - [26/Dec/2024:00:24:18 -0500] "GET /product/wp-content/plugins/yith-woocommerce-wishlist/assets/fontawesome/fontawesome-webfont.woff2?v=4.3.0 HTTP/1.1" 200 56780 "http://vapecompany.com.bd/product/wp-content/plugins/yith-woocommerce-wishlist/assets/css/font-awesome.min.css?ver=5.6.14" "Mozilla/5.0 (Linux; Android 10; K) AppleWebKit/537.36 (KHTML, like Gecko) Chrome/131.0.0.0 Mobile Safari/537.36"
103.112.54.226 - - [26/Dec/2024:00:24:18 -0500] "GET /product/wp-content/themes/wp_oswad_market/wp_oswad_market/images/default-background.png HTTP/1.1" 200 898 "http://vapecompany.com.bd/product/?product_cat=replacement-pods&paged=8" "Mozilla/5.0 (Linux; Android 10; K) AppleWebKit/537.36 (KHTML, like Gecko) Chrome/131.0.0.0 Mobile Safari/537.36"
103.112.54.226 - - [26/Dec/2024:00:24:18 -0500] "GET /product/wp-content/themes/wp_oswad_market/wp_oswad_market/images/bg_shadow_menu_phone.png HTTP/1.1" 200 973 "http://vapecompany.com.bd/product/wp-content/themes/wp_oswad_market/wp_oswad_market/css/wd_menu_front.css?ver=5.6.14" "Mozilla/5.0 (Linux; Android 10; K) AppleWebKit/537.36 (KHTML, like Gecko) Chrome/131.0.0.0 Mobile Safari/537.36"
103.112.54.226 - - [26/Dec/2024:00:24:18 -0500] "GET /product/wp-content/themes/wp_oswad_market/wp_oswad_market/images/media/bg-breadcrumb.jpg HTTP/1.1" 200 34868 "http://vapecompany.com.bd/product/?product_cat=replacement-pods&paged=8" "Mozilla/5.0 (Linux; Android 10; K) AppleWebKit/537.36 (KHTML, like Gecko) Chrome/131.0.0.0 Mobile Safari/537.36"
103.112.54.226 - - [26/Dec/2024:00:24:19 -0500] "GET /product/wp-content/plugins/wd_shortcode/js/bootstrap.js?ver=5.6.14 HTTP/1.1" 200 11112 "http://vapecompany.com.bd/product/?product_cat=replacement-pods&paged=8" "Mozilla/5.0 (Linux; Android 10; K) AppleWebKit/537.36 (KHTML, like Gecko) Chrome/131.0.0.0 Mobile Safari/537.36"
103.112.54.226 - - [26/Dec/2024:00:24:19 -0500] "GET /product/wp-content/plugins/wd_shortcode/js/owl.carousel.min.js?ver=5.6.14 HTTP/1.1" 200 10522 "http://vapecompany.com.bd/product/?product_cat=replacement-pods&paged=8" "Mozilla/5.0 (Linux; Android 10; K) AppleWebKit/537.36 (KHTML, like Gecko) Chrome/131.0.0.0 Mobile Safari/537.36"
103.112.54.226 - - [26/Dec/2024:00:24:19 -0500] "GET /product/wp-content/plugins/wd_shortcode/js/jquery.imagesloaded.min.js?ver=5.6.14 HTTP/1.1" 200 2202 "http://vapecompany.com.bd/product/?product_cat=replacement-pods&paged=8" "Mozilla/5.0 (Linux; Android 10; K) AppleWebKit/537.36 (KHTML, like Gecko) Chrome/131.0.0.0 Mobile Safari/537.36"
103.112.54.226 - - [26/Dec/2024:00:24:19 -0500] "GET /product/wp-content/plugins/woocommerce/assets/js/jquery-blockui/jquery.blockUI.min.js?ver=2.60 HTTP/1.1" 200 3548 "http://vapecompany.com.bd/product/?product_cat=replacement-pods&paged=8" "Mozilla/5.0 (Linux; Android 10; K) AppleWebKit/537.36 (KHTML, like Gecko) Chrome/131.0.0.0 Mobile Safari/537.36"
103.112.54.226 - - [26/Dec/2024:00:24:19 -0500] "GET /product/wp-content/plugins/woocommerce/assets/js/frontend/woocommerce.min.js?ver=2.3.10 HTTP/1.1" 200 202 "http://vapecompany.com.bd/product/?product_cat=replacement-pods&paged=8" "Mozilla/5.0 (Linux; Android 10; K) AppleWebKit/537.36 (KHTML, like Gecko) Chrome/131.0.0.0 Mobile Safari/537.36"
4.227.36.113 - - [26/Dec/2024:00:24:18 -0500] "GET /product/?add_to_wishlist=9643&paged=43&post_type=product&s=F HTTP/1.1" 200 22136 "-" "Mozilla/5.0 AppleWebKit/537.36 (KHTML, like Gecko; compatible; GPTBot/1.2; +https://openai.com/gptbot)"
103.112.54.226 - - [26/Dec/2024:00:24:19 -0500] "GET /product/wp-content/plugins/woocommerce/assets/js/jquery-cookie/jquery.cookie.min.js?ver=1.4.1 HTTP/1.1" 200 775 "http://vapecompany.com.bd/product/?product_cat=replacement-pods&paged=8" "Mozilla/5.0 (Linux; Android 10; K) AppleWebKit/537.36 (KHTML, like Gecko) Chrome/131.0.0.0 Mobile Safari/537.36"
103.112.54.226 - - [26/Dec/2024:00:24:19 -0500] "GET /product/wp-content/plugins/woocommerce/assets/js/frontend/cart-fragments.min.js?ver=2.3.10 HTTP/1.1" 200 609 "http://vapecompany.com.bd/product/?product_cat=replacement-pods&paged=8" "Mozilla/5.0 (Linux; Android 10; K) AppleWebKit/537.36 (KHTML, like Gecko) Chrome/131.0.0.0 Mobile Safari/537.36"
103.112.54.226 - - [26/Dec/2024:00:24:19 -0500] "GET /product/wp-content/plugins/yith-woocommerce-compare/assets/js/woocompare.min.js?ver=2.4.4 HTTP/1.1" 200 1322 "http://vapecompany.com.bd/product/?product_cat=replacement-pods&paged=8" "Mozilla/5.0 (Linux; Android 10; K) AppleWebKit/537.36 (KHTML, like Gecko) Chrome/131.0.0.0 Mobile Safari/537.36"
103.112.54.226 - - [26/Dec/2024:00:24:19 -0500] "GET /product/wp-content/plugins/woocommerce/assets/js/prettyPhoto/jquery.prettyPhoto.min.js?ver=3.1.5 HTTP/1.1" 200 5941 "http://vapecompany.com.bd/product/?product_cat=replacement-pods&paged=8" "Mozilla/5.0 (Linux; Android 10; K) AppleWebKit/537.36 (KHTML, like Gecko) Chrome/131.0.0.0 Mobile Safari/537.36"
103.112.54.226 - - [26/Dec/2024:00:24:20 -0500] "GET /product/wp-content/plugins/woocommerce/assets/js/prettyPhoto/jquery.prettyPhoto.init.min.js?ver=2.3.10 HTTP/1.1" 200 177 "http://vapecompany.com.bd/product/?product_cat=replacement-pods&paged=8" "Mozilla/5.0 (Linux; Android 10; K) AppleWebKit/537.36 (KHTML, like Gecko) Chrome/131.0.0.0 Mobile Safari/537.36"
103.112.54.226 - - [26/Dec/2024:00:24:20 -0500] "GET /product/wp-content/plugins/yith-woocommerce-wishlist/assets/js/jquery.selectBox.min.js?ver=5.6.14 HTTP/1.1" 200 4006 "http://vapecompany.com.bd/product/?product_cat=replacement-pods&paged=8" "Mozilla/5.0 (Linux; Android 10; K) AppleWebKit/537.36 (KHTML, like Gecko) Chrome/131.0.0.0 Mobile Safari/537.36"
103.112.54.226 - - [26/Dec/2024:00:24:20 -0500] "GET /product/wp-content/plugins/yith-woocommerce-wishlist/assets/js/jquery.yith-wcwl.js?ver=2.0 HTTP/1.1" 200 2568 "http://vapecompany.com.bd/product/?product_cat=replacement-pods&paged=8" "Mozilla/5.0 (Linux; Android 10; K) AppleWebKit/537.36 (KHTML, like Gecko) Chrome/131.0.0.0 Mobile Safari/537.36"
103.112.54.226 - - [26/Dec/2024:00:24:20 -0500] "GET /product/wp-content/themes/wp_oswad_market/wp_oswad_market/framework/js/TweenMax.js?ver=5.6.14 HTTP/1.1" 200 30802 "http://vapecompany.com.bd/product/?product_cat=replacement-pods&paged=8" "Mozilla/5.0 (Linux; Android 10; K) AppleWebKit/537.36 (KHTML, like Gecko) Chrome/131.0.0.0 Mobile Safari/537.36"
103.112.54.226 - - [26/Dec/2024:00:24:20 -0500] "GET /product/wp-includes/js/jquery/ui/tabs.min.js?ver=1.12.1 HTTP/1.1" 200 3909 "http://vapecompany.com.bd/product/?product_cat=replacement-pods&paged=8" "Mozilla/5.0 (Linux; Android 10; K) AppleWebKit/537.36 (KHTML, like Gecko) Chrome/131.0.0.0 Mobile Safari/537.36"
103.112.54.226 - - [26/Dec/2024:00:24:20 -0500] "GET /product/wp-content/plugins/wp-live-chat-support/fonts/fontawesome-webfont.woff2?v=4.6.3 HTTP/1.1" 200 71896 "http://vapecompany.com.bd/product/wp-content/plugins/wp-live-chat-support/css/font-awesome.min.css?ver=5.6.14" "Mozilla/5.0 (Linux; Android 10; K) AppleWebKit/537.36 (KHTML, like Gecko) Chrome/131.0.0.0 Mobile Safari/537.36"
103.112.54.226 - - [26/Dec/2024:00:24:20 -0500] "GET /product/wp-includes/js/jquery/ui/accordion.min.js?ver=1.12.1 HTTP/1.1" 200 2717 "http://vapecompany.com.bd/product/?product_cat=replacement-pods&paged=8" "Mozilla/5.0 (Linux; Android 10; K) AppleWebKit/537.36 (KHTML, like Gecko) Chrome/131.0.0.0 Mobile Safari/537.36"
103.112.54.226 - - [26/Dec/2024:00:24:20 -0500] "GET /product/wp-includes/js/jquery/ui/effect.min.js?ver=1.12.1 HTTP/1.1" 200 6384 "http://vapecompany.com.bd/product/?product_cat=replacement-pods&paged=8" "Mozilla/5.0 (Linux; Android 10; K) AppleWebKit/537.36 (KHTML, like Gecko) Chrome/131.0.0.0 Mobile Safari/537.36"
103.112.54.226 - - [26/Dec/2024:00:24:20 -0500] "GET /product/wp-content/themes/wp_oswad_market/wp_oswad_market/framework/js/jquery.touchSwipe.js?ver=5.6.14 HTTP/1.1" 200 15562 "http://vapecompany.com.bd/product/?product_cat=replacement-pods&paged=8" "Mozilla/5.0 (Linux; Android 10; K) AppleWebKit/537.36 (KHTML, like Gecko) Chrome/131.0.0.0 Mobile Safari/537.36"
4.227.36.113 - - [26/Dec/2024:00:24:19 -0500] "GET /product/?add_to_wishlist=5285&paged=44&post_type=product&s=F HTTP/1.1" 200 22187 "-" "Mozilla/5.0 AppleWebKit/537.36 (KHTML, like Gecko; compatible; GPTBot/1.2; +https://openai.com/gptbot)"
103.112.54.226 - - [26/Dec/2024:00:24:20 -0500] "GET /product/wp-content/themes/wp_oswad_market/wp_oswad_market/framework/js/include-script.js?ver=5.6.14 HTTP/1.1" 200 26590 "http://vapecompany.com.bd/product/?product_cat=replacement-pods&paged=8" "Mozilla/5.0 (Linux; Android 10; K) AppleWebKit/537.36 (KHTML, like Gecko) Chrome/131.0.0.0 Mobile Safari/537.36"
103.112.54.226 - - [26/Dec/2024:00:24:20 -0500] "GET /product/wp-content/themes/wp_oswad_market/wp_oswad_market/js/jquery.prettyPhoto.min.js?ver=5.6.14 HTTP/1.1" 200 5958 "http://vapecompany.com.bd/product/?product_cat=replacement-pods&paged=8" "Mozilla/5.0 (Linux; Android 10; K) AppleWebKit/537.36 (KHTML, like Gecko) Chrome/131.0.0.0 Mobile Safari/537.36"
103.112.54.226 - - [26/Dec/2024:00:24:20 -0500] "GET /product/wp-content/themes/wp_oswad_market/wp_oswad_market/js/jquery.prettyPhoto.init.min.js?ver=5.6.14 HTTP/1.1" 200 240 "http://vapecompany.com.bd/product/?product_cat=replacement-pods&paged=8" "Mozilla/5.0 (Linux; Android 10; K) AppleWebKit/537.36 (KHTML, like Gecko) Chrome/131.0.0.0 Mobile Safari/537.36"
103.112.54.226 - - [26/Dec/2024:00:24:21 -0500] "GET /product/wp-content/themes/wp_oswad_market/wp_oswad_market/images/bottom-left-shadow.png HTTP/1.1" 200 3302 "http://vapecompany.com.bd/product/wp-content/themes/wp_oswad_market/wp_oswad_market/css/base.css?ver=5.6.14" "Mozilla/5.0 (Linux; Android 10; K) AppleWebKit/537.36 (KHTML, like Gecko) Chrome/131.0.0.0 Mobile Safari/537.36"
103.112.54.226 - - [26/Dec/2024:00:24:21 -0500] "GET /product/wp-content/themes/wp_oswad_market/wp_oswad_market/images/top-right-shadow.png HTTP/1.1" 200 1340 "http://vapecompany.com.bd/product/wp-content/themes/wp_oswad_market/wp_oswad_market/css/base.css?ver=5.6.14" "Mozilla/5.0 (Linux; Android 10; K) AppleWebKit/537.36 (KHTML, like Gecko) Chrome/131.0.0.0 Mobile Safari/537.36"
103.112.54.226 - - [26/Dec/2024:00:24:21 -0500] "GET /product/wp-content/themes/wp_oswad_market/wp_oswad_market/images/o_line-border-top.png HTTP/1.1" 200 1076 "http://vapecompany.com.bd/product/wp-content/themes/wp_oswad_market/wp_oswad_market/css/base.css?ver=5.6.14" "Mozilla/5.0 (Linux; Android 10; K) AppleWebKit/537.36 (KHTML, like Gecko) Chrome/131.0.0.0 Mobile Safari/537.36"
103.112.54.226 - - [26/Dec/2024:00:24:21 -0500] "GET /product/wp-content/themes/wp_oswad_market/wp_oswad_market/images/o_line-border-bottom.png HTTP/1.1" 200 1096 "http://vapecompany.com.bd/product/wp-content/themes/wp_oswad_market/wp_oswad_market/css/base.css?ver=5.6.14" "Mozilla/5.0 (Linux; Android 10; K) AppleWebKit/537.36 (KHTML, like Gecko) Chrome/131.0.0.0 Mobile Safari/537.36"
103.112.54.226 - - [26/Dec/2024:00:24:21 -0500] "GET /product/wp-content/themes/wp_oswad_market/wp_oswad_market/js/oswadmarket.js?ver=5.6.14 HTTP/1.1" 200 10225 "http://vapecompany.com.bd/product/?product_cat=replacement-pods&paged=8" "Mozilla/5.0 (Linux; Android 10; K) AppleWebKit/537.36 (KHTML, like Gecko) Chrome/131.0.0.0 Mobile Safari/537.36"
103.112.54.226 - - [26/Dec/2024:00:24:21 -0500] "GET /product/wp-content/plugins/wd_quickshop/js/add-to-cart-variation.min.js?ver=5.6.14 HTTP/1.1" 200 1813 "http://vapecompany.com.bd/product/?product_cat=replacement-pods&paged=8" "Mozilla/5.0 (Linux; Android 10; K) AppleWebKit/537.36 (KHTML, like Gecko) Chrome/131.0.0.0 Mobile Safari/537.36"
103.112.54.226 - - [26/Dec/2024:00:24:21 -0500] "GET /product/wp-content/plugins/wd_quickshop/js/quickshop.js?ver=5.6.14 HTTP/1.1" 200 1798 "http://vapecompany.com.bd/product/?product_cat=replacement-pods&paged=8" "Mozilla/5.0 (Linux; Android 10; K) AppleWebKit/537.36 (KHTML, like Gecko) Chrome/131.0.0.0 Mobile Safari/537.36"
103.112.54.226 - - [26/Dec/2024:00:24:21 -0500] "GET /product/wp-content/plugins/wd_quickshop/js/cloud-zoom.1.0.2.js?ver=5.6.14 HTTP/1.1" 200 4532 "http://vapecompany.com.bd/product/?product_cat=replacement-pods&paged=8" "Mozilla/5.0 (Linux; Android 10; K) AppleWebKit/537.36 (KHTML, like Gecko) Chrome/131.0.0.0 Mobile Safari/537.36"
103.112.54.226 - - [26/Dec/2024:00:24:21 -0500] "GET /product/wp-includes/js/wp-embed.min.js?ver=5.6.14 HTTP/1.1" 200 804 "http://vapecompany.com.bd/product/?product_cat=replacement-pods&paged=8" "Mozilla/5.0 (Linux; Android 10; K) AppleWebKit/537.36 (KHTML, like Gecko) Chrome/131.0.0.0 Mobile Safari/537.36"
103.112.54.226 - - [26/Dec/2024:00:24:21 -0500] "GET /product/wp-includes/js/jquery/ui/slider.min.js?ver=1.12.1 HTTP/1.1" 200 3111 "http://vapecompany.com.bd/product/?product_cat=replacement-pods&paged=8" "Mozilla/5.0 (Linux; Android 10; K) AppleWebKit/537.36 (KHTML, like Gecko) Chrome/131.0.0.0 Mobile Safari/537.36"
103.112.54.226 - - [26/Dec/2024:00:24:21 -0500] "GET /product/wp-content/plugins/woocommerce/assets/js/frontend/jquery-ui-touch-punch.min.js?ver=2.3.10 HTTP/1.1" 200 599 "http://vapecompany.com.bd/product/?product_cat=replacement-pods&paged=8" "Mozilla/5.0 (Linux; Android 10; K) AppleWebKit/537.36 (KHTML, like Gecko) Chrome/131.0.0.0 Mobile Safari/537.36"
103.112.54.226 - - [26/Dec/2024:00:24:21 -0500] "GET /product/wp-content/plugins/woocommerce/assets/js/frontend/price-slider.min.js?ver=2.3.10 HTTP/1.1" 200 522 "http://vapecompany.com.bd/product/?product_cat=replacement-pods&paged=8" "Mozilla/5.0 (Linux; Android 10; K) AppleWebKit/537.36 (KHTML, like Gecko) Chrome/131.0.0.0 Mobile Safari/537.36"
103.112.54.226 - - [26/Dec/2024:00:24:21 -0500] "GET /product/wp-includes/js/wp-emoji-release.min.js?ver=5.6.14 HTTP/1.1" 200 4662 "http://vapecompany.com.bd/product/?product_cat=replacement-pods&paged=8" "Mozilla/5.0 (Linux; Android 10; K) AppleWebKit/537.36 (KHTML, like Gecko) Chrome/131.0.0.0 Mobile Safari/537.36"
103.112.54.226 - - [26/Dec/2024:00:24:22 -0500] "GET /product/wp-content/themes/wp_oswad_market/wp_oswad_market/images/media/icon_payment_paypal.png HTTP/1.1" 200 1347 "http://vapecompany.com.bd/product/?product_cat=replacement-pods&paged=8" "Mozilla/5.0 (Linux; Android 10; K) AppleWebKit/537.36 (KHTML, like Gecko) Chrome/131.0.0.0 Mobile Safari/537.36"
103.112.54.226 - - [26/Dec/2024:00:24:22 -0500] "GET /product/wp-content/themes/wp_oswad_market/wp_oswad_market/images/media/icon_payment_visa.png HTTP/1.1" 200 1370 "http://vapecompany.com.bd/product/?product_cat=replacement-pods&paged=8" "Mozilla/5.0 (Linux; Android 10; K) AppleWebKit/537.36 (KHTML, like Gecko) Chrome/131.0.0.0 Mobile Safari/537.36"
103.112.54.226 - - [26/Dec/2024:00:24:22 -0500] "GET /product/wp-content/themes/wp_oswad_market/wp_oswad_market/images/media/icon_american_visa.png HTTP/1.1" 200 1423 "http://vapecompany.com.bd/product/?product_cat=replacement-pods&paged=8" "Mozilla/5.0 (Linux; Android 10; K) AppleWebKit/537.36 (KHTML, like Gecko) Chrome/131.0.0.0 Mobile Safari/537.36"
103.112.54.226 - - [26/Dec/2024:00:24:22 -0500] "GET /product/wp-content/themes/wp_oswad_market/wp_oswad_market/images/media/icon_payment_master_card.png HTTP/1.1" 200 1680 "http://vapecompany.com.bd/product/?product_cat=replacement-pods&paged=8" "Mozilla/5.0 (Linux; Android 10; K) AppleWebKit/537.36 (KHTML, like Gecko) Chrome/131.0.0.0 Mobile Safari/537.36"
103.112.54.226 - - [26/Dec/2024:00:24:22 -0500] "GET /product/wp-content/themes/wp_oswad_market/wp_oswad_market/images/media/icon_dhl_visa.png HTTP/1.1" 200 1480 "http://vapecompany.com.bd/product/?product_cat=replacement-pods&paged=8" "Mozilla/5.0 (Linux; Android 10; K) AppleWebKit/537.36 (KHTML, like Gecko) Chrome/131.0.0.0 Mobile Safari/537.36"
103.112.54.226 - - [26/Dec/2024:00:24:22 -0500] "GET /product/wp-content/themes/wp_oswad_market/wp_oswad_market/images/media/icon_fed_visa.png HTTP/1.1" 200 1283 "http://vapecompany.com.bd/product/?product_cat=replacement-pods&paged=8" "Mozilla/5.0 (Linux; Android 10; K) AppleWebKit/537.36 (KHTML, like Gecko) Chrome/131.0.0.0 Mobile Safari/537.36"
103.112.54.226 - - [26/Dec/2024:00:24:22 -0500] "GET /product/wp-content/themes/wp_oswad_market/wp_oswad_market/images/images.png HTTP/1.1" 200 10523 "http://vapecompany.com.bd/product/wp-content/themes/wp_oswad_market/wp_oswad_market/css/base.css?ver=5.6.14" "Mozilla/5.0 (Linux; Android 10; K) AppleWebKit/537.36 (KHTML, like Gecko) Chrome/131.0.0.0 Mobile Safari/537.36"
103.112.54.226 - - [26/Dec/2024:00:24:22 -0500] "GET /product/wp-content/themes/wp_oswad_market/wp_oswad_market/images/media/bg-footer.jpg HTTP/1.1" 200 222316 "http://vapecompany.com.bd/product/?product_cat=replacement-pods&paged=8" "Mozilla/5.0 (Linux; Android 10; K) AppleWebKit/537.36 (KHTML, like Gecko) Chrome/131.0.0.0 Mobile Safari/537.36"
103.112.54.226 - - [26/Dec/2024:00:24:22 -0500] "GET /product/wp-content/plugins/contact-form-7/images/ajax-loader.gif HTTP/1.1" 200 847 "http://vapecompany.com.bd/product/?product_cat=replacement-pods&paged=8" "Mozilla/5.0 (Linux; Android 10; K) AppleWebKit/537.36 (KHTML, like Gecko) Chrome/131.0.0.0 Mobile Safari/537.36"
4.227.36.113 - - [26/Dec/2024:00:24:22 -0500] "GET /product/?add_to_wishlist=4740&paged=45&post_type=product&s=F HTTP/1.1" 200 22261 "-" "Mozilla/5.0 AppleWebKit/537.36 (KHTML, like Gecko; compatible; GPTBot/1.2; +https://openai.com/gptbot)"
103.112.54.226 - - [26/Dec/2024:00:24:22 -0500] "GET /product/wp-content/themes/wp_oswad_market/wp_oswad_market/images/ic-fiter-price.png HTTP/1.1" 200 1650 "http://vapecompany.com.bd/product/wp-content/themes/wp_oswad_market/wp_oswad_market/css/base.css?ver=5.6.14" "Mozilla/5.0 (Linux; Android 10; K) AppleWebKit/537.36 (KHTML, like Gecko) Chrome/131.0.0.0 Mobile Safari/537.36"
103.112.54.226 - - [26/Dec/2024:00:24:22 -0500] "POST /product/wp-admin/admin-ajax.php HTTP/1.1" 200 275 "http://vapecompany.com.bd/product/?product_cat=replacement-pods&paged=8" "Mozilla/5.0 (Linux; Android 10; K) AppleWebKit/537.36 (KHTML, like Gecko) Chrome/131.0.0.0 Mobile Safari/537.36"
103.112.54.226 - - [26/Dec/2024:00:24:23 -0500] "GET /product/wp-content/plugins/js_composer/assets/lib/bower/font-awesome/fonts/fontawesome-webfont.woff2?v=4.5.0 HTTP/1.1" 200 66624 "http://vapecompany.com.bd/product/wp-content/plugins/js_composer/assets/lib/bower/font-awesome/css/font-awesome.min.css?ver=4.11.2.1" "Mozilla/5.0 (Linux; Android 10; K) AppleWebKit/537.36 (KHTML, like Gecko) Chrome/131.0.0.0 Mobile Safari/537.36"
216.244.66.234 - - [26/Dec/2024:00:26:23 -0500] "GET /robots.txt HTTP/1.1" 200 67 "-" "Mozilla/5.0 (compatible; DotBot/1.2; +https://opensiteexplorer.org/dotbot; help@moz.com)"
4.227.36.113 - - [26/Dec/2024:00:26:23 -0500] "GET /product/?add_to_wishlist=8906&paged=21&post_type=product&s=F HTTP/1.1" 200 22290 "-" "Mozilla/5.0 AppleWebKit/537.36 (KHTML, like Gecko; compatible; GPTBot/1.2; +https://openai.com/gptbot)"
216.244.66.234 - - [26/Dec/2024:00:34:40 -0500] "GET /product/?post_type=product&paged=28&add_to_wishlist=12031 HTTP/1.1" 200 183204 "-" "Mozilla/5.0 (compatible; DotBot/1.2; +https://opensiteexplorer.org/dotbot; help@moz.com)"
216.244.66.234 - - [26/Dec/2024:00:35:49 -0500] "GET /product/?post_type=product&add_to_wishlist=11873&paged=40 HTTP/1.1" 200 180601 "-" "Mozilla/5.0 (compatible; DotBot/1.2; +https://opensiteexplorer.org/dotbot; help@moz.com)"
66.249.74.7 - - [26/Dec/2024:00:37:13 -0500] "GET /product/?product_cat=us-premium-e-liquids&paged=2 HTTP/1.1" 200 21532 "-" "Mozilla/5.0 (Linux; Android 6.0.1; Nexus 5X Build/MMB29P) AppleWebKit/537.36 (KHTML, like Gecko) Chrome/131.0.6778.85 Mobile Safari/537.36 (compatible; Googlebot/2.1; +http://www.google.com/bot.html)"
216.244.66.234 - - [26/Dec/2024:00:37:36 -0500] "GET /product/?post_type=product&add_to_wishlist=7168&paged=21 HTTP/1.1" 200 173427 "-" "Mozilla/5.0 (compatible; DotBot/1.2; +https://opensiteexplorer.org/dotbot; help@moz.com)"
66.249.74.7 - - [26/Dec/2024:00:37:41 -0500] "GET /product/?product_cat=nicotine-salt HTTP/1.1" 200 21026 "-" "Mozilla/5.0 (Linux; Android 6.0.1; Nexus 5X Build/MMB29P) AppleWebKit/537.36 (KHTML, like Gecko) Chrome/131.0.6778.85 Mobile Safari/537.36 (compatible; Googlebot/2.1; +http://www.google.com/bot.html)"
216.244.66.234 - - [26/Dec/2024:00:37:42 -0500] "GET /product/?post_type=product&add_to_wishlist=7218&paged=2 HTTP/1.1" 200 175686 "-" "Mozilla/5.0 (compatible; DotBot/1.2; +https://opensiteexplorer.org/dotbot; help@moz.com)"
66.249.74.7 - - [26/Dec/2024:00:37:43 -0500] "GET /product/wp-content/themes/wp_oswad_market/wp_oswad_market/style.css?ver=5.6.14 HTTP/1.1" 200 36662 "http://vapecompany.com.bd/product/?product_cat=nicotine-salt" "Mozilla/5.0 (Linux; Android 6.0.1; Nexus 5X Build/MMB29P) AppleWebKit/537.36 (KHTML, like Gecko) Chrome/131.0.6778.139 Mobile Safari/537.36 (compatible; Googlebot/2.1; +http://www.google.com/bot.html)"
4.227.36.113 - - [26/Dec/2024:00:37:43 -0500] "GET /product/?add_to_wishlist=7572&paged=12&post_type=product&s=F HTTP/1.1" 200 21427 "-" "Mozilla/5.0 AppleWebKit/537.36 (KHTML, like Gecko; compatible; GPTBot/1.2; +https://openai.com/gptbot)"
216.244.66.234 - - [26/Dec/2024:00:37:46 -0500] "GET /product/?post_type=product&add_to_wishlist=7977&paged=25 HTTP/1.1" 200 175160 "-" "Mozilla/5.0 (compatible; DotBot/1.2; +https://opensiteexplorer.org/dotbot; help@moz.com)"
216.244.66.234 - - [26/Dec/2024:00:37:49 -0500] "GET /product/?post_type=product&add_to_wishlist=8028&paged=2 HTTP/1.1" 200 175683 "-" "Mozilla/5.0 (compatible; DotBot/1.2; +https://opensiteexplorer.org/dotbot; help@moz.com)"
4.227.36.113 - - [26/Dec/2024:00:37:49 -0500] "GET /product/?add_to_wishlist=7572&paged=7&post_type=product&s=F HTTP/1.1" 200 22255 "-" "Mozilla/5.0 AppleWebKit/537.36 (KHTML, like Gecko; compatible; GPTBot/1.2; +https://openai.com/gptbot)"
216.244.66.234 - - [26/Dec/2024:00:37:54 -0500] "GET /product/?product_cat=the-one-eliquid&add_to_wishlist=10235 HTTP/1.1" 404 61618 "-" "Mozilla/5.0 (compatible; DotBot/1.2; +https://opensiteexplorer.org/dotbot; help@moz.com)"
66.249.74.7 - - [26/Dec/2024:00:38:23 -0500] "GET /product/?product=vicious-ant-primo-ti-017-the-garrish-wood&lost-password HTTP/1.1" 200 15211 "-" "Mozilla/5.0 (Linux; Android 6.0.1; Nexus 5X Build/MMB29P) AppleWebKit/537.36 (KHTML, like Gecko) Chrome/131.0.6778.85 Mobile Safari/537.36 (compatible; Googlebot/2.1; +http://www.google.com/bot.html)"
66.249.74.8 - - [26/Dec/2024:00:38:27 -0500] "GET /product/wp-includes/js/jquery/ui/tabs.min.js?ver=1.12.1 HTTP/1.1" 200 3909 "http://vapecompany.com.bd/product/?product=vicious-ant-primo-ti-017-the-garrish-wood&lost-password" "Mozilla/5.0 (Linux; Android 6.0.1; Nexus 5X Build/MMB29P) AppleWebKit/537.36 (KHTML, like Gecko) Chrome/131.0.6778.139 Mobile Safari/537.36 (compatible; Googlebot/2.1; +http://www.google.com/bot.html)"
66.249.74.7 - - [26/Dec/2024:00:38:27 -0500] "GET /product/wp-content/plugins/woocommerce/assets/js/frontend/single-product.min.js?ver=2.3.10 HTTP/1.1" 200 642 "http://vapecompany.com.bd/product/?product=vicious-ant-primo-ti-017-the-garrish-wood&lost-password" "Mozilla/5.0 (Linux; Android 6.0.1; Nexus 5X Build/MMB29P) AppleWebKit/537.36 (KHTML, like Gecko) Chrome/131.0.6778.139 Mobile Safari/537.36 (compatible; Googlebot/2.1; +http://www.google.com/bot.html)"
216.244.66.234 - - [26/Dec/2024:00:42:26 -0500] "GET /product/?post_type=product&add_to_wishlist=10705&paged=1 HTTP/1.1" 200 171437 "-" "Mozilla/5.0 (compatible; DotBot/1.2; +https://opensiteexplorer.org/dotbot; help@moz.com)"
216.244.66.234 - - [26/Dec/2024:00:42:32 -0500] "GET /product/?post_type=product&add_to_wishlist=10756&paged=20 HTTP/1.1" 200 173875 "-" "Mozilla/5.0 (compatible; DotBot/1.2; +https://opensiteexplorer.org/dotbot; help@moz.com)"
103.72.212.61 - - [26/Dec/2024:00:42:36 -0500] "POST /product/wp-admin/admin-ajax.php HTTP/1.1" 200 - "https://vapecompany.com.bd/product/wp-admin/" "Mozilla/5.0 (Windows NT 10.0; Win64; x64) AppleWebKit/537.36 (KHTML, like Gecko) Chrome/131.0.0.0 Safari/537.36"
216.244.66.234 - - [26/Dec/2024:00:42:36 -0500] "GET /product/?post_type=product&add_to_wishlist=11447&paged=38 HTTP/1.1" 200 174742 "-" "Mozilla/5.0 (compatible; DotBot/1.2; +https://opensiteexplorer.org/dotbot; help@moz.com)"
216.244.66.234 - - [26/Dec/2024:00:42:40 -0500] "GET /product/?post_type=product&add_to_wishlist=11750&paged=1 HTTP/1.1" 200 171436 "-" "Mozilla/5.0 (compatible; DotBot/1.2; +https://opensiteexplorer.org/dotbot; help@moz.com)"
216.244.66.234 - - [26/Dec/2024:00:42:44 -0500] "GET /product/?post_type=product&add_to_wishlist=9436&paged=31 HTTP/1.1" 200 172641 "-" "Mozilla/5.0 (compatible; DotBot/1.2; +https://opensiteexplorer.org/dotbot; help@moz.com)"
216.244.66.234 - - [26/Dec/2024:00:42:48 -0500] "GET /product/?post_type=product&paged=15&add_to_wishlist=7104 HTTP/1.1" 200 170579 "-" "Mozilla/5.0 (compatible; DotBot/1.2; +https://opensiteexplorer.org/dotbot; help@moz.com)"
216.244.66.234 - - [26/Dec/2024:00:42:53 -0500] "GET /product/?post_type=product&paged=31&add_to_wishlist=9652 HTTP/1.1" 200 172643 "-" "Mozilla/5.0 (compatible; DotBot/1.2; +https://opensiteexplorer.org/dotbot; help@moz.com)"
40.77.167.25 - - [26/Dec/2024:00:43:24 -0500] "GET /product/?product_cat=6mg&paged=2 HTTP/1.1" 200 21597 "-" "Mozilla/5.0 AppleWebKit/537.36 (KHTML, like Gecko; compatible; bingbot/2.0; +http://www.bing.com/bingbot.htm) Chrome/116.0.1938.76 Safari/537.36"
40.77.167.25 - - [26/Dec/2024:00:44:24 -0500] "GET /product/wp-content/uploads/2019/12/Vandyvape-Swell-Mod-Rock-Black_opt-210x210.jpg HTTP/1.1" 200 6509 "-" "Mozilla/5.0 AppleWebKit/537.36 (KHTML, like Gecko; compatible; bingbot/2.0; +http://www.bing.com/bingbot.htm) Chrome/116.0.1938.76 Safari/537.36"
85.208.96.210 - - [26/Dec/2024:00:48:47 -0500] "GET /product/?product_cat=battery-chargers-battery-chargers HTTP/1.1" 200 17607 "-" "Mozilla/5.0 (compatible; SemrushBot/7~bl; +http://www.semrush.com/bot.html)"
66.249.74.7 - - [26/Dec/2024:00:50:59 -0500] "GET /product/?product_cat=3mg&paged=1 HTTP/1.1" 200 21189 "-" "Mozilla/5.0 (Linux; Android 6.0.1; Nexus 5X Build/MMB29P) AppleWebKit/537.36 (KHTML, like Gecko) Chrome/131.0.6778.85 Mobile Safari/537.36 (compatible; Googlebot/2.1; +http://www.google.com/bot.html)"
66.249.74.7 - - [26/Dec/2024:00:51:04 -0500] "GET /product/wp-content/plugins/wp-live-chat-support/js/themes/classic.js?ver=6.2.10 HTTP/1.1" 200 883 "http://vapecompany.com.bd/product/?product_cat=3mg&paged=1" "Mozilla/5.0 (Linux; Android 6.0.1; Nexus 5X Build/MMB29P) AppleWebKit/537.36 (KHTML, like Gecko) Chrome/131.0.6778.139 Mobile Safari/537.36 (compatible; Googlebot/2.1; +http://www.google.com/bot.html)"
66.249.74.7 - - [26/Dec/2024:00:51:05 -0500] "POST /product/wp-admin/admin-ajax.php HTTP/1.1" 200 275 "http://vapecompany.com.bd/product/?product_cat=3mg&paged=1" "Mozilla/5.0 (Linux; Android 6.0.1; Nexus 5X Build/MMB29P) AppleWebKit/537.36 (KHTML, like Gecko) Chrome/131.0.6778.139 Mobile Safari/537.36 (compatible; Googlebot/2.1; +http://www.google.com/bot.html)"
66.249.74.7 - - [26/Dec/2024:00:51:57 -0500] "GET /product/?s=V&post_type=product&producta2z=1&paged=5 HTTP/1.1" 200 21986 "-" "Mozilla/5.0 (Linux; Android 6.0.1; Nexus 5X Build/MMB29P) AppleWebKit/537.36 (KHTML, like Gecko) Chrome/131.0.6778.85 Mobile Safari/537.36 (compatible; Googlebot/2.1; +http://www.google.com/bot.html)"
69.171.231.3 - - [26/Dec/2024:00:54:50 -0500] "GET /product/?product=vaporesso-nexus-aio-kit HTTP/1.1" 404 61569 "-" "facebookexternalhit/1.1 (+http://www.facebook.com/externalhit_uatext.php)"
69.171.231.114 - - [26/Dec/2024:00:54:50 -0500] "GET /product/?product=vaporesso-nexus-aio-kit HTTP/1.1" 404 61571 "-" "facebookexternalhit/1.1 (+http://www.facebook.com/externalhit_uatext.php)"
69.171.231.4 - - [26/Dec/2024:00:54:52 -0500] "GET /product/?product=coil-master-ceramic-tweezers-bent HTTP/1.1" 200 119415 "-" "facebookexternalhit/1.1 (+http://www.facebook.com/externalhit_uatext.php)"
69.171.231.8 - - [26/Dec/2024:00:54:52 -0500] "GET /product/?product=coil-master-ceramic-tweezers-bent HTTP/1.1" 200 119417 "-" "facebookexternalhit/1.1 (+http://www.facebook.com/externalhit_uatext.php)"
66.249.74.9 - - [26/Dec/2024:00:56:06 -0500] "GET /robots.txt HTTP/1.1" 200 69 "-" "Mozilla/5.0 (compatible; Googlebot/2.1; +http://www.google.com/bot.html)"
66.249.74.9 - - [26/Dec/2024:00:56:06 -0500] "GET /product/?product_cat=kings-crest HTTP/1.1" 200 16038 "-" "Mozilla/5.0 (Linux; Android 6.0.1; Nexus 5X Build/MMB29P) AppleWebKit/537.36 (KHTML, like Gecko) Chrome/131.0.6778.85 Mobile Safari/537.36 (compatible; Googlebot/2.1; +http://www.google.com/bot.html)"
103.49.203.110 - - [26/Dec/2024:00:56:22 -0500] "GET /product/?product_cat=mods HTTP/1.1" 200 18190 "-" "Mozilla/5.0 (Linux; Android 10; K) AppleWebKit/537.36 (KHTML, like Gecko) Chrome/131.0.0.0 Mobile Safari/537.36"
103.49.203.110 - - [26/Dec/2024:00:56:25 -0500] "POST /product/wp-admin/admin-ajax.php HTTP/1.1" 200 275 "http://vapecompany.com.bd/product/?product_cat=mods" "Mozilla/5.0 (Linux; Android 10; K) AppleWebKit/537.36 (KHTML, like Gecko) Chrome/131.0.0.0 Mobile Safari/537.36"
52.167.144.22 - - [26/Dec/2024:00:57:06 -0500] "GET /product/?s=U&post_type=product&producta2z=1&paged=2 HTTP/1.1" 200 22283 "-" "Mozilla/5.0 AppleWebKit/537.36 (KHTML, like Gecko; compatible; bingbot/2.0; +http://www.bing.com/bingbot.htm) Chrome/116.0.1938.76 Safari/537.36"
51.15.16.101 - - [26/Dec/2024:00:57:36 -0500] "POST /ss.php HTTP/1.1" 404 25900 "-" "python-requests/2.27.1"
40.77.167.154 - - [26/Dec/2024:00:58:17 -0500] "GET /product/?product_cat=nic-salt-liquids-by-brands&paged=4 HTTP/1.1" 200 21656 "-" "Mozilla/5.0 AppleWebKit/537.36 (KHTML, like Gecko; compatible; bingbot/2.0; +http://www.bing.com/bingbot.htm) Chrome/116.0.1938.76 Safari/537.36"
185.191.171.1 - - [26/Dec/2024:01:00:52 -0500] "GET /product/?product=helmet-fused-clapton-dual-core HTTP/1.1" 200 17830 "-" "Mozilla/5.0 (compatible; SemrushBot/7~bl; +http://www.semrush.com/bot.html)"
66.249.74.8 - - [26/Dec/2024:01:04:41 -0500] "GET /robots.txt HTTP/1.1" 200 69 "-" "Mozilla/5.0 (compatible; Googlebot/2.1; +http://www.google.com/bot.html)"
66.249.74.8 - - [26/Dec/2024:01:04:41 -0500] "GET /product/?product_cat=diy-wire-shotspre-built-coilsnotch-coils HTTP/1.1" 200 21307 "-" "Mozilla/5.0 (Linux; Android 6.0.1; Nexus 5X Build/MMB29P) AppleWebKit/537.36 (KHTML, like Gecko) Chrome/131.0.6778.85 Mobile Safari/537.36 (compatible; Googlebot/2.1; +http://www.google.com/bot.html)"
4.227.36.113 - - [26/Dec/2024:01:12:19 -0500] "GET /product/?add_to_wishlist=10457&paged=14&post_type=product&s=F HTTP/1.1" 200 21566 "-" "Mozilla/5.0 AppleWebKit/537.36 (KHTML, like Gecko; compatible; GPTBot/1.2; +https://openai.com/gptbot)"
216.244.66.234 - - [26/Dec/2024:01:12:20 -0500] "GET /robots.txt HTTP/1.1" 200 67 "-" "Mozilla/5.0 (compatible; DotBot/1.2; +https://opensiteexplorer.org/dotbot; help@moz.com)"
173.252.127.112 - - [26/Dec/2024:01:20:15 -0500] "GET /product/wp-content/uploads/2014/01/Vape-Company-Logo-1.png HTTP/1.1" 200 34702 "-" "facebookexternalhit/1.1 (+http://www.facebook.com/externalhit_uatext.php)"
37.111.211.238 - - [26/Dec/2024:01:20:50 -0500] "GET / HTTP/1.1" 200 10859 "https://www.google.com/" "Mozilla/5.0 (iPhone; CPU iPhone OS 17_6_1 like Mac OS X) AppleWebKit/605.1.15 (KHTML, like Gecko) Version/17.6 Mobile/15E148 Safari/604.1"
37.111.211.238 - - [26/Dec/2024:01:20:51 -0500] "GET /wp-content/themes/vapor/css/bootstrap.min.css HTTP/1.1" 200 19249 "http://vapecompany.com.bd/" "Mozilla/5.0 (iPhone; CPU iPhone OS 17_6_1 like Mac OS X) AppleWebKit/605.1.15 (KHTML, like Gecko) Version/17.6 Mobile/15E148 Safari/604.1"
37.111.211.238 - - [26/Dec/2024:01:20:51 -0500] "GET /wp-content/themes/vapor/css/font-awesome.min.css HTTP/1.1" 200 5042 "http://vapecompany.com.bd/" "Mozilla/5.0 (iPhone; CPU iPhone OS 17_6_1 like Mac OS X) AppleWebKit/605.1.15 (KHTML, like Gecko) Version/17.6 Mobile/15E148 Safari/604.1"
37.111.211.238 - - [26/Dec/2024:01:20:51 -0500] "GET /wp-content/themes/vapor/css/owl.theme.css HTTP/1.1" 200 606 "http://vapecompany.com.bd/" "Mozilla/5.0 (iPhone; CPU iPhone OS 17_6_1 like Mac OS X) AppleWebKit/605.1.15 (KHTML, like Gecko) Version/17.6 Mobile/15E148 Safari/604.1"
37.111.211.238 - - [26/Dec/2024:01:20:51 -0500] "GET /wp-content/themes/vapor/css/hover-min.css HTTP/1.1" 200 7198 "http://vapecompany.com.bd/" "Mozilla/5.0 (iPhone; CPU iPhone OS 17_6_1 like Mac OS X) AppleWebKit/605.1.15 (KHTML, like Gecko) Version/17.6 Mobile/15E148 Safari/604.1"
37.111.211.238 - - [26/Dec/2024:01:20:51 -0500] "GET /wp-content/themes/vapor/css/animate.css HTTP/1.1" 200 4172 "http://vapecompany.com.bd/" "Mozilla/5.0 (iPhone; CPU iPhone OS 17_6_1 like Mac OS X) AppleWebKit/605.1.15 (KHTML, like Gecko) Version/17.6 Mobile/15E148 Safari/604.1"
37.111.211.238 - - [26/Dec/2024:01:20:51 -0500] "GET /wp-content/themes/vapor/css/owl.carousel.css HTTP/1.1" 200 528 "http://vapecompany.com.bd/" "Mozilla/5.0 (iPhone; CPU iPhone OS 17_6_1 like Mac OS X) AppleWebKit/605.1.15 (KHTML, like Gecko) Version/17.6 Mobile/15E148 Safari/604.1"
37.111.211.238 - - [26/Dec/2024:01:20:51 -0500] "GET /wp-content/themes/vapor/css/owl.transitions.css HTTP/1.1" 200 694 "http://vapecompany.com.bd/" "Mozilla/5.0 (iPhone; CPU iPhone OS 17_6_1 like Mac OS X) AppleWebKit/605.1.15 (KHTML, like Gecko) Version/17.6 Mobile/15E148 Safari/604.1"
37.111.211.238 - - [26/Dec/2024:01:20:51 -0500] "GET /wp-content/themes/vapor/css/prettyPhoto.css HTTP/1.1" 200 2769 "http://vapecompany.com.bd/" "Mozilla/5.0 (iPhone; CPU iPhone OS 17_6_1 like Mac OS X) AppleWebKit/605.1.15 (KHTML, like Gecko) Version/17.6 Mobile/15E148 Safari/604.1"
37.111.211.238 - - [26/Dec/2024:01:20:52 -0500] "GET /wp-content/themes/vapor/css/ms-skins/light-3/style.css HTTP/1.1" 200 1029 "http://vapecompany.com.bd/" "Mozilla/5.0 (iPhone; CPU iPhone OS 17_6_1 like Mac OS X) AppleWebKit/605.1.15 (KHTML, like Gecko) Version/17.6 Mobile/15E148 Safari/604.1"
37.111.211.238 - - [26/Dec/2024:01:20:52 -0500] "GET /wp-content/themes/vapor/css/ms-style/masterslider.css HTTP/1.1" 200 2898 "http://vapecompany.com.bd/" "Mozilla/5.0 (iPhone; CPU iPhone OS 17_6_1 like Mac OS X) AppleWebKit/605.1.15 (KHTML, like Gecko) Version/17.6 Mobile/15E148 Safari/604.1"
37.111.211.238 - - [26/Dec/2024:01:20:52 -0500] "GET /wp-content/themes/vapor/css/ms-style/ms-layers-style.css HTTP/1.1" 200 427 "http://vapecompany.com.bd/" "Mozilla/5.0 (iPhone; CPU iPhone OS 17_6_1 like Mac OS X) AppleWebKit/605.1.15 (KHTML, like Gecko) Version/17.6 Mobile/15E148 Safari/604.1"
37.111.211.238 - - [26/Dec/2024:01:20:52 -0500] "GET /wp-content/themes/vapor/css/ms-skins/black-2/style.css HTTP/1.1" 200 1277 "http://vapecompany.com.bd/" "Mozilla/5.0 (iPhone; CPU iPhone OS 17_6_1 like Mac OS X) AppleWebKit/605.1.15 (KHTML, like Gecko) Version/17.6 Mobile/15E148 Safari/604.1"
37.111.211.238 - - [26/Dec/2024:01:20:52 -0500] "GET /wp-content/themes/vapor/css/loader.css HTTP/1.1" 200 825 "http://vapecompany.com.bd/" "Mozilla/5.0 (iPhone; CPU iPhone OS 17_6_1 like Mac OS X) AppleWebKit/605.1.15 (KHTML, like Gecko) Version/17.6 Mobile/15E148 Safari/604.1"
37.111.211.238 - - [26/Dec/2024:01:20:52 -0500] "GET /wp-content/themes/vapor/css/styles.css HTTP/1.1" 200 8232 "http://vapecompany.com.bd/" "Mozilla/5.0 (iPhone; CPU iPhone OS 17_6_1 like Mac OS X) AppleWebKit/605.1.15 (KHTML, like Gecko) Version/17.6 Mobile/15E148 Safari/604.1"
37.111.211.238 - - [26/Dec/2024:01:20:52 -0500] "GET /wp-content/themes/vapor/css/responsive.css HTTP/1.1" 200 1892 "http://vapecompany.com.bd/" "Mozilla/5.0 (iPhone; CPU iPhone OS 17_6_1 like Mac OS X) AppleWebKit/605.1.15 (KHTML, like Gecko) Version/17.6 Mobile/15E148 Safari/604.1"
37.111.211.238 - - [26/Dec/2024:01:20:52 -0500] "GET /wp-content/plugins/gs-logo-slider/gsl-files/css/gs-main.css?ver=1.8.15 HTTP/1.1" 200 1323 "http://vapecompany.com.bd/" "Mozilla/5.0 (iPhone; CPU iPhone OS 17_6_1 like Mac OS X) AppleWebKit/605.1.15 (KHTML, like Gecko) Version/17.6 Mobile/15E148 Safari/604.1"
37.111.211.238 - - [26/Dec/2024:01:20:52 -0500] "GET /wp-content/plugins/owl-carousel-wp/vendors/owl-carousel/assets/owl.carousel.min.css?ver=4.5.32 HTTP/1.1" 200 923 "http://vapecompany.com.bd/" "Mozilla/5.0 (iPhone; CPU iPhone OS 17_6_1 like Mac OS X) AppleWebKit/605.1.15 (KHTML, like Gecko) Version/17.6 Mobile/15E148 Safari/604.1"
37.111.211.238 - - [26/Dec/2024:01:20:52 -0500] "GET /wp-content/plugins/gs-logo-slider/gsl-files/css/jquery.bxslider.css?ver=1.8.15 HTTP/1.1" 200 1487 "http://vapecompany.com.bd/" "Mozilla/5.0 (iPhone; CPU iPhone OS 17_6_1 like Mac OS X) AppleWebKit/605.1.15 (KHTML, like Gecko) Version/17.6 Mobile/15E148 Safari/604.1"
37.111.211.238 - - [26/Dec/2024:01:20:52 -0500] "GET /wp-content/plugins/show-ip-address/css/style-show-ip-address.css?ver=all HTTP/1.1" 200 157 "http://vapecompany.com.bd/" "Mozilla/5.0 (iPhone; CPU iPhone OS 17_6_1 like Mac OS X) AppleWebKit/605.1.15 (KHTML, like Gecko) Version/17.6 Mobile/15E148 Safari/604.1"
37.111.211.238 - - [26/Dec/2024:01:20:52 -0500] "GET /wp-content/plugins/owl-carousel-wp/vendors/custom/style.custom.css?ver=4.5.32 HTTP/1.1" 200 480 "http://vapecompany.com.bd/" "Mozilla/5.0 (iPhone; CPU iPhone OS 17_6_1 like Mac OS X) AppleWebKit/605.1.15 (KHTML, like Gecko) Version/17.6 Mobile/15E148 Safari/604.1"
37.111.211.238 - - [26/Dec/2024:01:20:52 -0500] "GET /wp-content/plugins/wordpress-popup/inc/external/wpmu-lib/css/animate.3.min.css?ver=4.5.32 HTTP/1.1" 200 4018 "http://vapecompany.com.bd/" "Mozilla/5.0 (iPhone; CPU iPhone OS 17_6_1 like Mac OS X) AppleWebKit/605.1.15 (KHTML, like Gecko) Version/17.6 Mobile/15E148 Safari/604.1"
37.111.211.238 - - [26/Dec/2024:01:20:52 -0500] "GET /wp-includes/js/jquery/jquery.js?ver=1.12.4 HTTP/1.1" 200 33776 "http://vapecompany.com.bd/" "Mozilla/5.0 (iPhone; CPU iPhone OS 17_6_1 like Mac OS X) AppleWebKit/605.1.15 (KHTML, like Gecko) Version/17.6 Mobile/15E148 Safari/604.1"
37.111.211.238 - - [26/Dec/2024:01:20:52 -0500] "GET /wp-content/themes/vapor/js/wow.min.js HTTP/1.1" 200 2447 "http://vapecompany.com.bd/" "Mozilla/5.0 (iPhone; CPU iPhone OS 17_6_1 like Mac OS X) AppleWebKit/605.1.15 (KHTML, like Gecko) Version/17.6 Mobile/15E148 Safari/604.1"
37.111.211.238 - - [26/Dec/2024:01:20:52 -0500] "GET /wp-includes/js/jquery/jquery-migrate.min.js?ver=1.4.1 HTTP/1.1" 200 4014 "http://vapecompany.com.bd/" "Mozilla/5.0 (iPhone; CPU iPhone OS 17_6_1 like Mac OS X) AppleWebKit/605.1.15 (KHTML, like Gecko) Version/17.6 Mobile/15E148 Safari/604.1"
37.111.211.238 - - [26/Dec/2024:01:20:52 -0500] "GET /wp-content/plugins/wordpress-popup/inc/external/wpmu-lib/css/wpmu-ui.3.min.css?ver=4.5.32 HTTP/1.1" 200 4657 "http://vapecompany.com.bd/" "Mozilla/5.0 (iPhone; CPU iPhone OS 17_6_1 like Mac OS X) AppleWebKit/605.1.15 (KHTML, like Gecko) Version/17.6 Mobile/15E148 Safari/604.1"
37.111.211.238 - - [26/Dec/2024:01:20:52 -0500] "GET /wp-content/themes/vapor/js/jquery-1.11.1.min.js HTTP/1.1" 200 33225 "http://vapecompany.com.bd/" "Mozilla/5.0 (iPhone; CPU iPhone OS 17_6_1 like Mac OS X) AppleWebKit/605.1.15 (KHTML, like Gecko) Version/17.6 Mobile/15E148 Safari/604.1"
37.111.211.238 - - [26/Dec/2024:01:20:52 -0500] "GET /wp-content/themes/vapor/js/bootstrap.min.js HTTP/1.1" 200 9539 "http://vapecompany.com.bd/" "Mozilla/5.0 (iPhone; CPU iPhone OS 17_6_1 like Mac OS X) AppleWebKit/605.1.15 (KHTML, like Gecko) Version/17.6 Mobile/15E148 Safari/604.1"
37.111.211.238 - - [26/Dec/2024:01:20:52 -0500] "GET /wp-content/themes/vapor/js/masterslider.min.js HTTP/1.1" 200 33078 "http://vapecompany.com.bd/" "Mozilla/5.0 (iPhone; CPU iPhone OS 17_6_1 like Mac OS X) AppleWebKit/605.1.15 (KHTML, like Gecko) Version/17.6 Mobile/15E148 Safari/604.1"
37.111.211.238 - - [26/Dec/2024:01:20:53 -0500] "GET /wp-content/themes/vapor/js/owl.carousel.js HTTP/1.1" 200 8760 "http://vapecompany.com.bd/" "Mozilla/5.0 (iPhone; CPU iPhone OS 17_6_1 like Mac OS X) AppleWebKit/605.1.15 (KHTML, like Gecko) Version/17.6 Mobile/15E148 Safari/604.1"
37.111.211.238 - - [26/Dec/2024:01:20:53 -0500] "GET /wp-content/themes/vapor/js/owl-slider.js HTTP/1.1" 200 603 "http://vapecompany.com.bd/" "Mozilla/5.0 (iPhone; CPU iPhone OS 17_6_1 like Mac OS X) AppleWebKit/605.1.15 (KHTML, like Gecko) Version/17.6 Mobile/15E148 Safari/604.1"
