216.244.66.234 - - [25/Dec/2024:21:40:58 -0500] "GET /product/?post_type=product&paged=32&add_to_wishlist=9841 HTTP/1.1" 200 177007 "-" "Mozilla/5.0 (compatible; DotBot/1.2; +https://opensiteexplorer.org/dotbot; help@moz.com)"
66.249.74.7 - - [25/Dec/2024:21:42:55 -0500] "GET /product/wp-content/uploads/2017/10/Blue-Label-Frisco-Ice-2_opt.jpg HTTP/1.1" 404 25965 "-" "Googlebot-Image/1.0"
216.244.66.234 - - [25/Dec/2024:21:50:03 -0500] "GET /product/?post_type=product&add_to_wishlist=11054&paged=1 HTTP/1.1" 200 171432 "-" "Mozilla/5.0 (compatible; DotBot/1.2; +https://opensiteexplorer.org/dotbot; help@moz.com)"
216.244.66.234 - - [25/Dec/2024:21:50:08 -0500] "GET /product/?post_type=product&add_to_wishlist=9312&paged=50 HTTP/1.1" 200 162291 "-" "Mozilla/5.0 (compatible; DotBot/1.2; +https://opensiteexplorer.org/dotbot; help@moz.com)"
216.244.66.234 - - [25/Dec/2024:21:50:12 -0500] "GET /product/?post_type=product&paged=21&add_to_wishlist=9743 HTTP/1.1" 200 173423 "-" "Mozilla/5.0 (compatible; DotBot/1.2; +https://opensiteexplorer.org/dotbot; help@moz.com)"
216.244.66.234 - - [25/Dec/2024:21:50:16 -0500] "GET /product/?product=kumiho-model-v-1-0-ohm-replacement-pods&lost-password HTTP/1.1" 200 117261 "-" "Mozilla/5.0 (compatible; DotBot/1.2; +https://opensiteexplorer.org/dotbot; help@moz.com)"
216.244.66.234 - - [25/Dec/2024:21:50:18 -0500] "GET /product/?product=voopoo-drag-x-silicone-case&lost-password HTTP/1.1" 200 112895 "-" "Mozilla/5.0 (compatible; DotBot/1.2; +https://opensiteexplorer.org/dotbot; help@moz.com)"
216.244.66.234 - - [25/Dec/2024:21:50:21 -0500] "GET /product/?product_cat=3mg&paged=1&add_to_wishlist=11670 HTTP/1.1" 200 175494 "-" "Mozilla/5.0 (compatible; DotBot/1.2; +https://opensiteexplorer.org/dotbot; help@moz.com)"
85.208.96.194 - - [25/Dec/2024:21:54:47 -0500] "GET /product/?product_cat=geek-vape HTTP/1.1" 200 19213 "-" "Mozilla/5.0 (compatible; SemrushBot/7~bl; +http://www.semrush.com/bot.html)"
85.208.96.199 - - [25/Dec/2024:21:57:45 -0500] "GET /product/?lost-password&paged=1&product_cat=replacement-pods HTTP/1.1" 200 21819 "-" "Mozilla/5.0 (compatible; SemrushBot/7~bl; +http://www.semrush.com/bot.html)"
66.249.74.8 - - [25/Dec/2024:21:59:19 -0500] "GET /product/wp-content/uploads/2016/10/Indestructible-RDA-Kit-Black-SS.png HTTP/1.1" 200 321454 "-" "Googlebot-Image/1.0"
20.171.207.218 - - [25/Dec/2024:21:59:43 -0500] "GET /robots.txt HTTP/1.1" 200 69 "-" "Mozilla/5.0 AppleWebKit/537.36 (KHTML, like Gecko; compatible; GPTBot/1.2; +https://openai.com/gptbot)"
75.119.158.239 - - [25/Dec/2024:21:59:46 -0500] "GET /product/?product_cat=vaporesso-eleaf-istick HTTP/1.1" 200 18769 "http://vapecompany.com.bd/product/?product_cat=vaporesso-eleaf-istick" "Mozilla/5.0 (Windows NT 6.3; Win64; x64) AppleWebKit/537.36 (KHTML, like Gecko) Chrome/103.0.0.0 Safari/537.36"
75.119.158.239 - - [25/Dec/2024:21:59:47 -0500] "GET /product/?product_cat=vaporesso-eleaf-istick HTTP/1.1" 200 18769 "http://vapecompany.com.bd/product/?product_cat=vaporesso-eleaf-istick" "Mozilla/5.0 (Windows NT 6.3; Win64; x64) AppleWebKit/537.36 (KHTML, like Gecko) Chrome/103.0.0.0 Safari/537.36"
216.244.66.234 - - [25/Dec/2024:22:06:52 -0500] "GET /robots.txt HTTP/1.1" 200 67 "-" "Mozilla/5.0 (compatible; DotBot/1.2; +https://opensiteexplorer.org/dotbot; help@moz.com)"
52.167.144.146 - - [25/Dec/2024:22:09:27 -0500] "GET /product/?product=uwell-caliburn-g3-23w-pod-kit HTTP/1.1" 404 61583 "-" "Mozilla/5.0 AppleWebKit/537.36 (KHTML, like Gecko; compatible; bingbot/2.0; +http://www.bing.com/bingbot.htm) Chrome/116.0.1938.76 Safari/537.36"
85.208.96.208 - - [25/Dec/2024:22:10:54 -0500] "GET /product/?lost-password&product_cat=cream-team HTTP/1.1" 200 16087 "-" "Mozilla/5.0 (compatible; SemrushBot/7~bl; +http://www.semrush.com/bot.html)"
216.244.66.234 - - [25/Dec/2024:22:18:24 -0500] "GET /product/?post_type=product&add_to_wishlist=10972&paged=30 HTTP/1.1" 200 179637 "-" "Mozilla/5.0 (compatible; DotBot/1.2; +https://opensiteexplorer.org/dotbot; help@moz.com)"
216.244.66.234 - - [25/Dec/2024:22:18:36 -0500] "GET /product/?post_type=product&add_to_wishlist=5219&paged=2 HTTP/1.1" 200 175683 "-" "Mozilla/5.0 (compatible; DotBot/1.2; +https://opensiteexplorer.org/dotbot; help@moz.com)"
216.244.66.234 - - [25/Dec/2024:22:18:50 -0500] "GET /product/?post_type=product&add_to_wishlist=9180&paged=1 HTTP/1.1" 200 171428 "-" "Mozilla/5.0 (compatible; DotBot/1.2; +https://opensiteexplorer.org/dotbot; help@moz.com)"
85.208.96.207 - - [25/Dec/2024:22:19:12 -0500] "GET /product/?lost-password&product_cat=9mg HTTP/1.1" 200 16091 "-" "Mozilla/5.0 (compatible; SemrushBot/7~bl; +http://www.semrush.com/bot.html)"
66.249.74.7 - - [25/Dec/2024:22:19:55 -0500] "GET /robots.txt HTTP/1.1" 200 69 "-" "Mozilla/5.0 (compatible; Googlebot/2.1; +http://www.google.com/bot.html)"
66.249.74.9 - - [25/Dec/2024:22:20:20 -0500] "GET /product/?product=avidartisan-daedalus-coil-diy-tool HTTP/1.1" 200 17656 "-" "Mozilla/5.0 (Linux; Android 6.0.1; Nexus 5X Build/MMB29P) AppleWebKit/537.36 (KHTML, like Gecko) Chrome/131.0.6778.85 Mobile Safari/537.36 (compatible; Googlebot/2.1; +http://www.google.com/bot.html)"
66.249.74.9 - - [25/Dec/2024:22:20:22 -0500] "GET /product/wp-content/plugins/wd_quickshop/css/cloud-zoom.css?ver=5.6.14 HTTP/1.1" 200 401 "http://vapecompany.com.bd/product/?product=avidartisan-daedalus-coil-diy-tool" "Mozilla/5.0 (Linux; Android 6.0.1; Nexus 5X Build/MMB29P) AppleWebKit/537.36 (KHTML, like Gecko) Chrome/131.0.6778.139 Mobile Safari/537.36 (compatible; Googlebot/2.1; +http://www.google.com/bot.html)"
66.249.74.8 - - [25/Dec/2024:22:20:23 -0500] "GET /product/wp-content/plugins/wp-live-chat-support/js/jquery-cookie.js?ver=5.6.14 HTTP/1.1" 200 1401 "http://vapecompany.com.bd/product/?product=avidartisan-daedalus-coil-diy-tool" "Mozilla/5.0 (Linux; Android 6.0.1; Nexus 5X Build/MMB29P) AppleWebKit/537.36 (KHTML, like Gecko) Chrome/131.0.6778.139 Mobile Safari/537.36 (compatible; Googlebot/2.1; +http://www.google.com/bot.html)"
66.249.74.7 - - [25/Dec/2024:22:20:23 -0500] "GET /product/wp-content/themes/wp_oswad_market/wp_oswad_market/css/base.css?ver=5.6.14 HTTP/1.1" 200 43549 "http://vapecompany.com.bd/product/?product=avidartisan-daedalus-coil-diy-tool" "Mozilla/5.0 (Linux; Android 6.0.1; Nexus 5X Build/MMB29P) AppleWebKit/537.36 (KHTML, like Gecko) Chrome/131.0.6778.139 Mobile Safari/537.36 (compatible; Googlebot/2.1; +http://www.google.com/bot.html)"
66.249.74.7 - - [25/Dec/2024:22:20:24 -0500] "GET /product/wp-includes/js/jquery/jquery.min.js?ver=3.5.1 HTTP/1.1" 200 30916 "http://vapecompany.com.bd/product/?product=avidartisan-daedalus-coil-diy-tool" "Mozilla/5.0 (Linux; Android 6.0.1; Nexus 5X Build/MMB29P) AppleWebKit/537.36 (KHTML, like Gecko) Chrome/131.0.6778.139 Mobile Safari/537.36 (compatible; Googlebot/2.1; +http://www.google.com/bot.html)"
66.249.74.7 - - [25/Dec/2024:22:20:25 -0500] "GET /product/wp-content/themes/wp_oswad_market/wp_oswad_market/css/responsive.css?ver=5.6.14 HTTP/1.1" 200 22947 "http://vapecompany.com.bd/product/?product=avidartisan-daedalus-coil-diy-tool" "Mozilla/5.0 (Linux; Android 6.0.1; Nexus 5X Build/MMB29P) AppleWebKit/537.36 (KHTML, like Gecko) Chrome/131.0.6778.139 Mobile Safari/537.36 (compatible; Googlebot/2.1; +http://www.google.com/bot.html)"
66.249.74.8 - - [25/Dec/2024:22:20:26 -0500] "GET /product/wp-content/plugins/yith-woocommerce-wishlist/assets/css/jquery.selectBox.css?ver=5.6.14 HTTP/1.1" 200 1027 "http://vapecompany.com.bd/product/?product=avidartisan-daedalus-coil-diy-tool" "Mozilla/5.0 (Linux; Android 6.0.1; Nexus 5X Build/MMB29P) AppleWebKit/537.36 (KHTML, like Gecko) Chrome/131.0.6778.139 Mobile Safari/537.36 (compatible; Googlebot/2.1; +http://www.google.com/bot.html)"
66.249.74.8 - - [25/Dec/2024:22:20:26 -0500] "GET /product/wp-content/plugins/woocommerce/assets/js/frontend/cart-fragments.min.js?ver=2.3.10 HTTP/1.1" 200 609 "http://vapecompany.com.bd/product/?product=avidartisan-daedalus-coil-diy-tool" "Mozilla/5.0 (Linux; Android 6.0.1; Nexus 5X Build/MMB29P) AppleWebKit/537.36 (KHTML, like Gecko) Chrome/131.0.6778.139 Mobile Safari/537.36 (compatible; Googlebot/2.1; +http://www.google.com/bot.html)"
66.249.74.8 - - [25/Dec/2024:22:20:26 -0500] "GET /product/wp-content/plugins/yith-woocommerce-compare/assets/js/jquery.colorbox-min.js?ver=1.4.21 HTTP/1.1" 200 4711 "http://vapecompany.com.bd/product/?product=avidartisan-daedalus-coil-diy-tool" "Mozilla/5.0 (Linux; Android 6.0.1; Nexus 5X Build/MMB29P) AppleWebKit/537.36 (KHTML, like Gecko) Chrome/131.0.6778.139 Mobile Safari/537.36 (compatible; Googlebot/2.1; +http://www.google.com/bot.html)"
66.249.74.7 - - [25/Dec/2024:22:20:27 -0500] "GET /product/wp-content/plugins/wd_quickshop/js/add-to-cart-variation.min.js?ver=5.6.14 HTTP/1.1" 200 1813 "http://vapecompany.com.bd/product/?product=avidartisan-daedalus-coil-diy-tool" "Mozilla/5.0 (Linux; Android 6.0.1; Nexus 5X Build/MMB29P) AppleWebKit/537.36 (KHTML, like Gecko) Chrome/131.0.6778.139 Mobile Safari/537.36 (compatible; Googlebot/2.1; +http://www.google.com/bot.html)"
66.249.74.7 - - [25/Dec/2024:22:20:28 -0500] "GET /product/wp-content/themes/wp_oswad_market/wp_oswad_market/js/oswadmarket.js?ver=5.6.14 HTTP/1.1" 200 10225 "http://vapecompany.com.bd/product/?product=avidartisan-daedalus-coil-diy-tool" "Mozilla/5.0 (Linux; Android 6.0.1; Nexus 5X Build/MMB29P) AppleWebKit/537.36 (KHTML, like Gecko) Chrome/131.0.6778.139 Mobile Safari/537.36 (compatible; Googlebot/2.1; +http://www.google.com/bot.html)"
54.36.148.192 - - [25/Dec/2024:22:20:33 -0500] "GET /robots.txt HTTP/1.1" 200 69 "-" "Mozilla/5.0 (compatible; AhrefsBot/7.0; +http://ahrefs.com/robot/)"
51.222.253.2 - - [25/Dec/2024:22:20:34 -0500] "GET /product/?product_cat=aspire-atomizers&add_to_wishlist=11879 HTTP/1.1" 200 19693 "-" "Mozilla/5.0 (compatible; AhrefsBot/7.0; +http://ahrefs.com/robot/)"
51.222.253.1 - - [25/Dec/2024:22:20:44 -0500] "GET /product/?product_cat=aspire-atomizers&add_to_wishlist=11889 HTTP/1.1" 200 19692 "-" "Mozilla/5.0 (compatible; AhrefsBot/7.0; +http://ahrefs.com/robot/)"
66.249.74.7 - - [25/Dec/2024:22:21:01 -0500] "GET /product/?product_cat=us-premium-e-liquids HTTP/1.1" 200 21203 "-" "Mozilla/5.0 (Linux; Android 6.0.1; Nexus 5X Build/MMB29P) AppleWebKit/537.36 (KHTML, like Gecko) Chrome/131.0.6778.85 Mobile Safari/537.36 (compatible; Googlebot/2.1; +http://www.google.com/bot.html)"
66.249.74.9 - - [25/Dec/2024:22:21:04 -0500] "GET /robots.txt HTTP/1.1" 200 69 "-" "Mozilla/5.0 (compatible; Googlebot/2.1; +http://www.google.com/bot.html)"
66.249.74.8 - - [25/Dec/2024:22:21:05 -0500] "GET /product/wp-content/plugins/wp-live-chat-support/css/font-awesome.min.css?ver=5.6.14 HTTP/1.1" 200 6669 "http://vapecompany.com.bd/product/?product_cat=us-premium-e-liquids" "Mozilla/5.0 (Linux; Android 6.0.1; Nexus 5X Build/MMB29P) AppleWebKit/537.36 (KHTML, like Gecko) Chrome/131.0.6778.139 Mobile Safari/537.36 (compatible; Googlebot/2.1; +http://www.google.com/bot.html)"
66.249.74.7 - - [25/Dec/2024:22:21:05 -0500] "GET /product/wp-content/plugins/woocommerce-grid-list-toggle/assets/js/jquery.cookie.min.js?ver=5.6.14 HTTP/1.1" 200 649 "http://vapecompany.com.bd/product/?product_cat=us-premium-e-liquids" "Mozilla/5.0 (Linux; Android 6.0.1; Nexus 5X Build/MMB29P) AppleWebKit/537.36 (KHTML, like Gecko) Chrome/131.0.6778.139 Mobile Safari/537.36 (compatible; Googlebot/2.1; +http://www.google.com/bot.html)"
216.244.66.234 - - [25/Dec/2024:22:23:06 -0500] "GET /product/?feed=rss2&p=11421 HTTP/1.1" 301 - "-" "Mozilla/5.0 (compatible; DotBot/1.2; +https://opensiteexplorer.org/dotbot; help@moz.com)"
216.244.66.234 - - [25/Dec/2024:22:23:16 -0500] "GET /product/?feed=rss2&p=6206 HTTP/1.1" 301 - "-" "Mozilla/5.0 (compatible; DotBot/1.2; +https://opensiteexplorer.org/dotbot; help@moz.com)"
216.244.66.234 - - [25/Dec/2024:22:23:23 -0500] "GET /product/?post_type=product&add_to_wishlist=10764&paged=23 HTTP/1.1" 200 183268 "-" "Mozilla/5.0 (compatible; DotBot/1.2; +https://opensiteexplorer.org/dotbot; help@moz.com)"
216.244.66.234 - - [25/Dec/2024:22:23:33 -0500] "GET /product/?post_type=product&add_to_wishlist=10976&paged=2 HTTP/1.1" 200 175698 "-" "Mozilla/5.0 (compatible; DotBot/1.2; +https://opensiteexplorer.org/dotbot; help@moz.com)"
216.244.66.234 - - [25/Dec/2024:22:23:39 -0500] "GET /product/?post_type=product&add_to_wishlist=11059&paged=6 HTTP/1.1" 200 177465 "-" "Mozilla/5.0 (compatible; DotBot/1.2; +https://opensiteexplorer.org/dotbot; help@moz.com)"
216.244.66.234 - - [25/Dec/2024:22:23:45 -0500] "GET /product/?post_type=product&add_to_wishlist=11847&paged=38 HTTP/1.1" 200 174738 "-" "Mozilla/5.0 (compatible; DotBot/1.2; +https://opensiteexplorer.org/dotbot; help@moz.com)"
216.244.66.234 - - [25/Dec/2024:22:23:50 -0500] "GET /product/?post_type=product&add_to_wishlist=4740&paged=18 HTTP/1.1" 200 170016 "-" "Mozilla/5.0 (compatible; DotBot/1.2; +https://opensiteexplorer.org/dotbot; help@moz.com)"
216.244.66.234 - - [25/Dec/2024:22:23:56 -0500] "GET /product/?post_type=product&add_to_wishlist=4749&paged=27 HTTP/1.1" 200 178566 "-" "Mozilla/5.0 (compatible; DotBot/1.2; +https://opensiteexplorer.org/dotbot; help@moz.com)"
216.244.66.234 - - [25/Dec/2024:22:24:01 -0500] "GET /product/?post_type=product&add_to_wishlist=5290&paged=2 HTTP/1.1" 200 175686 "-" "Mozilla/5.0 (compatible; DotBot/1.2; +https://opensiteexplorer.org/dotbot; help@moz.com)"
216.244.66.234 - - [25/Dec/2024:22:24:06 -0500] "GET /product/?post_type=product&add_to_wishlist=6123&paged=26 HTTP/1.1" 200 168151 "-" "Mozilla/5.0 (compatible; DotBot/1.2; +https://opensiteexplorer.org/dotbot; help@moz.com)"
51.222.253.18 - - [25/Dec/2024:22:24:10 -0500] "GET /product/?product_cat=replacement-pods&add_to_wishlist=11135&paged=12 HTTP/1.1" 200 21595 "-" "Mozilla/5.0 (compatible; AhrefsBot/7.0; +http://ahrefs.com/robot/)"
216.244.66.234 - - [25/Dec/2024:22:24:10 -0500] "GET /product/?post_type=product&add_to_wishlist=7095&paged=27 HTTP/1.1" 200 178565 "-" "Mozilla/5.0 (compatible; DotBot/1.2; +https://opensiteexplorer.org/dotbot; help@moz.com)"
216.244.66.234 - - [25/Dec/2024:22:24:15 -0500] "GET /product/?product=smok-nord-50w-rpm-replacement-pods&lost-password HTTP/1.1" 200 117290 "-" "Mozilla/5.0 (compatible; DotBot/1.2; +https://opensiteexplorer.org/dotbot; help@moz.com)"
154.220.115.208 - - [25/Dec/2024:22:27:29 -0500] "GET / HTTP/1.1" 200 10859 "http://www.vapecompany.com.bd" "Mozilla/5.0 (Macintosh; Intel Mac OS X 10_15_7) AppleWebKit/537.36 (KHTML, like Gecko) Chrome/114.0.0.0 Safari/537.36"
114.119.155.13 - - [25/Dec/2024:22:31:09 -0500] "GET /product?product_cat=ijoy HTTP/1.1" 301 259 "http://vapecompany.com.bd/product?post_type=product&paged=23" "Mozilla/5.0 (Linux; Android 7.0;) AppleWebKit/537.36 (KHTML, like Gecko) Mobile Safari/537.36 (compatible; PetalBot;+https://webmaster.petalsearch.com/site/petalbot)"
114.119.155.13 - - [25/Dec/2024:22:31:09 -0500] "GET /product/?product_cat=ijoy HTTP/1.1" 200 17910 "http://vapecompany.com.bd/product?post_type=product&paged=23" "Mozilla/5.0 (Linux; Android 7.0;) AppleWebKit/537.36 (KHTML, like Gecko) Mobile Safari/537.36 (compatible; PetalBot;+https://webmaster.petalsearch.com/site/petalbot)"
114.119.157.54 - - [25/Dec/2024:22:34:18 -0500] "GET /product/?product_cat=mods&paged=1 HTTP/1.1" 200 18129 "http://vapecompany.com.bd/product/?product_cat=mods&paged=1" "Mozilla/5.0 (Linux; Android 7.0;) AppleWebKit/537.36 (KHTML, like Gecko) Mobile Safari/537.36 (compatible; PetalBot;+https://webmaster.petalsearch.com/site/petalbot)"
216.244.66.234 - - [25/Dec/2024:22:35:42 -0500] "GET /product/?post_type=product&add_to_wishlist=11427&paged=36 HTTP/1.1" 200 173253 "-" "Mozilla/5.0 (compatible; DotBot/1.2; +https://opensiteexplorer.org/dotbot; help@moz.com)"
216.244.66.234 - - [25/Dec/2024:22:35:45 -0500] "GET /product/?post_type=product&add_to_wishlist=8107&paged=5 HTTP/1.1" 200 171917 "-" "Mozilla/5.0 (compatible; DotBot/1.2; +https://opensiteexplorer.org/dotbot; help@moz.com)"
216.244.66.234 - - [25/Dec/2024:22:35:48 -0500] "GET /product/?post_type=product&paged=14&add_to_wishlist=10693 HTTP/1.1" 200 174913 "-" "Mozilla/5.0 (compatible; DotBot/1.2; +https://opensiteexplorer.org/dotbot; help@moz.com)"
216.244.66.234 - - [25/Dec/2024:22:35:50 -0500] "GET /product/?post_type=product&paged=36&add_to_wishlist=11037 HTTP/1.1" 200 173252 "-" "Mozilla/5.0 (compatible; DotBot/1.2; +https://opensiteexplorer.org/dotbot; help@moz.com)"
216.244.66.234 - - [25/Dec/2024:22:35:54 -0500] "GET /product/?product_cat=e-liquids-by-nic-levels&add_to_wishlist=11656&paged=2 HTTP/1.1" 200 174549 "-" "Mozilla/5.0 (compatible; DotBot/1.2; +https://opensiteexplorer.org/dotbot; help@moz.com)"
216.244.66.234 - - [25/Dec/2024:22:35:58 -0500] "GET /product/?product_cat=nicotine-salt&add_to_wishlist=11092&paged=1 HTTP/1.1" 200 172084 "-" "Mozilla/5.0 (compatible; DotBot/1.2; +https://opensiteexplorer.org/dotbot; help@moz.com)"
216.244.66.234 - - [25/Dec/2024:22:36:00 -0500] "GET /product/?product_cat=ofrf-eleaf-istick&add_to_wishlist=9075 HTTP/1.1" 200 102871 "-" "Mozilla/5.0 (compatible; DotBot/1.2; +https://opensiteexplorer.org/dotbot; help@moz.com)"
216.244.66.234 - - [25/Dec/2024:22:36:03 -0500] "GET /product/?product_cat=pod-devices&paged=1&add_to_wishlist=9178 HTTP/1.1" 200 173457 "-" "Mozilla/5.0 (compatible; DotBot/1.2; +https://opensiteexplorer.org/dotbot; help@moz.com)"
114.119.133.138 - - [25/Dec/2024:22:37:26 -0500] "GET /product/?product=joyetech-exceed-d22-2ml-atomizer-tank&lost-password HTTP/1.1" 200 18536 "http://vapecompany.com.bd/product/?product=joyetech-exceed-d22-2ml-atomizer-tank" "Mozilla/5.0 (Linux; Android 7.0;) AppleWebKit/537.36 (KHTML, like Gecko) Mobile Safari/537.36 (compatible; PetalBot;+https://webmaster.petalsearch.com/site/petalbot)"
103.245.96.96 - - [25/Dec/2024:22:40:27 -0500] "GET /product/wp-includes/css/dist/block-library/style.min.css?ver=5.6.14 HTTP/1.1" 200 7849 "-" "Mozilla/5.0 (Linux; Android 10; K) AppleWebKit/537.36 (KHTML, like Gecko) Chrome/131.0.0.0 Mobile Safari/537.36"
103.245.96.96 - - [25/Dec/2024:22:40:27 -0500] "GET /product/wp-content/plugins/contact-form-7/includes/css/styles.css?ver=4.1.2 HTTP/1.1" 200 469 "-" "Mozilla/5.0 (Linux; Android 10; K) AppleWebKit/537.36 (KHTML, like Gecko) Chrome/131.0.0.0 Mobile Safari/537.36"
103.245.96.99 - - [25/Dec/2024:22:40:27 -0500] "GET /product/wp-content/plugins/revslider/public/assets/css/rs6.css?ver=6.2.9 HTTP/1.1" 200 12614 "-" "Mozilla/5.0 (Linux; Android 10; K) AppleWebKit/537.36 (KHTML, like Gecko) Chrome/131.0.0.0 Mobile Safari/537.36"
103.245.96.99 - - [25/Dec/2024:22:40:27 -0500] "GET /product/wp-content/plugins/wd_shortcode/css/shortcode.css?ver=5.6.14 HTTP/1.1" 200 20236 "-" "Mozilla/5.0 (Linux; Android 10; K) AppleWebKit/537.36 (KHTML, like Gecko) Chrome/131.0.0.0 Mobile Safari/537.36"
103.245.96.96 - - [25/Dec/2024:22:40:28 -0500] "GET /product/wp-content/plugins/wd_shortcode/css/bootstrap-theme.css?ver=5.6.14 HTTP/1.1" 200 1790 "-" "Mozilla/5.0 (Linux; Android 10; K) AppleWebKit/537.36 (KHTML, like Gecko) Chrome/131.0.0.0 Mobile Safari/537.36"
103.245.96.99 - - [25/Dec/2024:22:40:28 -0500] "GET /product/wp-content/plugins/wd_shortcode/css/bootstrap.css?ver=5.6.14 HTTP/1.1" 200 19955 "-" "Mozilla/5.0 (Linux; Android 10; K) AppleWebKit/537.36 (KHTML, like Gecko) Chrome/131.0.0.0 Mobile Safari/537.36"
103.245.96.96 - - [25/Dec/2024:22:40:28 -0500] "GET /product/wp-content/plugins/js_composer/assets/lib/bower/font-awesome/css/font-awesome.min.css?ver=4.11.2.1 HTTP/1.1" 200 6265 "-" "Mozilla/5.0 (Linux; Android 10; K) AppleWebKit/537.36 (KHTML, like Gecko) Chrome/131.0.0.0 Mobile Safari/537.36"
103.245.96.99 - - [25/Dec/2024:22:40:28 -0500] "GET /product/wp-content/plugins/wd_shortcode/css/owl.carousel.css?ver=5.6.14 HTTP/1.1" 200 613 "-" "Mozilla/5.0 (Linux; Android 10; K) AppleWebKit/537.36 (KHTML, like Gecko) Chrome/131.0.0.0 Mobile Safari/537.36"
103.245.96.99 - - [25/Dec/2024:22:40:28 -0500] "GET /product/wp-content/plugins/woocommerce/assets/css/woocommerce-layout.css?ver=2.3.10 HTTP/1.1" 200 1874 "-" "Mozilla/5.0 (Linux; Android 10; K) AppleWebKit/537.36 (KHTML, like Gecko) Chrome/131.0.0.0 Mobile Safari/537.36"
103.245.96.96 - - [25/Dec/2024:22:40:28 -0500] "GET /product/wp-content/plugins/woocommerce/assets/css/woocommerce-smallscreen.css?ver=2.3.10 HTTP/1.1" 200 957 "-" "Mozilla/5.0 (Linux; Android 10; K) AppleWebKit/537.36 (KHTML, like Gecko) Chrome/131.0.0.0 Mobile Safari/537.36"
103.245.96.96 - - [25/Dec/2024:22:40:30 -0500] "GET /product/?s=V&post_type=product&producta2z=1 HTTP/1.1" 200 22405 "https://www.google.com/" "Mozilla/5.0 (Linux; Android 10; K) AppleWebKit/537.36 (KHTML, like Gecko) Chrome/131.0.0.0 Mobile Safari/537.36"
103.245.96.99 - - [25/Dec/2024:22:40:32 -0500] "GET /product/wp-content/plugins/wp-live-chat-support/css/font-awesome.min.css?ver=5.6.14 HTTP/1.1" 200 6669 "http://vapecompany.com.bd/product/?s=V&post_type=product&producta2z=1" "Mozilla/5.0 (Linux; Android 10; K) AppleWebKit/537.36 (KHTML, like Gecko) Chrome/131.0.0.0 Mobile Safari/537.36"
103.245.96.97 - - [25/Dec/2024:22:40:32 -0500] "GET /product/wp-content/plugins/wp-live-chat-support/css/wplcstyle.css?ver=5.6.14 HTTP/1.1" 200 4 "http://vapecompany.com.bd/product/?s=V&post_type=product&producta2z=1" "Mozilla/5.0 (Linux; Android 10; K) AppleWebKit/537.36 (KHTML, like Gecko) Chrome/131.0.0.0 Mobile Safari/537.36"
103.245.96.99 - - [25/Dec/2024:22:40:32 -0500] "GET /product/wp-content/plugins/woocommerce/assets/css/woocommerce.css?ver=2.3.10 HTTP/1.1" 200 6469 "http://vapecompany.com.bd/product/?s=V&post_type=product&producta2z=1" "Mozilla/5.0 (Linux; Android 10; K) AppleWebKit/537.36 (KHTML, like Gecko) Chrome/131.0.0.0 Mobile Safari/537.36"
103.245.96.96 - - [25/Dec/2024:22:40:32 -0500] "GET /product/wp-content/plugins/wp-live-chat-support/css/themes/theme-2.css?ver=5.6.14 HTTP/1.1" 200 199 "http://vapecompany.com.bd/product/?s=V&post_type=product&producta2z=1" "Mozilla/5.0 (Linux; Android 10; K) AppleWebKit/537.36 (KHTML, like Gecko) Chrome/131.0.0.0 Mobile Safari/537.36"
103.245.96.99 - - [25/Dec/2024:22:40:32 -0500] "GET /product/wp-content/plugins/wp-live-chat-support/css/themes/classic.css?ver=5.6.14 HTTP/1.1" 200 2346 "http://vapecompany.com.bd/product/?s=V&post_type=product&producta2z=1" "Mozilla/5.0 (Linux; Android 10; K) AppleWebKit/537.36 (KHTML, like Gecko) Chrome/131.0.0.0 Mobile Safari/537.36"
103.245.96.99 - - [25/Dec/2024:22:40:32 -0500] "GET /product/wp-content/plugins/wp-live-chat-support/css/themes/position-bottom-right.css?ver=5.6.14 HTTP/1.1" 200 44 "http://vapecompany.com.bd/product/?s=V&post_type=product&producta2z=1" "Mozilla/5.0 (Linux; Android 10; K) AppleWebKit/537.36 (KHTML, like Gecko) Chrome/131.0.0.0 Mobile Safari/537.36"
103.245.96.99 - - [25/Dec/2024:22:40:32 -0500] "GET /product/wp-content/plugins/yith-woocommerce-compare/assets/css/colorbox.css?ver=5.6.14 HTTP/1.1" 200 1230 "http://vapecompany.com.bd/product/?s=V&post_type=product&producta2z=1" "Mozilla/5.0 (Linux; Android 10; K) AppleWebKit/537.36 (KHTML, like Gecko) Chrome/131.0.0.0 Mobile Safari/537.36"
103.245.96.97 - - [25/Dec/2024:22:40:33 -0500] "GET /product/wp-content/plugins/woocommerce/assets/css/prettyPhoto.css?ver=5.6.14 HTTP/1.1" 200 1936 "http://vapecompany.com.bd/product/?s=V&post_type=product&producta2z=1" "Mozilla/5.0 (Linux; Android 10; K) AppleWebKit/537.36 (KHTML, like Gecko) Chrome/131.0.0.0 Mobile Safari/537.36"
103.245.96.99 - - [25/Dec/2024:22:40:33 -0500] "GET /product/wp-content/plugins/yith-woocommerce-wishlist/assets/css/jquery.selectBox.css?ver=5.6.14 HTTP/1.1" 200 1027 "http://vapecompany.com.bd/product/?s=V&post_type=product&producta2z=1" "Mozilla/5.0 (Linux; Android 10; K) AppleWebKit/537.36 (KHTML, like Gecko) Chrome/131.0.0.0 Mobile Safari/537.36"
103.245.96.96 - - [25/Dec/2024:22:40:33 -0500] "GET /product/wp-content/plugins/yith-woocommerce-wishlist/assets/css/style.css?ver=5.6.14 HTTP/1.1" 200 2796 "http://vapecompany.com.bd/product/?s=V&post_type=product&producta2z=1" "Mozilla/5.0 (Linux; Android 10; K) AppleWebKit/537.36 (KHTML, like Gecko) Chrome/131.0.0.0 Mobile Safari/537.36"
103.245.96.99 - - [25/Dec/2024:22:40:33 -0500] "GET /product/wp-content/plugins/yith-woocommerce-wishlist/assets/css/font-awesome.min.css?ver=5.6.14 HTTP/1.1" 200 5443 "http://vapecompany.com.bd/product/?s=V&post_type=product&producta2z=1" "Mozilla/5.0 (Linux; Android 10; K) AppleWebKit/537.36 (KHTML, like Gecko) Chrome/131.0.0.0 Mobile Safari/537.36"
103.245.96.99 - - [25/Dec/2024:22:40:33 -0500] "GET /product/wp-content/themes/wp_oswad_market/wp_oswad_market/style.css?ver=5.6.14 HTTP/1.1" 200 36662 "http://vapecompany.com.bd/product/?s=V&post_type=product&producta2z=1" "Mozilla/5.0 (Linux; Android 10; K) AppleWebKit/537.36 (KHTML, like Gecko) Chrome/131.0.0.0 Mobile Safari/537.36"
103.245.96.99 - - [25/Dec/2024:22:40:33 -0500] "GET /product/wp-content/themes/wp_oswad_market/wp_oswad_market/css/responsive.css?ver=5.6.14 HTTP/1.1" 200 22947 "http://vapecompany.com.bd/product/?s=V&post_type=product&producta2z=1" "Mozilla/5.0 (Linux; Android 10; K) AppleWebKit/537.36 (KHTML, like Gecko) Chrome/131.0.0.0 Mobile Safari/537.36"
103.245.96.99 - - [25/Dec/2024:22:40:33 -0500] "GET /product/wp-content/plugins/js_composer/assets/css/js_composer.min.css?ver=4.11.2.1 HTTP/1.1" 200 58357 "http://vapecompany.com.bd/product/?s=V&post_type=product&producta2z=1" "Mozilla/5.0 (Linux; Android 10; K) AppleWebKit/537.36 (KHTML, like Gecko) Chrome/131.0.0.0 Mobile Safari/537.36"
103.245.96.97 - - [25/Dec/2024:22:40:33 -0500] "GET /product/wp-content/themes/wp_oswad_market/wp_oswad_market/css/base.css?ver=5.6.14 HTTP/1.1" 200 43549 "http://vapecompany.com.bd/product/?s=V&post_type=product&producta2z=1" "Mozilla/5.0 (Linux; Android 10; K) AppleWebKit/537.36 (KHTML, like Gecko) Chrome/131.0.0.0 Mobile Safari/537.36"
103.245.96.96 - - [25/Dec/2024:22:40:33 -0500] "GET /product/wp-content/themes/wp_oswad_market/wp_oswad_market/css/wd_menu_front.css?ver=5.6.14 HTTP/1.1" 200 7269 "http://vapecompany.com.bd/product/?s=V&post_type=product&producta2z=1" "Mozilla/5.0 (Linux; Android 10; K) AppleWebKit/537.36 (KHTML, like Gecko) Chrome/131.0.0.0 Mobile Safari/537.36"
103.245.96.99 - - [25/Dec/2024:22:40:33 -0500] "GET /product/wp-content/plugins/woocommerce-grid-list-toggle/assets/css/style.css?ver=5.6.14 HTTP/1.1" 200 374 "http://vapecompany.com.bd/product/?s=V&post_type=product&producta2z=1" "Mozilla/5.0 (Linux; Android 10; K) AppleWebKit/537.36 (KHTML, like Gecko) Chrome/131.0.0.0 Mobile Safari/537.36"
103.245.96.96 - - [25/Dec/2024:22:40:33 -0500] "GET /product/wp-content/plugins/woocommerce-grid-list-toggle/assets/css/button.css?ver=5.6.14 HTTP/1.1" 200 398 "http://vapecompany.com.bd/product/?s=V&post_type=product&producta2z=1" "Mozilla/5.0 (Linux; Android 10; K) AppleWebKit/537.36 (KHTML, like Gecko) Chrome/131.0.0.0 Mobile Safari/537.36"
103.245.96.99 - - [25/Dec/2024:22:40:33 -0500] "GET /product/wp-includes/css/dashicons.min.css?ver=5.6.14 HTTP/1.1" 200 35730 "http://vapecompany.com.bd/product/?s=V&post_type=product&producta2z=1" "Mozilla/5.0 (Linux; Android 10; K) AppleWebKit/537.36 (KHTML, like Gecko) Chrome/131.0.0.0 Mobile Safari/537.36"
103.245.96.99 - - [25/Dec/2024:22:40:33 -0500] "GET /product/wp-content/plugins/wd_quickshop/css/prettyPhoto.css?ver=5.6.14 HTTP/1.1" 200 1780 "http://vapecompany.com.bd/product/?s=V&post_type=product&producta2z=1" "Mozilla/5.0 (Linux; Android 10; K) AppleWebKit/537.36 (KHTML, like Gecko) Chrome/131.0.0.0 Mobile Safari/537.36"
103.245.96.99 - - [25/Dec/2024:22:40:33 -0500] "GET /product/wp-content/plugins/wd_quickshop/css/cloud-zoom.css?ver=5.6.14 HTTP/1.1" 200 401 "http://vapecompany.com.bd/product/?s=V&post_type=product&producta2z=1" "Mozilla/5.0 (Linux; Android 10; K) AppleWebKit/537.36 (KHTML, like Gecko) Chrome/131.0.0.0 Mobile Safari/537.36"
103.245.96.96 - - [25/Dec/2024:22:40:34 -0500] "GET /product/wp-includes/js/jquery/jquery.min.js?ver=3.5.1 HTTP/1.1" 200 30916 "http://vapecompany.com.bd/product/?s=V&post_type=product&producta2z=1" "Mozilla/5.0 (Linux; Android 10; K) AppleWebKit/537.36 (KHTML, like Gecko) Chrome/131.0.0.0 Mobile Safari/537.36"
103.245.96.99 - - [25/Dec/2024:22:40:34 -0500] "GET /product/wp-includes/js/jquery/jquery-migrate.min.js?ver=3.3.2 HTTP/1.1" 200 4169 "http://vapecompany.com.bd/product/?s=V&post_type=product&producta2z=1" "Mozilla/5.0 (Linux; Android 10; K) AppleWebKit/537.36 (KHTML, like Gecko) Chrome/131.0.0.0 Mobile Safari/537.36"
103.245.96.99 - - [25/Dec/2024:22:40:34 -0500] "GET /product/wp-content/plugins/wp-live-chat-support/js/wplc_u.js?ver=6.2.10 HTTP/1.1" 200 6105 "http://vapecompany.com.bd/product/?s=V&post_type=product&producta2z=1" "Mozilla/5.0 (Linux; Android 10; K) AppleWebKit/537.36 (KHTML, like Gecko) Chrome/131.0.0.0 Mobile Safari/537.36"
103.245.96.97 - - [25/Dec/2024:22:40:34 -0500] "GET /product/wp-content/plugins/wp-live-chat-support/js/md5.js?ver=6.2.10 HTTP/1.1" 200 2193 "http://vapecompany.com.bd/product/?s=V&post_type=product&producta2z=1" "Mozilla/5.0 (Linux; Android 10; K) AppleWebKit/537.36 (KHTML, like Gecko) Chrome/131.0.0.0 Mobile Safari/537.36"
103.245.96.99 - - [25/Dec/2024:22:40:34 -0500] "GET /product/wp-content/plugins/wp-live-chat-support/js/themes/classic.js?ver=6.2.10 HTTP/1.1" 200 883 "http://vapecompany.com.bd/product/?s=V&post_type=product&producta2z=1" "Mozilla/5.0 (Linux; Android 10; K) AppleWebKit/537.36 (KHTML, like Gecko) Chrome/131.0.0.0 Mobile Safari/537.36"
103.245.96.99 - - [25/Dec/2024:22:40:34 -0500] "GET /product/wp-content/plugins/wp-live-chat-support/js/jquery-cookie.js?ver=5.6.14 HTTP/1.1" 200 1401 "http://vapecompany.com.bd/product/?s=V&post_type=product&producta2z=1" "Mozilla/5.0 (Linux; Android 10; K) AppleWebKit/537.36 (KHTML, like Gecko) Chrome/131.0.0.0 Mobile Safari/537.36"
103.245.96.96 - - [25/Dec/2024:22:40:34 -0500] "GET /product/wp-content/plugins/revslider/public/assets/js/rbtools.min.js?ver=6.0.5 HTTP/1.1" 200 45119 "http://vapecompany.com.bd/product/?s=V&post_type=product&producta2z=1" "Mozilla/5.0 (Linux; Android 10; K) AppleWebKit/537.36 (KHTML, like Gecko) Chrome/131.0.0.0 Mobile Safari/537.36"
103.245.96.99 - - [25/Dec/2024:22:40:34 -0500] "GET /product/wp-content/themes/wp_oswad_market/wp_oswad_market/js/wd_menu_front.js?ver=5.6.14 HTTP/1.1" 200 4274 "http://vapecompany.com.bd/product/?s=V&post_type=product&producta2z=1" "Mozilla/5.0 (Linux; Android 10; K) AppleWebKit/537.36 (KHTML, like Gecko) Chrome/131.0.0.0 Mobile Safari/537.36"
103.245.96.99 - - [25/Dec/2024:22:40:34 -0500] "GET /product/wp-content/plugins/revslider/public/assets/js/rs6.min.js?ver=6.2.9 HTTP/1.1" 200 81865 "http://vapecompany.com.bd/product/?s=V&post_type=product&producta2z=1" "Mozilla/5.0 (Linux; Android 10; K) AppleWebKit/537.36 (KHTML, like Gecko) Chrome/131.0.0.0 Mobile Safari/537.36"
103.245.96.97 - - [25/Dec/2024:22:40:34 -0500] "GET /product/wp-content/themes/wp_oswad_market/wp_oswad_market/js/jquery.hoverIntent.js?ver=5.6.14 HTTP/1.1" 200 1629 "http://vapecompany.com.bd/product/?s=V&post_type=product&producta2z=1" "Mozilla/5.0 (Linux; Android 10; K) AppleWebKit/537.36 (KHTML, like Gecko) Chrome/131.0.0.0 Mobile Safari/537.36"
103.245.96.99 - - [25/Dec/2024:22:40:34 -0500] "GET /product/wp-content/plugins/woocommerce-grid-list-toggle/assets/js/jquery.cookie.min.js?ver=5.6.14 HTTP/1.1" 200 649 "http://vapecompany.com.bd/product/?s=V&post_type=product&producta2z=1" "Mozilla/5.0 (Linux; Android 10; K) AppleWebKit/537.36 (KHTML, like Gecko) Chrome/131.0.0.0 Mobile Safari/537.36"
103.245.96.99 - - [25/Dec/2024:22:40:34 -0500] "GET /product/wp-content/plugins/woocommerce-grid-list-toggle/assets/js/jquery.gridlistview.min.js?ver=5.6.14 HTTP/1.1" 200 312 "http://vapecompany.com.bd/product/?s=V&post_type=product&producta2z=1" "Mozilla/5.0 (Linux; Android 10; K) AppleWebKit/537.36 (KHTML, like Gecko) Chrome/131.0.0.0 Mobile Safari/537.36"
103.245.96.96 - - [25/Dec/2024:22:40:34 -0500] "GET /product/wp-content/uploads/2014/01/Vape-Company-Logo-1.png HTTP/1.1" 200 34702 "http://vapecompany.com.bd/product/?s=V&post_type=product&producta2z=1" "Mozilla/5.0 (Linux; Android 10; K) AppleWebKit/537.36 (KHTML, like Gecko) Chrome/131.0.0.0 Mobile Safari/537.36"
103.245.96.99 - - [25/Dec/2024:22:40:34 -0500] "GET /product/wp-content/themes/wp_oswad_market/wp_oswad_market/images/quickshop.png HTTP/1.1" 200 1246 "http://vapecompany.com.bd/product/?s=V&post_type=product&producta2z=1" "Mozilla/5.0 (Linux; Android 10; K) AppleWebKit/537.36 (KHTML, like Gecko) Chrome/131.0.0.0 Mobile Safari/537.36"
103.245.96.96 - - [25/Dec/2024:22:40:35 -0500] "GET /product/wp-includes/js/jquery/ui/core.min.js?ver=1.12.1 HTTP/1.1" 200 6865 "http://vapecompany.com.bd/product/?s=V&post_type=product&producta2z=1" "Mozilla/5.0 (Linux; Android 10; K) AppleWebKit/537.36 (KHTML, like Gecko) Chrome/131.0.0.0 Mobile Safari/537.36"
103.245.96.97 - - [25/Dec/2024:22:40:35 -0500] "GET /product/wp-content/plugins/wd_shortcode/js/wd_shortcode.js?ver=5.6.14 HTTP/1.1" 200 1606 "http://vapecompany.com.bd/product/?s=V&post_type=product&producta2z=1" "Mozilla/5.0 (Linux; Android 10; K) AppleWebKit/537.36 (KHTML, like Gecko) Chrome/131.0.0.0 Mobile Safari/537.36"
103.245.96.99 - - [25/Dec/2024:22:40:35 -0500] "GET /product/wp-content/plugins/contact-form-7/includes/js/jquery.form.min.js?ver=3.51.0-2014.06.20 HTTP/1.1" 200 5860 "http://vapecompany.com.bd/product/?s=V&post_type=product&producta2z=1" "Mozilla/5.0 (Linux; Android 10; K) AppleWebKit/537.36 (KHTML, like Gecko) Chrome/131.0.0.0 Mobile Safari/537.36"
103.245.96.96 - - [25/Dec/2024:22:40:35 -0500] "GET /product/wp-content/plugins/yith-woocommerce-wishlist/assets/fontawesome/fontawesome-webfont.woff2?v=4.3.0 HTTP/1.1" 200 56780 "http://vapecompany.com.bd/product/wp-content/plugins/yith-woocommerce-wishlist/assets/css/font-awesome.min.css?ver=5.6.14" "Mozilla/5.0 (Linux; Android 10; K) AppleWebKit/537.36 (KHTML, like Gecko) Chrome/131.0.0.0 Mobile Safari/537.36"
103.245.96.98 - - [25/Dec/2024:22:40:35 -0500] "GET /product/wp-content/uploads/2021/08/Vandyvape-VVC-0.3.jpg HTTP/1.1" 200 22074 "http://vapecompany.com.bd/" "Mozilla/5.0 (Linux; Android 10; K) AppleWebKit/537.36 (KHTML, like Gecko) Chrome/131.0.0.0 Mobile Safari/537.36"
103.245.96.98 - - [25/Dec/2024:22:40:35 -0500] "GET /product/wp-content/uploads/2020/09/Vandyvape-Kanthal-Mesh-0_opt-1.jpg HTTP/1.1" 200 11954 "http://vapecompany.com.bd/" "Mozilla/5.0 (Linux; Android 10; K) AppleWebKit/537.36 (KHTML, like Gecko) Chrome/131.0.0.0 Mobile Safari/537.36"
103.245.96.98 - - [25/Dec/2024:22:40:35 -0500] "GET /product/wp-content/uploads/2022/09/rsz_vandyvape_pulse_vessel_kit_intro-210x210.jpg HTTP/1.1" 200 8514 "http://vapecompany.com.bd/" "Mozilla/5.0 (Linux; Android 10; K) AppleWebKit/537.36 (KHTML, like Gecko) Chrome/131.0.0.0 Mobile Safari/537.36"
103.245.96.98 - - [25/Dec/2024:22:40:35 -0500] "GET /product/wp-content/uploads/2020/09/Vandyvape-Kanthal-Mesh-0_opt.jpg HTTP/1.1" 200 13852 "http://vapecompany.com.bd/" "Mozilla/5.0 (Linux; Android 10; K) AppleWebKit/537.36 (KHTML, like Gecko) Chrome/131.0.0.0 Mobile Safari/537.36"
103.245.96.98 - - [25/Dec/2024:22:40:35 -0500] "GET /product/wp-content/uploads/2018/11/Vandyvape-Pulse-X-Fillig-Bottle-30ml-Intro_opt.jpg HTTP/1.1" 200 7920 "http://vapecompany.com.bd/" "Mozilla/5.0 (Linux; Android 10; K) AppleWebKit/537.36 (KHTML, like Gecko) Chrome/131.0.0.0 Mobile Safari/537.36"
103.245.96.98 - - [25/Dec/2024:22:40:35 -0500] "GET /product/wp-content/uploads/2019/09/Vandyvape-NS-Pen-1.2-Ohm-Ceramic-Coils.jpg HTTP/1.1" 200 24332 "http://vapecompany.com.bd/" "Mozilla/5.0 (Linux; Android 10; K) AppleWebKit/537.36 (KHTML, like Gecko) Chrome/131.0.0.0 Mobile Safari/537.36"
103.245.96.99 - - [25/Dec/2024:22:40:35 -0500] "GET /product/wp-content/themes/wp_oswad_market/wp_oswad_market/images/default-background.png HTTP/1.1" 200 898 "http://vapecompany.com.bd/product/?s=V&post_type=product&producta2z=1" "Mozilla/5.0 (Linux; Android 10; K) AppleWebKit/537.36 (KHTML, like Gecko) Chrome/131.0.0.0 Mobile Safari/537.36"
103.245.96.99 - - [25/Dec/2024:22:40:35 -0500] "GET /product/wp-content/themes/wp_oswad_market/wp_oswad_market/images/bg_shadow_menu_phone.png HTTP/1.1" 200 973 "http://vapecompany.com.bd/product/wp-content/themes/wp_oswad_market/wp_oswad_market/css/wd_menu_front.css?ver=5.6.14" "Mozilla/5.0 (Linux; Android 10; K) AppleWebKit/537.36 (KHTML, like Gecko) Chrome/131.0.0.0 Mobile Safari/537.36"
103.245.96.97 - - [25/Dec/2024:22:40:35 -0500] "GET /product/wp-content/themes/wp_oswad_market/wp_oswad_market/images/media/bg-breadcrumb.jpg HTTP/1.1" 200 34868 "http://vapecompany.com.bd/product/?s=V&post_type=product&producta2z=1" "Mozilla/5.0 (Linux; Android 10; K) AppleWebKit/537.36 (KHTML, like Gecko) Chrome/131.0.0.0 Mobile Safari/537.36"
103.245.96.99 - - [25/Dec/2024:22:40:35 -0500] "GET /product/wp-content/plugins/wd_shortcode/js/owl.carousel.min.js?ver=5.6.14 HTTP/1.1" 200 10522 "http://vapecompany.com.bd/product/?s=V&post_type=product&producta2z=1" "Mozilla/5.0 (Linux; Android 10; K) AppleWebKit/537.36 (KHTML, like Gecko) Chrome/131.0.0.0 Mobile Safari/537.36"
103.245.96.99 - - [25/Dec/2024:22:40:35 -0500] "GET /product/wp-content/plugins/wd_shortcode/js/bootstrap.js?ver=5.6.14 HTTP/1.1" 200 11112 "http://vapecompany.com.bd/product/?s=V&post_type=product&producta2z=1" "Mozilla/5.0 (Linux; Android 10; K) AppleWebKit/537.36 (KHTML, like Gecko) Chrome/131.0.0.0 Mobile Safari/537.36"
103.245.96.99 - - [25/Dec/2024:22:40:35 -0500] "GET /product/wp-content/plugins/woocommerce/assets/js/jquery-blockui/jquery.blockUI.min.js?ver=2.60 HTTP/1.1" 200 3548 "http://vapecompany.com.bd/product/?s=V&post_type=product&producta2z=1" "Mozilla/5.0 (Linux; Android 10; K) AppleWebKit/537.36 (KHTML, like Gecko) Chrome/131.0.0.0 Mobile Safari/537.36"
103.245.96.99 - - [25/Dec/2024:22:40:35 -0500] "GET /product/wp-content/plugins/woocommerce/assets/js/frontend/woocommerce.min.js?ver=2.3.10 HTTP/1.1" 200 202 "http://vapecompany.com.bd/product/?s=V&post_type=product&producta2z=1" "Mozilla/5.0 (Linux; Android 10; K) AppleWebKit/537.36 (KHTML, like Gecko) Chrome/131.0.0.0 Mobile Safari/537.36"
103.245.96.96 - - [25/Dec/2024:22:40:35 -0500] "GET /product/wp-content/plugins/wd_shortcode/js/jquery.imagesloaded.min.js?ver=5.6.14 HTTP/1.1" 200 2202 "http://vapecompany.com.bd/product/?s=V&post_type=product&producta2z=1" "Mozilla/5.0 (Linux; Android 10; K) AppleWebKit/537.36 (KHTML, like Gecko) Chrome/131.0.0.0 Mobile Safari/537.36"
103.245.96.99 - - [25/Dec/2024:22:40:35 -0500] "GET /product/wp-content/plugins/woocommerce/assets/js/jquery-cookie/jquery.cookie.min.js?ver=1.4.1 HTTP/1.1" 200 775 "http://vapecompany.com.bd/product/?s=V&post_type=product&producta2z=1" "Mozilla/5.0 (Linux; Android 10; K) AppleWebKit/537.36 (KHTML, like Gecko) Chrome/131.0.0.0 Mobile Safari/537.36"
103.245.96.97 - - [25/Dec/2024:22:40:35 -0500] "GET /product/wp-content/plugins/wp-live-chat-support/fonts/fontawesome-webfont.woff2?v=4.6.3 HTTP/1.1" 200 71896 "http://vapecompany.com.bd/product/wp-content/plugins/wp-live-chat-support/css/font-awesome.min.css?ver=5.6.14" "Mozilla/5.0 (Linux; Android 10; K) AppleWebKit/537.36 (KHTML, like Gecko) Chrome/131.0.0.0 Mobile Safari/537.36"
103.245.96.99 - - [25/Dec/2024:22:40:35 -0500] "GET /product/wp-content/plugins/woocommerce/assets/js/frontend/cart-fragments.min.js?ver=2.3.10 HTTP/1.1" 200 609 "http://vapecompany.com.bd/product/?s=V&post_type=product&producta2z=1" "Mozilla/5.0 (Linux; Android 10; K) AppleWebKit/537.36 (KHTML, like Gecko) Chrome/131.0.0.0 Mobile Safari/537.36"
103.245.96.99 - - [25/Dec/2024:22:40:36 -0500] "GET /product/wp-content/plugins/yith-woocommerce-compare/assets/js/woocompare.min.js?ver=2.4.4 HTTP/1.1" 200 1322 "http://vapecompany.com.bd/product/?s=V&post_type=product&producta2z=1" "Mozilla/5.0 (Linux; Android 10; K) AppleWebKit/537.36 (KHTML, like Gecko) Chrome/131.0.0.0 Mobile Safari/537.36"
103.245.96.99 - - [25/Dec/2024:22:40:36 -0500] "GET /product/wp-content/plugins/woocommerce/assets/js/prettyPhoto/jquery.prettyPhoto.min.js?ver=3.1.5 HTTP/1.1" 200 5941 "http://vapecompany.com.bd/product/?s=V&post_type=product&producta2z=1" "Mozilla/5.0 (Linux; Android 10; K) AppleWebKit/537.36 (KHTML, like Gecko) Chrome/131.0.0.0 Mobile Safari/537.36"
103.245.96.96 - - [25/Dec/2024:22:40:36 -0500] "GET /product/wp-content/plugins/yith-woocommerce-compare/assets/js/jquery.colorbox-min.js?ver=1.4.21 HTTP/1.1" 200 4711 "http://vapecompany.com.bd/product/?s=V&post_type=product&producta2z=1" "Mozilla/5.0 (Linux; Android 10; K) AppleWebKit/537.36 (KHTML, like Gecko) Chrome/131.0.0.0 Mobile Safari/537.36"
103.245.96.99 - - [25/Dec/2024:22:40:36 -0500] "GET /product/wp-content/plugins/yith-woocommerce-wishlist/assets/js/jquery.yith-wcwl.js?ver=2.0 HTTP/1.1" 200 2568 "http://vapecompany.com.bd/product/?s=V&post_type=product&producta2z=1" "Mozilla/5.0 (Linux; Android 10; K) AppleWebKit/537.36 (KHTML, like Gecko) Chrome/131.0.0.0 Mobile Safari/537.36"
103.245.96.97 - - [25/Dec/2024:22:40:36 -0500] "GET /product/wp-content/plugins/woocommerce/assets/js/prettyPhoto/jquery.prettyPhoto.init.min.js?ver=2.3.10 HTTP/1.1" 200 177 "http://vapecompany.com.bd/product/?s=V&post_type=product&producta2z=1" "Mozilla/5.0 (Linux; Android 10; K) AppleWebKit/537.36 (KHTML, like Gecko) Chrome/131.0.0.0 Mobile Safari/537.36"
103.245.96.99 - - [25/Dec/2024:22:40:36 -0500] "GET /product/wp-content/plugins/yith-woocommerce-wishlist/assets/js/jquery.selectBox.min.js?ver=5.6.14 HTTP/1.1" 200 4006 "http://vapecompany.com.bd/product/?s=V&post_type=product&producta2z=1" "Mozilla/5.0 (Linux; Android 10; K) AppleWebKit/537.36 (KHTML, like Gecko) Chrome/131.0.0.0 Mobile Safari/537.36"
103.245.96.99 - - [25/Dec/2024:22:40:36 -0500] "GET /product/wp-content/plugins/js_composer/assets/lib/bower/font-awesome/fonts/fontawesome-webfont.woff2?v=4.5.0 HTTP/1.1" 200 66624 "http://vapecompany.com.bd/product/wp-content/plugins/js_composer/assets/lib/bower/font-awesome/css/font-awesome.min.css?ver=4.11.2.1" "Mozilla/5.0 (Linux; Android 10; K) AppleWebKit/537.36 (KHTML, like Gecko) Chrome/131.0.0.0 Mobile Safari/537.36"
103.245.96.99 - - [25/Dec/2024:22:40:36 -0500] "GET /product/wp-includes/js/jquery/ui/tabs.min.js?ver=1.12.1 HTTP/1.1" 200 3909 "http://vapecompany.com.bd/product/?s=V&post_type=product&producta2z=1" "Mozilla/5.0 (Linux; Android 10; K) AppleWebKit/537.36 (KHTML, like Gecko) Chrome/131.0.0.0 Mobile Safari/537.36"
103.245.96.96 - - [25/Dec/2024:22:40:36 -0500] "GET /product/wp-content/themes/wp_oswad_market/wp_oswad_market/framework/js/TweenMax.js?ver=5.6.14 HTTP/1.1" 200 30802 "http://vapecompany.com.bd/product/?s=V&post_type=product&producta2z=1" "Mozilla/5.0 (Linux; Android 10; K) AppleWebKit/537.36 (KHTML, like Gecko) Chrome/131.0.0.0 Mobile Safari/537.36"
103.245.96.99 - - [25/Dec/2024:22:40:36 -0500] "GET /product/wp-includes/js/jquery/ui/effect.min.js?ver=1.12.1 HTTP/1.1" 200 6384 "http://vapecompany.com.bd/product/?s=V&post_type=product&producta2z=1" "Mozilla/5.0 (Linux; Android 10; K) AppleWebKit/537.36 (KHTML, like Gecko) Chrome/131.0.0.0 Mobile Safari/537.36"
103.245.96.97 - - [25/Dec/2024:22:40:36 -0500] "GET /product/wp-includes/js/jquery/ui/accordion.min.js?ver=1.12.1 HTTP/1.1" 200 2717 "http://vapecompany.com.bd/product/?s=V&post_type=product&producta2z=1" "Mozilla/5.0 (Linux; Android 10; K) AppleWebKit/537.36 (KHTML, like Gecko) Chrome/131.0.0.0 Mobile Safari/537.36"
103.245.96.99 - - [25/Dec/2024:22:40:36 -0500] "GET /product/wp-content/themes/wp_oswad_market/wp_oswad_market/framework/js/jquery.touchSwipe.js?ver=5.6.14 HTTP/1.1" 200 15562 "http://vapecompany.com.bd/product/?s=V&post_type=product&producta2z=1" "Mozilla/5.0 (Linux; Android 10; K) AppleWebKit/537.36 (KHTML, like Gecko) Chrome/131.0.0.0 Mobile Safari/537.36"
103.245.96.97 - - [25/Dec/2024:22:40:37 -0500] "GET /product/wp-content/themes/wp_oswad_market/wp_oswad_market/js/jquery.prettyPhoto.min.js?ver=5.6.14 HTTP/1.1" 200 5958 "http://vapecompany.com.bd/product/?s=V&post_type=product&producta2z=1" "Mozilla/5.0 (Linux; Android 10; K) AppleWebKit/537.36 (KHTML, like Gecko) Chrome/131.0.0.0 Mobile Safari/537.36"
103.245.96.99 - - [25/Dec/2024:22:40:37 -0500] "GET /product/wp-content/themes/wp_oswad_market/wp_oswad_market/framework/js/include-script.js?ver=5.6.14 HTTP/1.1" 200 26590 "http://vapecompany.com.bd/product/?s=V&post_type=product&producta2z=1" "Mozilla/5.0 (Linux; Android 10; K) AppleWebKit/537.36 (KHTML, like Gecko) Chrome/131.0.0.0 Mobile Safari/537.36"
103.245.96.97 - - [25/Dec/2024:22:40:37 -0500] "GET /product/wp-content/themes/wp_oswad_market/wp_oswad_market/js/jquery.prettyPhoto.init.min.js?ver=5.6.14 HTTP/1.1" 200 240 "http://vapecompany.com.bd/product/?s=V&post_type=product&producta2z=1" "Mozilla/5.0 (Linux; Android 10; K) AppleWebKit/537.36 (KHTML, like Gecko) Chrome/131.0.0.0 Mobile Safari/537.36"
103.245.96.99 - - [25/Dec/2024:22:40:37 -0500] "GET /product/wp-content/themes/wp_oswad_market/wp_oswad_market/js/oswadmarket.js?ver=5.6.14 HTTP/1.1" 200 10225 "http://vapecompany.com.bd/product/?s=V&post_type=product&producta2z=1" "Mozilla/5.0 (Linux; Android 10; K) AppleWebKit/537.36 (KHTML, like Gecko) Chrome/131.0.0.0 Mobile Safari/537.36"
103.245.96.99 - - [25/Dec/2024:22:40:37 -0500] "GET /product/wp-content/plugins/wd_quickshop/js/add-to-cart-variation.min.js?ver=5.6.14 HTTP/1.1" 200 1813 "http://vapecompany.com.bd/product/?s=V&post_type=product&producta2z=1" "Mozilla/5.0 (Linux; Android 10; K) AppleWebKit/537.36 (KHTML, like Gecko) Chrome/131.0.0.0 Mobile Safari/537.36"
103.245.96.99 - - [25/Dec/2024:22:40:37 -0500] "GET /product/wp-content/plugins/wd_quickshop/js/quickshop.js?ver=5.6.14 HTTP/1.1" 200 1798 "http://vapecompany.com.bd/product/?s=V&post_type=product&producta2z=1" "Mozilla/5.0 (Linux; Android 10; K) AppleWebKit/537.36 (KHTML, like Gecko) Chrome/131.0.0.0 Mobile Safari/537.36"
103.245.96.96 - - [25/Dec/2024:22:40:37 -0500] "GET /product/wp-content/plugins/wd_quickshop/js/cloud-zoom.1.0.2.js?ver=5.6.14 HTTP/1.1" 200 4532 "http://vapecompany.com.bd/product/?s=V&post_type=product&producta2z=1" "Mozilla/5.0 (Linux; Android 10; K) AppleWebKit/537.36 (KHTML, like Gecko) Chrome/131.0.0.0 Mobile Safari/537.36"
103.245.96.97 - - [25/Dec/2024:22:40:37 -0500] "GET /product/wp-includes/js/wp-embed.min.js?ver=5.6.14 HTTP/1.1" 200 804 "http://vapecompany.com.bd/product/?s=V&post_type=product&producta2z=1" "Mozilla/5.0 (Linux; Android 10; K) AppleWebKit/537.36 (KHTML, like Gecko) Chrome/131.0.0.0 Mobile Safari/537.36"
103.245.96.99 - - [25/Dec/2024:22:40:37 -0500] "GET /product/wp-includes/js/jquery/ui/slider.min.js?ver=1.12.1 HTTP/1.1" 200 3111 "http://vapecompany.com.bd/product/?s=V&post_type=product&producta2z=1" "Mozilla/5.0 (Linux; Android 10; K) AppleWebKit/537.36 (KHTML, like Gecko) Chrome/131.0.0.0 Mobile Safari/537.36"
103.245.96.99 - - [25/Dec/2024:22:40:37 -0500] "GET /product/wp-content/plugins/woocommerce/assets/js/frontend/jquery-ui-touch-punch.min.js?ver=2.3.10 HTTP/1.1" 200 599 "http://vapecompany.com.bd/product/?s=V&post_type=product&producta2z=1" "Mozilla/5.0 (Linux; Android 10; K) AppleWebKit/537.36 (KHTML, like Gecko) Chrome/131.0.0.0 Mobile Safari/537.36"
103.245.96.97 - - [25/Dec/2024:22:40:37 -0500] "GET /product/wp-content/themes/wp_oswad_market/wp_oswad_market/images/media/icon_payment_paypal.png HTTP/1.1" 200 1347 "http://vapecompany.com.bd/product/?s=V&post_type=product&producta2z=1" "Mozilla/5.0 (Linux; Android 10; K) AppleWebKit/537.36 (KHTML, like Gecko) Chrome/131.0.0.0 Mobile Safari/537.36"
103.245.96.99 - - [25/Dec/2024:22:40:37 -0500] "GET /product/wp-content/plugins/woocommerce/assets/js/frontend/price-slider.min.js?ver=2.3.10 HTTP/1.1" 200 522 "http://vapecompany.com.bd/product/?s=V&post_type=product&producta2z=1" "Mozilla/5.0 (Linux; Android 10; K) AppleWebKit/537.36 (KHTML, like Gecko) Chrome/131.0.0.0 Mobile Safari/537.36"
103.245.96.96 - - [25/Dec/2024:22:40:37 -0500] "GET /product/wp-includes/js/wp-emoji-release.min.js?ver=5.6.14 HTTP/1.1" 200 4662 "http://vapecompany.com.bd/product/?s=V&post_type=product&producta2z=1" "Mozilla/5.0 (Linux; Android 10; K) AppleWebKit/537.36 (KHTML, like Gecko) Chrome/131.0.0.0 Mobile Safari/537.36"
103.245.96.99 - - [25/Dec/2024:22:40:38 -0500] "GET /product/wp-content/themes/wp_oswad_market/wp_oswad_market/images/media/icon_payment_visa.png HTTP/1.1" 200 1370 "http://vapecompany.com.bd/product/?s=V&post_type=product&producta2z=1" "Mozilla/5.0 (Linux; Android 10; K) AppleWebKit/537.36 (KHTML, like Gecko) Chrome/131.0.0.0 Mobile Safari/537.36"
103.245.96.99 - - [25/Dec/2024:22:40:38 -0500] "GET /product/wp-content/themes/wp_oswad_market/wp_oswad_market/images/media/icon_american_visa.png HTTP/1.1" 200 1423 "http://vapecompany.com.bd/product/?s=V&post_type=product&producta2z=1" "Mozilla/5.0 (Linux; Android 10; K) AppleWebKit/537.36 (KHTML, like Gecko) Chrome/131.0.0.0 Mobile Safari/537.36"
103.245.96.97 - - [25/Dec/2024:22:40:38 -0500] "GET /product/wp-content/themes/wp_oswad_market/wp_oswad_market/images/media/icon_payment_master_card.png HTTP/1.1" 200 1680 "http://vapecompany.com.bd/product/?s=V&post_type=product&producta2z=1" "Mozilla/5.0 (Linux; Android 10; K) AppleWebKit/537.36 (KHTML, like Gecko) Chrome/131.0.0.0 Mobile Safari/537.36"
103.245.96.99 - - [25/Dec/2024:22:40:38 -0500] "GET /product/wp-content/themes/wp_oswad_market/wp_oswad_market/images/media/icon_dhl_visa.png HTTP/1.1" 200 1480 "http://vapecompany.com.bd/product/?s=V&post_type=product&producta2z=1" "Mozilla/5.0 (Linux; Android 10; K) AppleWebKit/537.36 (KHTML, like Gecko) Chrome/131.0.0.0 Mobile Safari/537.36"
103.245.96.96 - - [25/Dec/2024:22:40:38 -0500] "GET /product/wp-content/themes/wp_oswad_market/wp_oswad_market/images/media/icon_fed_visa.png HTTP/1.1" 200 1283 "http://vapecompany.com.bd/product/?s=V&post_type=product&producta2z=1" "Mozilla/5.0 (Linux; Android 10; K) AppleWebKit/537.36 (KHTML, like Gecko) Chrome/131.0.0.0 Mobile Safari/537.36"
